102.86.5.64 - - [11/Jan/2025:15:20:03 +0300] "GET /wp-content/plugins/elementor-pro/assets/js/webpack-pro.runtime.min.js HTTP/2.0" 200 2753 "https://ncdc.go.ug/" "Mozilla/5.0 (X11; CrOS x86_64 14816.131.0) AppleWebKit/537.36 (KHTML, like Gecko) Chrome/103.0.0.0 Safari/537.36"
102.86.5.64 - - [11/Jan/2025:15:20:03 +0300] "GET /wp-content/plugins/elementor/assets/js/webpack.runtime.min.js HTTP/2.0" 200 2390 "https://ncdc.go.ug/" "Mozilla/5.0 (X11; CrOS x86_64 14816.131.0) AppleWebKit/537.36 (KHTML, like Gecko) Chrome/103.0.0.0 Safari/537.36"
102.86.5.64 - - [11/Jan/2025:15:20:03 +0300] "GET /wp-content/plugins/elementor/assets/js/frontend-modules.min.js HTTP/2.0" 200 15344 "https://ncdc.go.ug/" "Mozilla/5.0 (X11; CrOS x86_64 14816.131.0) AppleWebKit/537.36 (KHTML, like Gecko) Chrome/103.0.0.0 Safari/537.36"
102.86.5.64 - - [11/Jan/2025:15:20:03 +0300] "GET /wp-content/plugins/elementor-pro/assets/js/frontend.min.js HTTP/2.0" 200 6695 "https://ncdc.go.ug/" "Mozilla/5.0 (X11; CrOS x86_64 14816.131.0) AppleWebKit/537.36 (KHTML, like Gecko) Chrome/103.0.0.0 Safari/537.36"
102.86.5.64 - - [11/Jan/2025:15:20:03 +0300] "GET /wp-content/plugins/elementor/assets/js/frontend.min.js HTTP/2.0" 200 13774 "https://ncdc.go.ug/" "Mozilla/5.0 (X11; CrOS x86_64 14816.131.0) AppleWebKit/537.36 (KHTML, like Gecko) Chrome/103.0.0.0 Safari/537.36"
102.86.5.64 - - [11/Jan/2025:15:20:03 +0300] "GET /wp-content/plugins/elementor-pro/assets/js/elements-handlers.min.js HTTP/2.0" 200 10077 "https://ncdc.go.ug/" "Mozilla/5.0 (X11; CrOS x86_64 14816.131.0) AppleWebKit/537.36 (KHTML, like Gecko) Chrome/103.0.0.0 Safari/537.36"
41.210.145.139 - - [11/Jan/2025:15:20:11 +0300] "GET /wp-content/uploads/2024/02/P4_MATHEMATICS_SYLLABUS-1.pdf HTTP/2.0" 200 749069 "https://www.google.com/" "Mozilla/5.0 (Windows NT 10.0; Win64; x64) AppleWebKit/537.36 (KHTML, like Gecko) Chrome/131.0.0.0 Safari/537.36"
41.210.145.139 - - [11/Jan/2025:15:20:11 +0300] "GET /favicon.ico HTTP/2.0" 500 3098 "https://ncdc.go.ug/wp-content/uploads/2024/02/P4_MATHEMATICS_SYLLABUS-1.pdf" "Mozilla/5.0 (Windows NT 10.0; Win64; x64) AppleWebKit/537.36 (KHTML, like Gecko) Chrome/131.0.0.0 Safari/537.36"
102.86.5.64 - - [11/Jan/2025:15:20:03 +0300] "GET /wp-content/plugins/advanced-faq-manager/assets/public/js/fontawesome.min.js HTTP/2.0" 200 444033 "https://ncdc.go.ug/" "Mozilla/5.0 (X11; CrOS x86_64 14816.131.0) AppleWebKit/537.36 (KHTML, like Gecko) Chrome/103.0.0.0 Safari/537.36"
102.86.5.64 - - [11/Jan/2025:15:20:14 +0300] "GET /wp-content/plugins/wp-grid-builder/public/js/polyfills.js HTTP/2.0" 200 7896 "https://ncdc.go.ug/" "Mozilla/5.0 (X11; CrOS x86_64 14816.131.0) AppleWebKit/537.36 (KHTML, like Gecko) Chrome/103.0.0.0 Safari/537.36"
102.86.5.64 - - [11/Jan/2025:15:20:14 +0300] "GET /wp-content/plugins/wp-grid-builder-elementor/assets/js/elementor.js HTTP/2.0" 200 1111 "https://ncdc.go.ug/" "Mozilla/5.0 (X11; CrOS x86_64 14816.131.0) AppleWebKit/537.36 (KHTML, like Gecko) Chrome/103.0.0.0 Safari/537.36"
102.86.5.64 - - [11/Jan/2025:15:20:14 +0300] "GET /wp-content/uploads/2024/04/optimized-mwg_1603-1190x558.jpg HTTP/2.0" 200 117504 "https://ncdc.go.ug/" "Mozilla/5.0 (X11; CrOS x86_64 14816.131.0) AppleWebKit/537.36 (KHTML, like Gecko) Chrome/103.0.0.0 Safari/537.36"
154.72.192.35 - - [11/Jan/2025:15:20:18 +0300] "HEAD / HTTP/1.1" 200 - "-" "Uptime-Kuma/1.23.11"
85.208.96.197 - - [11/Jan/2025:15:20:23 +0300] "GET /gallery/?about-the-conference&instructional-materials-unit&ncdc-50-conference&ncdc-50-conference&sample%3F21&stepu&welcome-remarks%3F26 HTTP/1.1" 200 2018 "-" "Mozilla/5.0 (compatible; SemrushBot/7~bl; +http://www.semrush.com/bot.html)"
3.101.8.174 - - [11/Jan/2025:15:20:35 +0300] "HEAD / HTTP/2.0" 200 1 "-" "montastic-monitor www.montastic.com - cid:420288"
185.191.171.13 - - [11/Jan/2025:15:20:38 +0300] "GET /gallery?aca&aca&aca&parliament&sample%3F120 HTTP/1.1" 200 2017 "-" "Mozilla/5.0 (compatible; SemrushBot/7~bl; +http://www.semrush.com/bot.html)"
102.86.5.64 - - [11/Jan/2025:15:20:14 +0300] "GET /wp-content/plugins/wp-grid-builder/public/js/lightbox.js HTTP/2.0" 200 4799 "https://ncdc.go.ug/" "Mozilla/5.0 (X11; CrOS x86_64 14816.131.0) AppleWebKit/537.36 (KHTML, like Gecko) Chrome/103.0.0.0 Safari/537.36"
102.86.5.64 - - [11/Jan/2025:15:20:14 +0300] "GET /wp-content/plugins/wp-grid-builder/public/js/layout.js HTTP/2.0" 200 14027 "https://ncdc.go.ug/" "Mozilla/5.0 (X11; CrOS x86_64 14816.131.0) AppleWebKit/537.36 (KHTML, like Gecko) Chrome/103.0.0.0 Safari/537.36"
102.86.5.64 - - [11/Jan/2025:15:20:14 +0300] "GET /wp-content/uploads/2024/04/UNEB-PIC-150x150.jpg HTTP/2.0" 200 8674 "https://ncdc.go.ug/" "Mozilla/5.0 (X11; CrOS x86_64 14816.131.0) AppleWebKit/537.36 (KHTML, like Gecko) Chrome/103.0.0.0 Safari/537.36"
102.86.5.64 - - [11/Jan/2025:15:20:14 +0300] "GET /wp-content/uploads/2024/08/IMG_6338-scaled-800x400.jpg HTTP/2.0" 200 46006 "https://ncdc.go.ug/" "Mozilla/5.0 (X11; CrOS x86_64 14816.131.0) AppleWebKit/537.36 (KHTML, like Gecko) Chrome/103.0.0.0 Safari/537.36"
102.86.5.64 - - [11/Jan/2025:15:20:14 +0300] "GET /wp-content/uploads/2024/08/IMG_6950-scaled-800x400.jpg HTTP/2.0" 200 78710 "https://ncdc.go.ug/" "Mozilla/5.0 (X11; CrOS x86_64 14816.131.0) AppleWebKit/537.36 (KHTML, like Gecko) Chrome/103.0.0.0 Safari/537.36"
102.86.5.64 - - [11/Jan/2025:15:20:14 +0300] "GET /wp-content/uploads/2023/04/abstract-cover-547x400.jpg HTTP/2.0" 200 55242 "https://ncdc.go.ug/" "Mozilla/5.0 (X11; CrOS x86_64 14816.131.0) AppleWebKit/537.36 (KHTML, like Gecko) Chrome/103.0.0.0 Safari/537.36"
102.86.5.64 - - [11/Jan/2025:15:20:14 +0300] "GET /wp-content/uploads/2024/08/IMG_6876-scaled-800x400.jpg HTTP/2.0" 200 71631 "https://ncdc.go.ug/" "Mozilla/5.0 (X11; CrOS x86_64 14816.131.0) AppleWebKit/537.36 (KHTML, like Gecko) Chrome/103.0.0.0 Safari/537.36"
102.86.5.64 - - [11/Jan/2025:15:20:14 +0300] "GET /wp-content/uploads/ncdc@50/IMG_8947.jpg HTTP/2.0" 200 93611 "https://ncdc.go.ug/" "Mozilla/5.0 (X11; CrOS x86_64 14816.131.0) AppleWebKit/537.36 (KHTML, like Gecko) Chrome/103.0.0.0 Safari/537.36"
102.86.5.64 - - [11/Jan/2025:15:20:14 +0300] "GET /wp-content/uploads/ncdc@50/IMG_8952.jpg HTTP/2.0" 200 176523 "https://ncdc.go.ug/" "Mozilla/5.0 (X11; CrOS x86_64 14816.131.0) AppleWebKit/537.36 (KHTML, like Gecko) Chrome/103.0.0.0 Safari/537.36"
102.86.5.64 - - [11/Jan/2025:15:20:14 +0300] "GET /wp-content/uploads/ncdc@50/IMG_8966.jpg HTTP/2.0" 200 169846 "https://ncdc.go.ug/" "Mozilla/5.0 (X11; CrOS x86_64 14816.131.0) AppleWebKit/537.36 (KHTML, like Gecko) Chrome/103.0.0.0 Safari/537.36"
102.86.5.64 - - [11/Jan/2025:15:20:14 +0300] "GET /wp-content/uploads/ncdc@50/IMG_8978.jpg HTTP/2.0" 200 75420 "https://ncdc.go.ug/" "Mozilla/5.0 (X11; CrOS x86_64 14816.131.0) AppleWebKit/537.36 (KHTML, like Gecko) Chrome/103.0.0.0 Safari/537.36"
102.86.5.64 - - [11/Jan/2025:15:20:14 +0300] "GET /wp-content/uploads/ncdc@50/IMG_8981.jpg HTTP/2.0" 200 97304 "https://ncdc.go.ug/" "Mozilla/5.0 (X11; CrOS x86_64 14816.131.0) AppleWebKit/537.36 (KHTML, like Gecko) Chrome/103.0.0.0 Safari/537.36"
102.86.5.64 - - [11/Jan/2025:15:20:14 +0300] "GET /wp-content/uploads/ncdc@50/IMG_8986.jpg HTTP/2.0" 200 165989 "https://ncdc.go.ug/" "Mozilla/5.0 (X11; CrOS x86_64 14816.131.0) AppleWebKit/537.36 (KHTML, like Gecko) Chrome/103.0.0.0 Safari/537.36"
102.86.5.64 - - [11/Jan/2025:15:20:14 +0300] "GET /wp-content/uploads/ncdc@50/IMG_9013.jpg HTTP/2.0" 200 113706 "https://ncdc.go.ug/" "Mozilla/5.0 (X11; CrOS x86_64 14816.131.0) AppleWebKit/537.36 (KHTML, like Gecko) Chrome/103.0.0.0 Safari/537.36"
102.86.5.64 - - [11/Jan/2025:15:20:14 +0300] "GET /wp-content/uploads/ncdc@50/IMG_9038.jpg HTTP/2.0" 200 110339 "https://ncdc.go.ug/" "Mozilla/5.0 (X11; CrOS x86_64 14816.131.0) AppleWebKit/537.36 (KHTML, like Gecko) Chrome/103.0.0.0 Safari/537.36"
102.86.5.64 - - [11/Jan/2025:15:20:14 +0300] "GET /wp-content/uploads/ncdc@50/IMG_9052.jpg HTTP/2.0" 200 129369 "https://ncdc.go.ug/" "Mozilla/5.0 (X11; CrOS x86_64 14816.131.0) AppleWebKit/537.36 (KHTML, like Gecko) Chrome/103.0.0.0 Safari/537.36"
102.86.5.64 - - [11/Jan/2025:15:20:14 +0300] "GET /wp-content/uploads/ncdc@50/IMG_9111.jpg HTTP/2.0" 200 105307 "https://ncdc.go.ug/" "Mozilla/5.0 (X11; CrOS x86_64 14816.131.0) AppleWebKit/537.36 (KHTML, like Gecko) Chrome/103.0.0.0 Safari/537.36"
102.86.5.64 - - [11/Jan/2025:15:20:14 +0300] "GET /wp-content/uploads/ncdc@50/IMG_9113.jpg HTTP/2.0" 200 143116 "https://ncdc.go.ug/" "Mozilla/5.0 (X11; CrOS x86_64 14816.131.0) AppleWebKit/537.36 (KHTML, like Gecko) Chrome/103.0.0.0 Safari/537.36"
102.86.5.64 - - [11/Jan/2025:15:20:14 +0300] "GET /wp-content/uploads/ncdc@50/IMG_9118.jpg HTTP/2.0" 200 164116 "https://ncdc.go.ug/" "Mozilla/5.0 (X11; CrOS x86_64 14816.131.0) AppleWebKit/537.36 (KHTML, like Gecko) Chrome/103.0.0.0 Safari/537.36"
102.86.5.64 - - [11/Jan/2025:15:20:14 +0300] "GET /wp-content/uploads/ncdc@50/IMG_9136.jpg HTTP/2.0" 200 165267 "https://ncdc.go.ug/" "Mozilla/5.0 (X11; CrOS x86_64 14816.131.0) AppleWebKit/537.36 (KHTML, like Gecko) Chrome/103.0.0.0 Safari/537.36"
102.86.5.64 - - [11/Jan/2025:15:20:14 +0300] "GET /wp-content/uploads/ncdc@50/IMG_9142.jpg HTTP/2.0" 200 154283 "https://ncdc.go.ug/" "Mozilla/5.0 (X11; CrOS x86_64 14816.131.0) AppleWebKit/537.36 (KHTML, like Gecko) Chrome/103.0.0.0 Safari/537.36"
102.86.5.64 - - [11/Jan/2025:15:20:14 +0300] "GET /wp-content/uploads/ncdc@50/IMG_9149.jpg HTTP/2.0" 200 111975 "https://ncdc.go.ug/" "Mozilla/5.0 (X11; CrOS x86_64 14816.131.0) AppleWebKit/537.36 (KHTML, like Gecko) Chrome/103.0.0.0 Safari/537.36"
102.86.5.64 - - [11/Jan/2025:15:20:14 +0300] "GET /wp-content/uploads/ncdc@50/IMG_9164.jpg HTTP/2.0" 200 152947 "https://ncdc.go.ug/" "Mozilla/5.0 (X11; CrOS x86_64 14816.131.0) AppleWebKit/537.36 (KHTML, like Gecko) Chrome/103.0.0.0 Safari/537.36"
102.86.5.64 - - [11/Jan/2025:15:20:14 +0300] "GET /wp-content/uploads/ncdc@50/IMG_9165.jpg HTTP/2.0" 200 163952 "https://ncdc.go.ug/" "Mozilla/5.0 (X11; CrOS x86_64 14816.131.0) AppleWebKit/537.36 (KHTML, like Gecko) Chrome/103.0.0.0 Safari/537.36"
102.86.5.64 - - [11/Jan/2025:15:20:14 +0300] "GET /wp-content/uploads/ncdc@50/IMG_9166.jpg HTTP/2.0" 200 157745 "https://ncdc.go.ug/" "Mozilla/5.0 (X11; CrOS x86_64 14816.131.0) AppleWebKit/537.36 (KHTML, like Gecko) Chrome/103.0.0.0 Safari/537.36"
102.86.5.64 - - [11/Jan/2025:15:20:14 +0300] "GET /wp-content/uploads/ncdc@50/IMG_9170.jpg HTTP/2.0" 200 110904 "https://ncdc.go.ug/" "Mozilla/5.0 (X11; CrOS x86_64 14816.131.0) AppleWebKit/537.36 (KHTML, like Gecko) Chrome/103.0.0.0 Safari/537.36"
102.86.5.64 - - [11/Jan/2025:15:20:14 +0300] "GET /wp-content/uploads/ncdc@50/IMG_9179.jpg HTTP/2.0" 200 84412 "https://ncdc.go.ug/" "Mozilla/5.0 (X11; CrOS x86_64 14816.131.0) AppleWebKit/537.36 (KHTML, like Gecko) Chrome/103.0.0.0 Safari/537.36"
102.86.5.64 - - [11/Jan/2025:15:20:14 +0300] "GET /wp-content/uploads/ncdc@50/IMG_9182.jpg HTTP/2.0" 200 124028 "https://ncdc.go.ug/" "Mozilla/5.0 (X11; CrOS x86_64 14816.131.0) AppleWebKit/537.36 (KHTML, like Gecko) Chrome/103.0.0.0 Safari/537.36"
102.86.5.64 - - [11/Jan/2025:15:20:14 +0300] "GET /wp-content/uploads/ncdc@50/IMG_9191.jpg HTTP/2.0" 200 103192 "https://ncdc.go.ug/" "Mozilla/5.0 (X11; CrOS x86_64 14816.131.0) AppleWebKit/537.36 (KHTML, like Gecko) Chrome/103.0.0.0 Safari/537.36"
102.86.5.64 - - [11/Jan/2025:15:20:14 +0300] "GET /wp-content/uploads/2024/01/court_of_arms-150x150.png HTTP/2.0" 200 27354 "https://ncdc.go.ug/" "Mozilla/5.0 (X11; CrOS x86_64 14816.131.0) AppleWebKit/537.36 (KHTML, like Gecko) Chrome/103.0.0.0 Safari/537.36"
102.86.5.64 - - [11/Jan/2025:15:20:14 +0300] "GET /wp-content/uploads/2024/05/telephone-300x300.png HTTP/2.0" 200 5346 "https://ncdc.go.ug/" "Mozilla/5.0 (X11; CrOS x86_64 14816.131.0) AppleWebKit/537.36 (KHTML, like Gecko) Chrome/103.0.0.0 Safari/537.36"
102.86.5.64 - - [11/Jan/2025:15:20:14 +0300] "GET /wp-content/uploads/2024/05/email-300x221.png HTTP/2.0" 200 4321 "https://ncdc.go.ug/" "Mozilla/5.0 (X11; CrOS x86_64 14816.131.0) AppleWebKit/537.36 (KHTML, like Gecko) Chrome/103.0.0.0 Safari/537.36"
102.86.5.64 - - [11/Jan/2025:15:20:14 +0300] "GET /wp-content/plugins/post-grid/assets/block-js/block-scripts.js HTTP/2.0" 200 12090 "https://ncdc.go.ug/" "Mozilla/5.0 (X11; CrOS x86_64 14816.131.0) AppleWebKit/537.36 (KHTML, like Gecko) Chrome/103.0.0.0 Safari/537.36"
102.86.5.64 - - [11/Jan/2025:15:20:14 +0300] "GET /wp-content/plugins/revslider/sr6/assets/js/rbtools.min.js HTTP/2.0" 200 61824 "https://ncdc.go.ug/" "Mozilla/5.0 (X11; CrOS x86_64 14816.131.0) AppleWebKit/537.36 (KHTML, like Gecko) Chrome/103.0.0.0 Safari/537.36"
102.86.5.64 - - [11/Jan/2025:15:20:14 +0300] "GET /wp-content/plugins/mailchimp-for-wp/assets/js/forms.js HTTP/2.0" 200 2605 "https://ncdc.go.ug/" "Mozilla/5.0 (X11; CrOS x86_64 14816.131.0) AppleWebKit/537.36 (KHTML, like Gecko) Chrome/103.0.0.0 Safari/537.36"
102.86.5.64 - - [11/Jan/2025:15:20:14 +0300] "GET /wp-content/uploads/2024/08/Resource_book-_sch.png HTTP/2.0" 200 17054 "https://ncdc.go.ug/" "Mozilla/5.0 (X11; CrOS x86_64 14816.131.0) AppleWebKit/537.36 (KHTML, like Gecko) Chrome/103.0.0.0 Safari/537.36"
102.86.5.64 - - [11/Jan/2025:15:20:14 +0300] "GET /wp-content/uploads/2024/08/LEARNERS-BOOK-768x1074.png HTTP/2.0" 200 168617 "https://ncdc.go.ug/" "Mozilla/5.0 (X11; CrOS x86_64 14816.131.0) AppleWebKit/537.36 (KHTML, like Gecko) Chrome/103.0.0.0 Safari/537.36"
102.86.5.64 - - [11/Jan/2025:15:20:14 +0300] "GET /wp-content/uploads/2024/08/FACILITATORS-GUIDE-768x1073.png HTTP/2.0" 200 168387 "https://ncdc.go.ug/" "Mozilla/5.0 (X11; CrOS x86_64 14816.131.0) AppleWebKit/537.36 (KHTML, like Gecko) Chrome/103.0.0.0 Safari/537.36"
102.86.5.64 - - [11/Jan/2025:15:20:14 +0300] "GET /wp-content/uploads/2024/08/AEP-thematic-curriculum-level-3-syllabus.png HTTP/2.0" 200 445951 "https://ncdc.go.ug/" "Mozilla/5.0 (X11; CrOS x86_64 14816.131.0) AppleWebKit/537.36 (KHTML, like Gecko) Chrome/103.0.0.0 Safari/537.36"
85.208.96.195 - - [11/Jan/2025:15:21:05 +0300] "GET /gallery/?50-conference-venue&ncdc-50-conference&sample&stepu&teacher-training-on-abridged-curriculum-2&welcome-remarks HTTP/1.1" 200 2018 "-" "Mozilla/5.0 (compatible; SemrushBot/7~bl; +http://www.semrush.com/bot.html)"
85.208.96.201 - - [11/Jan/2025:15:21:07 +0300] "GET /gallery?instructional-materials-unit&ncdc-collaboration&ncdc-collaboration&ncdc-collaboration&sample%3F22&teacher-training-on-abridged-curriculum-2 HTTP/1.1" 200 2017 "-" "Mozilla/5.0 (compatible; SemrushBot/7~bl; +http://www.semrush.com/bot.html)"
102.86.5.64 - - [11/Jan/2025:15:20:14 +0300] "GET /wp-content/plugins/revslider/sr6/assets/js/rs6.min.js HTTP/2.0" 200 108972 "https://ncdc.go.ug/" "Mozilla/5.0 (X11; CrOS x86_64 14816.131.0) AppleWebKit/537.36 (KHTML, like Gecko) Chrome/103.0.0.0 Safari/537.36"
102.86.5.64 - - [11/Jan/2025:15:20:16 +0300] "GET /wp-content/uploads/2024/08/AEP-SST-LEVEL-2-3-SYLLABUS.png HTTP/2.0" 200 406604 "https://ncdc.go.ug/" "Mozilla/5.0 (X11; CrOS x86_64 14816.131.0) AppleWebKit/537.36 (KHTML, like Gecko) Chrome/103.0.0.0 Safari/537.36"
85.208.96.202 - - [11/Jan/2025:15:21:10 +0300] "GET /gallery/?job-fair&ncdc-50-conference&sample&stepu&teacher-training-on-abridged-curriculum-2&welcome-remarks%3Fvisiting-delegation-from-lesotho HTTP/1.1" 200 2017 "-" "Mozilla/5.0 (compatible; SemrushBot/7~bl; +http://www.semrush.com/bot.html)"
185.191.171.2 - - [11/Jan/2025:15:21:13 +0300] "GET /gallery/?50-conference-venue&50-conference-venue&aca&job-fair&job-fair&ncdc-collaboration&sample%3Fgroup-discussion-in-teacher-training HTTP/1.1" 200 2017 "-" "Mozilla/5.0 (compatible; SemrushBot/7~bl; +http://www.semrush.com/bot.html)"
102.86.5.64 - - [11/Jan/2025:15:21:02 +0300] "GET /wp-content/uploads/2024/08/AEP-RE-LEVEL-2-SYLLABUS.png HTTP/2.0" 200 332551 "https://ncdc.go.ug/" "Mozilla/5.0 (X11; CrOS x86_64 14816.131.0) AppleWebKit/537.36 (KHTML, like Gecko) Chrome/103.0.0.0 Safari/537.36"
185.191.171.12 - - [11/Jan/2025:15:21:16 +0300] "GET /gallery/?job-fair&job-fair&job-fair&ncdc-50-launch&ncdc-50-launch&parliament&sample%3F20%3Fncdc-50-group-photo HTTP/1.1" 200 2017 "-" "Mozilla/5.0 (compatible; SemrushBot/7~bl; +http://www.semrush.com/bot.html)"
116.203.78.154 - - [11/Jan/2025:15:21:16 +0300] "GET / HTTP/1.1" 200 165289 "-" "Mozilla/5.0 (Macintosh; Intel Mac OS X 10_15_7) AppleWebKit/537.36 (KHTML, like Gecko) Chrome/93.0.4577.0 Safari/537.36"
41.210.147.47 - - [11/Jan/2025:15:21:19 +0300] "GET /favicon.ico HTTP/2.0" 500 3097 "https://iask.ai/" "Mozilla/5.0 (Linux; Android 10; K) AppleWebKit/537.36 (KHTML, like Gecko) Chrome/127.0.0.0 Mobile Safari/537.36"
154.72.192.35 - - [11/Jan/2025:15:21:19 +0300] "HEAD / HTTP/1.1" 200 - "-" "Uptime-Kuma/1.23.11"
41.210.146.68 - - [11/Jan/2025:15:21:20 +0300] "GET /wp-content/uploads/2024/04/NCDC_AEP_BIOLOGY_LSC_level-1and-2_-Final-2024-Web-file_Final-08.03.2024.pdf HTTP/2.0" 200 1836425 "https://www.google.com/" "Mozilla/5.0 (Linux; Android 10; K) AppleWebKit/537.36 (KHTML, like Gecko) Chrome/131.0.0.0 Mobile Safari/537.36"
85.208.96.210 - - [11/Jan/2025:15:21:23 +0300] "GET /gallery?ncdc-50-conference&ncdc-50-conference&ncdc-collaboration&sample%3F20&thanks&thanks&welcome-remarks%3Fplenary-session-during-teacher-traning HTTP/1.1" 200 2018 "-" "Mozilla/5.0 (compatible; SemrushBot/7~bl; +http://www.semrush.com/bot.html)"
185.191.171.12 - - [11/Jan/2025:15:21:32 +0300] "GET /gallery/?aca&aca&aca&aca&aca&ncdc-50-conference&ncdc-50-launch&sample%3F20%3Fdirector-launching-ncdc-50 HTTP/1.1" 200 2017 "-" "Mozilla/5.0 (compatible; SemrushBot/7~bl; +http://www.semrush.com/bot.html)"
102.86.5.64 - - [11/Jan/2025:15:21:09 +0300] "GET /wp-content/uploads/2024/08/AEP-Mathematics-Level-2-3-Syllabus.png HTTP/2.0" 200 908273 "https://ncdc.go.ug/" "Mozilla/5.0 (X11; CrOS x86_64 14816.131.0) AppleWebKit/537.36 (KHTML, like Gecko) Chrome/103.0.0.0 Safari/537.36"
108.61.201.55 - - [11/Jan/2025:15:21:36 +0300] "HEAD / HTTP/2.0" 200 - "-" "downnotifier.com monitoring"
41.210.145.139 - - [11/Jan/2025:15:21:39 +0300] "GET /favicon.ico HTTP/2.0" 500 3098 "https://ncdc.go.ug/wp-content/uploads/2024/02/P.-5-Curriculum-1.pdf" "Mozilla/5.0 (Windows NT 10.0; Win64; x64) AppleWebKit/537.36 (KHTML, like Gecko) Chrome/131.0.0.0 Safari/537.36"
41.210.145.139 - - [11/Jan/2025:15:21:39 +0300] "GET /wp-content/uploads/2024/02/P.-5-Curriculum-1.pdf HTTP/2.0" 200 2016293 "https://www.google.com/" "Mozilla/5.0 (Windows NT 10.0; Win64; x64) AppleWebKit/537.36 (KHTML, like Gecko) Chrome/131.0.0.0 Safari/537.36"
3.212.128.62 - - [11/Jan/2025:15:21:40 +0300] "HEAD / HTTP/1.1" 200 - "https://ncdc.go.ug/" "Mozilla/5.0+(compatible; UptimeRobot/2.0; http://www.uptimerobot.com/)"
85.208.96.206 - - [11/Jan/2025:15:21:46 +0300] "GET /gallery?aca&aca&instructional-materials-unit&ncdc-50-conference&ncdc-50-launch&ncdc-collaboration&sample%3F20%3F37 HTTP/1.1" 200 2017 "-" "Mozilla/5.0 (compatible; SemrushBot/7~bl; +http://www.semrush.com/bot.html)"
41.210.147.236 - - [11/Jan/2025:15:21:48 +0300] "GET /wp-content/uploads/2024/02/P1-Curriculum.pdf HTTP/2.0" 200 599114 "-" "Mozilla/5.0 (Linux; Android 9; itel W6004 Build/PPR1.180610.011) AppleWebKit/537.36 (KHTML, like Gecko) Chrome/79.0.3945.116 Mobile Safari/537.36"
102.86.5.64 - - [11/Jan/2025:15:21:15 +0300] "GET /wp-content/uploads/2024/08/AEP-IRE-LEVEL-3-SYLLABUS.png HTTP/2.0" 200 638610 "https://ncdc.go.ug/" "Mozilla/5.0 (X11; CrOS x86_64 14816.131.0) AppleWebKit/537.36 (KHTML, like Gecko) Chrome/103.0.0.0 Safari/537.36"
41.210.147.118 - - [11/Jan/2025:15:21:54 +0300] "GET /category/resources/secondary/a-level-curriculum/ HTTP/2.0" 500 3098 "https://www.google.com/" "Mozilla/5.0 (Linux; U; Android 11; en-us; TECNO KG5j Build/RP1A.200720.011) AppleWebKit/537.36 (KHTML, like Gecko) Chrome/94.0.4606.85 Mobile Safari/537.36 PHX/16.2"
41.210.147.118 - - [11/Jan/2025:15:21:55 +0300] "GET /favicon.ico HTTP/2.0" 500 3098 "https://ncdc.go.ug/category/resources/secondary/a-level-curriculum/" "Mozilla/5.0 (Linux; U; Android 11; en-us; TECNO KG5j Build/RP1A.200720.011) AppleWebKit/537.36 (KHTML, like Gecko) Chrome/94.0.4606.85 Mobile Safari/537.36 PHX/16.2"
41.210.147.118 - - [11/Jan/2025:15:21:55 +0300] "GET /favicon.ico HTTP/2.0" 500 3098 "-" "okhttp/4.10.0"
41.210.147.118 - - [11/Jan/2025:15:21:56 +0300] "GET /favicon.ico HTTP/2.0" 500 3098 "-" "okhttp/4.10.0"
46.246.88.224 - - [11/Jan/2025:15:21:58 +0300] "POST /wp-admin/admin-ajax.php HTTP/2.0" 200 3763 "https://ncdc.go.ug/wp-admin/user-edit.php?user_id=1&wp_http_referer=%2Fwp-admin%2Fusers.php" "Mozilla/5.0 (Windows NT 10.0; Win64; x64) AppleWebKit/537.36 (KHTML, like Gecko) Chrome/131.0.0.0 Safari/537.36"
52.15.147.27 - - [11/Jan/2025:15:21:59 +0300] "HEAD / HTTP/1.1" 200 - "https://ncdc.go.ug/" "Mozilla/5.0+(compatible; UptimeRobot/2.0; http://www.uptimerobot.com/)"
41.210.147.236 - - [11/Jan/2025:15:21:59 +0300] "GET /wp-content/uploads/2024/02/P1-Curriculum.pdf HTTP/2.0" 200 1415694 "-" "com.google.android.apps.searchlite/173804 (Linux; U; Android 9; en_US; itel W6004; Build/PPR1.180610.011; Cronet/114.0.5735.33)"
102.86.5.64 - - [11/Jan/2025:15:21:36 +0300] "GET /wp-content/uploads/2024/08/AEP-INTEGRATED-SCIENCE-LEVEL-23.png HTTP/2.0" 200 451698 "https://ncdc.go.ug/" "Mozilla/5.0 (X11; CrOS x86_64 14816.131.0) AppleWebKit/537.36 (KHTML, like Gecko) Chrome/103.0.0.0 Safari/537.36"
102.86.5.64 - - [11/Jan/2025:15:21:51 +0300] "GET /wp-content/uploads/2024/08/AEP-CAPEs-LEVEL-2.png HTTP/2.0" 200 154447 "https://ncdc.go.ug/" "Mozilla/5.0 (X11; CrOS x86_64 14816.131.0) AppleWebKit/537.36 (KHTML, like Gecko) Chrome/103.0.0.0 Safari/537.36"
185.191.171.16 - - [11/Jan/2025:15:22:06 +0300] "GET /gallery?50-conference-venue&50-conference-venue&instructional-materials-unit&ncdc-50-conference&parliament&sample%3F20%3F1 HTTP/1.1" 200 2017 "-" "Mozilla/5.0 (compatible; SemrushBot/7~bl; +http://www.semrush.com/bot.html)"
102.86.5.64 - - [11/Jan/2025:15:22:01 +0300] "GET /wp-content/uploads/2024/08/AEP-ENGLISH-LANGUAGE-LEVEL-2-3.png HTTP/2.0" 200 109997 "https://ncdc.go.ug/" "Mozilla/5.0 (X11; CrOS x86_64 14816.131.0) AppleWebKit/537.36 (KHTML, like Gecko) Chrome/103.0.0.0 Safari/537.36"
102.86.5.64 - - [11/Jan/2025:15:22:05 +0300] "GET /wp-content/uploads/2019/03/map-ft.png HTTP/2.0" 200 22147 "https://ncdc.go.ug/wp-content/cache/wpo-minify/1736596187/assets/wpo-minify-header-2701056f.min.css" "Mozilla/5.0 (X11; CrOS x86_64 14816.131.0) AppleWebKit/537.36 (KHTML, like Gecko) Chrome/103.0.0.0 Safari/537.36"
185.191.171.10 - - [11/Jan/2025:15:22:09 +0300] "GET /gallery/?50-conference-venue&50-conference-venue&ncdc-50-launch&ncdc-collaboration&sample%3Ffacilitators-for-teacher-training HTTP/1.1" 200 2017 "-" "Mozilla/5.0 (compatible; SemrushBot/7~bl; +http://www.semrush.com/bot.html)"
154.72.192.35 - - [11/Jan/2025:15:22:19 +0300] "HEAD / HTTP/1.1" 200 - "-" "Uptime-Kuma/1.23.11"
85.208.96.206 - - [11/Jan/2025:15:22:20 +0300] "GET /gallery/?ncdc-50-conference&ncdc-50-conference&ncdc-50-launch&ncdc-50-launch&sample&welcome-remarks%3Fconsultation-on-a-level-curriculum-review HTTP/1.1" 200 2017 "-" "Mozilla/5.0 (compatible; SemrushBot/7~bl; +http://www.semrush.com/bot.html)"
41.210.147.236 - - [11/Jan/2025:15:17:24 +0300] "GET /wp-content/uploads/2024/02/P1-Curriculum.pdf HTTP/2.0" 200 275274 "-" "Mozilla/5.0 (Linux; Android 9; itel W6004 Build/PPR1.180610.011) AppleWebKit/537.36 (KHTML, like Gecko) Chrome/79.0.3945.116 Mobile Safari/537.36"
156.59.198.135 - - [11/Jan/2025:15:22:25 +0300] "GET /Syllabi/Reform%20syllabi/Mathematics%20Syllabus%20v18F%20(PD).pdf HTTP/2.0" 500 3098 "http://www.ncdc.go.ug/Syllabi/Reform%20syllabi/Mathematics%20Syllabus%20v18F%20%28PD%29.pdf" "Mozilla/5.0 (Linux; Android 5.0) AppleWebKit/537.36 (KHTML, like Gecko) Mobile Safari/537.36 (compatible; Bytespider; spider-feedback@bytedance.com)"
85.208.96.202 - - [11/Jan/2025:15:22:28 +0300] "GET /gallery/?50-conference-venue&50-conference-venue&consultation-on-a-level-curriculum-review-2&ncdc-50-conference&ncdc-collaboration&sample%3F131 HTTP/1.1" 200 2017 "-" "Mozilla/5.0 (compatible; SemrushBot/7~bl; +http://www.semrush.com/bot.html)"
40.77.167.2 - - [11/Jan/2025:15:22:33 +0300] "GET /2025/01/09/aristocrat-pokies-play-for-fun-no-membership-necessary/ HTTP/2.0" 500 3095 "-" "Mozilla/5.0 AppleWebKit/537.36 (KHTML, like Gecko; compatible; bingbot/2.0; +http://www.bing.com/bingbot.htm) Chrome/116.0.1938.76 Safari/537.36"
85.208.96.202 - - [11/Jan/2025:15:22:34 +0300] "GET /gallery/?consultation-on-a-level-curriculum-review-2&instructional-materials-unit&instructional-materials-unit&instructional-materials-unit&sample%3F34 HTTP/1.1" 200 2017 "-" "Mozilla/5.0 (compatible; SemrushBot/7~bl; +http://www.semrush.com/bot.html)"
52.167.144.25 - - [11/Jan/2025:15:22:37 +0300] "GET /2025/page/24/ HTTP/2.0" 500 3098 "-" "Mozilla/5.0 AppleWebKit/537.36 (KHTML, like Gecko; compatible; bingbot/2.0; +http://www.bing.com/bingbot.htm) Chrome/116.0.1938.76 Safari/537.36"
85.208.96.202 - - [11/Jan/2025:15:22:39 +0300] "GET /gallery/?aca&job-fair&job-fair&ncdc-50-conference&ncdc-50-conference&refresher-training-for-centre-coordinating-tutors-ccts&sample%3F25 HTTP/1.1" 200 2017 "-" "Mozilla/5.0 (compatible; SemrushBot/7~bl; +http://www.semrush.com/bot.html)"
85.208.96.210 - - [11/Jan/2025:15:22:44 +0300] "GET /books/page/15/ HTTP/1.1" 500 2304 "-" "Mozilla/5.0 (compatible; SemrushBot/7~bl; +http://www.semrush.com/bot.html)"
85.208.96.193 - - [11/Jan/2025:15:22:50 +0300] "GET /gallery?50-conference-venue&50-conference-venue&government-trains-teachers-lab-technicians&sample%3F20%3Ftraining-on-abridged-curriculum HTTP/1.1" 200 2018 "-" "Mozilla/5.0 (compatible; SemrushBot/7~bl; +http://www.semrush.com/bot.html)"
41.210.146.210 - - [11/Jan/2025:15:23:14 +0300] "GET /wp-content/uploads/2024/02/ECD_FRamework.pdf HTTP/2.0" 200 550463 "https://www.google.com/" "Mozilla/5.0 (Linux; Android 10; K) AppleWebKit/537.36 (KHTML, like Gecko) Chrome/131.0.0.0 Mobile Safari/537.36"
154.72.192.35 - - [11/Jan/2025:15:23:20 +0300] "HEAD / HTTP/1.1" 200 - "-" "Uptime-Kuma/1.23.11"
52.167.144.25 - - [11/Jan/2025:15:23:35 +0300] "GET /resources/ HTTP/2.0" 500 3098 "-" "Mozilla/5.0 AppleWebKit/537.36 (KHTML, like Gecko; compatible; bingbot/2.0; +http://www.bing.com/bingbot.htm) Chrome/116.0.1938.76 Safari/537.36"
41.210.143.73 - - [11/Jan/2025:15:23:41 +0300] "GET /wp-content/uploads/2024/02/tayebwa-julius.png HTTP/2.0" 200 142572 "https://www.google.com/" "Mozilla/5.0 (Linux; Android 10; SM-A025F Build/QP1A.190711.020; wv) AppleWebKit/537.36 (KHTML, like Gecko) Version/4.0 Chrome/131.0.6778.260 Mobile Safari/537.36 GoogleApp/15.25.32.28.arm"
85.208.96.196 - - [11/Jan/2025:15:23:51 +0300] "GET /gallery/?aca&aca&aca&aca&aca&instructional-materials-unit&ncdc-50-launch&parliament&sample%3F33 HTTP/1.1" 200 2018 "-" "Mozilla/5.0 (compatible; SemrushBot/7~bl; +http://www.semrush.com/bot.html)"
3.20.63.178 - - [11/Jan/2025:15:23:56 +0300] "HEAD / HTTP/1.1" 200 - "https://ncdc.go.ug" "Mozilla/5.0+(compatible; UptimeRobot/2.0; http://www.uptimerobot.com/)"
85.208.96.209 - - [11/Jan/2025:15:23:58 +0300] "GET /gallery/?aca&consultation-on-a-level-curriculum-review-2&job-fair&ncdc-50-conference&sample&stepu&welcome-remarks%3Fncdc-50-group-photo HTTP/1.1" 200 2017 "-" "Mozilla/5.0 (compatible; SemrushBot/7~bl; +http://www.semrush.com/bot.html)"
46.246.88.224 - - [11/Jan/2025:15:23:59 +0300] "POST /wp-admin/admin-ajax.php HTTP/2.0" 200 3762 "https://ncdc.go.ug/wp-admin/user-edit.php?user_id=1&wp_http_referer=%2Fwp-admin%2Fusers.php" "Mozilla/5.0 (Windows NT 10.0; Win64; x64) AppleWebKit/537.36 (KHTML, like Gecko) Chrome/131.0.0.0 Safari/537.36"
185.191.171.14 - - [11/Jan/2025:15:24:16 +0300] "GET /gallery/?aca&instructional-materials-unit&ncdc-50-conference&refresher-training-for-centre-coordinating-tutors-ccts&sample&welcome-remarks%3F43 HTTP/1.1" 200 2017 "-" "Mozilla/5.0 (compatible; SemrushBot/7~bl; +http://www.semrush.com/bot.html)"
154.72.192.35 - - [11/Jan/2025:15:24:20 +0300] "HEAD / HTTP/1.1" 200 - "-" "Uptime-Kuma/1.23.11"
185.191.171.7 - - [11/Jan/2025:15:24:24 +0300] "GET /gallery/?50-conference-venue&government-trains-teachers-lab-technicians&ncdc-50-conference&parliament&sample&stepu&welcome-remarks%3F24 HTTP/1.1" 200 2017 "-" "Mozilla/5.0 (compatible; SemrushBot/7~bl; +http://www.semrush.com/bot.html)"
197.239.12.46 - - [11/Jan/2025:15:24:37 +0300] "GET /2024/04/03/alevel-literature-in-english-set-books-2024-2028/ HTTP/2.0" 500 3096 "https://www.google.com/" "Mozilla/5.0 (Linux; Android 11; SO-03L) AppleWebKit/537.36 (KHTML, like Gecko) Chrome/92.0.4515.159 Mobile Safari/537.36"
197.239.12.46 - - [11/Jan/2025:15:24:38 +0300] "GET /favicon.ico HTTP/2.0" 500 3096 "https://ncdc.go.ug/2024/04/03/alevel-literature-in-english-set-books-2024-2028/" "Mozilla/5.0 (Linux; Android 11; SO-03L) AppleWebKit/537.36 (KHTML, like Gecko) Chrome/92.0.4515.159 Mobile Safari/537.36"
40.77.167.2 - - [11/Jan/2025:15:24:45 +0300] "GET /wp-content/uploads/2024/02/Capture-PERFORMING_ARTS-150x150.png HTTP/2.0" 200 38026 "-" "Mozilla/5.0 AppleWebKit/537.36 (KHTML, like Gecko; compatible; bingbot/2.0; +http://www.bing.com/bingbot.htm) Chrome/116.0.1938.76 Safari/537.36"
185.191.171.17 - - [11/Jan/2025:15:25:05 +0300] "GET /gallery/?50-conference-venue&50-conference-venue&aca&aca&aca&ncdc-collaboration&parliament&sample%3F54 HTTP/1.1" 200 2016 "-" "Mozilla/5.0 (compatible; SemrushBot/7~bl; +http://www.semrush.com/bot.html)"
85.208.96.210 - - [11/Jan/2025:15:25:10 +0300] "GET /gallery?about-the-conference&job-fair&ncdc-50-conference&ncdc-50-conference&parliament&parliament&sample%3F22%3F28 HTTP/1.1" 200 2018 "-" "Mozilla/5.0 (compatible; SemrushBot/7~bl; +http://www.semrush.com/bot.html)"
40.77.167.2 - - [11/Jan/2025:15:25:14 +0300] "GET /2025/page/40/ HTTP/2.0" 500 3095 "-" "Mozilla/5.0 AppleWebKit/537.36 (KHTML, like Gecko; compatible; bingbot/2.0; +http://www.bing.com/bingbot.htm) Chrome/116.0.1938.76 Safari/537.36"
185.191.171.17 - - [11/Jan/2025:15:25:14 +0300] "GET /gallery?50-conference-venue&50-conference-venue&ncdc-collaboration&parliament&parliament&sample%3F22%3Fncdc-50-group-photo HTTP/1.1" 200 2016 "-" "Mozilla/5.0 (compatible; SemrushBot/7~bl; +http://www.semrush.com/bot.html)"
85.208.96.206 - - [11/Jan/2025:15:25:17 +0300] "GET /gallery?consultation-on-a-level-curriculum-review-2&consultation-on-a-level-curriculum-review-2&job-fair&job-fair&sample%3F21%3F32 HTTP/1.1" 200 2017 "-" "Mozilla/5.0 (compatible; SemrushBot/7~bl; +http://www.semrush.com/bot.html)"
154.72.192.35 - - [11/Jan/2025:15:25:21 +0300] "HEAD / HTTP/1.1" 200 - "-" "Uptime-Kuma/1.23.11"
41.210.145.208 - - [11/Jan/2025:15:25:21 +0300] "GET /books/s-1-s-2-mathematics/ HTTP/2.0" 500 3099 "https://www.google.com/" "Mozilla/5.0 (Linux; U; Android 11; en-us; itel A507LM Build/RP1A.201005.001) AppleWebKit/537.36 (KHTML, like Gecko) Chrome/124.0.6367.123 Mobile Safari/537.36 PHX/17.0"
85.208.96.193 - - [11/Jan/2025:15:25:22 +0300] "GET /gallery?50-conference-venue&aca&aca&chief-guest&ncdc-50-conference&ncdc-50-launch&ncdc-collaboration&ncdc-collaboration&sample%3F22 HTTP/1.1" 200 2018 "-" "Mozilla/5.0 (compatible; SemrushBot/7~bl; +http://www.semrush.com/bot.html)"
41.210.145.208 - - [11/Jan/2025:15:25:23 +0300] "GET /favicon.ico HTTP/2.0" 500 3099 "-" "okhttp/4.10.0"
41.210.145.208 - - [11/Jan/2025:15:25:24 +0300] "GET /favicon.ico HTTP/2.0" 500 3099 "https://ncdc.go.ug/books/s-1-s-2-mathematics/" "Mozilla/5.0 (Linux; U; Android 11; en-us; itel A507LM Build/RP1A.201005.001) AppleWebKit/537.36 (KHTML, like Gecko) Chrome/124.0.6367.123 Mobile Safari/537.36 PHX/17.0"
41.210.145.208 - - [11/Jan/2025:15:25:24 +0300] "GET /favicon.ico HTTP/2.0" 500 3099 "-" "okhttp/4.10.0"
107.189.18.167 - - [11/Jan/2025:15:25:27 +0300] "GET /2024/12/12/affectation-leurs-type-de-big-casino-emploi-avec-casino-un-brin-2024/ HTTP/1.1" 500 3095 "-" "Mozilla/5.0 (Windows NT 10.0; Win64; x64) AppleWebKit/537.36 (KHTML, like Gecko) Chrome/114.0.0.0 Safari/537.36"
107.189.18.167 - - [11/Jan/2025:15:25:28 +0300] "GET /2024/12/12/affectation-leurs-type-de-big-casino-emploi-avec-casino-un-brin-2024/?filesrc=/home/ncdcgo/public_html/.DS_Store&path=/home/ncdcgo/public_html HTTP/1.1" 200 682 "https://ncdc.go.ug/2024/12/12/affectation-leurs-type-de-big-casino-emploi-avec-casino-un-brin-2024/" "Mozilla/5.0 (Windows NT 10.0; Win64; x64) AppleWebKit/537.36 (KHTML, like Gecko) Chrome/114.0.0.0 Safari/537.36"
185.191.171.6 - - [11/Jan/2025:15:25:31 +0300] "GET /gallery?aca&aca&consultation-on-a-level-curriculum-review-2&ncdc-50-conference&ncdc-50-conference&ncdc-50-launch&ncdc-50-launch&sample%3F21 HTTP/1.1" 200 2017 "-" "Mozilla/5.0 (compatible; SemrushBot/7~bl; +http://www.semrush.com/bot.html)"
185.191.171.11 - - [11/Jan/2025:15:25:43 +0300] "GET /gallery/?instructional-materials-unit&instructional-materials-unit&instructional-materials-unit&job-fair&sample%3Fgroup-discussion-in-teacher-training HTTP/1.1" 200 2017 "-" "Mozilla/5.0 (compatible; SemrushBot/7~bl; +http://www.semrush.com/bot.html)"
51.222.253.14 - - [11/Jan/2025:15:25:59 +0300] "GET /2025/01/08/2024-%E0%B8%84%E0%B8%B2%E0%B8%AA%E0%B8%B4%E0%B9%82%E0%B8%99%E0%B8%9A%E0%B8%99%E0%B9%80%E0%B8%A7%E0%B9%87%E0%B8%9A%E0%B8%8A%E0%B8%B1%E0%B9%89%E0%B8%99%E0%B8%99%E0%B8%B3%E0%B8%97%E0%B8%B5%E0%B9%88/feed/ HTTP/2.0" 500 3097 "-" "Mozilla/5.0 (compatible; AhrefsBot/7.0; +http://ahrefs.com/robot/)"
46.246.88.224 - - [11/Jan/2025:15:26:00 +0300] "POST /wp-admin/admin-ajax.php HTTP/2.0" 200 3762 "https://ncdc.go.ug/wp-admin/user-edit.php?user_id=1&wp_http_referer=%2Fwp-admin%2Fusers.php" "Mozilla/5.0 (Windows NT 10.0; Win64; x64) AppleWebKit/537.36 (KHTML, like Gecko) Chrome/131.0.0.0 Safari/537.36"
185.191.171.1 - - [11/Jan/2025:15:26:07 +0300] "GET /gallery?aca&ncdc-50-conference&ncdc-50-launch&ncdc-collaboration&ncdc-collaboration&parliament&sample%3F22%3Ftraining-on-abridged-curriculum HTTP/1.1" 200 2016 "-" "Mozilla/5.0 (compatible; SemrushBot/7~bl; +http://www.semrush.com/bot.html)"
185.191.171.13 - - [11/Jan/2025:15:26:20 +0300] "GET /gallery/?instructional-materials-unit&ncdc-50-conference&ncdc-50-launch&sample&stepu&stepu&welcome-remarks%3F5 HTTP/1.1" 200 2017 "-" "Mozilla/5.0 (compatible; SemrushBot/7~bl; +http://www.semrush.com/bot.html)"
154.72.192.35 - - [11/Jan/2025:15:26:21 +0300] "HEAD / HTTP/1.1" 200 - "-" "Uptime-Kuma/1.23.11"
185.191.171.8 - - [11/Jan/2025:15:26:30 +0300] "GET /gallery/?50-conference-venue&government-trains-teachers-lab-technicians&ncdc-50-launch&ncdc-collaboration&parliament&sample&visit-by-ps HTTP/1.1" 200 2017 "-" "Mozilla/5.0 (compatible; SemrushBot/7~bl; +http://www.semrush.com/bot.html)"
85.208.96.202 - - [11/Jan/2025:15:26:33 +0300] "GET /gallery?50-conference-venue&50-conference-venue&aca&instructional-materials-unit&ncdc-collaboration&parliament&parliament&sample%3F22 HTTP/1.1" 200 2017 "-" "Mozilla/5.0 (compatible; SemrushBot/7~bl; +http://www.semrush.com/bot.html)"
185.191.171.8 - - [11/Jan/2025:15:26:37 +0300] "GET /gallery/?consultation-on-a-level-curriculum-review-2&ncdc-50-conference&ncdc-collaboration&parliament&sample&thanks&welcome-remarks%3F5 HTTP/1.1" 200 2017 "-" "Mozilla/5.0 (compatible; SemrushBot/7~bl; +http://www.semrush.com/bot.html)"
85.208.96.197 - - [11/Jan/2025:15:26:42 +0300] "GET /gallery/?instructional-materials-unit&ncdc-50-conference&ncdc-collaboration&ncdc-collaboration&sample&visit-by-ps&welcome-remarks%3F37 HTTP/1.1" 200 2018 "-" "Mozilla/5.0 (compatible; SemrushBot/7~bl; +http://www.semrush.com/bot.html)"
41.210.147.236 - - [11/Jan/2025:15:26:42 +0300] "GET /wp-content/uploads/2024/02/P1-Curriculum.pdf HTTP/2.0" 200 178122 "-" "Mozilla/5.0 (Linux; Android 9; itel W6004 Build/PPR1.180610.011) AppleWebKit/537.36 (KHTML, like Gecko) Chrome/79.0.3945.116 Mobile Safari/537.36"
3.20.63.178 - - [11/Jan/2025:15:26:43 +0300] "HEAD / HTTP/1.1" 200 - "https://ncdc.go.ug/" "Mozilla/5.0+(compatible; UptimeRobot/2.0; http://www.uptimerobot.com/)"
85.208.96.202 - - [11/Jan/2025:15:26:51 +0300] "GET /gallery/?about-the-conference&consultation-on-a-level-curriculum-review-2&instructional-materials-unit&ncdc-50-conference&sample%3Fncdc-50-group-photo HTTP/1.1" 200 2017 "-" "Mozilla/5.0 (compatible; SemrushBot/7~bl; +http://www.semrush.com/bot.html)"
41.210.147.236 - - [11/Jan/2025:15:26:48 +0300] "GET /wp-content/uploads/2024/02/P1-Curriculum.pdf HTTP/2.0" 200 1415694 "-" "com.google.android.apps.searchlite/173804 (Linux; U; Android 9; en_US; itel W6004; Build/PPR1.180610.011; Cronet/114.0.5735.33)"
85.208.96.206 - - [11/Jan/2025:15:26:55 +0300] "GET /gallery/?about-the-conference&aca&instructional-materials-unit&job-fair&ncdc-50-conference&sample%3F21%3Fplenary-session-during-teacher-traning HTTP/1.1" 200 2017 "-" "Mozilla/5.0 (compatible; SemrushBot/7~bl; +http://www.semrush.com/bot.html)"
85.208.96.206 - - [11/Jan/2025:15:27:01 +0300] "GET /gallery?aca&aca&ncdc-50-launch&ncdc-collaboration&ncdc-collaboration&parliament&parliament&sample%3F20%3F37 HTTP/1.1" 200 2017 "-" "Mozilla/5.0 (compatible; SemrushBot/7~bl; +http://www.semrush.com/bot.html)"
185.191.171.2 - - [11/Jan/2025:15:27:19 +0300] "GET /robots.txt HTTP/1.1" 200 2017 "-" "Mozilla/5.0 (compatible; SemrushBot/7~bl; +http://www.semrush.com/bot.html)"
85.208.96.205 - - [11/Jan/2025:15:27:20 +0300] "GET /gallery?aca&ncdc-50-conference&ncdc-50-conference&ncdc-50-conference&sample%3F137 HTTP/1.1" 200 2017 "-" "Mozilla/5.0 (compatible; SemrushBot/7~bl; +http://www.semrush.com/bot.html)"
154.72.192.35 - - [11/Jan/2025:15:27:22 +0300] "HEAD / HTTP/1.1" 200 - "-" "Uptime-Kuma/1.23.11"
52.15.147.27 - - [11/Jan/2025:15:27:40 +0300] "GET / HTTP/1.1" 200 165289 "https://ncdc.go.ug/" "Mozilla/5.0+(compatible; UptimeRobot/2.0; http://www.uptimerobot.com/)"
102.85.143.187 - - [11/Jan/2025:15:27:31 +0300] "GET /wp-content/uploads/2024/02/ICT_Prototype_TG.pdf HTTP/2.0" 206 5501427 "-" "com.google.android.apps.searchlite/763881 (Linux; U; Android 8.1.0; et; itel A23A; Build/OPM2.171019.012; Cronet/131.0.6738.0)"
185.191.171.15 - - [11/Jan/2025:15:27:54 +0300] "GET /gallery/?aca&ncdc-50-launch&ncdc-50-launch&refresher-training-for-centre-coordinating-tutors-ccts&sample%3F20%3Fteacher-training-on-abridged-curriculum HTTP/1.1" 200 2017 "-" "Mozilla/5.0 (compatible; SemrushBot/7~bl; +http://www.semrush.com/bot.html)"
46.246.88.224 - - [11/Jan/2025:15:28:01 +0300] "POST /wp-admin/admin-ajax.php HTTP/2.0" 200 3762 "https://ncdc.go.ug/wp-admin/user-edit.php?user_id=1&wp_http_referer=%2Fwp-admin%2Fusers.php" "Mozilla/5.0 (Windows NT 10.0; Win64; x64) AppleWebKit/537.36 (KHTML, like Gecko) Chrome/131.0.0.0 Safari/537.36"
66.249.64.228 - - [11/Jan/2025:15:28:16 +0300] "GET /index.php?path=/home HTTP/1.1" 200 861 "-" "Mozilla/5.0 (Linux; Android 6.0.1; Nexus 5X Build/MMB29P) AppleWebKit/537.36 (KHTML, like Gecko) Chrome/131.0.6778.264 Mobile Safari/537.36 (compatible; Googlebot/2.1; +http://www.google.com/bot.html)"
85.208.96.204 - - [11/Jan/2025:15:28:19 +0300] "GET /gallery/?government-trains-teachers-lab-technicians&ncdc-50-conference&ncdc-50-launch&parliament&parliament&sample%3Fdirector-launching-ncdc-50 HTTP/1.1" 200 2017 "-" "Mozilla/5.0 (compatible; SemrushBot/7~bl; +http://www.semrush.com/bot.html)"
154.72.192.35 - - [11/Jan/2025:15:28:22 +0300] "HEAD / HTTP/1.1" 200 - "-" "Uptime-Kuma/1.23.11"
154.195.113.29 - - [11/Jan/2025:15:28:24 +0300] "GET /xmlrpc.php HTTP/1.1" 200 2019 "-" "-"
185.191.171.17 - - [11/Jan/2025:15:28:26 +0300] "GET /gallery?aca&government-trains-teachers-lab-technicians&instructional-materials-unit&ncdc-50-launch&ncdc-50-launch&ncdc-collaboration&sample HTTP/1.1" 200 2016 "-" "Mozilla/5.0 (compatible; SemrushBot/7~bl; +http://www.semrush.com/bot.html)"
185.191.171.13 - - [11/Jan/2025:15:28:30 +0300] "GET /gallery/?job-fair&ncdc-50-conference&ncdc-50-launch&ncdc-50-launch&ncdc-50-launch&ncdc-collaboration&parliament&sample%3F37 HTTP/1.1" 200 2017 "-" "Mozilla/5.0 (compatible; SemrushBot/7~bl; +http://www.semrush.com/bot.html)"
102.85.215.61 - - [11/Jan/2025:15:25:48 +0300] "GET /wp-content/uploads/2024/02/Georgraphy-Syllabus.pdf HTTP/2.0" 200 5675569 "https://www.google.com/" "Mozilla/5.0 (Linux; Android 10; K) AppleWebKit/537.36 (KHTML, like Gecko) Chrome/131.0.0.0 Mobile Safari/537.36"
18.116.205.62 - - [11/Jan/2025:15:29:01 +0300] "HEAD / HTTP/1.1" 200 - "https://ncdc.go.ug" "Mozilla/5.0+(compatible; UptimeRobot/2.0; http://www.uptimerobot.com/)"
85.208.96.201 - - [11/Jan/2025:15:29:06 +0300] "GET /gallery?50-conference-venue&aca&aca&job-fair&job-fair&ncdc-50-conference&ncdc-collaboration&sample%3F20%3F3 HTTP/1.1" 200 2017 "-" "Mozilla/5.0 (compatible; SemrushBot/7~bl; +http://www.semrush.com/bot.html)"
145.239.154.4 - - [11/Jan/2025:15:29:10 +0300] "POST /xmlrpc.php HTTP/1.1" 200 2018 "-" "Mozilla/5.0 (Windows NT 10.0; WOW64) AppleWebKit/537.36 (KHTML, like Gecko) Chrome/62.0.3202.9 Safari/537.36"
85.208.96.208 - - [11/Jan/2025:15:29:12 +0300] "GET /gallery/?50-conference-venue&50-conference-venue&about-the-conference&aca&aca&aca&aca&chief-guest%3F140 HTTP/1.1" 200 2016 "-" "Mozilla/5.0 (compatible; SemrushBot/7~bl; +http://www.semrush.com/bot.html)"
85.208.96.193 - - [11/Jan/2025:15:29:15 +0300] "GET /gallery?50-conference-venue&job-fair&ncdc-50-launch&ncdc-50-launch&ncdc-collaboration&parliament&sample%3F20%3F39 HTTP/1.1" 200 2018 "-" "Mozilla/5.0 (compatible; SemrushBot/7~bl; +http://www.semrush.com/bot.html)"
52.167.144.191 - - [11/Jan/2025:15:29:15 +0300] "GET /wp-content/uploads/2024/02/P6-Final-Set-One-Sept-2010_book_new-versiom-1.pdf HTTP/2.0" 200 667406 "-" "Mozilla/5.0 AppleWebKit/537.36 (KHTML, like Gecko; compatible; bingbot/2.0; +http://www.bing.com/bingbot.htm) Chrome/116.0.1938.76 Safari/537.36"
52.167.144.191 - - [11/Jan/2025:15:29:17 +0300] "GET /wp-json/wp/v2/awsm_job_openings/4704 HTTP/2.0" 500 3098 "-" "Mozilla/5.0 AppleWebKit/537.36 (KHTML, like Gecko; compatible; bingbot/2.0; +http://www.bing.com/bingbot.htm) Chrome/116.0.1938.76 Safari/537.36"
154.72.192.35 - - [11/Jan/2025:15:29:23 +0300] "HEAD / HTTP/1.1" 200 - "-" "Uptime-Kuma/1.23.11"
85.208.96.201 - - [11/Jan/2025:15:29:27 +0300] "GET /gallery?50-conference-venue&50-conference-venue&chief-guest&job-fair&job-fair&ncdc-50-conference&sample%3F21%3F25 HTTP/1.1" 200 2017 "-" "Mozilla/5.0 (compatible; SemrushBot/7~bl; +http://www.semrush.com/bot.html)"
85.208.96.209 - - [11/Jan/2025:15:29:29 +0300] "GET /gallery/?aca&aca&government-trains-teachers-lab-technicians&government-trains-teachers-lab-technicians&instructional-materials-unit&sample%3F31 HTTP/1.1" 200 2017 "-" "Mozilla/5.0 (compatible; SemrushBot/7~bl; +http://www.semrush.com/bot.html)"
185.191.171.8 - - [11/Jan/2025:15:29:35 +0300] "GET /gallery/?aca&government-trains-teachers-lab-technicians&job-fair&ncdc-50-conference&ncdc-50-conference&sample%3F21%3F1 HTTP/1.1" 200 2017 "-" "Mozilla/5.0 (compatible; SemrushBot/7~bl; +http://www.semrush.com/bot.html)"
41.210.143.118 - - [11/Jan/2025:15:29:41 +0300] "GET /wp-content/uploads/2024/07/P6-Final-Set-Two-book.pdf HTTP/2.0" 200 614080 "https://www.google.com/" "Mozilla/5.0 (Linux; Android 10; K) AppleWebKit/537.36 (KHTML, like Gecko) Chrome/131.0.0.0 Mobile Safari/537.36"
85.208.96.210 - - [11/Jan/2025:15:29:43 +0300] "GET /services/?50-conference-venue&50-conference-venue&59&about-the-conference&about-the-conference&about-the-conference%3F1 HTTP/1.1" 200 2018 "-" "Mozilla/5.0 (compatible; SemrushBot/7~bl; +http://www.semrush.com/bot.html)"
41.210.155.252 - - [11/Jan/2025:15:29:46 +0300] "GET /wp-content/uploads/2024/02/CRE_P.1_TEACHERS_RESOURCE_BOOK_Web_file-1.pdf HTTP/2.0" 200 712458 "-" "Mozilla/5.0 (Linux; Android 9; TECNO LC6a Build/PPR1.180610.011) AppleWebKit/537.36 (KHTML, like Gecko) Chrome/131.0.6778.200 Mobile Safari/537.36"
41.210.147.47 - - [11/Jan/2025:15:29:51 +0300] "GET /favicon.ico HTTP/2.0" 500 3097 "https://iask.ai/" "Mozilla/5.0 (Linux; Android 10; K) AppleWebKit/537.36 (KHTML, like Gecko) Chrome/127.0.0.0 Mobile Safari/537.36"
85.208.96.211 - - [11/Jan/2025:15:29:52 +0300] "GET /gallery/?consultation-on-a-level-curriculum-review-2&instructional-materials-unit&ncdc-50-conference&ncdc-50-launch&sample&welcome-remarks%3F29 HTTP/1.1" 200 2018 "-" "Mozilla/5.0 (compatible; SemrushBot/7~bl; +http://www.semrush.com/bot.html)"
41.210.147.47 - - [11/Jan/2025:15:29:54 +0300] "GET /favicon.ico HTTP/2.0" 500 3097 "https://iask.ai/" "Mozilla/5.0 (Linux; Android 10; K) AppleWebKit/537.36 (KHTML, like Gecko) Chrome/127.0.0.0 Mobile Safari/537.36"
41.75.191.67 - - [11/Jan/2025:15:29:55 +0300] "GET /books/learning-framework/ HTTP/2.0" 500 3096 "https://www.google.com/" "Mozilla/5.0 (Linux; Android 11; SM-A705FN) AppleWebKit/537.36 (KHTML, like Gecko) Chrome/91.0.4472.164 Mobile Safari/537.36"
41.210.147.47 - - [11/Jan/2025:15:29:55 +0300] "GET /favicon.ico HTTP/2.0" 500 3097 "https://iask.ai/" "Mozilla/5.0 (Linux; Android 10; K) AppleWebKit/537.36 (KHTML, like Gecko) Chrome/127.0.0.0 Mobile Safari/537.36"
41.75.191.67 - - [11/Jan/2025:15:29:56 +0300] "GET /favicon.ico HTTP/2.0" 500 3096 "https://ncdc.go.ug/books/learning-framework/" "Mozilla/5.0 (Linux; Android 11; SM-A705FN) AppleWebKit/537.36 (KHTML, like Gecko) Chrome/91.0.4472.164 Mobile Safari/537.36"
41.210.155.252 - - [11/Jan/2025:15:30:01 +0300] "GET /wp-content/uploads/2024/02/CRE_P.1_TEACHERS_RESOURCE_BOOK_Web_file-1.pdf HTTP/2.0" 200 2137607 "-" "com.google.android.apps.searchlite/1005773 (Linux; U; Android 9; en_US; TECNO LC6a; Build/PPR1.180610.011; Cronet/132.0.6808.3)"
46.246.88.224 - - [11/Jan/2025:15:30:02 +0300] "POST /wp-admin/admin-ajax.php HTTP/2.0" 200 3759 "https://ncdc.go.ug/wp-admin/user-edit.php?user_id=1&wp_http_referer=%2Fwp-admin%2Fusers.php" "Mozilla/5.0 (Windows NT 10.0; Win64; x64) AppleWebKit/537.36 (KHTML, like Gecko) Chrome/131.0.0.0 Safari/537.36"
85.208.96.208 - - [11/Jan/2025:15:30:09 +0300] "GET /gallery?aca&job-fair&ncdc-50-launch&ncdc-50-launch&ncdc-50-launch&parliament&sample%3F20%3Finstructional-materials HTTP/1.1" 200 2016 "-" "Mozilla/5.0 (compatible; SemrushBot/7~bl; +http://www.semrush.com/bot.html)"
156.59.198.135 - - [11/Jan/2025:15:30:22 +0300] "GET /images/2022/10/08/NCDC%20Celebration%2050%20years_small.jpg HTTP/2.0" 500 3098 "-" "Mozilla/5.0 (Linux; Android 5.0) AppleWebKit/537.36 (KHTML, like Gecko) Mobile Safari/537.36 (compatible; Bytespider; spider-feedback@bytedance.com)"
154.72.192.35 - - [11/Jan/2025:15:30:24 +0300] "HEAD / HTTP/1.1" 200 - "-" "Uptime-Kuma/1.23.11"
52.167.144.196 - - [11/Jan/2025:15:30:27 +0300] "GET /2025/01/07/hoedanig-attila-casino-uitgebreid-bedragen-het-investeerders-va-dragons-de-nederlan/ HTTP/2.0" 500 3098 "-" "Mozilla/5.0 AppleWebKit/537.36 (KHTML, like Gecko; compatible; bingbot/2.0; +http://www.bing.com/bingbot.htm) Chrome/116.0.1938.76 Safari/537.36"
52.167.144.191 - - [11/Jan/2025:15:30:35 +0300] "GET /books/teachers-guide/ HTTP/2.0" 500 3098 "-" "Mozilla/5.0 AppleWebKit/537.36 (KHTML, like Gecko; compatible; bingbot/2.0; +http://www.bing.com/bingbot.htm) Chrome/116.0.1938.76 Safari/537.36"
185.191.171.14 - - [11/Jan/2025:15:30:36 +0300] "GET /gallery/?instructional-materials-unit&ncdc-50-launch&ncdc-50-launch&ncdc-collaboration&ncdc-collaboration&ncdc-collaboration&sample%3F3 HTTP/1.1" 200 2017 "-" "Mozilla/5.0 (compatible; SemrushBot/7~bl; +http://www.semrush.com/bot.html)"
85.208.96.206 - - [11/Jan/2025:15:30:41 +0300] "GET /gallery?50-conference-venue&50-conference-venue&aca&aca&aca&chief-guest&ncdc-50-conference&sample%3F21%3F27 HTTP/1.1" 200 2017 "-" "Mozilla/5.0 (compatible; SemrushBot/7~bl; +http://www.semrush.com/bot.html)"
41.210.145.29 - - [11/Jan/2025:15:30:43 +0300] "GET /wp-content/uploads/2024/09/Parental-Involvement-in-Early-Childhood-Care-and-Education-and-its-Impact-on-Childrens-Social-Emotional-Development-in-Uganda.-A-Case-of-Wakiso-District.pdf HTTP/2.0" 500 3098 "https://www.google.com/" "Mozilla/5.0 (Windows NT 10.0; Win64; x64) AppleWebKit/537.36 (KHTML, like Gecko) Chrome/131.0.0.0 Safari/537.36"
185.191.171.5 - - [11/Jan/2025:15:30:44 +0300] "GET /gallery/?50-conference-venue&government-trains-teachers-lab-technicians&ncdc-collaboration&ncdc-collaboration&sample%3F20%3F3 HTTP/1.1" 200 2017 "-" "Mozilla/5.0 (compatible; SemrushBot/7~bl; +http://www.semrush.com/bot.html)"
41.210.145.29 - - [11/Jan/2025:15:30:45 +0300] "GET /favicon.ico HTTP/2.0" 500 3098 "https://ncdc.go.ug/wp-content/uploads/2024/09/Parental-Involvement-in-Early-Childhood-Care-and-Education-and-its-Impact-on-Childrens-Social-Emotional-Development-in-Uganda.-A-Case-of-Wakiso-District.pdf" "Mozilla/5.0 (Windows NT 10.0; Win64; x64) AppleWebKit/537.36 (KHTML, like Gecko) Chrome/131.0.0.0 Safari/537.36"
85.208.96.195 - - [11/Jan/2025:15:30:48 +0300] "GET /gallery/?aca&aca&aca&instructional-materials-unit&instructional-materials-unit&ncdc-50-launch&sample%3F21%3F26 HTTP/1.1" 200 2018 "-" "Mozilla/5.0 (compatible; SemrushBot/7~bl; +http://www.semrush.com/bot.html)"
185.191.171.4 - - [11/Jan/2025:15:30:51 +0300] "GET /gallery/?50-conference-venue&50-conference-venue&50-conference-venue&ncdc-50-conference&ncdc-collaboration&sample%3F56 HTTP/1.1" 200 2017 "-" "Mozilla/5.0 (compatible; SemrushBot/7~bl; +http://www.semrush.com/bot.html)"
185.191.171.13 - - [11/Jan/2025:15:30:54 +0300] "GET /gallery/?50-conference-venue&instructional-materials-unit&job-fair&job-fair&job-fair&job-fair&sample%3F20%3F35 HTTP/1.1" 200 2017 "-" "Mozilla/5.0 (compatible; SemrushBot/7~bl; +http://www.semrush.com/bot.html)"
185.191.171.9 - - [11/Jan/2025:15:30:59 +0300] "GET /gallery?job-fair&parliament&parliament&parliament&refresher-training-for-centre-coordinating-tutors-ccts&sample%3F20%3F34 HTTP/1.1" 200 2017 "-" "Mozilla/5.0 (compatible; SemrushBot/7~bl; +http://www.semrush.com/bot.html)"
52.167.144.196 - - [11/Jan/2025:15:31:09 +0300] "GET /wp-content/uploads/2024/09/Global-Pedagogical-Trends-in-Education.pdf HTTP/2.0" 500 3098 "-" "Mozilla/5.0 AppleWebKit/537.36 (KHTML, like Gecko; compatible; bingbot/2.0; +http://www.bing.com/bingbot.htm) Chrome/116.0.1938.76 Safari/537.36"
