40.77.167.14 - - [11/Jan/2025:17:28:11 +0300] "GET /resource/?path=/lib/firmware/nvidia/ad106 HTTP/2.0" 500 3095 "-" "Mozilla/5.0 AppleWebKit/537.36 (KHTML, like Gecko; compatible; bingbot/2.0; +http://www.bing.com/bingbot.htm) Chrome/116.0.1938.76 Safari/537.36"
40.77.167.14 - - [11/Jan/2025:17:28:12 +0300] "GET /resource/?path=/lib/rpm/platform HTTP/2.0" 500 3095 "-" "Mozilla/5.0 AppleWebKit/537.36 (KHTML, like Gecko; compatible; bingbot/2.0; +http://www.bing.com/bingbot.htm) Chrome/116.0.1938.76 Safari/537.36"
40.77.167.14 - - [11/Jan/2025:17:28:12 +0300] "GET /resource/?path=/lib/firmware/nvidia/tegra210 HTTP/2.0" 500 3095 "-" "Mozilla/5.0 AppleWebKit/537.36 (KHTML, like Gecko; compatible; bingbot/2.0; +http://www.bing.com/bingbot.htm) Chrome/116.0.1938.76 Safari/537.36"
40.77.167.14 - - [11/Jan/2025:17:28:13 +0300] "GET /resource/?path=/lib/firmware/nvidia/gm200 HTTP/2.0" 500 3095 "-" "Mozilla/5.0 AppleWebKit/537.36 (KHTML, like Gecko; compatible; bingbot/2.0; +http://www.bing.com/bingbot.htm) Chrome/116.0.1938.76 Safari/537.36"
40.77.167.14 - - [11/Jan/2025:17:28:13 +0300] "GET /resource/?option&path=/lib/firmware/ti-connectivity HTTP/2.0" 500 3095 "-" "Mozilla/5.0 AppleWebKit/537.36 (KHTML, like Gecko; compatible; bingbot/2.0; +http://www.bing.com/bingbot.htm) Chrome/116.0.1938.76 Safari/537.36"
40.77.167.14 - - [11/Jan/2025:17:28:15 +0300] "GET /?path=/lib/vmware-tools/lib64/libssl.so.1.0.2 HTTP/2.0" 403 32198 "-" "Mozilla/5.0 AppleWebKit/537.36 (KHTML, like Gecko; compatible; bingbot/2.0; +http://www.bing.com/bingbot.htm) Chrome/116.0.1938.76 Safari/537.36"
57.141.5.16 - - [11/Jan/2025:17:28:15 +0300] "GET /wp-content/plugins/extensive-vc-addon/shortcodes/blockquote/assets/img/?C=M;O=A HTTP/2.0" 200 979 "-" "meta-externalagent/1.1 (+https://developers.facebook.com/docs/sharing/webmasters/crawler)"
40.77.167.14 - - [11/Jan/2025:17:28:15 +0300] "GET /resource/?path=/lib/firmware/nvidia/tu106 HTTP/2.0" 500 3095 "-" "Mozilla/5.0 AppleWebKit/537.36 (KHTML, like Gecko; compatible; bingbot/2.0; +http://www.bing.com/bingbot.htm) Chrome/116.0.1938.76 Safari/537.36"
154.72.192.35 - - [11/Jan/2025:17:28:16 +0300] "HEAD / HTTP/1.1" 200 - "-" "Uptime-Kuma/1.23.11"
40.77.167.14 - - [11/Jan/2025:17:28:16 +0300] "GET /?path=/lib/systemd/system/default.target.wants HTTP/2.0" 403 32198 "-" "Mozilla/5.0 AppleWebKit/537.36 (KHTML, like Gecko; compatible; bingbot/2.0; +http://www.bing.com/bingbot.htm) Chrome/116.0.1938.76 Safari/537.36"
40.77.167.14 - - [11/Jan/2025:17:28:17 +0300] "GET /resource/?option&path=/lib/firmware/atusb HTTP/2.0" 500 3095 "-" "Mozilla/5.0 AppleWebKit/537.36 (KHTML, like Gecko; compatible; bingbot/2.0; +http://www.bing.com/bingbot.htm) Chrome/116.0.1938.76 Safari/537.36"
40.77.167.14 - - [11/Jan/2025:17:28:17 +0300] "GET /resource/?path=/lib/firmware/nvidia/ad104 HTTP/2.0" 500 3095 "-" "Mozilla/5.0 AppleWebKit/537.36 (KHTML, like Gecko; compatible; bingbot/2.0; +http://www.bing.com/bingbot.htm) Chrome/116.0.1938.76 Safari/537.36"
40.77.167.14 - - [11/Jan/2025:17:28:18 +0300] "GET /?path=/lib/systemd/system/systemd-udev-trigger.service.d HTTP/2.0" 403 32198 "-" "Mozilla/5.0 AppleWebKit/537.36 (KHTML, like Gecko; compatible; bingbot/2.0; +http://www.bing.com/bingbot.htm) Chrome/116.0.1938.76 Safari/537.36"
40.77.167.14 - - [11/Jan/2025:17:28:19 +0300] "GET /?path=/lib/systemd/system/system-update.target.wants HTTP/2.0" 403 32198 "-" "Mozilla/5.0 AppleWebKit/537.36 (KHTML, like Gecko; compatible; bingbot/2.0; +http://www.bing.com/bingbot.htm) Chrome/116.0.1938.76 Safari/537.36"
40.77.167.14 - - [11/Jan/2025:17:28:19 +0300] "GET /?option&path=/lib/kbd/unimaps HTTP/2.0" 403 32198 "-" "Mozilla/5.0 AppleWebKit/537.36 (KHTML, like Gecko; compatible; bingbot/2.0; +http://www.bing.com/bingbot.htm) Chrome/116.0.1938.76 Safari/537.36"
40.77.167.14 - - [11/Jan/2025:17:28:20 +0300] "GET /?path=/lib/systemd/system/sw-engine.service.d HTTP/2.0" 403 32198 "-" "Mozilla/5.0 AppleWebKit/537.36 (KHTML, like Gecko; compatible; bingbot/2.0; +http://www.bing.com/bingbot.htm) Chrome/116.0.1938.76 Safari/537.36"
40.77.167.14 - - [11/Jan/2025:17:28:20 +0300] "GET /resource/?path=/lib/rpm/fileattrs HTTP/2.0" 500 3095 "-" "Mozilla/5.0 AppleWebKit/537.36 (KHTML, like Gecko; compatible; bingbot/2.0; +http://www.bing.com/bingbot.htm) Chrome/116.0.1938.76 Safari/537.36"
40.77.167.14 - - [11/Jan/2025:17:28:21 +0300] "GET /?path=/lib/vmware-tools/plugins64/vmsvc HTTP/2.0" 403 32198 "-" "Mozilla/5.0 AppleWebKit/537.36 (KHTML, like Gecko; compatible; bingbot/2.0; +http://www.bing.com/bingbot.htm) Chrome/116.0.1938.76 Safari/537.36"
40.77.167.14 - - [11/Jan/2025:17:28:21 +0300] "GET /resource/?option&path=/lib/firmware/cirrus HTTP/2.0" 500 3095 "-" "Mozilla/5.0 AppleWebKit/537.36 (KHTML, like Gecko; compatible; bingbot/2.0; +http://www.bing.com/bingbot.htm) Chrome/116.0.1938.76 Safari/537.36"
40.77.167.14 - - [11/Jan/2025:17:28:22 +0300] "GET /resource/?path=/lib/firmware/ath10k/QCA99X0 HTTP/2.0" 500 3095 "-" "Mozilla/5.0 AppleWebKit/537.36 (KHTML, like Gecko; compatible; bingbot/2.0; +http://www.bing.com/bingbot.htm) Chrome/116.0.1938.76 Safari/537.36"
40.77.167.14 - - [11/Jan/2025:17:28:23 +0300] "GET /resource/?path=/lib/firmware/qcom/sm8250 HTTP/2.0" 500 3095 "-" "Mozilla/5.0 AppleWebKit/537.36 (KHTML, like Gecko; compatible; bingbot/2.0; +http://www.bing.com/bingbot.htm) Chrome/116.0.1938.76 Safari/537.36"
40.77.167.14 - - [11/Jan/2025:17:28:23 +0300] "GET /resource/?path=/lib/firewalld/services HTTP/2.0" 500 3095 "-" "Mozilla/5.0 AppleWebKit/537.36 (KHTML, like Gecko; compatible; bingbot/2.0; +http://www.bing.com/bingbot.htm) Chrome/116.0.1938.76 Safari/537.36"
40.77.167.14 - - [11/Jan/2025:17:28:24 +0300] "GET /resource/?path=/lib/vmware-tools/lib/libvmtools.so HTTP/2.0" 500 3095 "-" "Mozilla/5.0 AppleWebKit/537.36 (KHTML, like Gecko; compatible; bingbot/2.0; +http://www.bing.com/bingbot.htm) Chrome/116.0.1938.76 Safari/537.36"
40.77.167.14 - - [11/Jan/2025:17:28:25 +0300] "GET /resource/?path=/lib/firmware/intel/ish HTTP/2.0" 500 3095 "-" "Mozilla/5.0 AppleWebKit/537.36 (KHTML, like Gecko; compatible; bingbot/2.0; +http://www.bing.com/bingbot.htm) Chrome/116.0.1938.76 Safari/537.36"
40.77.167.14 - - [11/Jan/2025:17:28:26 +0300] "GET /resource/?path=/lib/firmware/qcom/venus-4.2 HTTP/2.0" 500 3095 "-" "Mozilla/5.0 AppleWebKit/537.36 (KHTML, like Gecko; compatible; bingbot/2.0; +http://www.bing.com/bingbot.htm) Chrome/116.0.1938.76 Safari/537.36"
69.171.249.115 - - [11/Jan/2025:17:28:26 +0300] "GET /lower-secondary-curriculum-embraced/ HTTP/2.0" 500 33364 "-" "meta-externalagent/1.1 (+https://developers.facebook.com/docs/sharing/webmasters/crawler)"
40.77.167.14 - - [11/Jan/2025:17:28:27 +0300] "GET /resource/?path=/lib/vmware-tools/lib/libvmware-toolbox-cmd.so HTTP/2.0" 500 3095 "-" "Mozilla/5.0 AppleWebKit/537.36 (KHTML, like Gecko; compatible; bingbot/2.0; +http://www.bing.com/bingbot.htm) Chrome/116.0.1938.76 Safari/537.36"
137.63.168.16 - - [11/Jan/2025:17:28:28 +0300] "GET /wp-content/uploads/2024/02/Biology_Syllabus_compressed.pdf HTTP/2.0" 200 1451022 "https://www.google.com/" "Mozilla/5.0 (Linux; Android 12; TECNO BF6) AppleWebKit/537.36 (KHTML, like Gecko) Chrome/105.0.0.0 Mobile Safari/537.36"
40.77.167.14 - - [11/Jan/2025:17:28:37 +0300] "GET /resource/?path=/lib/vmware-tools/lib/libvmware-modconfig-console.so HTTP/2.0" 200 920 "-" "Mozilla/5.0 AppleWebKit/537.36 (KHTML, like Gecko; compatible; bingbot/2.0; +http://www.bing.com/bingbot.htm) Chrome/116.0.1938.76 Safari/537.36"
40.77.167.14 - - [11/Jan/2025:17:28:38 +0300] "GET /resource/?path=/lib/vmware-tools/lib/libpixman-1.so.0 HTTP/2.0" 200 910 "-" "Mozilla/5.0 AppleWebKit/537.36 (KHTML, like Gecko; compatible; bingbot/2.0; +http://www.bing.com/bingbot.htm) Chrome/116.0.1938.76 Safari/537.36"
40.77.167.14 - - [11/Jan/2025:17:28:38 +0300] "GET /?path=/lib/vmware-tools/lib32/libgcc_s.so.1 HTTP/2.0" 200 917 "-" "Mozilla/5.0 AppleWebKit/537.36 (KHTML, like Gecko; compatible; bingbot/2.0; +http://www.bing.com/bingbot.htm) Chrome/116.0.1938.76 Safari/537.36"
40.77.167.14 - - [11/Jan/2025:17:28:39 +0300] "GET /?path=/lib/vmware-tools/lib32/libvmhgfs-fuse.so HTTP/2.0" 200 921 "-" "Mozilla/5.0 AppleWebKit/537.36 (KHTML, like Gecko; compatible; bingbot/2.0; +http://www.bing.com/bingbot.htm) Chrome/116.0.1938.76 Safari/537.36"
40.77.167.14 - - [11/Jan/2025:17:28:40 +0300] "GET /?path=/lib/vmware-tools/lib32/libgobject-2.0.so.0 HTTP/2.0" 200 925 "-" "Mozilla/5.0 AppleWebKit/537.36 (KHTML, like Gecko; compatible; bingbot/2.0; +http://www.bing.com/bingbot.htm) Chrome/116.0.1938.76 Safari/537.36"
40.77.167.14 - - [11/Jan/2025:17:28:40 +0300] "GET /?path=/lib/vmware-tools/lib32/libpixman-1.so.0 HTTP/2.0" 200 918 "-" "Mozilla/5.0 AppleWebKit/537.36 (KHTML, like Gecko; compatible; bingbot/2.0; +http://www.bing.com/bingbot.htm) Chrome/116.0.1938.76 Safari/537.36"
40.77.167.14 - - [11/Jan/2025:17:28:41 +0300] "GET /?path=/lib/vmware-tools/lib32/libpango-1.0.so.0 HTTP/2.0" 200 922 "-" "Mozilla/5.0 AppleWebKit/537.36 (KHTML, like Gecko; compatible; bingbot/2.0; +http://www.bing.com/bingbot.htm) Chrome/116.0.1938.76 Safari/537.36"
40.77.167.14 - - [11/Jan/2025:17:28:41 +0300] "GET /?path=/lib/vmware-tools/lib32/libstdc++.so.6 HTTP/2.0" 403 32198 "-" "Mozilla/5.0 AppleWebKit/537.36 (KHTML, like Gecko; compatible; bingbot/2.0; +http://www.bing.com/bingbot.htm) Chrome/116.0.1938.76 Safari/537.36"
40.77.167.14 - - [11/Jan/2025:17:28:42 +0300] "GET /resource/?path=/lib/vmware-tools/lib/libvmware-namespace-cmd.so HTTP/2.0" 200 918 "-" "Mozilla/5.0 AppleWebKit/537.36 (KHTML, like Gecko; compatible; bingbot/2.0; +http://www.bing.com/bingbot.htm) Chrome/116.0.1938.76 Safari/537.36"
40.77.167.14 - - [11/Jan/2025:17:28:43 +0300] "GET /?path=/lib/vmware-tools/lib32/libglib-2.0.so.0 HTTP/2.0" 200 917 "-" "Mozilla/5.0 AppleWebKit/537.36 (KHTML, like Gecko; compatible; bingbot/2.0; +http://www.bing.com/bingbot.htm) Chrome/116.0.1938.76 Safari/537.36"
40.77.167.14 - - [11/Jan/2025:17:28:44 +0300] "GET /?path=/lib/vmware-tools/lib64/libsigc-2.0.so.0 HTTP/2.0" 200 921 "-" "Mozilla/5.0 AppleWebKit/537.36 (KHTML, like Gecko; compatible; bingbot/2.0; +http://www.bing.com/bingbot.htm) Chrome/116.0.1938.76 Safari/537.36"
40.77.167.14 - - [11/Jan/2025:17:28:45 +0300] "GET /resource/?path=/lib/vmware-tools/lib/libXss.so.1 HTTP/2.0" 200 909 "-" "Mozilla/5.0 AppleWebKit/537.36 (KHTML, like Gecko; compatible; bingbot/2.0; +http://www.bing.com/bingbot.htm) Chrome/116.0.1938.76 Safari/537.36"
40.77.167.14 - - [11/Jan/2025:17:28:45 +0300] "GET /?filesrc=/lib/vmware-tools/sbin/vmware-modconfig-console&path=/lib/vmware-tools/sbin HTTP/2.0" 200 684 "-" "Mozilla/5.0 AppleWebKit/537.36 (KHTML, like Gecko; compatible; bingbot/2.0; +http://www.bing.com/bingbot.htm) Chrome/116.0.1938.76 Safari/537.36"
40.77.167.14 - - [11/Jan/2025:17:28:46 +0300] "GET /?path=/lib/vmware-tools/lib64/libglibmm-2.4.so.1 HTTP/2.0" 200 922 "-" "Mozilla/5.0 AppleWebKit/537.36 (KHTML, like Gecko; compatible; bingbot/2.0; +http://www.bing.com/bingbot.htm) Chrome/116.0.1938.76 Safari/537.36"
40.77.167.14 - - [11/Jan/2025:17:28:47 +0300] "GET /resource/?path=/lib/vmware-tools/lib/libglibmm-2.4.so.1 HTTP/2.0" 200 915 "-" "Mozilla/5.0 AppleWebKit/537.36 (KHTML, like Gecko; compatible; bingbot/2.0; +http://www.bing.com/bingbot.htm) Chrome/116.0.1938.76 Safari/537.36"
185.191.171.11 - - [11/Jan/2025:17:28:47 +0300] "GET /gallery?aca&aca&government-trains-teachers-lab-technicians&job-fair&ncdc-50-conference&parliament&sample%3F20%3F31 HTTP/1.1" 200 2017 "-" "Mozilla/5.0 (compatible; SemrushBot/7~bl; +http://www.semrush.com/bot.html)"
40.77.167.14 - - [11/Jan/2025:17:28:47 +0300] "GET /resource/?path=/lib/firmware/nvidia/gp108 HTTP/2.0" 200 953 "-" "Mozilla/5.0 AppleWebKit/537.36 (KHTML, like Gecko; compatible; bingbot/2.0; +http://www.bing.com/bingbot.htm) Chrome/116.0.1938.76 Safari/537.36"
3.20.63.178 - - [11/Jan/2025:17:28:47 +0300] "HEAD / HTTP/1.1" 200 - "https://ncdc.go.ug/" "Mozilla/5.0+(compatible; UptimeRobot/2.0; http://www.uptimerobot.com/)"
40.77.167.14 - - [11/Jan/2025:17:28:48 +0300] "GET /?path=/lib/vmware-tools/configurator/XOrg HTTP/2.0" 200 1199 "-" "Mozilla/5.0 AppleWebKit/537.36 (KHTML, like Gecko; compatible; bingbot/2.0; +http://www.bing.com/bingbot.htm) Chrome/116.0.1938.76 Safari/537.36"
40.77.167.14 - - [11/Jan/2025:17:28:49 +0300] "GET /resource/?option&path=/lib/firmware/ti-connectivity HTTP/2.0" 200 658 "-" "Mozilla/5.0 AppleWebKit/537.36 (KHTML, like Gecko; compatible; bingbot/2.0; +http://www.bing.com/bingbot.htm) Chrome/116.0.1938.76 Safari/537.36"
40.77.167.14 - - [11/Jan/2025:17:28:49 +0300] "GET /resource/?path=/lib/vmware-tools/lib/libgobject-2.0.so.0 HTTP/2.0" 200 919 "-" "Mozilla/5.0 AppleWebKit/537.36 (KHTML, like Gecko; compatible; bingbot/2.0; +http://www.bing.com/bingbot.htm) Chrome/116.0.1938.76 Safari/537.36"
40.77.167.14 - - [11/Jan/2025:17:28:50 +0300] "GET /resource/?option&path=/etc/alternatives/jre_openjdk HTTP/2.0" 200 660 "-" "Mozilla/5.0 AppleWebKit/537.36 (KHTML, like Gecko; compatible; bingbot/2.0; +http://www.bing.com/bingbot.htm) Chrome/116.0.1938.76 Safari/537.36"
57.141.5.14 - - [11/Jan/2025:17:28:51 +0300] "GET /wp-includes/js/tinymce/plugins/tabfocus/?C=N;O=A HTTP/2.0" 200 1057 "-" "meta-externalagent/1.1 (+https://developers.facebook.com/docs/sharing/webmasters/crawler)"
40.77.167.14 - - [11/Jan/2025:17:28:51 +0300] "GET /resource/?path=/lib/firmware/nvidia/ad106 HTTP/2.0" 200 880 "-" "Mozilla/5.0 AppleWebKit/537.36 (KHTML, like Gecko; compatible; bingbot/2.0; +http://www.bing.com/bingbot.htm) Chrome/116.0.1938.76 Safari/537.36"
40.77.167.14 - - [11/Jan/2025:17:28:58 +0300] "GET /?path=/lib/vmware-tools/libconf/gtk-2.0 HTTP/2.0" 200 998 "-" "Mozilla/5.0 AppleWebKit/537.36 (KHTML, like Gecko; compatible; bingbot/2.0; +http://www.bing.com/bingbot.htm) Chrome/116.0.1938.76 Safari/537.36"
40.77.167.14 - - [11/Jan/2025:17:28:59 +0300] "GET /resource/?path=/lib/vmware-tools/modules/source HTTP/2.0" 200 1144 "-" "Mozilla/5.0 AppleWebKit/537.36 (KHTML, like Gecko; compatible; bingbot/2.0; +http://www.bing.com/bingbot.htm) Chrome/116.0.1938.76 Safari/537.36"
40.77.167.14 - - [11/Jan/2025:17:28:59 +0300] "GET /resource/?path=/lib/firmware/ath10k/QCA99X0 HTTP/2.0" 200 887 "-" "Mozilla/5.0 AppleWebKit/537.36 (KHTML, like Gecko; compatible; bingbot/2.0; +http://www.bing.com/bingbot.htm) Chrome/116.0.1938.76 Safari/537.36"
40.77.167.14 - - [11/Jan/2025:17:29:00 +0300] "GET /resource/?path=/lib/firmware/nvidia/tegra210 HTTP/2.0" 200 979 "-" "Mozilla/5.0 AppleWebKit/537.36 (KHTML, like Gecko; compatible; bingbot/2.0; +http://www.bing.com/bingbot.htm) Chrome/116.0.1938.76 Safari/537.36"
40.77.167.14 - - [11/Jan/2025:17:29:01 +0300] "GET /wp-content/uploads/2024/02/3139702_37553-300x180.jpg HTTP/2.0" 200 10393 "-" "Mozilla/5.0 AppleWebKit/537.36 (KHTML, like Gecko; compatible; bingbot/2.0; +http://www.bing.com/bingbot.htm) Chrome/116.0.1938.76 Safari/537.36"
40.77.167.14 - - [11/Jan/2025:17:29:01 +0300] "GET /resource/?path=/lib/firmware/nvidia/ad103 HTTP/2.0" 200 880 "-" "Mozilla/5.0 AppleWebKit/537.36 (KHTML, like Gecko; compatible; bingbot/2.0; +http://www.bing.com/bingbot.htm) Chrome/116.0.1938.76 Safari/537.36"
40.77.167.14 - - [11/Jan/2025:17:29:02 +0300] "GET /resource/?path=/lib/firmware/nvidia/ga100 HTTP/2.0" 500 3095 "-" "Mozilla/5.0 AppleWebKit/537.36 (KHTML, like Gecko; compatible; bingbot/2.0; +http://www.bing.com/bingbot.htm) Chrome/116.0.1938.76 Safari/537.36"
40.77.167.14 - - [11/Jan/2025:17:29:02 +0300] "GET /resource/?path=/lib/firmware/nvidia/gm200 HTTP/2.0" 500 3095 "-" "Mozilla/5.0 AppleWebKit/537.36 (KHTML, like Gecko; compatible; bingbot/2.0; +http://www.bing.com/bingbot.htm) Chrome/116.0.1938.76 Safari/537.36"
40.77.167.14 - - [11/Jan/2025:17:29:03 +0300] "GET /resource/?path=/lib/vmware-tools/lib32/libglibmm_generate_extra_defs-2.4.so.1 HTTP/2.0" 500 3095 "-" "Mozilla/5.0 AppleWebKit/537.36 (KHTML, like Gecko; compatible; bingbot/2.0; +http://www.bing.com/bingbot.htm) Chrome/116.0.1938.76 Safari/537.36"
40.77.167.14 - - [11/Jan/2025:17:29:04 +0300] "GET /resource/?path=/etc/alternatives/jre_openjdk/lib HTTP/2.0" 500 3095 "-" "Mozilla/5.0 AppleWebKit/537.36 (KHTML, like Gecko; compatible; bingbot/2.0; +http://www.bing.com/bingbot.htm) Chrome/116.0.1938.76 Safari/537.36"
40.77.167.14 - - [11/Jan/2025:17:29:05 +0300] "GET /resource/?option&path=/lib/firmware/cirrus HTTP/2.0" 500 3095 "-" "Mozilla/5.0 AppleWebKit/537.36 (KHTML, like Gecko; compatible; bingbot/2.0; +http://www.bing.com/bingbot.htm) Chrome/116.0.1938.76 Safari/537.36"
40.77.167.14 - - [11/Jan/2025:17:29:06 +0300] "GET /resource/?path=/lib/firmware/qcom/sm8250 HTTP/2.0" 500 3095 "-" "Mozilla/5.0 AppleWebKit/537.36 (KHTML, like Gecko; compatible; bingbot/2.0; +http://www.bing.com/bingbot.htm) Chrome/116.0.1938.76 Safari/537.36"
40.77.167.14 - - [11/Jan/2025:17:29:06 +0300] "GET /resource/?path=/lib/firmware/nvidia/tu104 HTTP/2.0" 500 3095 "-" "Mozilla/5.0 AppleWebKit/537.36 (KHTML, like Gecko; compatible; bingbot/2.0; +http://www.bing.com/bingbot.htm) Chrome/116.0.1938.76 Safari/537.36"
40.77.167.14 - - [11/Jan/2025:17:29:07 +0300] "GET /resource/?path=/lib/firmware/qcom/venus-4.2 HTTP/2.0" 500 3095 "-" "Mozilla/5.0 AppleWebKit/537.36 (KHTML, like Gecko; compatible; bingbot/2.0; +http://www.bing.com/bingbot.htm) Chrome/116.0.1938.76 Safari/537.36"
40.77.167.14 - - [11/Jan/2025:17:29:08 +0300] "GET /?option&path=/lib/systemd/system-generators HTTP/2.0" 403 32198 "-" "Mozilla/5.0 AppleWebKit/537.36 (KHTML, like Gecko; compatible; bingbot/2.0; +http://www.bing.com/bingbot.htm) Chrome/116.0.1938.76 Safari/537.36"
40.77.167.14 - - [11/Jan/2025:17:29:09 +0300] "GET /resource/?path=/lib/firmware/nvidia/ad104 HTTP/2.0" 500 3095 "-" "Mozilla/5.0 AppleWebKit/537.36 (KHTML, like Gecko; compatible; bingbot/2.0; +http://www.bing.com/bingbot.htm) Chrome/116.0.1938.76 Safari/537.36"
40.77.167.14 - - [11/Jan/2025:17:29:09 +0300] "GET /resource/?path=/lib/tuned/epyc-eda HTTP/2.0" 500 3095 "-" "Mozilla/5.0 AppleWebKit/537.36 (KHTML, like Gecko; compatible; bingbot/2.0; +http://www.bing.com/bingbot.htm) Chrome/116.0.1938.76 Safari/537.36"
40.77.167.14 - - [11/Jan/2025:17:29:10 +0300] "GET /resource/?option&path=/lib/firmware/atusb HTTP/2.0" 500 3095 "-" "Mozilla/5.0 AppleWebKit/537.36 (KHTML, like Gecko; compatible; bingbot/2.0; +http://www.bing.com/bingbot.htm) Chrome/116.0.1938.76 Safari/537.36"
40.77.167.14 - - [11/Jan/2025:17:29:10 +0300] "GET /?path=/lib/systemd/system/sw-engine.service.d HTTP/2.0" 403 32198 "-" "Mozilla/5.0 AppleWebKit/537.36 (KHTML, like Gecko; compatible; bingbot/2.0; +http://www.bing.com/bingbot.htm) Chrome/116.0.1938.76 Safari/537.36"
40.77.167.14 - - [11/Jan/2025:17:29:11 +0300] "GET /resource/?path=/lib/vmware-tools/lib32/libvmhgfs-fuse.so HTTP/2.0" 500 3095 "-" "Mozilla/5.0 AppleWebKit/537.36 (KHTML, like Gecko; compatible; bingbot/2.0; +http://www.bing.com/bingbot.htm) Chrome/116.0.1938.76 Safari/537.36"
40.77.167.14 - - [11/Jan/2025:17:29:12 +0300] "GET /resource/?path=/lib/firmware/nvidia/tu106 HTTP/2.0" 500 3095 "-" "Mozilla/5.0 AppleWebKit/537.36 (KHTML, like Gecko; compatible; bingbot/2.0; +http://www.bing.com/bingbot.htm) Chrome/116.0.1938.76 Safari/537.36"
40.77.167.14 - - [11/Jan/2025:17:29:12 +0300] "GET /?path=/lib/vmware-tools/lib64/libssl.so.1.0.2 HTTP/2.0" 403 32198 "-" "Mozilla/5.0 AppleWebKit/537.36 (KHTML, like Gecko; compatible; bingbot/2.0; +http://www.bing.com/bingbot.htm) Chrome/116.0.1938.76 Safari/537.36"
40.77.167.14 - - [11/Jan/2025:17:29:13 +0300] "GET /?path=/lib/systemd/system/default.target.wants HTTP/2.0" 403 32198 "-" "Mozilla/5.0 AppleWebKit/537.36 (KHTML, like Gecko; compatible; bingbot/2.0; +http://www.bing.com/bingbot.htm) Chrome/116.0.1938.76 Safari/537.36"
40.77.167.14 - - [11/Jan/2025:17:29:14 +0300] "GET /?path=/lib/systemd/system/systemd-udev-trigger.service.d HTTP/2.0" 403 32198 "-" "Mozilla/5.0 AppleWebKit/537.36 (KHTML, like Gecko; compatible; bingbot/2.0; +http://www.bing.com/bingbot.htm) Chrome/116.0.1938.76 Safari/537.36"
40.77.167.14 - - [11/Jan/2025:17:29:15 +0300] "GET /?path=/lib/vmware-tools/plugins64/vmsvc HTTP/2.0" 403 32198 "-" "Mozilla/5.0 AppleWebKit/537.36 (KHTML, like Gecko; compatible; bingbot/2.0; +http://www.bing.com/bingbot.htm) Chrome/116.0.1938.76 Safari/537.36"
40.77.167.14 - - [11/Jan/2025:17:29:15 +0300] "GET /?path=/lib/systemd/system/system-update.target.wants HTTP/2.0" 403 32198 "-" "Mozilla/5.0 AppleWebKit/537.36 (KHTML, like Gecko; compatible; bingbot/2.0; +http://www.bing.com/bingbot.htm) Chrome/116.0.1938.76 Safari/537.36"
40.77.167.14 - - [11/Jan/2025:17:29:16 +0300] "GET /resource/?path=/lib/firmware/nvidia/gk20a HTTP/2.0" 500 3095 "-" "Mozilla/5.0 AppleWebKit/537.36 (KHTML, like Gecko; compatible; bingbot/2.0; +http://www.bing.com/bingbot.htm) Chrome/116.0.1938.76 Safari/537.36"
40.77.167.14 - - [11/Jan/2025:17:29:16 +0300] "GET /resource/?path=/etc/alternatives/jre_openjdk/bin HTTP/2.0" 500 3095 "-" "Mozilla/5.0 AppleWebKit/537.36 (KHTML, like Gecko; compatible; bingbot/2.0; +http://www.bing.com/bingbot.htm) Chrome/116.0.1938.76 Safari/537.36"
40.77.167.14 - - [11/Jan/2025:17:29:17 +0300] "GET /resource/?path=/lib/firmware/intel/ish HTTP/2.0" 500 3095 "-" "Mozilla/5.0 AppleWebKit/537.36 (KHTML, like Gecko; compatible; bingbot/2.0; +http://www.bing.com/bingbot.htm) Chrome/116.0.1938.76 Safari/537.36"
40.77.167.14 - - [11/Jan/2025:17:29:18 +0300] "GET /resource/?path=/lib/vmware-tools/lib32/libatk-1.0.so.0 HTTP/2.0" 500 3095 "-" "Mozilla/5.0 AppleWebKit/537.36 (KHTML, like Gecko; compatible; bingbot/2.0; +http://www.bing.com/bingbot.htm) Chrome/116.0.1938.76 Safari/537.36"
85.208.96.206 - - [11/Jan/2025:17:29:18 +0300] "GET /gallery?ncdc-50-conference&ncdc-50-conference&ncdc-50-launch&parliament&parliament&parliament&sample%3F21%3Fvisiting-delegation-from-lesotho HTTP/1.1" 200 2017 "-" "Mozilla/5.0 (compatible; SemrushBot/7~bl; +http://www.semrush.com/bot.html)"
154.72.192.35 - - [11/Jan/2025:17:29:21 +0300] "HEAD / HTTP/1.1" 200 - "-" "Uptime-Kuma/1.23.11"
85.208.96.210 - - [11/Jan/2025:17:29:25 +0300] "GET /gallery/?50-conference-venue&aca&consultation-on-a-level-curriculum-review-2&ncdc-50-conference&ncdc-50-launch&sample%3Finstructional-materials HTTP/1.1" 200 2018 "-" "Mozilla/5.0 (compatible; SemrushBot/7~bl; +http://www.semrush.com/bot.html)"
40.77.167.14 - - [11/Jan/2025:17:29:28 +0300] "GET /?path=/lib/vmware-tools/lib32/libstdc++.so.6 HTTP/2.0" 200 748 "-" "Mozilla/5.0 AppleWebKit/537.36 (KHTML, like Gecko; compatible; bingbot/2.0; +http://www.bing.com/bingbot.htm) Chrome/116.0.1938.76 Safari/537.36"
85.208.96.206 - - [11/Jan/2025:17:29:29 +0300] "GET /gallery?aca&job-fair&ncdc-50-conference&ncdc-50-conference&parliament&parliament&sample%3F20%3Fncdc-50-group-photo HTTP/1.1" 200 2017 "-" "Mozilla/5.0 (compatible; SemrushBot/7~bl; +http://www.semrush.com/bot.html)"
40.77.167.14 - - [11/Jan/2025:17:29:29 +0300] "GET /resource/?path=/lib/vmware-tools/lib/libvmware-toolbox-cmd.so HTTP/2.0" 200 915 "-" "Mozilla/5.0 AppleWebKit/537.36 (KHTML, like Gecko; compatible; bingbot/2.0; +http://www.bing.com/bingbot.htm) Chrome/116.0.1938.76 Safari/537.36"
40.77.167.14 - - [11/Jan/2025:17:29:30 +0300] "GET /resource/?path=/lib/vmware-tools/lib/libvmtools.so HTTP/2.0" 200 906 "-" "Mozilla/5.0 AppleWebKit/537.36 (KHTML, like Gecko; compatible; bingbot/2.0; +http://www.bing.com/bingbot.htm) Chrome/116.0.1938.76 Safari/537.36"
40.77.167.14 - - [11/Jan/2025:17:29:30 +0300] "GET /?option&path=/lib/kbd/unimaps HTTP/2.0" 200 647 "-" "Mozilla/5.0 AppleWebKit/537.36 (KHTML, like Gecko; compatible; bingbot/2.0; +http://www.bing.com/bingbot.htm) Chrome/116.0.1938.76 Safari/537.36"
40.77.167.14 - - [11/Jan/2025:17:29:31 +0300] "GET /resource/?path=/lib/NetworkManager/system-connections HTTP/2.0" 200 741 "-" "Mozilla/5.0 AppleWebKit/537.36 (KHTML, like Gecko; compatible; bingbot/2.0; +http://www.bing.com/bingbot.htm) Chrome/116.0.1938.76 Safari/537.36"
40.77.167.14 - - [11/Jan/2025:17:29:31 +0300] "GET /resource/?path=/lib/firmware/qcom/sm8250 HTTP/2.0" 200 1103 "-" "Mozilla/5.0 AppleWebKit/537.36 (KHTML, like Gecko; compatible; bingbot/2.0; +http://www.bing.com/bingbot.htm) Chrome/116.0.1938.76 Safari/537.36"
185.191.171.1 - - [11/Jan/2025:17:29:32 +0300] "GET /gallery?government-trains-teachers-lab-technicians&job-fair&ncdc-50-launch&ncdc-collaboration&parliament&sample%3F20%3F28 HTTP/1.1" 200 2016 "-" "Mozilla/5.0 (compatible; SemrushBot/7~bl; +http://www.semrush.com/bot.html)"
40.77.167.14 - - [11/Jan/2025:17:29:32 +0300] "GET /resource/?path=/lib/rpm/fileattrs HTTP/2.0" 500 3095 "-" "Mozilla/5.0 AppleWebKit/537.36 (KHTML, like Gecko; compatible; bingbot/2.0; +http://www.bing.com/bingbot.htm) Chrome/116.0.1938.76 Safari/537.36"
40.77.167.14 - - [11/Jan/2025:17:29:33 +0300] "GET /resource/?option&path=/lib/firmware/cirrus HTTP/2.0" 500 3095 "-" "Mozilla/5.0 AppleWebKit/537.36 (KHTML, like Gecko; compatible; bingbot/2.0; +http://www.bing.com/bingbot.htm) Chrome/116.0.1938.76 Safari/537.36"
40.77.167.14 - - [11/Jan/2025:17:29:34 +0300] "GET /resource/?filesrc=/lib/java/jna.jar&path=/lib/java HTTP/2.0" 500 3095 "-" "Mozilla/5.0 AppleWebKit/537.36 (KHTML, like Gecko; compatible; bingbot/2.0; +http://www.bing.com/bingbot.htm) Chrome/116.0.1938.76 Safari/537.36"
185.191.171.13 - - [11/Jan/2025:17:29:35 +0300] "GET /gallery?government-trains-teachers-lab-technicians&job-fair&ncdc-50-launch&ncdc-50-launch&ncdc-50-launch&sample%3F22%3F32 HTTP/1.1" 200 2017 "-" "Mozilla/5.0 (compatible; SemrushBot/7~bl; +http://www.semrush.com/bot.html)"
40.77.167.14 - - [11/Jan/2025:17:29:37 +0300] "GET /resource/?path=/lib/firmware/qcom/venus-4.2 HTTP/2.0" 500 3095 "-" "Mozilla/5.0 AppleWebKit/537.36 (KHTML, like Gecko; compatible; bingbot/2.0; +http://www.bing.com/bingbot.htm) Chrome/116.0.1938.76 Safari/537.36"
40.77.167.14 - - [11/Jan/2025:17:29:37 +0300] "GET /resource/?filesrc=/lib/firmware/radeon/CYPRESS_smc.bin&path=/lib/firmware/radeon HTTP/2.0" 500 3095 "-" "Mozilla/5.0 AppleWebKit/537.36 (KHTML, like Gecko; compatible; bingbot/2.0; +http://www.bing.com/bingbot.htm) Chrome/116.0.1938.76 Safari/537.36"
40.77.167.14 - - [11/Jan/2025:17:29:38 +0300] "GET /?filesrc=/lib/systemd/system/iprupdate.service&path=/lib/systemd/system HTTP/2.0" 403 32198 "-" "Mozilla/5.0 AppleWebKit/537.36 (KHTML, like Gecko; compatible; bingbot/2.0; +http://www.bing.com/bingbot.htm) Chrome/116.0.1938.76 Safari/537.36"
85.208.96.206 - - [11/Jan/2025:17:29:38 +0300] "GET /gallery?aca&aca&ncdc-50-conference&ncdc-50-launch&ncdc-collaboration&parliament&parliament&sample%3F20%3F37 HTTP/1.1" 200 2017 "-" "Mozilla/5.0 (compatible; SemrushBot/7~bl; +http://www.semrush.com/bot.html)"
40.77.167.14 - - [11/Jan/2025:17:29:39 +0300] "GET /resource/?filesrc=/lib/firmware/cirrus/cs35l41-dsp1-spk-prot-103c8b45.wmfw&path=/lib/firmware/cirrus HTTP/2.0" 500 3095 "-" "Mozilla/5.0 AppleWebKit/537.36 (KHTML, like Gecko; compatible; bingbot/2.0; +http://www.bing.com/bingbot.htm) Chrome/116.0.1938.76 Safari/537.36"
40.77.167.14 - - [11/Jan/2025:17:29:39 +0300] "GET /?filesrc=/lib/vmware-tools/lib64/libgmodule-2.0.so.0/libgmodule-2.0.so.0&path=/lib/vmware-tools/lib64/libgmodule-2.0.so.0 HTTP/2.0" 403 32198 "-" "Mozilla/5.0 AppleWebKit/537.36 (KHTML, like Gecko; compatible; bingbot/2.0; +http://www.bing.com/bingbot.htm) Chrome/116.0.1938.76 Safari/537.36"
85.208.96.211 - - [11/Jan/2025:17:29:41 +0300] "GET /gallery/?aca&government-trains-teachers-lab-technicians&instructional-materials-unit&job-fair&job-fair&sample%3Fvisiting-delegation-from-zambia HTTP/1.1" 200 2018 "-" "Mozilla/5.0 (compatible; SemrushBot/7~bl; +http://www.semrush.com/bot.html)"
40.77.167.14 - - [11/Jan/2025:17:29:42 +0300] "GET /resource/?path=/lib/rpm/platform HTTP/2.0" 500 3095 "-" "Mozilla/5.0 AppleWebKit/537.36 (KHTML, like Gecko; compatible; bingbot/2.0; +http://www.bing.com/bingbot.htm) Chrome/116.0.1938.76 Safari/537.36"
40.77.167.14 - - [11/Jan/2025:17:29:43 +0300] "GET /resource/?filesrc=/lib/firmware/amdgpu/aldebaran_sjt_mec.bin&path=/lib/firmware/amdgpu HTTP/2.0" 500 3095 "-" "Mozilla/5.0 AppleWebKit/537.36 (KHTML, like Gecko; compatible; bingbot/2.0; +http://www.bing.com/bingbot.htm) Chrome/116.0.1938.76 Safari/537.36"
52.22.236.30 - - [11/Jan/2025:17:29:43 +0300] "HEAD / HTTP/1.1" 200 - "https://ncdc.go.ug/" "Mozilla/5.0+(compatible; UptimeRobot/2.0; http://www.uptimerobot.com/)"
47.128.57.139 - - [11/Jan/2025:17:29:43 +0300] "GET /?path=%2Fhome HTTP/2.0" 200 860 "-" "Mozilla/5.0 (Linux; Android 5.0) AppleWebKit/537.36 (KHTML, like Gecko) Mobile Safari/537.36 (compatible; Bytespider; spider-feedback@bytedance.com)"
40.77.167.151 - - [11/Jan/2025:17:29:47 +0300] "GET /resource/?path=/lib/vmware-tools/lib/libXfixes.so.3 HTTP/2.0" 200 914 "-" "Mozilla/5.0 AppleWebKit/537.36 (KHTML, like Gecko; compatible; bingbot/2.0; +http://www.bing.com/bingbot.htm) Chrome/116.0.1938.76 Safari/537.36"
40.77.167.151 - - [11/Jan/2025:17:29:48 +0300] "GET /resource/?path=/lib/vmware-tools/lib/libCommAmqpListener.so HTTP/2.0" 200 922 "-" "Mozilla/5.0 AppleWebKit/537.36 (KHTML, like Gecko; compatible; bingbot/2.0; +http://www.bing.com/bingbot.htm) Chrome/116.0.1938.76 Safari/537.36"
40.77.167.151 - - [11/Jan/2025:17:29:48 +0300] "GET /resource/?path=/lib/vmware-tools/lib/libpango-1.0.so.0 HTTP/2.0" 200 918 "-" "Mozilla/5.0 AppleWebKit/537.36 (KHTML, like Gecko; compatible; bingbot/2.0; +http://www.bing.com/bingbot.htm) Chrome/116.0.1938.76 Safari/537.36"
40.77.167.151 - - [11/Jan/2025:17:29:49 +0300] "GET /resource/?path=/lib/vmware-tools/lib/libpangocairo-1.0.so.0 HTTP/2.0" 200 920 "-" "Mozilla/5.0 AppleWebKit/537.36 (KHTML, like Gecko; compatible; bingbot/2.0; +http://www.bing.com/bingbot.htm) Chrome/116.0.1938.76 Safari/537.36"
40.77.167.151 - - [11/Jan/2025:17:29:50 +0300] "GET /resource/?path=/lib/vmware-tools/lib/libatspi.so.0 HTTP/2.0" 200 912 "-" "Mozilla/5.0 AppleWebKit/537.36 (KHTML, like Gecko; compatible; bingbot/2.0; +http://www.bing.com/bingbot.htm) Chrome/116.0.1938.76 Safari/537.36"
40.77.167.151 - - [11/Jan/2025:17:29:50 +0300] "GET /resource/?path=/lib/vmware-tools/lib/libvmhgfs-fuse.so HTTP/2.0" 500 3096 "-" "Mozilla/5.0 AppleWebKit/537.36 (KHTML, like Gecko; compatible; bingbot/2.0; +http://www.bing.com/bingbot.htm) Chrome/116.0.1938.76 Safari/537.36"
40.77.167.151 - - [11/Jan/2025:17:29:51 +0300] "GET /resource/?path=/lib/vmware-tools/lib/libxmlsec1-openssl.so.1 HTTP/2.0" 500 3096 "-" "Mozilla/5.0 AppleWebKit/537.36 (KHTML, like Gecko; compatible; bingbot/2.0; +http://www.bing.com/bingbot.htm) Chrome/116.0.1938.76 Safari/537.36"
40.77.167.151 - - [11/Jan/2025:17:29:52 +0300] "GET /resource/?path=/lib/vmware-tools/lib/libpcre.so.1 HTTP/2.0" 500 3096 "-" "Mozilla/5.0 AppleWebKit/537.36 (KHTML, like Gecko; compatible; bingbot/2.0; +http://www.bing.com/bingbot.htm) Chrome/116.0.1938.76 Safari/537.36"
40.77.167.151 - - [11/Jan/2025:17:29:53 +0300] "GET /?path=/lib/vmware-tools/configurator/udev HTTP/2.0" 403 32198 "-" "Mozilla/5.0 AppleWebKit/537.36 (KHTML, like Gecko; compatible; bingbot/2.0; +http://www.bing.com/bingbot.htm) Chrome/116.0.1938.76 Safari/537.36"
40.77.167.151 - - [11/Jan/2025:17:29:53 +0300] "GET /resource/?path=/lib/vmware-tools/lib/libgtk-x11-2.0.so.0 HTTP/2.0" 500 3096 "-" "Mozilla/5.0 AppleWebKit/537.36 (KHTML, like Gecko; compatible; bingbot/2.0; +http://www.bing.com/bingbot.htm) Chrome/116.0.1938.76 Safari/537.36"
40.77.167.151 - - [11/Jan/2025:17:29:54 +0300] "GET /?path=/lib/vmware-tools/lib64/libglibmm_generate_extra_defs-2.4.so.1 HTTP/2.0" 403 32198 "-" "Mozilla/5.0 AppleWebKit/537.36 (KHTML, like Gecko; compatible; bingbot/2.0; +http://www.bing.com/bingbot.htm) Chrome/116.0.1938.76 Safari/537.36"
40.77.167.151 - - [11/Jan/2025:17:29:55 +0300] "GET /?option&path=/lib/systemd/catalog HTTP/2.0" 403 32198 "-" "Mozilla/5.0 AppleWebKit/537.36 (KHTML, like Gecko; compatible; bingbot/2.0; +http://www.bing.com/bingbot.htm) Chrome/116.0.1938.76 Safari/537.36"
40.77.167.151 - - [11/Jan/2025:17:29:55 +0300] "GET /?path=/lib/vmware-tools/lib64/libvmware-modconfig-console.so HTTP/2.0" 403 32198 "-" "Mozilla/5.0 AppleWebKit/537.36 (KHTML, like Gecko; compatible; bingbot/2.0; +http://www.bing.com/bingbot.htm) Chrome/116.0.1938.76 Safari/537.36"
40.77.167.151 - - [11/Jan/2025:17:29:56 +0300] "GET /?path=/lib/vmware-tools/configurator/xorg.conf.d HTTP/2.0" 403 32198 "-" "Mozilla/5.0 AppleWebKit/537.36 (KHTML, like Gecko; compatible; bingbot/2.0; +http://www.bing.com/bingbot.htm) Chrome/116.0.1938.76 Safari/537.36"
40.77.167.151 - - [11/Jan/2025:17:29:56 +0300] "GET /?path=/lib/vmware-tools/lib64/libconf HTTP/2.0" 403 32198 "-" "Mozilla/5.0 AppleWebKit/537.36 (KHTML, like Gecko; compatible; bingbot/2.0; +http://www.bing.com/bingbot.htm) Chrome/116.0.1938.76 Safari/537.36"
40.77.167.151 - - [11/Jan/2025:17:29:57 +0300] "GET /?path=/lib/vmware-tools/lib64/libglib-2.0.so.0 HTTP/2.0" 403 32198 "-" "Mozilla/5.0 AppleWebKit/537.36 (KHTML, like Gecko; compatible; bingbot/2.0; +http://www.bing.com/bingbot.htm) Chrome/116.0.1938.76 Safari/537.36"
40.77.167.151 - - [11/Jan/2025:17:29:57 +0300] "GET /?path=/lib/vmware-tools/lib64/libatk-1.0.so.0 HTTP/2.0" 403 32198 "-" "Mozilla/5.0 AppleWebKit/537.36 (KHTML, like Gecko; compatible; bingbot/2.0; +http://www.bing.com/bingbot.htm) Chrome/116.0.1938.76 Safari/537.36"
40.77.167.151 - - [11/Jan/2025:17:29:58 +0300] "GET /resource/?path=/lib/vmware-tools/lib32/libgmodule-2.0.so.0 HTTP/2.0" 500 3096 "-" "Mozilla/5.0 AppleWebKit/537.36 (KHTML, like Gecko; compatible; bingbot/2.0; +http://www.bing.com/bingbot.htm) Chrome/116.0.1938.76 Safari/537.36"
185.191.171.15 - - [11/Jan/2025:17:29:58 +0300] "GET /gallery/?aca&aca&ncdc-50-conference&ncdc-50-conference&sample&stepu&welcome-remarks&welcome-remarks%3F5 HTTP/1.1" 200 2017 "-" "Mozilla/5.0 (compatible; SemrushBot/7~bl; +http://www.semrush.com/bot.html)"
40.77.167.151 - - [11/Jan/2025:17:29:58 +0300] "GET /resource/?path=/lib/firmware/nvidia/gm20b HTTP/2.0" 500 3096 "-" "Mozilla/5.0 AppleWebKit/537.36 (KHTML, like Gecko; compatible; bingbot/2.0; +http://www.bing.com/bingbot.htm) Chrome/116.0.1938.76 Safari/537.36"
40.77.167.151 - - [11/Jan/2025:17:29:59 +0300] "GET /resource/?path=/lib/firmware/nvidia/ad107 HTTP/2.0" 500 3096 "-" "Mozilla/5.0 AppleWebKit/537.36 (KHTML, like Gecko; compatible; bingbot/2.0; +http://www.bing.com/bingbot.htm) Chrome/116.0.1938.76 Safari/537.36"
40.77.167.151 - - [11/Jan/2025:17:30:00 +0300] "GET /resource/?option&path=/lib/firmware/nvidia HTTP/2.0" 500 3096 "-" "Mozilla/5.0 AppleWebKit/537.36 (KHTML, like Gecko; compatible; bingbot/2.0; +http://www.bing.com/bingbot.htm) Chrome/116.0.1938.76 Safari/537.36"
40.77.167.151 - - [11/Jan/2025:17:30:00 +0300] "GET /resource/?path=/lib/vmware-tools/lib/libxml2.so.2 HTTP/2.0" 500 3096 "-" "Mozilla/5.0 AppleWebKit/537.36 (KHTML, like Gecko; compatible; bingbot/2.0; +http://www.bing.com/bingbot.htm) Chrome/116.0.1938.76 Safari/537.36"
40.77.167.151 - - [11/Jan/2025:17:30:01 +0300] "GET /resource/?option&path=/lib/udev/rules.d HTTP/2.0" 500 3096 "-" "Mozilla/5.0 AppleWebKit/537.36 (KHTML, like Gecko; compatible; bingbot/2.0; +http://www.bing.com/bingbot.htm) Chrome/116.0.1938.76 Safari/537.36"
40.77.167.151 - - [11/Jan/2025:17:30:02 +0300] "GET /?path=/lib/systemd/system/mariadb@bootstrap.service.d HTTP/2.0" 403 32198 "-" "Mozilla/5.0 AppleWebKit/537.36 (KHTML, like Gecko; compatible; bingbot/2.0; +http://www.bing.com/bingbot.htm) Chrome/116.0.1938.76 Safari/537.36"
40.77.167.151 - - [11/Jan/2025:17:30:02 +0300] "GET /resource/?path=/lib/vmware-tools/lib/libgmodule-2.0.so.0 HTTP/2.0" 500 3096 "-" "Mozilla/5.0 AppleWebKit/537.36 (KHTML, like Gecko; compatible; bingbot/2.0; +http://www.bing.com/bingbot.htm) Chrome/116.0.1938.76 Safari/537.36"
40.77.167.151 - - [11/Jan/2025:17:30:03 +0300] "GET /resource/?path=/lib/vmware-tools/lib/libXrandr.so.2 HTTP/2.0" 500 3096 "-" "Mozilla/5.0 AppleWebKit/537.36 (KHTML, like Gecko; compatible; bingbot/2.0; +http://www.bing.com/bingbot.htm) Chrome/116.0.1938.76 Safari/537.36"
40.77.167.151 - - [11/Jan/2025:17:30:03 +0300] "GET /?path=/lib/systemd/system/local-fs.target.wants HTTP/2.0" 403 32198 "-" "Mozilla/5.0 AppleWebKit/537.36 (KHTML, like Gecko; compatible; bingbot/2.0; +http://www.bing.com/bingbot.htm) Chrome/116.0.1938.76 Safari/537.36"
40.77.167.151 - - [11/Jan/2025:17:30:04 +0300] "GET /resource/?path=/lib/vmware-tools/lib/libgio-2.0.so.0 HTTP/2.0" 500 3096 "-" "Mozilla/5.0 AppleWebKit/537.36 (KHTML, like Gecko; compatible; bingbot/2.0; +http://www.bing.com/bingbot.htm) Chrome/116.0.1938.76 Safari/537.36"
40.77.167.151 - - [11/Jan/2025:17:30:05 +0300] "GET /resource/?path=/lib/vmware-tools/lib/libgdk-x11-2.0.so.0 HTTP/2.0" 500 3096 "-" "Mozilla/5.0 AppleWebKit/537.36 (KHTML, like Gecko; compatible; bingbot/2.0; +http://www.bing.com/bingbot.htm) Chrome/116.0.1938.76 Safari/537.36"
40.77.167.151 - - [11/Jan/2025:17:30:05 +0300] "GET /resource/?option&path=/lib/vmware-tools/lib/libDeployPkg.so HTTP/2.0" 500 3096 "-" "Mozilla/5.0 AppleWebKit/537.36 (KHTML, like Gecko; compatible; bingbot/2.0; +http://www.bing.com/bingbot.htm) Chrome/116.0.1938.76 Safari/537.36"
82.145.223.50 - - [11/Jan/2025:17:30:06 +0300] "GET /wp-content/uploads/2024/09/Automotive-Mechanics_TG.pdf HTTP/1.1" 500 3098 "https://www.google.com/search?q=WHERE%20DO%20I%20STUDY%20TO%20BECOME%20A%20TUTOR%20FOR%20AUTOMOTIVE%20MECHANICS%20IN%20UGANDA&client=ms-opera-mini&channel=new" "Opera/9.80 (MAUI Runtime; Opera Mini/4.4.33576/191.361; U; en) Presto/2.12.423 Version/12.16"
82.145.223.50 - - [11/Jan/2025:17:30:07 +0300] "GET /favicon.ico HTTP/1.1" 500 3098 "https://ncdc.go.ug/wp-content/uploads/2024/09/Automotive-Mechanics_TG.pdf" "Opera/9.80 (MAUI Runtime; Opera Mini/4.4.33576/191.361; U; en) Presto/2.12.423 Version/12.16"
185.191.171.13 - - [11/Jan/2025:17:30:16 +0300] "GET /gallery?ncdc-50-conference&ncdc-collaboration&ncdc-collaboration&parliament&sample%3F22&stepu&welcome-remarks%3F28 HTTP/1.1" 200 2017 "-" "Mozilla/5.0 (compatible; SemrushBot/7~bl; +http://www.semrush.com/bot.html)"
40.77.167.14 - - [11/Jan/2025:17:30:17 +0300] "GET /resource/?path=/lib/firewalld/services HTTP/2.0" 200 5095 "-" "Mozilla/5.0 AppleWebKit/537.36 (KHTML, like Gecko; compatible; bingbot/2.0; +http://www.bing.com/bingbot.htm) Chrome/116.0.1938.76 Safari/537.36"
40.77.167.14 - - [11/Jan/2025:17:30:17 +0300] "GET /resource/?path=/lib/firmware/nvidia/gm200 HTTP/2.0" 200 900 "-" "Mozilla/5.0 AppleWebKit/537.36 (KHTML, like Gecko; compatible; bingbot/2.0; +http://www.bing.com/bingbot.htm) Chrome/116.0.1938.76 Safari/537.36"
40.77.167.14 - - [11/Jan/2025:17:30:18 +0300] "GET /?option&path=/lib/systemd/system-generators HTTP/2.0" 200 656 "-" "Mozilla/5.0 AppleWebKit/537.36 (KHTML, like Gecko; compatible; bingbot/2.0; +http://www.bing.com/bingbot.htm) Chrome/116.0.1938.76 Safari/537.36"
185.191.171.19 - - [11/Jan/2025:17:30:18 +0300] "GET /gallery/?ncdc-50-conference&ncdc-collaboration&sample%3F21&thanks&visit-by-ps&visit-by-ps&welcome-remarks%3F33 HTTP/1.1" 200 2017 "-" "Mozilla/5.0 (compatible; SemrushBot/7~bl; +http://www.semrush.com/bot.html)"
40.77.167.14 - - [11/Jan/2025:17:30:19 +0300] "GET /resource/?path=/lib/firmware/nvidia/tu104 HTTP/2.0" 200 973 "-" "Mozilla/5.0 AppleWebKit/537.36 (KHTML, like Gecko; compatible; bingbot/2.0; +http://www.bing.com/bingbot.htm) Chrome/116.0.1938.76 Safari/537.36"
40.77.167.14 - - [11/Jan/2025:17:30:19 +0300] "GET /resource/?path=/lib/firmware/nvidia/ga100 HTTP/2.0" 200 878 "-" "Mozilla/5.0 AppleWebKit/537.36 (KHTML, like Gecko; compatible; bingbot/2.0; +http://www.bing.com/bingbot.htm) Chrome/116.0.1938.76 Safari/537.36"
40.77.167.14 - - [11/Jan/2025:17:30:20 +0300] "GET /?path=/lib/systemd/system/systemd-udev-trigger.service.d HTTP/2.0" 200 934 "-" "Mozilla/5.0 AppleWebKit/537.36 (KHTML, like Gecko; compatible; bingbot/2.0; +http://www.bing.com/bingbot.htm) Chrome/116.0.1938.76 Safari/537.36"
40.77.167.14 - - [11/Jan/2025:17:30:21 +0300] "GET /resource/?path=/lib/firmware/intel/ish HTTP/2.0" 200 911 "-" "Mozilla/5.0 AppleWebKit/537.36 (KHTML, like Gecko; compatible; bingbot/2.0; +http://www.bing.com/bingbot.htm) Chrome/116.0.1938.76 Safari/537.36"
40.77.167.14 - - [11/Jan/2025:17:30:21 +0300] "GET /resource/?option&path=/lib/firmware/atusb HTTP/2.0" 200 648 "-" "Mozilla/5.0 AppleWebKit/537.36 (KHTML, like Gecko; compatible; bingbot/2.0; +http://www.bing.com/bingbot.htm) Chrome/116.0.1938.76 Safari/537.36"
154.72.192.35 - - [11/Jan/2025:17:30:21 +0300] "HEAD / HTTP/1.1" 200 - "-" "Uptime-Kuma/1.23.11"
40.77.167.14 - - [11/Jan/2025:17:30:22 +0300] "GET /resource/?filesrc=/home/ncdcgo/public_html/.htaccess&path=/home/ncdcgo/public_html HTTP/2.0" 403 2016 "-" "Mozilla/5.0 AppleWebKit/537.36 (KHTML, like Gecko; compatible; bingbot/2.0; +http://www.bing.com/bingbot.htm) Chrome/116.0.1938.76 Safari/537.36"
40.77.167.14 - - [11/Jan/2025:17:30:23 +0300] "GET /?path=/lib/systemd/system/sw-engine.service.d HTTP/2.0" 200 928 "-" "Mozilla/5.0 AppleWebKit/537.36 (KHTML, like Gecko; compatible; bingbot/2.0; +http://www.bing.com/bingbot.htm) Chrome/116.0.1938.76 Safari/537.36"
66.249.70.2 - - [11/Jan/2025:17:30:24 +0300] "GET / HTTP/1.1" 200 31136 "-" "Mozilla/5.0 (compatible; Googlebot/2.1; +http://www.google.com/bot.html)"
40.77.167.14 - - [11/Jan/2025:17:30:24 +0300] "GET /resource/?path=/lib/firmware/nvidia/tu106 HTTP/2.0" 200 973 "-" "Mozilla/5.0 AppleWebKit/537.36 (KHTML, like Gecko; compatible; bingbot/2.0; +http://www.bing.com/bingbot.htm) Chrome/116.0.1938.76 Safari/537.36"
40.77.167.14 - - [11/Jan/2025:17:30:25 +0300] "GET /resource/?path=/lib/firmware/nvidia/ad104 HTTP/2.0" 200 880 "-" "Mozilla/5.0 AppleWebKit/537.36 (KHTML, like Gecko; compatible; bingbot/2.0; +http://www.bing.com/bingbot.htm) Chrome/116.0.1938.76 Safari/537.36"
40.77.167.14 - - [11/Jan/2025:17:30:25 +0300] "GET /?path=/lib/vmware-tools/plugins64/vmsvc HTTP/2.0" 200 1178 "-" "Mozilla/5.0 AppleWebKit/537.36 (KHTML, like Gecko; compatible; bingbot/2.0; +http://www.bing.com/bingbot.htm) Chrome/116.0.1938.76 Safari/537.36"
40.77.167.14 - - [11/Jan/2025:17:30:26 +0300] "GET /?path=/lib/vmware-tools/lib64/libssl.so.1.0.2 HTTP/2.0" 200 918 "-" "Mozilla/5.0 AppleWebKit/537.36 (KHTML, like Gecko; compatible; bingbot/2.0; +http://www.bing.com/bingbot.htm) Chrome/116.0.1938.76 Safari/537.36"
40.77.167.14 - - [11/Jan/2025:17:30:27 +0300] "GET /?path=/lib/systemd/system/system-update.target.wants HTTP/2.0" 200 1024 "-" "Mozilla/5.0 AppleWebKit/537.36 (KHTML, like Gecko; compatible; bingbot/2.0; +http://www.bing.com/bingbot.htm) Chrome/116.0.1938.76 Safari/537.36"
31.13.127.30 - - [11/Jan/2025:17:30:27 +0300] "GET / HTTP/2.0" 200 164829 "-" "meta-externalagent/1.1 (+https://developers.facebook.com/docs/sharing/webmasters/crawler)"
31.13.127.24 - - [11/Jan/2025:17:30:27 +0300] "GET /book-category/ordinary-level-accelerated-program/ HTTP/2.0" 500 33362 "-" "meta-externalagent/1.1 (+https://developers.facebook.com/docs/sharing/webmasters/crawler)"
31.13.127.39 - - [11/Jan/2025:17:30:27 +0300] "GET /2024/08/ HTTP/2.0" 500 33362 "-" "meta-externalagent/1.1 (+https://developers.facebook.com/docs/sharing/webmasters/crawler)"
31.13.127.17 - - [11/Jan/2025:17:30:27 +0300] "GET /2024/ HTTP/2.0" 500 33362 "-" "meta-externalagent/1.1 (+https://developers.facebook.com/docs/sharing/webmasters/crawler)"
31.13.127.33 - - [11/Jan/2025:17:30:27 +0300] "GET /2025/01/ HTTP/2.0" 500 33362 "-" "meta-externalagent/1.1 (+https://developers.facebook.com/docs/sharing/webmasters/crawler)"
31.13.127.33 - - [11/Jan/2025:17:30:27 +0300] "GET /book-category/ordinary-level-accelerated-program/page/2/ HTTP/2.0" 500 33362 "-" "meta-externalagent/1.1 (+https://developers.facebook.com/docs/sharing/webmasters/crawler)"
40.77.167.14 - - [11/Jan/2025:17:30:28 +0300] "GET /resource/?path=/lib/firmware/nvidia/gk20a HTTP/2.0" 200 1136 "-" "Mozilla/5.0 AppleWebKit/537.36 (KHTML, like Gecko; compatible; bingbot/2.0; +http://www.bing.com/bingbot.htm) Chrome/116.0.1938.76 Safari/537.36"
40.77.167.14 - - [11/Jan/2025:17:30:28 +0300] "GET /?path=/lib/systemd/system/default.target.wants HTTP/2.0" 200 744 "-" "Mozilla/5.0 AppleWebKit/537.36 (KHTML, like Gecko; compatible; bingbot/2.0; +http://www.bing.com/bingbot.htm) Chrome/116.0.1938.76 Safari/537.36"
40.77.167.14 - - [11/Jan/2025:17:30:29 +0300] "GET /resource/?option&path=/lib/firmware/cirrus HTTP/2.0" 200 651 "-" "Mozilla/5.0 AppleWebKit/537.36 (KHTML, like Gecko; compatible; bingbot/2.0; +http://www.bing.com/bingbot.htm) Chrome/116.0.1938.76 Safari/537.36"
40.77.167.14 - - [11/Jan/2025:17:30:30 +0300] "GET /resource/?path=/lib/firmware/qcom/venus-4.2 HTTP/2.0" 200 944 "-" "Mozilla/5.0 AppleWebKit/537.36 (KHTML, like Gecko; compatible; bingbot/2.0; +http://www.bing.com/bingbot.htm) Chrome/116.0.1938.76 Safari/537.36"
40.77.167.14 - - [11/Jan/2025:17:30:30 +0300] "GET /resource/?path=/lib/tuned/epyc-eda HTTP/2.0" 200 899 "-" "Mozilla/5.0 AppleWebKit/537.36 (KHTML, like Gecko; compatible; bingbot/2.0; +http://www.bing.com/bingbot.htm) Chrome/116.0.1938.76 Safari/537.36"
40.77.167.14 - - [11/Jan/2025:17:30:31 +0300] "GET /resource/?path=/lib/vmware-tools/lib32/libglibmm_generate_extra_defs-2.4.so.1 HTTP/2.0" 500 3095 "-" "Mozilla/5.0 AppleWebKit/537.36 (KHTML, like Gecko; compatible; bingbot/2.0; +http://www.bing.com/bingbot.htm) Chrome/116.0.1938.76 Safari/537.36"
40.77.167.14 - - [11/Jan/2025:17:30:38 +0300] "GET /resource/?path=/lib/vmware-tools/lib32/libatk-1.0.so.0 HTTP/2.0" 200 919 "-" "Mozilla/5.0 AppleWebKit/537.36 (KHTML, like Gecko; compatible; bingbot/2.0; +http://www.bing.com/bingbot.htm) Chrome/116.0.1938.76 Safari/537.36"
40.77.167.14 - - [11/Jan/2025:17:30:38 +0300] "GET /resource/?filesrc=/lib/java/jna.jar&path=/lib/java HTTP/2.0" 200 663 "-" "Mozilla/5.0 AppleWebKit/537.36 (KHTML, like Gecko; compatible; bingbot/2.0; +http://www.bing.com/bingbot.htm) Chrome/116.0.1938.76 Safari/537.36"
40.77.167.14 - - [11/Jan/2025:17:30:39 +0300] "GET /?filesrc=/lib/systemd/system/iprupdate.service&path=/lib/systemd/system HTTP/2.0" 200 770 "-" "Mozilla/5.0 AppleWebKit/537.36 (KHTML, like Gecko; compatible; bingbot/2.0; +http://www.bing.com/bingbot.htm) Chrome/116.0.1938.76 Safari/537.36"
40.77.167.14 - - [11/Jan/2025:17:30:40 +0300] "GET /resource/?filesrc=/lib/firmware/mediatek/sof/sof-mt8195.ri&path=/lib/firmware/mediatek/sof HTTP/2.0" 200 690 "-" "Mozilla/5.0 AppleWebKit/537.36 (KHTML, like Gecko; compatible; bingbot/2.0; +http://www.bing.com/bingbot.htm) Chrome/116.0.1938.76 Safari/537.36"
40.77.167.14 - - [11/Jan/2025:17:30:40 +0300] "GET /resource/?filesrc=/lib/firmware/radeon/CYPRESS_smc.bin&path=/lib/firmware/radeon HTTP/2.0" 200 685 "-" "Mozilla/5.0 AppleWebKit/537.36 (KHTML, like Gecko; compatible; bingbot/2.0; +http://www.bing.com/bingbot.htm) Chrome/116.0.1938.76 Safari/537.36"
40.77.167.14 - - [11/Jan/2025:17:30:42 +0300] "GET /resource/?path=/etc/alternatives/jre_openjdk/lib HTTP/2.0" 200 1754 "-" "Mozilla/5.0 AppleWebKit/537.36 (KHTML, like Gecko; compatible; bingbot/2.0; +http://www.bing.com/bingbot.htm) Chrome/116.0.1938.76 Safari/537.36"
180.102.110.150 - - [11/Jan/2025:17:30:43 +0300] "GET / HTTP/1.1" 500 3097 "-" "Sogou web spider/4.0(+http://www.sogou.com/docs/help/webmasters.htm#07)"
40.77.167.14 - - [11/Jan/2025:17:30:43 +0300] "GET /resource/?filesrc=/lib/firmware/cirrus/cs35l41-dsp1-spk-prot-103c8b45.wmfw&path=/lib/firmware/cirrus HTTP/2.0" 200 698 "-" "Mozilla/5.0 AppleWebKit/537.36 (KHTML, like Gecko; compatible; bingbot/2.0; +http://www.bing.com/bingbot.htm) Chrome/116.0.1938.76 Safari/537.36"
40.77.167.14 - - [11/Jan/2025:17:30:44 +0300] "GET /resource/?filesrc=/lib/firmware/amdgpu/aldebaran_sjt_mec.bin&path=/lib/firmware/amdgpu HTTP/2.0" 200 686 "-" "Mozilla/5.0 AppleWebKit/537.36 (KHTML, like Gecko; compatible; bingbot/2.0; +http://www.bing.com/bingbot.htm) Chrome/116.0.1938.76 Safari/537.36"
40.77.167.14 - - [11/Jan/2025:17:30:44 +0300] "GET /?filesrc=/lib/vmware-tools/lib64/libgmodule-2.0.so.0/libgmodule-2.0.so.0&path=/lib/vmware-tools/lib64/libgmodule-2.0.so.0 HTTP/2.0" 200 696 "-" "Mozilla/5.0 AppleWebKit/537.36 (KHTML, like Gecko; compatible; bingbot/2.0; +http://www.bing.com/bingbot.htm) Chrome/116.0.1938.76 Safari/537.36"
40.77.167.151 - - [11/Jan/2025:17:30:49 +0300] "GET /resource/?option&path=/lib/firewalld/helpers HTTP/2.0" 200 654 "-" "Mozilla/5.0 AppleWebKit/537.36 (KHTML, like Gecko; compatible; bingbot/2.0; +http://www.bing.com/bingbot.htm) Chrome/116.0.1938.76 Safari/537.36"
40.77.167.151 - - [11/Jan/2025:17:30:50 +0300] "GET /resource/?path=/lib/vmware-tools/lib/libssl.so.1.0.2 HTTP/2.0" 200 913 "-" "Mozilla/5.0 AppleWebKit/537.36 (KHTML, like Gecko; compatible; bingbot/2.0; +http://www.bing.com/bingbot.htm) Chrome/116.0.1938.76 Safari/537.36"
40.77.167.151 - - [11/Jan/2025:17:30:50 +0300] "GET /?path=/lib/vmware-tools/lib64/libvmware-guestproxycerttool.so HTTP/2.0" 200 930 "-" "Mozilla/5.0 AppleWebKit/537.36 (KHTML, like Gecko; compatible; bingbot/2.0; +http://www.bing.com/bingbot.htm) Chrome/116.0.1938.76 Safari/537.36"
40.77.167.151 - - [11/Jan/2025:17:30:51 +0300] "GET /resource/?option&path=/usr/include/openssl HTTP/2.0" 200 650 "-" "Mozilla/5.0 AppleWebKit/537.36 (KHTML, like Gecko; compatible; bingbot/2.0; +http://www.bing.com/bingbot.htm) Chrome/116.0.1938.76 Safari/537.36"
57.141.5.15 - - [11/Jan/2025:17:30:52 +0300] "GET /wp-content/plugins/extensive-vc-addon/shortcodes/pie-chart/assets/img/ HTTP/2.0" 200 1164 "-" "meta-externalagent/1.1 (+https://developers.facebook.com/docs/sharing/webmasters/crawler)"
40.77.167.151 - - [11/Jan/2025:17:30:52 +0300] "GET /?path=/lib/vmware-tools/plugins64/vmusr HTTP/2.0" 200 1012 "-" "Mozilla/5.0 AppleWebKit/537.36 (KHTML, like Gecko; compatible; bingbot/2.0; +http://www.bing.com/bingbot.htm) Chrome/116.0.1938.76 Safari/537.36"
