86.169.254.104 - - [11/Jan/2025:18:58:30 +0300] "GET /wp-content/uploads/2024/04/UNEB-PIC-150x150.jpg HTTP/2.0" 200 8674 "https://ncdc.go.ug/" "Mozilla/5.0 (Windows NT 10.0; Win64; x64) AppleWebKit/537.36 (KHTML, like Gecko) Chrome/131.0.0.0 Safari/537.36"
86.169.254.104 - - [11/Jan/2025:18:58:30 +0300] "GET /wp-content/uploads/ncdc@50/IMG_8947.jpg HTTP/2.0" 200 93611 "https://ncdc.go.ug/" "Mozilla/5.0 (Windows NT 10.0; Win64; x64) AppleWebKit/537.36 (KHTML, like Gecko) Chrome/131.0.0.0 Safari/537.36"
86.169.254.104 - - [11/Jan/2025:18:58:30 +0300] "GET /wp-content/uploads/ncdc@50/IMG_8952.jpg HTTP/2.0" 200 176523 "https://ncdc.go.ug/" "Mozilla/5.0 (Windows NT 10.0; Win64; x64) AppleWebKit/537.36 (KHTML, like Gecko) Chrome/131.0.0.0 Safari/537.36"
86.169.254.104 - - [11/Jan/2025:18:58:30 +0300] "GET /wp-content/uploads/ncdc@50/IMG_8966.jpg HTTP/2.0" 200 169846 "https://ncdc.go.ug/" "Mozilla/5.0 (Windows NT 10.0; Win64; x64) AppleWebKit/537.36 (KHTML, like Gecko) Chrome/131.0.0.0 Safari/537.36"
86.169.254.104 - - [11/Jan/2025:18:58:30 +0300] "GET /wp-content/uploads/ncdc@50/IMG_8978.jpg HTTP/2.0" 200 75420 "https://ncdc.go.ug/" "Mozilla/5.0 (Windows NT 10.0; Win64; x64) AppleWebKit/537.36 (KHTML, like Gecko) Chrome/131.0.0.0 Safari/537.36"
86.169.254.104 - - [11/Jan/2025:18:58:30 +0300] "GET /wp-content/uploads/ncdc@50/IMG_8981.jpg HTTP/2.0" 200 97304 "https://ncdc.go.ug/" "Mozilla/5.0 (Windows NT 10.0; Win64; x64) AppleWebKit/537.36 (KHTML, like Gecko) Chrome/131.0.0.0 Safari/537.36"
86.169.254.104 - - [11/Jan/2025:18:58:30 +0300] "GET /wp-content/uploads/ncdc@50/IMG_8986.jpg HTTP/2.0" 200 165989 "https://ncdc.go.ug/" "Mozilla/5.0 (Windows NT 10.0; Win64; x64) AppleWebKit/537.36 (KHTML, like Gecko) Chrome/131.0.0.0 Safari/537.36"
86.169.254.104 - - [11/Jan/2025:18:58:30 +0300] "GET /wp-content/uploads/ncdc@50/IMG_9013.jpg HTTP/2.0" 200 113706 "https://ncdc.go.ug/" "Mozilla/5.0 (Windows NT 10.0; Win64; x64) AppleWebKit/537.36 (KHTML, like Gecko) Chrome/131.0.0.0 Safari/537.36"
86.169.254.104 - - [11/Jan/2025:18:58:30 +0300] "GET /wp-content/uploads/ncdc@50/IMG_9038.jpg HTTP/2.0" 200 110339 "https://ncdc.go.ug/" "Mozilla/5.0 (Windows NT 10.0; Win64; x64) AppleWebKit/537.36 (KHTML, like Gecko) Chrome/131.0.0.0 Safari/537.36"
86.169.254.104 - - [11/Jan/2025:18:58:30 +0300] "GET /wp-content/uploads/ncdc@50/IMG_9052.jpg HTTP/2.0" 200 129369 "https://ncdc.go.ug/" "Mozilla/5.0 (Windows NT 10.0; Win64; x64) AppleWebKit/537.36 (KHTML, like Gecko) Chrome/131.0.0.0 Safari/537.36"
86.169.254.104 - - [11/Jan/2025:18:58:30 +0300] "GET /wp-content/uploads/ncdc@50/IMG_9111.jpg HTTP/2.0" 200 105307 "https://ncdc.go.ug/" "Mozilla/5.0 (Windows NT 10.0; Win64; x64) AppleWebKit/537.36 (KHTML, like Gecko) Chrome/131.0.0.0 Safari/537.36"
86.169.254.104 - - [11/Jan/2025:18:58:30 +0300] "GET /wp-content/uploads/ncdc@50/IMG_9113.jpg HTTP/2.0" 200 143116 "https://ncdc.go.ug/" "Mozilla/5.0 (Windows NT 10.0; Win64; x64) AppleWebKit/537.36 (KHTML, like Gecko) Chrome/131.0.0.0 Safari/537.36"
86.169.254.104 - - [11/Jan/2025:18:58:30 +0300] "GET /wp-content/uploads/ncdc@50/IMG_9136.jpg HTTP/2.0" 200 165267 "https://ncdc.go.ug/" "Mozilla/5.0 (Windows NT 10.0; Win64; x64) AppleWebKit/537.36 (KHTML, like Gecko) Chrome/131.0.0.0 Safari/537.36"
86.169.254.104 - - [11/Jan/2025:18:58:30 +0300] "GET /wp-content/uploads/ncdc@50/IMG_9142.jpg HTTP/2.0" 200 154283 "https://ncdc.go.ug/" "Mozilla/5.0 (Windows NT 10.0; Win64; x64) AppleWebKit/537.36 (KHTML, like Gecko) Chrome/131.0.0.0 Safari/537.36"
86.169.254.104 - - [11/Jan/2025:18:58:30 +0300] "GET /wp-content/uploads/ncdc@50/IMG_9149.jpg HTTP/2.0" 200 111975 "https://ncdc.go.ug/" "Mozilla/5.0 (Windows NT 10.0; Win64; x64) AppleWebKit/537.36 (KHTML, like Gecko) Chrome/131.0.0.0 Safari/537.36"
86.169.254.104 - - [11/Jan/2025:18:58:30 +0300] "GET /wp-content/uploads/ncdc@50/IMG_9164.jpg HTTP/2.0" 200 152947 "https://ncdc.go.ug/" "Mozilla/5.0 (Windows NT 10.0; Win64; x64) AppleWebKit/537.36 (KHTML, like Gecko) Chrome/131.0.0.0 Safari/537.36"
86.169.254.104 - - [11/Jan/2025:18:58:30 +0300] "GET /wp-content/uploads/ncdc@50/IMG_9165.jpg HTTP/2.0" 200 163952 "https://ncdc.go.ug/" "Mozilla/5.0 (Windows NT 10.0; Win64; x64) AppleWebKit/537.36 (KHTML, like Gecko) Chrome/131.0.0.0 Safari/537.36"
86.169.254.104 - - [11/Jan/2025:18:58:30 +0300] "GET /wp-content/uploads/ncdc@50/IMG_9166.jpg HTTP/2.0" 200 157745 "https://ncdc.go.ug/" "Mozilla/5.0 (Windows NT 10.0; Win64; x64) AppleWebKit/537.36 (KHTML, like Gecko) Chrome/131.0.0.0 Safari/537.36"
86.169.254.104 - - [11/Jan/2025:18:58:30 +0300] "GET /wp-content/uploads/ncdc@50/IMG_9170.jpg HTTP/2.0" 200 110904 "https://ncdc.go.ug/" "Mozilla/5.0 (Windows NT 10.0; Win64; x64) AppleWebKit/537.36 (KHTML, like Gecko) Chrome/131.0.0.0 Safari/537.36"
86.169.254.104 - - [11/Jan/2025:18:58:30 +0300] "GET /wp-content/uploads/ncdc@50/IMG_9179.jpg HTTP/2.0" 200 84412 "https://ncdc.go.ug/" "Mozilla/5.0 (Windows NT 10.0; Win64; x64) AppleWebKit/537.36 (KHTML, like Gecko) Chrome/131.0.0.0 Safari/537.36"
86.169.254.104 - - [11/Jan/2025:18:58:30 +0300] "GET /wp-content/uploads/ncdc@50/IMG_9182.jpg HTTP/2.0" 200 124028 "https://ncdc.go.ug/" "Mozilla/5.0 (Windows NT 10.0; Win64; x64) AppleWebKit/537.36 (KHTML, like Gecko) Chrome/131.0.0.0 Safari/537.36"
86.169.254.104 - - [11/Jan/2025:18:58:30 +0300] "GET /wp-content/uploads/ncdc@50/IMG_9191.jpg HTTP/2.0" 200 103192 "https://ncdc.go.ug/" "Mozilla/5.0 (Windows NT 10.0; Win64; x64) AppleWebKit/537.36 (KHTML, like Gecko) Chrome/131.0.0.0 Safari/537.36"
86.169.254.104 - - [11/Jan/2025:18:58:30 +0300] "GET /wp-content/themes/nanosoft/assets/js/components.js HTTP/2.0" 200 111841 "https://ncdc.go.ug/" "Mozilla/5.0 (Windows NT 10.0; Win64; x64) AppleWebKit/537.36 (KHTML, like Gecko) Chrome/131.0.0.0 Safari/537.36"
86.169.254.104 - - [11/Jan/2025:18:58:30 +0300] "GET /wp-content/plugins/Ultimate_VC_Addons/assets/min-js/ultimate_bg.min.js HTTP/2.0" 200 9446 "https://ncdc.go.ug/" "Mozilla/5.0 (Windows NT 10.0; Win64; x64) AppleWebKit/537.36 (KHTML, like Gecko) Chrome/131.0.0.0 Safari/537.36"
86.169.254.104 - - [11/Jan/2025:18:58:30 +0300] "GET /wp-content/uploads/ncdc@50/IMG_9118.jpg HTTP/2.0" 200 164116 "https://ncdc.go.ug/" "Mozilla/5.0 (Windows NT 10.0; Win64; x64) AppleWebKit/537.36 (KHTML, like Gecko) Chrome/131.0.0.0 Safari/537.36"
86.169.254.104 - - [11/Jan/2025:18:58:30 +0300] "GET /wp-content/plugins/post-grid/assets/block-js/block-scripts.js HTTP/2.0" 200 12090 "https://ncdc.go.ug/" "Mozilla/5.0 (Windows NT 10.0; Win64; x64) AppleWebKit/537.36 (KHTML, like Gecko) Chrome/131.0.0.0 Safari/537.36"
86.169.254.104 - - [11/Jan/2025:18:58:30 +0300] "GET /wp-content/plugins/revslider/sr6/assets/js/rbtools.min.js HTTP/2.0" 200 61824 "https://ncdc.go.ug/" "Mozilla/5.0 (Windows NT 10.0; Win64; x64) AppleWebKit/537.36 (KHTML, like Gecko) Chrome/131.0.0.0 Safari/537.36"
86.169.254.104 - - [11/Jan/2025:18:58:30 +0300] "GET /wp-content/plugins/mailchimp-for-wp/assets/js/forms.js HTTP/2.0" 200 2605 "https://ncdc.go.ug/" "Mozilla/5.0 (Windows NT 10.0; Win64; x64) AppleWebKit/537.36 (KHTML, like Gecko) Chrome/131.0.0.0 Safari/537.36"
86.169.254.104 - - [11/Jan/2025:18:58:30 +0300] "GET /wp-content/uploads/2024/08/Resource_book-_sch.png HTTP/2.0" 200 17054 "https://ncdc.go.ug/" "Mozilla/5.0 (Windows NT 10.0; Win64; x64) AppleWebKit/537.36 (KHTML, like Gecko) Chrome/131.0.0.0 Safari/537.36"
86.169.254.104 - - [11/Jan/2025:18:58:30 +0300] "GET /wp-content/plugins/extensive-vc-addon/assets/css/ion-icons/fonts/ionicons.ttf HTTP/2.0" 200 109964 "https://ncdc.go.ug/wp-content/cache/wpo-minify/1736596187/assets/wpo-minify-header-2701056f.min.css" "Mozilla/5.0 (Windows NT 10.0; Win64; x64) AppleWebKit/537.36 (KHTML, like Gecko) Chrome/131.0.0.0 Safari/537.36"
86.169.254.104 - - [11/Jan/2025:18:58:30 +0300] "GET /wp-content/plugins/revslider/sr6/assets/js/rs6.min.js HTTP/2.0" 200 108972 "https://ncdc.go.ug/" "Mozilla/5.0 (Windows NT 10.0; Win64; x64) AppleWebKit/537.36 (KHTML, like Gecko) Chrome/131.0.0.0 Safari/537.36"
86.169.254.104 - - [11/Jan/2025:18:58:30 +0300] "GET /wp-content/uploads/2024/08/LEARNERS-BOOK-768x1074.png HTTP/2.0" 200 168617 "https://ncdc.go.ug/" "Mozilla/5.0 (Windows NT 10.0; Win64; x64) AppleWebKit/537.36 (KHTML, like Gecko) Chrome/131.0.0.0 Safari/537.36"
86.169.254.104 - - [11/Jan/2025:18:58:31 +0300] "GET /wp-content/uploads/2024/08/FACILITATORS-GUIDE-768x1073.png HTTP/2.0" 200 168387 "https://ncdc.go.ug/" "Mozilla/5.0 (Windows NT 10.0; Win64; x64) AppleWebKit/537.36 (KHTML, like Gecko) Chrome/131.0.0.0 Safari/537.36"
86.169.254.104 - - [11/Jan/2025:18:58:31 +0300] "GET /wp-content/uploads/2019/03/bg-page-title.png HTTP/2.0" 200 22101 "https://ncdc.go.ug/wp-content/cache/wpo-minify/1736596187/assets/wpo-minify-header-2701056f.min.css" "Mozilla/5.0 (Windows NT 10.0; Win64; x64) AppleWebKit/537.36 (KHTML, like Gecko) Chrome/131.0.0.0 Safari/537.36"
86.169.254.104 - - [11/Jan/2025:18:58:31 +0300] "GET /wp-content/plugins/wp-books-gallery-premium/assets/css/fontawesome/webfonts/fa-solid-900.woff2 HTTP/2.0" 200 154260 "https://ncdc.go.ug/wp-content/cache/wpo-minify/1736596187/assets/wpo-minify-header-2701056f.min.css" "Mozilla/5.0 (Windows NT 10.0; Win64; x64) AppleWebKit/537.36 (KHTML, like Gecko) Chrome/131.0.0.0 Safari/537.36"
86.169.254.104 - - [11/Jan/2025:18:58:30 +0300] "GET /wp-content/plugins/advanced-faq-manager/assets/public/js/fontawesome.min.js HTTP/2.0" 200 444033 "https://ncdc.go.ug/" "Mozilla/5.0 (Windows NT 10.0; Win64; x64) AppleWebKit/537.36 (KHTML, like Gecko) Chrome/131.0.0.0 Safari/537.36"
86.169.254.104 - - [11/Jan/2025:18:58:31 +0300] "GET /wp-content/themes/nanosoft/assets/img/search-w.svg HTTP/2.0" 500 3098 "https://ncdc.go.ug/wp-content/cache/wpo-minify/1736596187/assets/wpo-minify-header-2701056f.min.css" "Mozilla/5.0 (Windows NT 10.0; Win64; x64) AppleWebKit/537.36 (KHTML, like Gecko) Chrome/131.0.0.0 Safari/537.36"
86.169.254.104 - - [11/Jan/2025:18:58:31 +0300] "GET /wp-content/uploads/2024/08/AEP-SST-LEVEL-2-3-SYLLABUS.png HTTP/2.0" 500 3098 "https://ncdc.go.ug/" "Mozilla/5.0 (Windows NT 10.0; Win64; x64) AppleWebKit/537.36 (KHTML, like Gecko) Chrome/131.0.0.0 Safari/537.36"
86.169.254.104 - - [11/Jan/2025:18:58:31 +0300] "GET /wp-content/uploads/2024/08/AEP-RE-LEVEL-2-SYLLABUS.png HTTP/2.0" 500 3098 "https://ncdc.go.ug/" "Mozilla/5.0 (Windows NT 10.0; Win64; x64) AppleWebKit/537.36 (KHTML, like Gecko) Chrome/131.0.0.0 Safari/537.36"
86.169.254.104 - - [11/Jan/2025:18:58:31 +0300] "GET /wp-content/uploads/2024/08/AEP-thematic-curriculum-level-3-syllabus.png HTTP/2.0" 500 3098 "https://ncdc.go.ug/" "Mozilla/5.0 (Windows NT 10.0; Win64; x64) AppleWebKit/537.36 (KHTML, like Gecko) Chrome/131.0.0.0 Safari/537.36"
86.169.254.104 - - [11/Jan/2025:18:58:31 +0300] "GET /wp-content/plugins/js_composer/assets/lib/vendor/node_modules/@fortawesome/fontawesome-free/webfonts/fa-brands-400.woff2 HTTP/2.0" 500 3098 "https://ncdc.go.ug/wp-content/cache/wpo-minify/1736596187/assets/wpo-minify-footer-ad5f7fd1.min.css" "Mozilla/5.0 (Windows NT 10.0; Win64; x64) AppleWebKit/537.36 (KHTML, like Gecko) Chrome/131.0.0.0 Safari/537.36"
86.169.254.104 - - [11/Jan/2025:18:58:31 +0300] "GET /wp-content/uploads/2024/04/optimized-mwg_1603-1190x558.jpg HTTP/2.0" 500 3098 "https://ncdc.go.ug/" "Mozilla/5.0 (Windows NT 10.0; Win64; x64) AppleWebKit/537.36 (KHTML, like Gecko) Chrome/131.0.0.0 Safari/537.36"
86.169.254.104 - - [11/Jan/2025:18:58:31 +0300] "GET /wp-content/uploads/2024/08/AEP-IRE-LEVEL-3-SYLLABUS.png HTTP/2.0" 500 3098 "https://ncdc.go.ug/" "Mozilla/5.0 (Windows NT 10.0; Win64; x64) AppleWebKit/537.36 (KHTML, like Gecko) Chrome/131.0.0.0 Safari/537.36"
86.169.254.104 - - [11/Jan/2025:18:58:31 +0300] "GET /wp-content/uploads/2024/08/AEP-CAPEs-LEVEL-2.png HTTP/2.0" 500 3098 "https://ncdc.go.ug/" "Mozilla/5.0 (Windows NT 10.0; Win64; x64) AppleWebKit/537.36 (KHTML, like Gecko) Chrome/131.0.0.0 Safari/537.36"
86.169.254.104 - - [11/Jan/2025:18:58:31 +0300] "GET /wp-content/uploads/2019/03/map-ft.png HTTP/2.0" 500 3098 "https://ncdc.go.ug/wp-content/cache/wpo-minify/1736596187/assets/wpo-minify-header-2701056f.min.css" "Mozilla/5.0 (Windows NT 10.0; Win64; x64) AppleWebKit/537.36 (KHTML, like Gecko) Chrome/131.0.0.0 Safari/537.36"
86.169.254.104 - - [11/Jan/2025:18:58:31 +0300] "GET /wp-content/uploads/2024/08/IMG_6950-scaled-800x400.jpg HTTP/2.0" 500 3098 "https://ncdc.go.ug/" "Mozilla/5.0 (Windows NT 10.0; Win64; x64) AppleWebKit/537.36 (KHTML, like Gecko) Chrome/131.0.0.0 Safari/537.36"
86.169.254.104 - - [11/Jan/2025:18:58:31 +0300] "GET /wp-content/uploads/2024/08/AEP-INTEGRATED-SCIENCE-LEVEL-23.png HTTP/2.0" 500 3098 "https://ncdc.go.ug/" "Mozilla/5.0 (Windows NT 10.0; Win64; x64) AppleWebKit/537.36 (KHTML, like Gecko) Chrome/131.0.0.0 Safari/537.36"
86.169.254.104 - - [11/Jan/2025:18:58:31 +0300] "GET /wp-content/uploads/2024/01/ugflagstrip.png HTTP/2.0" 500 3098 "https://ncdc.go.ug/" "Mozilla/5.0 (Windows NT 10.0; Win64; x64) AppleWebKit/537.36 (KHTML, like Gecko) Chrome/131.0.0.0 Safari/537.36"
86.169.254.104 - - [11/Jan/2025:18:58:31 +0300] "GET /wp-content/uploads/2024/08/IMG_6338-scaled-800x400.jpg HTTP/2.0" 500 3098 "https://ncdc.go.ug/" "Mozilla/5.0 (Windows NT 10.0; Win64; x64) AppleWebKit/537.36 (KHTML, like Gecko) Chrome/131.0.0.0 Safari/537.36"
86.169.254.104 - - [11/Jan/2025:18:58:31 +0300] "GET /wp-content/uploads/2024/08/AEP-Mathematics-Level-2-3-Syllabus.png HTTP/2.0" 500 3098 "https://ncdc.go.ug/" "Mozilla/5.0 (Windows NT 10.0; Win64; x64) AppleWebKit/537.36 (KHTML, like Gecko) Chrome/131.0.0.0 Safari/537.36"
86.169.254.104 - - [11/Jan/2025:18:58:32 +0300] "GET /wp-content/plugins/revslider/sr6/assets/assets/loader.gif HTTP/2.0" 500 3098 "https://ncdc.go.ug/wp-content/cache/wpo-minify/1736596187/assets/wpo-minify-footer-ad5f7fd1.min.css" "Mozilla/5.0 (Windows NT 10.0; Win64; x64) AppleWebKit/537.36 (KHTML, like Gecko) Chrome/131.0.0.0 Safari/537.36"
86.169.254.104 - - [11/Jan/2025:18:58:31 +0300] "GET /wp-content/uploads/2024/08/AEP-ENGLISH-LANGUAGE-LEVEL-2-3.png HTTP/2.0" 500 3098 "https://ncdc.go.ug/" "Mozilla/5.0 (Windows NT 10.0; Win64; x64) AppleWebKit/537.36 (KHTML, like Gecko) Chrome/131.0.0.0 Safari/537.36"
86.169.254.104 - - [11/Jan/2025:18:58:31 +0300] "GET /wp-content/uploads/2023/04/abstract-cover-547x400.jpg HTTP/2.0" 500 3098 "https://ncdc.go.ug/" "Mozilla/5.0 (Windows NT 10.0; Win64; x64) AppleWebKit/537.36 (KHTML, like Gecko) Chrome/131.0.0.0 Safari/537.36"
86.169.254.104 - - [11/Jan/2025:18:58:31 +0300] "GET /wp-content/uploads/2024/08/IMG_6876-scaled-800x400.jpg HTTP/2.0" 500 3098 "https://ncdc.go.ug/" "Mozilla/5.0 (Windows NT 10.0; Win64; x64) AppleWebKit/537.36 (KHTML, like Gecko) Chrome/131.0.0.0 Safari/537.36"
86.169.254.104 - - [11/Jan/2025:18:58:32 +0300] "GET /wp-content/plugins/folder-slider/jquery.bxslider/images/bx_loader.gif HTTP/2.0" 500 3098 "https://ncdc.go.ug/wp-content/cache/wpo-minify/1736596187/assets/wpo-minify-header-2701056f.min.css" "Mozilla/5.0 (Windows NT 10.0; Win64; x64) AppleWebKit/537.36 (KHTML, like Gecko) Chrome/131.0.0.0 Safari/537.36"
86.169.254.104 - - [11/Jan/2025:18:58:32 +0300] "GET /wp-content/uploads/2024/06/Asset-12@4x_-2.png HTTP/2.0" 500 3098 "https://ncdc.go.ug/" "Mozilla/5.0 (Windows NT 10.0; Win64; x64) AppleWebKit/537.36 (KHTML, like Gecko) Chrome/131.0.0.0 Safari/537.36"
86.169.254.104 - - [11/Jan/2025:18:58:32 +0300] "GET /wp-content/plugins/elementor/assets/lib/share-link/share-link.min.js?ver=3.26.4 HTTP/2.0" 500 3098 "https://ncdc.go.ug/" "Mozilla/5.0 (Windows NT 10.0; Win64; x64) AppleWebKit/537.36 (KHTML, like Gecko) Chrome/131.0.0.0 Safari/537.36"
86.169.254.104 - - [11/Jan/2025:18:58:32 +0300] "GET /wp-content/plugins/fuse-social-floating-sidebar/inc/font-awesome/fonts/fontawesome-webfont.woff2 HTTP/2.0" 500 3098 "https://ncdc.go.ug/wp-content/cache/wpo-minify/1736596187/assets/wpo-minify-header-2701056f.min.css" "Mozilla/5.0 (Windows NT 10.0; Win64; x64) AppleWebKit/537.36 (KHTML, like Gecko) Chrome/131.0.0.0 Safari/537.36"
86.169.254.104 - - [11/Jan/2025:18:58:32 +0300] "GET /wp-content/plugins/elementor/assets/js/lightbox.02f75f989ef2fbab5147.bundle.min.js HTTP/2.0" 500 3098 "https://ncdc.go.ug/" "Mozilla/5.0 (Windows NT 10.0; Win64; x64) AppleWebKit/537.36 (KHTML, like Gecko) Chrome/131.0.0.0 Safari/537.36"
86.169.254.104 - - [11/Jan/2025:18:58:32 +0300] "GET /wp-content/plugins/elementor/assets/lib/swiper/v8/css/swiper.min.css?ver=8.4.5 HTTP/2.0" 500 3098 "https://ncdc.go.ug/" "Mozilla/5.0 (Windows NT 10.0; Win64; x64) AppleWebKit/537.36 (KHTML, like Gecko) Chrome/131.0.0.0 Safari/537.36"
86.169.254.104 - - [11/Jan/2025:18:58:32 +0300] "GET /wp-content/uploads/2024/01/court_of_arms-150x150.png HTTP/2.0" 500 3098 "https://ncdc.go.ug/" "Mozilla/5.0 (Windows NT 10.0; Win64; x64) AppleWebKit/537.36 (KHTML, like Gecko) Chrome/131.0.0.0 Safari/537.36"
86.169.254.104 - - [11/Jan/2025:18:58:32 +0300] "GET /wp-content/plugins/elementor/assets/lib/dialog/dialog.min.js?ver=4.9.3 HTTP/2.0" 500 3098 "https://ncdc.go.ug/" "Mozilla/5.0 (Windows NT 10.0; Win64; x64) AppleWebKit/537.36 (KHTML, like Gecko) Chrome/131.0.0.0 Safari/537.36"
86.169.254.104 - - [11/Jan/2025:18:58:32 +0300] "GET /wp-content/uploads/2024/06/Asset-15@4x_.png HTTP/2.0" 500 3098 "https://ncdc.go.ug/" "Mozilla/5.0 (Windows NT 10.0; Win64; x64) AppleWebKit/537.36 (KHTML, like Gecko) Chrome/131.0.0.0 Safari/537.36"
86.169.254.104 - - [11/Jan/2025:18:58:32 +0300] "GET /wp-content/plugins/revslider/sr6/assets/fonts/revicons/revicons.woff HTTP/2.0" 500 3098 "https://ncdc.go.ug/wp-content/cache/wpo-minify/1736596187/assets/wpo-minify-footer-ad5f7fd1.min.css" "Mozilla/5.0 (Windows NT 10.0; Win64; x64) AppleWebKit/537.36 (KHTML, like Gecko) Chrome/131.0.0.0 Safari/537.36"
86.169.254.104 - - [11/Jan/2025:18:58:32 +0300] "GET /wp-content/plugins/elementor/assets/css/conditionals/dialog.min.css?ver=3.26.4 HTTP/2.0" 500 3098 "https://ncdc.go.ug/" "Mozilla/5.0 (Windows NT 10.0; Win64; x64) AppleWebKit/537.36 (KHTML, like Gecko) Chrome/131.0.0.0 Safari/537.36"
86.169.254.104 - - [11/Jan/2025:18:58:31 +0300] "GET /wp-content/plugins/js_composer/assets/lib/vendor/node_modules/@fortawesome/fontawesome-free/webfonts/fa-solid-900.woff2 HTTP/2.0" 500 3098 "https://ncdc.go.ug/wp-content/cache/wpo-minify/1736596187/assets/wpo-minify-footer-ad5f7fd1.min.css" "Mozilla/5.0 (Windows NT 10.0; Win64; x64) AppleWebKit/537.36 (KHTML, like Gecko) Chrome/131.0.0.0 Safari/537.36"
86.169.254.104 - - [11/Jan/2025:18:58:34 +0300] "GET /wp-content/plugins/js_composer/assets/lib/vendor/node_modules/@fortawesome/fontawesome-free/webfonts/fa-brands-400.woff HTTP/2.0" 500 3098 "https://ncdc.go.ug/wp-content/cache/wpo-minify/1736596187/assets/wpo-minify-footer-ad5f7fd1.min.css" "Mozilla/5.0 (Windows NT 10.0; Win64; x64) AppleWebKit/537.36 (KHTML, like Gecko) Chrome/131.0.0.0 Safari/537.36"
86.169.254.104 - - [11/Jan/2025:18:58:32 +0300] "GET /wp-content/uploads/2024/05/telephone-300x300.png HTTP/2.0" 500 3098 "https://ncdc.go.ug/" "Mozilla/5.0 (Windows NT 10.0; Win64; x64) AppleWebKit/537.36 (KHTML, like Gecko) Chrome/131.0.0.0 Safari/537.36"
86.169.254.104 - - [11/Jan/2025:18:58:32 +0300] "GET /wp-content/plugins/elementor/assets/css/conditionals/lightbox.min.css?ver=3.26.4 HTTP/2.0" 500 3098 "https://ncdc.go.ug/" "Mozilla/5.0 (Windows NT 10.0; Win64; x64) AppleWebKit/537.36 (KHTML, like Gecko) Chrome/131.0.0.0 Safari/537.36"
86.169.254.104 - - [11/Jan/2025:18:58:32 +0300] "GET /wp-content/uploads/2024/04/Asset-5@4x-100-scaled.jpg HTTP/2.0" 500 3098 "https://ncdc.go.ug/" "Mozilla/5.0 (Windows NT 10.0; Win64; x64) AppleWebKit/537.36 (KHTML, like Gecko) Chrome/131.0.0.0 Safari/537.36"
86.169.254.104 - - [11/Jan/2025:18:58:32 +0300] "GET /wp-content/uploads/2024/06/Button.png HTTP/2.0" 500 3098 "https://ncdc.go.ug/" "Mozilla/5.0 (Windows NT 10.0; Win64; x64) AppleWebKit/537.36 (KHTML, like Gecko) Chrome/131.0.0.0 Safari/537.36"
86.169.254.104 - - [11/Jan/2025:18:58:32 +0300] "GET /wp-content/uploads/2024/04/border.png HTTP/2.0" 500 3098 "https://ncdc.go.ug/" "Mozilla/5.0 (Windows NT 10.0; Win64; x64) AppleWebKit/537.36 (KHTML, like Gecko) Chrome/131.0.0.0 Safari/537.36"
86.169.254.104 - - [11/Jan/2025:18:58:32 +0300] "GET /wp-content/plugins/elementor/assets/js/text-editor.2cbb801863b5118e0825.bundle.min.js HTTP/2.0" 500 3098 "https://ncdc.go.ug/" "Mozilla/5.0 (Windows NT 10.0; Win64; x64) AppleWebKit/537.36 (KHTML, like Gecko) Chrome/131.0.0.0 Safari/537.36"
86.169.254.104 - - [11/Jan/2025:18:58:32 +0300] "GET /wp-content/plugins/folder-slider/jquery.bxslider/images/controls.png HTTP/2.0" 500 3098 "https://ncdc.go.ug/wp-content/cache/wpo-minify/1736596187/assets/wpo-minify-header-2701056f.min.css" "Mozilla/5.0 (Windows NT 10.0; Win64; x64) AppleWebKit/537.36 (KHTML, like Gecko) Chrome/131.0.0.0 Safari/537.36"
86.169.254.104 - - [11/Jan/2025:18:58:36 +0300] "GET /wp-content/uploads/2024/06/Asset-12@4x_-2.png HTTP/2.0" 500 3098 "https://ncdc.go.ug/" "Mozilla/5.0 (Windows NT 10.0; Win64; x64) AppleWebKit/537.36 (KHTML, like Gecko) Chrome/131.0.0.0 Safari/537.36"
86.169.254.104 - - [11/Jan/2025:18:58:32 +0300] "GET /wp-content/uploads/2024/05/email-300x221.png HTTP/2.0" 500 3098 "https://ncdc.go.ug/" "Mozilla/5.0 (Windows NT 10.0; Win64; x64) AppleWebKit/537.36 (KHTML, like Gecko) Chrome/131.0.0.0 Safari/537.36"
86.169.254.104 - - [11/Jan/2025:18:58:36 +0300] "GET /wp-content/plugins/fuse-social-floating-sidebar/inc/font-awesome/fonts/fontawesome-webfont.woff HTTP/2.0" 500 3098 "https://ncdc.go.ug/wp-content/cache/wpo-minify/1736596187/assets/wpo-minify-header-2701056f.min.css" "Mozilla/5.0 (Windows NT 10.0; Win64; x64) AppleWebKit/537.36 (KHTML, like Gecko) Chrome/131.0.0.0 Safari/537.36"
86.169.254.104 - - [11/Jan/2025:18:58:37 +0300] "GET /wp-content/plugins/revslider/sr6/assets/fonts/revicons/revicons.ttf HTTP/2.0" 500 3098 "https://ncdc.go.ug/wp-content/cache/wpo-minify/1736596187/assets/wpo-minify-footer-ad5f7fd1.min.css" "Mozilla/5.0 (Windows NT 10.0; Win64; x64) AppleWebKit/537.36 (KHTML, like Gecko) Chrome/131.0.0.0 Safari/537.36"
86.169.254.104 - - [11/Jan/2025:18:58:37 +0300] "GET /wp-content/uploads/2024/06/Asset-15@4x_.png HTTP/2.0" 500 3098 "https://ncdc.go.ug/" "Mozilla/5.0 (Windows NT 10.0; Win64; x64) AppleWebKit/537.36 (KHTML, like Gecko) Chrome/131.0.0.0 Safari/537.36"
86.169.254.104 - - [11/Jan/2025:18:58:37 +0300] "GET /wp-content/uploads/2024/06/Asset-12@4x_.png HTTP/2.0" 500 3098 "https://ncdc.go.ug/" "Mozilla/5.0 (Windows NT 10.0; Win64; x64) AppleWebKit/537.36 (KHTML, like Gecko) Chrome/131.0.0.0 Safari/537.36"
86.169.254.104 - - [11/Jan/2025:18:58:37 +0300] "GET /wp-content/plugins/js_composer/assets/lib/vendor/node_modules/@fortawesome/fontawesome-free/webfonts/fa-brands-400.ttf HTTP/2.0" 500 3098 "https://ncdc.go.ug/wp-content/cache/wpo-minify/1736596187/assets/wpo-minify-footer-ad5f7fd1.min.css" "Mozilla/5.0 (Windows NT 10.0; Win64; x64) AppleWebKit/537.36 (KHTML, like Gecko) Chrome/131.0.0.0 Safari/537.36"
86.169.254.104 - - [11/Jan/2025:18:58:37 +0300] "GET /wp-content/plugins/js_composer/assets/lib/vendor/node_modules/@fortawesome/fontawesome-free/webfonts/fa-solid-900.woff HTTP/2.0" 500 3098 "https://ncdc.go.ug/wp-content/cache/wpo-minify/1736596187/assets/wpo-minify-footer-ad5f7fd1.min.css" "Mozilla/5.0 (Windows NT 10.0; Win64; x64) AppleWebKit/537.36 (KHTML, like Gecko) Chrome/131.0.0.0 Safari/537.36"
86.169.254.104 - - [11/Jan/2025:18:58:38 +0300] "GET /wp-content/uploads/2024/04/Asset-5@4x-100-scaled.jpg HTTP/2.0" 500 3098 "https://ncdc.go.ug/" "Mozilla/5.0 (Windows NT 10.0; Win64; x64) AppleWebKit/537.36 (KHTML, like Gecko) Chrome/131.0.0.0 Safari/537.36"
86.169.254.104 - - [11/Jan/2025:18:58:38 +0300] "GET /wp-content/uploads/2024/04/border.png HTTP/2.0" 500 3098 "https://ncdc.go.ug/" "Mozilla/5.0 (Windows NT 10.0; Win64; x64) AppleWebKit/537.36 (KHTML, like Gecko) Chrome/131.0.0.0 Safari/537.36"
86.169.254.104 - - [11/Jan/2025:18:58:38 +0300] "GET /wp-content/uploads/2024/06/Button.png HTTP/2.0" 500 3098 "https://ncdc.go.ug/" "Mozilla/5.0 (Windows NT 10.0; Win64; x64) AppleWebKit/537.36 (KHTML, like Gecko) Chrome/131.0.0.0 Safari/537.36"
86.169.254.104 - - [11/Jan/2025:18:58:39 +0300] "GET /wp-content/plugins/fuse-social-floating-sidebar/inc/font-awesome/fonts/fontawesome-webfont.ttf HTTP/2.0" 500 3098 "https://ncdc.go.ug/wp-content/cache/wpo-minify/1736596187/assets/wpo-minify-header-2701056f.min.css" "Mozilla/5.0 (Windows NT 10.0; Win64; x64) AppleWebKit/537.36 (KHTML, like Gecko) Chrome/131.0.0.0 Safari/537.36"
86.169.254.104 - - [11/Jan/2025:18:58:39 +0300] "GET /wp-content/uploads/2024/06/Asset-12@4x_.png HTTP/2.0" 500 3098 "https://ncdc.go.ug/" "Mozilla/5.0 (Windows NT 10.0; Win64; x64) AppleWebKit/537.36 (KHTML, like Gecko) Chrome/131.0.0.0 Safari/537.36"
86.169.254.104 - - [11/Jan/2025:18:58:39 +0300] "GET /wp-content/uploads/2024/06/Asset-14@4x_.png HTTP/2.0" 500 3098 "https://ncdc.go.ug/" "Mozilla/5.0 (Windows NT 10.0; Win64; x64) AppleWebKit/537.36 (KHTML, like Gecko) Chrome/131.0.0.0 Safari/537.36"
86.169.254.104 - - [11/Jan/2025:18:58:39 +0300] "GET /wp-content/uploads/2024/06/Asset-16@4x_.png HTTP/2.0" 500 3098 "https://ncdc.go.ug/" "Mozilla/5.0 (Windows NT 10.0; Win64; x64) AppleWebKit/537.36 (KHTML, like Gecko) Chrome/131.0.0.0 Safari/537.36"
86.169.254.104 - - [11/Jan/2025:18:58:39 +0300] "GET /wp-content/uploads/2024/05/IMG_5496-transformed-2048x1365.jpeg HTTP/2.0" 500 3098 "https://ncdc.go.ug/" "Mozilla/5.0 (Windows NT 10.0; Win64; x64) AppleWebKit/537.36 (KHTML, like Gecko) Chrome/131.0.0.0 Safari/537.36"
86.169.254.104 - - [11/Jan/2025:18:58:39 +0300] "GET /wp-content/plugins/js_composer/assets/lib/vendor/node_modules/@fortawesome/fontawesome-free/webfonts/fa-solid-900.ttf HTTP/2.0" 500 3098 "https://ncdc.go.ug/wp-content/cache/wpo-minify/1736596187/assets/wpo-minify-footer-ad5f7fd1.min.css" "Mozilla/5.0 (Windows NT 10.0; Win64; x64) AppleWebKit/537.36 (KHTML, like Gecko) Chrome/131.0.0.0 Safari/537.36"
86.169.254.104 - - [11/Jan/2025:18:58:39 +0300] "GET /wp-content/uploads/2024/01/SliderStrip.png HTTP/2.0" 500 3098 "https://ncdc.go.ug/" "Mozilla/5.0 (Windows NT 10.0; Win64; x64) AppleWebKit/537.36 (KHTML, like Gecko) Chrome/131.0.0.0 Safari/537.36"
185.191.171.2 - - [11/Jan/2025:18:58:40 +0300] "GET /gallery/?50-conference-venue&ncdc-50-conference&ncdc-50-launch&ncdc-50-launch&sample&stepu&welcome-remarks%3F31 HTTP/1.1" 200 2017 "-" "Mozilla/5.0 (compatible; SemrushBot/7~bl; +http://www.semrush.com/bot.html)"
86.169.254.104 - - [11/Jan/2025:18:58:40 +0300] "GET /wp-content/uploads/2024/06/Asset-16@4x_.png HTTP/2.0" 500 3098 "https://ncdc.go.ug/" "Mozilla/5.0 (Windows NT 10.0; Win64; x64) AppleWebKit/537.36 (KHTML, like Gecko) Chrome/131.0.0.0 Safari/537.36"
86.169.254.104 - - [11/Jan/2025:18:58:40 +0300] "GET /wp-content/uploads/2024/06/Asset-14@4x_.png HTTP/2.0" 500 3098 "https://ncdc.go.ug/" "Mozilla/5.0 (Windows NT 10.0; Win64; x64) AppleWebKit/537.36 (KHTML, like Gecko) Chrome/131.0.0.0 Safari/537.36"
86.169.254.104 - - [11/Jan/2025:18:58:40 +0300] "GET /wp-content/uploads/2024/05/IMG_5496-transformed-2048x1365.jpeg HTTP/2.0" 500 3098 "https://ncdc.go.ug/" "Mozilla/5.0 (Windows NT 10.0; Win64; x64) AppleWebKit/537.36 (KHTML, like Gecko) Chrome/131.0.0.0 Safari/537.36"
86.169.254.104 - - [11/Jan/2025:18:58:40 +0300] "GET /wp-content/uploads/2024/01/SliderStrip.png HTTP/2.0" 500 3098 "https://ncdc.go.ug/" "Mozilla/5.0 (Windows NT 10.0; Win64; x64) AppleWebKit/537.36 (KHTML, like Gecko) Chrome/131.0.0.0 Safari/537.36"
86.169.254.104 - - [11/Jan/2025:18:58:41 +0300] "POST /mod_pagespeed_beacon?url=https%3A%2F%2Fncdc.go.ug%2F HTTP/2.0" 400 - "https://ncdc.go.ug/" "Mozilla/5.0 (Windows NT 10.0; Win64; x64) AppleWebKit/537.36 (KHTML, like Gecko) Chrome/131.0.0.0 Safari/537.36"
86.169.254.104 - - [11/Jan/2025:18:58:41 +0300] "GET /wp-content/uploads/2024/01/favicon-150x150.png HTTP/2.0" 500 3098 "https://ncdc.go.ug/" "Mozilla/5.0 (Windows NT 10.0; Win64; x64) AppleWebKit/537.36 (KHTML, like Gecko) Chrome/131.0.0.0 Safari/537.36"
86.169.254.104 - - [11/Jan/2025:18:58:41 +0300] "GET /wp-content/uploads/2024/01/favicon.png HTTP/2.0" 500 3098 "https://ncdc.go.ug/" "Mozilla/5.0 (Windows NT 10.0; Win64; x64) AppleWebKit/537.36 (KHTML, like Gecko) Chrome/131.0.0.0 Safari/537.36"
185.191.171.1 - - [11/Jan/2025:18:58:45 +0300] "GET /gallery?about-the-conference&job-fair&ncdc-50-conference&ncdc-50-conference&ncdc-50-conference&ncdc-50-launch&ncdc-50-launch&sample HTTP/1.1" 200 2016 "-" "Mozilla/5.0 (compatible; SemrushBot/7~bl; +http://www.semrush.com/bot.html)"
86.169.254.104 - - [11/Jan/2025:18:58:49 +0300] "GET /wp-content/uploads/2024/05/Asset-11@3x.png HTTP/2.0" 200 103454 "https://ncdc.go.ug/" "Mozilla/5.0 (Windows NT 10.0; Win64; x64) AppleWebKit/537.36 (KHTML, like Gecko) Chrome/131.0.0.0 Safari/537.36"
86.169.254.104 - - [11/Jan/2025:18:58:49 +0300] "GET /wp-content/uploads/2024/04/Asset-2@4x-768x172.png HTTP/2.0" 200 10409 "https://ncdc.go.ug/" "Mozilla/5.0 (Windows NT 10.0; Win64; x64) AppleWebKit/537.36 (KHTML, like Gecko) Chrome/131.0.0.0 Safari/537.36"
86.169.254.104 - - [11/Jan/2025:18:58:49 +0300] "GET /wp-content/uploads/2024/04/bottom-border.png HTTP/2.0" 200 962 "https://ncdc.go.ug/" "Mozilla/5.0 (Windows NT 10.0; Win64; x64) AppleWebKit/537.36 (KHTML, like Gecko) Chrome/131.0.0.0 Safari/537.36"
86.169.254.104 - - [11/Jan/2025:18:58:49 +0300] "GET /wp-content/uploads/2024/05/Asset-12@3x.png HTTP/2.0" 200 202517 "https://ncdc.go.ug/" "Mozilla/5.0 (Windows NT 10.0; Win64; x64) AppleWebKit/537.36 (KHTML, like Gecko) Chrome/131.0.0.0 Safari/537.36"
86.169.254.104 - - [11/Jan/2025:18:58:49 +0300] "GET /wp-content/uploads/2024/04/Asset-2@4x.png HTTP/2.0" 200 7483 "https://ncdc.go.ug/" "Mozilla/5.0 (Windows NT 10.0; Win64; x64) AppleWebKit/537.36 (KHTML, like Gecko) Chrome/131.0.0.0 Safari/537.36"
86.169.254.104 - - [11/Jan/2025:18:58:56 +0300] "GET /2024/04/03/alevel-literature-in-english-set-books-2024-2028/ HTTP/2.0" 500 3098 "https://ncdc.go.ug/" "Mozilla/5.0 (Windows NT 10.0; Win64; x64) AppleWebKit/537.36 (KHTML, like Gecko) Chrome/131.0.0.0 Safari/537.36"
86.169.254.104 - - [11/Jan/2025:18:58:56 +0300] "GET /favicon.ico HTTP/2.0" 500 3098 "https://ncdc.go.ug/2024/04/03/alevel-literature-in-english-set-books-2024-2028/" "Mozilla/5.0 (Windows NT 10.0; Win64; x64) AppleWebKit/537.36 (KHTML, like Gecko) Chrome/131.0.0.0 Safari/537.36"
154.72.192.35 - - [11/Jan/2025:18:59:03 +0300] "HEAD / HTTP/1.1" 200 - "-" "Uptime-Kuma/1.23.11"
57.141.5.22 - - [11/Jan/2025:18:59:03 +0300] "GET /wp-json/oembed/1.0/embed?url=https%3A%2F%2Fncdc.go.ug%2Fbooks%2F3516-2%2F HTTP/2.0" 200 30636 "-" "meta-externalagent/1.1 (+https://developers.facebook.com/docs/sharing/webmasters/crawler)"
86.169.254.104 - - [11/Jan/2025:18:59:05 +0300] "GET /wp-content/uploads/2024/01/favicon-150x150.png HTTP/2.0" 200 6300 "https://ncdc.go.ug/" "Mozilla/5.0 (Windows NT 10.0; Win64; x64) AppleWebKit/537.36 (KHTML, like Gecko) Chrome/131.0.0.0 Safari/537.36"
86.169.254.104 - - [11/Jan/2025:18:59:05 +0300] "GET /wp-content/plugins/folder-slider/jquery.bxslider/images/controls.png HTTP/2.0" 200 2806 "https://ncdc.go.ug/wp-content/cache/wpo-minify/1736596187/assets/wpo-minify-header-2701056f.min.css" "Mozilla/5.0 (Windows NT 10.0; Win64; x64) AppleWebKit/537.36 (KHTML, like Gecko) Chrome/131.0.0.0 Safari/537.36"
185.191.171.12 - - [11/Jan/2025:18:59:06 +0300] "GET /gallery/?aca&instructional-materials-unit&ncdc-50-launch&ncdc-50-launch&ncdc-50-launch&parliament&sample%3F150 HTTP/1.1" 200 2017 "-" "Mozilla/5.0 (compatible; SemrushBot/7~bl; +http://www.semrush.com/bot.html)"
86.169.254.104 - - [11/Jan/2025:18:59:06 +0300] "GET /wp-content/uploads/2024/01/website_banner-01-scaled.jpg HTTP/2.0" 200 498006 "https://ncdc.go.ug/" "Mozilla/5.0 (Windows NT 10.0; Win64; x64) AppleWebKit/537.36 (KHTML, like Gecko) Chrome/131.0.0.0 Safari/537.36"
145.239.154.4 - - [11/Jan/2025:18:59:10 +0300] "POST /xmlrpc.php HTTP/1.1" 200 2018 "-" "Mozilla/5.0 (Windows NT 10.0; WOW64) AppleWebKit/537.36 (KHTML, like Gecko) Chrome/62.0.3202.9 Safari/537.36"
86.169.254.104 - - [11/Jan/2025:18:59:10 +0300] "GET /2024/04/03/alevel-literature-in-english-set-books-2024-2028/ HTTP/2.0" 500 3098 "https://ncdc.go.ug/" "Mozilla/5.0 (Windows NT 10.0; Win64; x64) AppleWebKit/537.36 (KHTML, like Gecko) Chrome/131.0.0.0 Safari/537.36"
86.169.254.104 - - [11/Jan/2025:18:59:11 +0300] "GET /favicon.ico HTTP/2.0" 500 3098 "https://ncdc.go.ug/2024/04/03/alevel-literature-in-english-set-books-2024-2028/" "Mozilla/5.0 (Windows NT 10.0; Win64; x64) AppleWebKit/537.36 (KHTML, like Gecko) Chrome/131.0.0.0 Safari/537.36"
85.208.96.196 - - [11/Jan/2025:18:59:14 +0300] "GET /gallery?ncdc-50-conference&ncdc-50-launch&ncdc-50-launch&ncdc-50-launch&parliament&sample%3F21&welcome-remarks%3F5 HTTP/1.1" 200 2018 "-" "Mozilla/5.0 (compatible; SemrushBot/7~bl; +http://www.semrush.com/bot.html)"
86.169.254.104 - - [11/Jan/2025:18:59:15 +0300] "POST /2024/04/03/alevel-literature-in-english-set-books-2024-2028/ HTTP/2.0" 200 2036 "https://ncdc.go.ug/2024/04/03/alevel-literature-in-english-set-books-2024-2028/" "Mozilla/5.0 (Windows NT 10.0; Win64; x64) AppleWebKit/537.36 (KHTML, like Gecko) Chrome/131.0.0.0 Safari/537.36"
86.169.254.104 - - [11/Jan/2025:18:59:16 +0300] "GET /favicon.ico HTTP/2.0" 500 3098 "https://ncdc.go.ug/2024/04/03/alevel-literature-in-english-set-books-2024-2028/" "Mozilla/5.0 (Windows NT 10.0; Win64; x64) AppleWebKit/537.36 (KHTML, like Gecko) Chrome/131.0.0.0 Safari/537.36"
185.191.171.17 - - [11/Jan/2025:18:59:19 +0300] "GET /gallery/?job-fair&job-fair&job-fair&parliament&refresher-training-for-centre-coordinating-tutors-ccts&sample%3F21%3F31 HTTP/1.1" 200 2016 "-" "Mozilla/5.0 (compatible; SemrushBot/7~bl; +http://www.semrush.com/bot.html)"
57.141.5.6 - - [11/Jan/2025:18:59:22 +0300] "GET /wp-content/plugins/extensive-vc-addon/shortcodes/image-gallery/templates/?C=S;O=D HTTP/2.0" 200 1374 "-" "meta-externalagent/1.1 (+https://developers.facebook.com/docs/sharing/webmasters/crawler)"
86.169.254.104 - - [11/Jan/2025:18:59:24 +0300] "GET /2024/04/03/alevel-literature-in-english-set-books-2024-2028/ HTTP/2.0" 500 3098 "https://ncdc.go.ug/" "Mozilla/5.0 (Windows NT 10.0; Win64; x64) AppleWebKit/537.36 (KHTML, like Gecko) Chrome/131.0.0.0 Safari/537.36"
86.169.254.104 - - [11/Jan/2025:18:59:24 +0300] "GET /favicon.ico HTTP/2.0" 500 3098 "https://ncdc.go.ug/2024/04/03/alevel-literature-in-english-set-books-2024-2028/" "Mozilla/5.0 (Windows NT 10.0; Win64; x64) AppleWebKit/537.36 (KHTML, like Gecko) Chrome/131.0.0.0 Safari/537.36"
85.208.96.212 - - [11/Jan/2025:18:59:37 +0300] "GET /gallery/?ncdc-50-conference&ncdc-50-launch&sample&stepu&teacher-training-on-abridged-curriculum-2&welcome-remarks%3F30 HTTP/1.1" 200 2018 "-" "Mozilla/5.0 (compatible; SemrushBot/7~bl; +http://www.semrush.com/bot.html)"
85.208.96.199 - - [11/Jan/2025:18:59:39 +0300] "GET /gallery?aca&aca&ncdc-50-conference&sample%3F20&stepu&visit-by-ps&welcome-remarks%3Ftraining-on-abridged-curriculum HTTP/1.1" 200 2018 "-" "Mozilla/5.0 (compatible; SemrushBot/7~bl; +http://www.semrush.com/bot.html)"
185.191.171.13 - - [11/Jan/2025:18:59:44 +0300] "GET /gallery/?aca&job-fair&job-fair&job-fair&job-fair&ncdc-50-conference&ncdc-50-launch&sample&stepu HTTP/1.1" 200 2017 "-" "Mozilla/5.0 (compatible; SemrushBot/7~bl; +http://www.semrush.com/bot.html)"
85.208.96.195 - - [11/Jan/2025:18:59:48 +0300] "GET /gallery?ncdc-50-conference&parliament&parliament&sample%3F22&thanks&thanks&visit-by-ps&welcome-remarks%3F27 HTTP/1.1" 200 2018 "-" "Mozilla/5.0 (compatible; SemrushBot/7~bl; +http://www.semrush.com/bot.html)"
185.191.171.9 - - [11/Jan/2025:18:59:54 +0300] "GET /gallery?government-trains-teachers-lab-technicians&job-fair&ncdc-50-conference&parliament&sample%3F22&welcome-remarks%3F28 HTTP/1.1" 200 2017 "-" "Mozilla/5.0 (compatible; SemrushBot/7~bl; +http://www.semrush.com/bot.html)"
154.72.192.35 - - [11/Jan/2025:19:00:03 +0300] "HEAD / HTTP/1.1" 200 - "-" "Uptime-Kuma/1.23.11"
185.191.171.6 - - [11/Jan/2025:19:00:04 +0300] "GET /gallery/?about-the-conference&chief-guest&ncdc-50-conference&ncdc-50-conference&ncdc-50-launch&sample%3Fteacher-training-on-abridged-curriculum HTTP/1.1" 200 2017 "-" "Mozilla/5.0 (compatible; SemrushBot/7~bl; +http://www.semrush.com/bot.html)"
37.27.93.127 - - [11/Jan/2025:19:00:10 +0300] "GET /robots.txt HTTP/1.1" 200 2017 "-" "Mozilla/5.0 AppleWebKit/537.36 (KHTML, like Gecko; compatible; Bravebot/1.0; +https://search.brave.com/help/brave-search-crawler) Chrome/W.X.Y.Z Safari/537.36"
86.169.254.104 - - [11/Jan/2025:19:00:14 +0300] "GET /wp-content/uploads/2024/08/Social-Studies-Level-23_compressed-1.pdf HTTP/2.0" 200 267178 "-" "Mozilla/5.0 (Windows NT 10.0; Win64; x64) AppleWebKit/537.36 (KHTML, like Gecko) Chrome/131.0.0.0 Safari/537.36"
86.169.254.104 - - [11/Jan/2025:19:00:15 +0300] "GET /wp-content/uploads/2024/08/Social-Studies-Level-23_compressed-1.pdf HTTP/2.0" 200 1755774 "-" "Mozilla/5.0 (Windows NT 10.0; Win64; x64) AppleWebKit/537.36 (KHTML, like Gecko) Chrome/131.0.0.0 Safari/537.36"
85.208.96.197 - - [11/Jan/2025:19:00:17 +0300] "GET /gallery/?aca&aca&aca&instructional-materials-unit&refresher-training-for-centre-coordinating-tutors-ccts&sample%3F55 HTTP/1.1" 200 2018 "-" "Mozilla/5.0 (compatible; SemrushBot/7~bl; +http://www.semrush.com/bot.html)"
185.191.171.10 - - [11/Jan/2025:19:00:20 +0300] "GET /gallery?job-fair&ncdc-50-conference&ncdc-50-launch&sample%3F22&thanks&thanks&welcome-remarks%3Fncdc-50-group-photo HTTP/1.1" 200 2017 "-" "Mozilla/5.0 (compatible; SemrushBot/7~bl; +http://www.semrush.com/bot.html)"
3.20.63.178 - - [11/Jan/2025:19:00:20 +0300] "HEAD / HTTP/1.1" 200 - "https://ncdc.go.ug/" "Mozilla/5.0+(compatible; UptimeRobot/2.0; http://www.uptimerobot.com/)"
66.249.70.2 - - [11/Jan/2025:19:00:27 +0300] "GET /Backup29082024/installer.php?filesrc=/home/ncdcgo/public_html/wp-signup.php&path=/home/ncdcgo/public_html HTTP/1.1" 200 8777 "-" "Mozilla/5.0 (Linux; Android 6.0.1; Nexus 5X Build/MMB29P) AppleWebKit/537.36 (KHTML, like Gecko) Chrome/131.0.6778.264 Mobile Safari/537.36 (compatible; Googlebot/2.1; +http://www.google.com/bot.html)"
85.208.96.202 - - [11/Jan/2025:19:00:31 +0300] "GET /gallery?chief-guest&instructional-materials-unit&ncdc-50-conference&ncdc-50-launch&parliament&sample%3Fstate-minister-for-primary-launching-ncdc-50 HTTP/1.1" 200 2017 "-" "Mozilla/5.0 (compatible; SemrushBot/7~bl; +http://www.semrush.com/bot.html)"
86.169.254.104 - - [11/Jan/2025:19:00:36 +0300] "GET /resource/ HTTP/2.0" 500 3098 "https://ncdc.go.ug/" "Mozilla/5.0 (Windows NT 10.0; Win64; x64) AppleWebKit/537.36 (KHTML, like Gecko) Chrome/131.0.0.0 Safari/537.36"
86.169.254.104 - - [11/Jan/2025:19:00:36 +0300] "GET /favicon.ico HTTP/2.0" 500 3098 "https://ncdc.go.ug/resource/" "Mozilla/5.0 (Windows NT 10.0; Win64; x64) AppleWebKit/537.36 (KHTML, like Gecko) Chrome/131.0.0.0 Safari/537.36"
57.141.5.14 - - [11/Jan/2025:19:00:37 +0300] "GET /wp-json/oembed/1.0/embed?url=https%3A%2F%2Fncdc.go.ug%2Fbooks%2Fteachers-guide-2%2F HTTP/2.0" 200 30636 "-" "meta-externalagent/1.1 (+https://developers.facebook.com/docs/sharing/webmasters/crawler)"
185.191.171.17 - - [11/Jan/2025:19:00:39 +0300] "GET /gallery/?chief-guest&consultation-on-a-level-curriculum-review-2&job-fair&ncdc-50-conference&ncdc-collaboration&parliament&sample%3F30 HTTP/1.1" 200 2016 "-" "Mozilla/5.0 (compatible; SemrushBot/7~bl; +http://www.semrush.com/bot.html)"
57.141.5.5 - - [11/Jan/2025:19:00:41 +0300] "GET /wp-json/oembed/1.0/embed?url=https%3A%2F%2Fncdc.go.ug%2Fbooks%2Fchinese-syllabus-2%2F HTTP/2.0" 200 30635 "-" "meta-externalagent/1.1 (+https://developers.facebook.com/docs/sharing/webmasters/crawler)"
185.191.171.16 - - [11/Jan/2025:19:01:02 +0300] "GET /gallery?aca&aca&consultation-on-a-level-curriculum-review-2&job-fair&job-fair&ncdc-collaboration&sample%3Flunaching-of-ncdc-50-entertainment HTTP/1.1" 200 2017 "-" "Mozilla/5.0 (compatible; SemrushBot/7~bl; +http://www.semrush.com/bot.html)"
86.169.254.104 - - [11/Jan/2025:19:01:03 +0300] "GET /wp-content/uploads/2024/08/ENGLISH-LANGUAGE-level-23-min.pdf HTTP/2.0" 200 307658 "-" "Mozilla/5.0 (Windows NT 10.0; Win64; x64) AppleWebKit/537.36 (KHTML, like Gecko) Chrome/131.0.0.0 Safari/537.36"
154.72.192.35 - - [11/Jan/2025:19:01:04 +0300] "HEAD / HTTP/1.1" 200 - "-" "Uptime-Kuma/1.23.11"
86.169.254.104 - - [11/Jan/2025:19:01:03 +0300] "GET /wp-content/uploads/2024/08/ENGLISH-LANGUAGE-level-23-min.pdf HTTP/2.0" 200 2099705 "-" "Mozilla/5.0 (Windows NT 10.0; Win64; x64) AppleWebKit/537.36 (KHTML, like Gecko) Chrome/131.0.0.0 Safari/537.36"
185.191.171.6 - - [11/Jan/2025:19:01:12 +0300] "GET /gallery/?50-conference-venue&about-the-conference&instructional-materials-unit&ncdc-50-conference&sample%3F20%3Fteacher-training-on-abridged-curriculum HTTP/1.1" 200 2017 "-" "Mozilla/5.0 (compatible; SemrushBot/7~bl; +http://www.semrush.com/bot.html)"
3.12.251.153 - - [11/Jan/2025:19:01:21 +0300] "HEAD / HTTP/1.1" 200 - "https://ncdc.go.ug/" "Mozilla/5.0+(compatible; UptimeRobot/2.0; http://www.uptimerobot.com/)"
185.191.171.8 - - [11/Jan/2025:19:01:24 +0300] "GET /robots.txt HTTP/1.1" 200 2017 "-" "Mozilla/5.0 (compatible; SemrushBot/7~bl; +http://www.semrush.com/bot.html)"
85.208.96.212 - - [11/Jan/2025:19:01:25 +0300] "GET /gallery?50-conference-venue&aca&job-fair&job-fair&refresher-training-for-centre-coordinating-tutors-ccts&sample%3Ffacilitators-for-teacher-training HTTP/1.1" 200 2018 "-" "Mozilla/5.0 (compatible; SemrushBot/7~bl; +http://www.semrush.com/bot.html)"
77.75.76.165 - - [11/Jan/2025:19:01:26 +0300] "GET /category/news-events/ HTTP/1.1" 500 3096 "-" "Mozilla/5.0 (compatible; SeznamBot/4.0; +http://napoveda.seznam.cz/seznambot-intro/)"
47.128.29.66 - - [11/Jan/2025:19:01:52 +0300] "GET /?path=%2Fhome%2Fncdcgo%2Fpublic_html%2Fwp-admin HTTP/2.0" 200 3644 "-" "Mozilla/5.0 (Linux; Android 5.0) AppleWebKit/537.36 (KHTML, like Gecko) Mobile Safari/537.36 (compatible; Bytespider; spider-feedback@bytedance.com)"
5.161.241.28 - - [11/Jan/2025:19:01:54 +0300] "GET /content/certificate-courses HTTP/1.1" 500 3095 "-" "Mozilla/5.0 (Windows NT 10.0; Win64; x64) AppleWebKit/537.36 (KHTML, like Gecko) Chrome/84.0.4147.105 Safari/537.36"
31.13.103.113 - - [11/Jan/2025:19:01:59 +0300] "GET /books/chemistry-syllabus/ HTTP/2.0" 500 33363 "-" "meta-externalagent/1.1 (+https://developers.facebook.com/docs/sharing/webmasters/crawler)"
31.13.103.116 - - [11/Jan/2025:19:01:59 +0300] "GET /book-category/o-level-curriculum-revised-competency-based/ HTTP/2.0" 500 33363 "-" "meta-externalagent/1.1 (+https://developers.facebook.com/docs/sharing/webmasters/crawler)"
185.191.171.11 - - [11/Jan/2025:19:02:01 +0300] "GET /gallery?aca&chief-guest&job-fair&ncdc-50-conference&parliament&parliament&sample%3F20%3Fdirector-launching-ncdc-50 HTTP/1.1" 200 2017 "-" "Mozilla/5.0 (compatible; SemrushBot/7~bl; +http://www.semrush.com/bot.html)"
154.72.192.35 - - [11/Jan/2025:19:02:04 +0300] "HEAD / HTTP/1.1" 200 - "-" "Uptime-Kuma/1.23.11"
86.169.254.104 - - [11/Jan/2025:19:02:05 +0300] "GET /wp-content/uploads/2024/01/favicon.png HTTP/2.0" 200 4538 "https://ncdc.go.ug/" "Mozilla/5.0 (Windows NT 10.0; Win64; x64) AppleWebKit/537.36 (KHTML, like Gecko) Chrome/131.0.0.0 Safari/537.36"
85.208.96.196 - - [11/Jan/2025:19:02:06 +0300] "GET /2025/01/09/aktiviteter-plu-teambuilding/ HTTP/1.1" 500 2305 "-" "Mozilla/5.0 (compatible; SemrushBot/7~bl; +http://www.semrush.com/bot.html)"
85.208.96.210 - - [11/Jan/2025:19:02:10 +0300] "GET /gallery?50-conference-venue&chief-guest&job-fair&ncdc-50-conference&ncdc-collaboration&parliament&sample%3F22%3F34 HTTP/1.1" 200 2018 "-" "Mozilla/5.0 (compatible; SemrushBot/7~bl; +http://www.semrush.com/bot.html)"
108.61.201.55 - - [11/Jan/2025:19:02:21 +0300] "HEAD / HTTP/2.0" 200 - "-" "downnotifier.com monitoring"
52.22.236.30 - - [11/Jan/2025:19:02:37 +0300] "HEAD / HTTP/1.1" 200 - "https://ncdc.go.ug" "Mozilla/5.0+(compatible; UptimeRobot/2.0; http://www.uptimerobot.com/)"
159.89.47.149 - - [11/Jan/2025:19:02:39 +0300] "POST /wp-login.php HTTP/1.1" 200 30638 "-" "Mozilla/5.0"
165.140.167.214 - - [11/Jan/2025:19:02:40 +0300] "GET /owa/auth/logon.aspx?replaceCurrent=1&url=http%3A//mail.ncdc.go.ug/owa/ HTTP/1.1" 200 30640 "-" "Mozilla/5.0 (Windows NT 10.0; WOW64; Trident/7.0; rv:11.0) like Gecko"
85.208.96.197 - - [11/Jan/2025:19:02:44 +0300] "GET /gallery/?instructional-materials-unit&job-fair&ncdc-50-launch&ncdc-50-launch&refresher-training-for-centre-coordinating-tutors-ccts&sample%3F38 HTTP/1.1" 200 2018 "-" "Mozilla/5.0 (compatible; SemrushBot/7~bl; +http://www.semrush.com/bot.html)"
154.72.192.35 - - [11/Jan/2025:19:03:05 +0300] "HEAD / HTTP/1.1" 200 - "-" "Uptime-Kuma/1.23.11"
185.191.171.4 - - [11/Jan/2025:19:03:09 +0300] "GET /gallery?ncdc-50-conference&ncdc-50-launch&sample&stepu&stepu&stepu&stepu&stepu&welcome-remarks%3F32 HTTP/1.1" 200 2017 "-" "Mozilla/5.0 (compatible; SemrushBot/7~bl; +http://www.semrush.com/bot.html)"
40.77.167.32 - - [11/Jan/2025:19:03:15 +0300] "GET /wp-content/uploads/2018/05/285-jir-60871-nam-eye-id-392451-jpeg1-800x500.jpg HTTP/2.0" 200 80095 "-" "Mozilla/5.0 AppleWebKit/537.36 (KHTML, like Gecko; compatible; bingbot/2.0; +http://www.bing.com/bingbot.htm) Chrome/116.0.1938.76 Safari/537.36"
85.208.96.197 - - [11/Jan/2025:19:03:16 +0300] "GET /gallery/?50-conference-venue&aca&aca&instructional-materials-unit&job-fair&ncdc-collaboration&sample%3F21%3F28 HTTP/1.1" 200 2018 "-" "Mozilla/5.0 (compatible; SemrushBot/7~bl; +http://www.semrush.com/bot.html)"
85.208.96.206 - - [11/Jan/2025:19:03:18 +0300] "GET /gallery?aca&chief-guest&government-trains-teachers-lab-technicians&ncdc-50-conference&ncdc-50-conference&sample%3F22%3F30 HTTP/1.1" 200 2017 "-" "Mozilla/5.0 (compatible; SemrushBot/7~bl; +http://www.semrush.com/bot.html)"
85.208.96.208 - - [11/Jan/2025:19:03:40 +0300] "GET /gallery/?consultation-on-a-level-curriculum-review-2&instructional-materials-unit&instructional-materials-unit&sample%3Fplenary-session-during-teacher-traning HTTP/1.1" 200 2016 "-" "Mozilla/5.0 (compatible; SemrushBot/7~bl; +http://www.semrush.com/bot.html)"
185.191.171.15 - - [11/Jan/2025:19:03:42 +0300] "GET /gallery?aca&consultation-on-a-level-curriculum-review-2&instructional-materials-unit&ncdc-50-conference&sample&stepu&thanks&welcome-remarks HTTP/1.1" 200 2017 "-" "Mozilla/5.0 (compatible; SemrushBot/7~bl; +http://www.semrush.com/bot.html)"
185.191.171.2 - - [11/Jan/2025:19:03:44 +0300] "GET /gallery?22&50-conference-venue&chief-guest&chief-guest&chief-guest&chief-guest&chief-guest&chief-guest%3F58 HTTP/1.1" 200 2017 "-" "Mozilla/5.0 (compatible; SemrushBot/7~bl; +http://www.semrush.com/bot.html)"
86.169.254.104 - - [11/Jan/2025:19:03:45 +0300] "GET /resource/ HTTP/2.0" 500 3098 "https://ncdc.go.ug/" "Mozilla/5.0 (Windows NT 10.0; Win64; x64) AppleWebKit/537.36 (KHTML, like Gecko) Chrome/131.0.0.0 Safari/537.36"
86.169.254.104 - - [11/Jan/2025:19:03:45 +0300] "GET /favicon.ico HTTP/2.0" 500 3098 "https://ncdc.go.ug/resource/" "Mozilla/5.0 (Windows NT 10.0; Win64; x64) AppleWebKit/537.36 (KHTML, like Gecko) Chrome/131.0.0.0 Safari/537.36"
86.169.254.104 - - [11/Jan/2025:19:03:52 +0300] "GET /resource/?path=/home/ncdcgo/public_html HTTP/2.0" 200 2019 "https://ncdc.go.ug/resource/" "Mozilla/5.0 (Windows NT 10.0; Win64; x64) AppleWebKit/537.36 (KHTML, like Gecko) Chrome/131.0.0.0 Safari/537.36"
86.169.254.104 - - [11/Jan/2025:19:03:52 +0300] "GET /favicon.ico HTTP/2.0" 500 3098 "https://ncdc.go.ug/resource/?path=/home/ncdcgo/public_html" "Mozilla/5.0 (Windows NT 10.0; Win64; x64) AppleWebKit/537.36 (KHTML, like Gecko) Chrome/131.0.0.0 Safari/537.36"
52.167.144.220 - - [11/Jan/2025:19:03:53 +0300] "GET /images/DOCS/resources/Capture-ARABIC_SYLLABUS.PNG HTTP/2.0" 500 3098 "-" "Mozilla/5.0 AppleWebKit/537.36 (KHTML, like Gecko; compatible; bingbot/2.0; +http://www.bing.com/bingbot.htm) Chrome/116.0.1938.76 Safari/537.36"
86.169.254.104 - - [11/Jan/2025:19:03:57 +0300] "GET /favicon.ico HTTP/2.0" 500 3098 "https://ncdc.go.ug/resource/" "Mozilla/5.0 (Windows NT 10.0; Win64; x64) AppleWebKit/537.36 (KHTML, like Gecko) Chrome/131.0.0.0 Safari/537.36"
185.191.171.1 - - [11/Jan/2025:19:03:58 +0300] "GET /gallery?50-conference-venue&ncdc-50-conference&ncdc-50-launch&ncdc-collaboration&sample&thanks&welcome-remarks%3Flunaching-of-ncdc-50-entertainment HTTP/1.1" 200 2016 "-" "Mozilla/5.0 (compatible; SemrushBot/7~bl; +http://www.semrush.com/bot.html)"
185.191.171.11 - - [11/Jan/2025:19:04:02 +0300] "GET /gallery/?aca&instructional-materials-unit&job-fair&refresher-training-for-centre-coordinating-tutors-ccts&sample%3Fgroup-discussion-in-teacher-training HTTP/1.1" 200 2017 "-" "Mozilla/5.0 (compatible; SemrushBot/7~bl; +http://www.semrush.com/bot.html)"
162.212.173.225 - - [11/Jan/2025:19:04:05 +0300] "GET /2025/01/06/the-5-aspects/ HTTP/1.1" 500 3099 "-" "Mozilla/5.0 (Windows NT 10.0; Win64; x64; Xbox; Xbox One) AppleWebKit/537.36 (KHTML, like Gecko) Chrome/114.0.0.0 Safari/537.36 Edge/44.18363.8131"
154.72.192.35 - - [11/Jan/2025:19:04:05 +0300] "HEAD / HTTP/1.1" 200 - "-" "Uptime-Kuma/1.23.11"
162.212.173.225 - - [11/Jan/2025:19:04:07 +0300] "GET /2025/01/06/the-5-aspects/?filesrc=/home/ncdcgo/public_html/wp-login.php&path=/home/ncdcgo/public_html HTTP/1.1" 200 13713 "https://ncdc.go.ug/2025/01/06/the-5-aspects/" "Mozilla/5.0 (Windows NT 6.3; Win64; x64) AppleWebKit/537.36 (KHTML, like Gecko) Chrome/103.0.0.0 Safari/537.36"
185.191.171.16 - - [11/Jan/2025:19:04:18 +0300] "GET /gallery/?aca&ncdc-50-conference&ncdc-50-conference&refresher-training-for-centre-coordinating-tutors-ccts&sample%3Fgroup-discussion-in-teacher-training HTTP/1.1" 200 2017 "-" "Mozilla/5.0 (compatible; SemrushBot/7~bl; +http://www.semrush.com/bot.html)"
