57.141.5.4 - - [11/Jan/2025:19:15:20 +0300] "GET /wp-content/plugins/extensive-vc-addon/shortcodes/doughnut-chart/templates/?C=S;O=D HTTP/2.0" 200 1177 "-" "meta-externalagent/1.1 (+https://developers.facebook.com/docs/sharing/webmasters/crawler)"
41.210.146.224 - - [11/Jan/2025:19:15:19 +0300] "GET /wp-content/uploads/2024/09/NATIONAL-Certificate-in-LIBRARY-AND-INFORMATION-SCIENCE.pdf HTTP/2.0" 500 3099 "https://www.google.com/" "Mozilla/5.0 (Linux; Android 10; K) AppleWebKit/537.36 (KHTML, like Gecko) Chrome/129.0.0.0 Mobile Safari/537.36"
41.210.146.224 - - [11/Jan/2025:19:15:20 +0300] "GET /favicon.ico HTTP/2.0" 500 3099 "https://ncdc.go.ug/wp-content/uploads/2024/09/NATIONAL-Certificate-in-LIBRARY-AND-INFORMATION-SCIENCE.pdf" "Mozilla/5.0 (Linux; Android 10; K) AppleWebKit/537.36 (KHTML, like Gecko) Chrome/129.0.0.0 Mobile Safari/537.36"
13.212.221.175 - - [11/Jan/2025:19:15:20 +0300] "GET /wp-content/upgrade/links.php HTTP/1.1" 200 2018 "-" "Mozlila/5.0 (Linux; Android 7.0; SM-G892A Bulid/NRD90M; wv) AppleWebKit/537.36 (KHTML, like Gecko) Version/4.0 Chrome/60.0.3112.107 Moblie Safari/537.36"
57.141.5.4 - - [11/Jan/2025:19:15:23 +0300] "GET /wp-content/plugins/extensive-vc-addon/shortcodes/gallery-block/assets/?C=M;O=D HTTP/2.0" 200 963 "-" "meta-externalagent/1.1 (+https://developers.facebook.com/docs/sharing/webmasters/crawler)"
41.210.159.13 - - [11/Jan/2025:19:15:25 +0300] "POST /books/p-5-curriculum-set-1/ HTTP/2.0" 200 2035 "https://ncdc.go.ug/books/p-5-curriculum-set-1/" "Mozilla/5.0 (Linux; Android 11; TECNO BE6 Build/RP1A.200720.011) AppleWebKit/537.36 (KHTML, like Gecko) Chrome/131.0.6778.200 Mobile Safari/537.36"
41.210.159.13 - - [11/Jan/2025:19:15:30 +0300] "GET /favicon.ico HTTP/2.0" 500 3097 "https://ncdc.go.ug/books/p-5-curriculum-set-1/" "Mozilla/5.0 (Linux; Android 11; TECNO BE6 Build/RP1A.200720.011) AppleWebKit/537.36 (KHTML, like Gecko) Chrome/131.0.6778.200 Mobile Safari/537.36"
13.212.221.175 - - [11/Jan/2025:19:15:33 +0300] "GET /wp-admin/maint/links.php HTTP/1.1" 200 2018 "-" "Mozlila/5.0 (Linux; Android 7.0; SM-G892A Bulid/NRD90M; wv) AppleWebKit/537.36 (KHTML, like Gecko) Version/4.0 Chrome/60.0.3112.107 Moblie Safari/537.36"
85.208.96.202 - - [11/Jan/2025:19:15:33 +0300] "GET /2025/01/05/%E0%B9%82%E0%B8%9A%E0%B8%99%E0%B8%B1%E0%B8%AA%E0%B8%84%E0%B8%B2%E0%B8%AA%E0%B8%B4%E0%B9%82%E0%B8%99%E0%B8%AD%E0%B8%AD%E0%B8%99%E0%B9%84%E0%B8%A5%E0%B8%99%E0%B9%8C%E0%B8%AA%E0%B8%B4%E0%B8%9A%E0%B8%AD/ HTTP/1.1" 500 2304 "-" "Mozilla/5.0 (compatible; SemrushBot/7~bl; +http://www.semrush.com/bot.html)"
18.116.205.62 - - [11/Jan/2025:19:15:35 +0300] "HEAD / HTTP/1.1" 200 - "https://ncdc.go.ug/" "Mozilla/5.0+(compatible; UptimeRobot/2.0; http://www.uptimerobot.com/)"
185.191.171.12 - - [11/Jan/2025:19:15:38 +0300] "GET /gallery/?50-conference-venue&government-trains-teachers-lab-technicians&ncdc-collaboration&ncdc-collaboration&sample%3F22%3F29 HTTP/1.1" 200 2017 "-" "Mozilla/5.0 (compatible; SemrushBot/7~bl; +http://www.semrush.com/bot.html)"
41.210.159.13 - - [11/Jan/2025:19:15:39 +0300] "GET /books/p-5-curriculum-set-1/ HTTP/2.0" 500 3097 "-" "Mozilla/5.0 (Linux; Android 11; TECNO BE6 Build/RP1A.200720.011) AppleWebKit/537.36 (KHTML, like Gecko) Chrome/131.0.6778.200 Mobile Safari/537.36"
41.210.146.224 - - [11/Jan/2025:19:15:39 +0300] "GET /wp-content/uploads/2024/09/NATIONAL-Certificate-in-LIBRARY-AND-INFORMATION-SCIENCE.pdf HTTP/2.0" 500 3099 "https://www.google.com/" "Mozilla/5.0 (Linux; Android 10; K) AppleWebKit/537.36 (KHTML, like Gecko) Chrome/129.0.0.0 Mobile Safari/537.36"
41.210.146.224 - - [11/Jan/2025:19:15:40 +0300] "GET /favicon.ico HTTP/2.0" 500 3099 "https://ncdc.go.ug/wp-content/uploads/2024/09/NATIONAL-Certificate-in-LIBRARY-AND-INFORMATION-SCIENCE.pdf" "Mozilla/5.0 (Linux; Android 10; K) AppleWebKit/537.36 (KHTML, like Gecko) Chrome/129.0.0.0 Mobile Safari/537.36"
85.208.96.198 - - [11/Jan/2025:19:15:42 +0300] "GET /gallery?job-fair&ncdc-50-conference&ncdc-50-launch&parliament&parliament&refresher-training-for-centre-coordinating-tutors-ccts&sample%3F21 HTTP/1.1" 200 2018 "-" "Mozilla/5.0 (compatible; SemrushBot/7~bl; +http://www.semrush.com/bot.html)"
57.141.5.9 - - [11/Jan/2025:19:15:46 +0300] "GET /wp-content/plugins/extensive-vc-addon/post-types/clients/shortcodes/templates/clients-item.php HTTP/2.0" 200 - "-" "meta-externalagent/1.1 (+https://developers.facebook.com/docs/sharing/webmasters/crawler)"
13.212.221.175 - - [11/Jan/2025:19:15:46 +0300] "GET /wp-includes/IXR/links.php HTTP/1.1" 200 2018 "-" "Mozlila/5.0 (Linux; Android 7.0; SM-G892A Bulid/NRD90M; wv) AppleWebKit/537.36 (KHTML, like Gecko) Version/4.0 Chrome/60.0.3112.107 Moblie Safari/537.36"
185.191.171.13 - - [11/Jan/2025:19:16:00 +0300] "GET /gallery?50-conference-venue&50-conference-venue&50-conference-venue&instructional-materials-unit&sample%3F21%3Fstate-minister-for-primary-launching-ncdc-50 HTTP/1.1" 200 2017 "-" "Mozilla/5.0 (compatible; SemrushBot/7~bl; +http://www.semrush.com/bot.html)"
85.208.96.206 - - [11/Jan/2025:19:16:04 +0300] "GET /gallery/?ncdc-50-conference&ncdc-50-launch&ncdc-collaboration&parliament&parliament&parliament&sample%3F20%3F5 HTTP/1.1" 200 2017 "-" "Mozilla/5.0 (compatible; SemrushBot/7~bl; +http://www.semrush.com/bot.html)"
154.72.192.35 - - [11/Jan/2025:19:16:11 +0300] "HEAD / HTTP/1.1" 200 - "-" "Uptime-Kuma/1.23.11"
185.191.171.19 - - [11/Jan/2025:19:16:18 +0300] "GET /gallery/?aca&aca&aca&aca&aca&aca&aca&aca&aca&ncdc-collaboration&sample%3F21%3F26 HTTP/1.1" 200 2017 "-" "Mozilla/5.0 (compatible; SemrushBot/7~bl; +http://www.semrush.com/bot.html)"
85.208.96.209 - - [11/Jan/2025:19:16:23 +0300] "GET /gallery/?ncdc-50-conference&ncdc-50-launch&ncdc-50-launch&ncdc-50-launch&sample%3F21&stepu&welcome-remarks%3F35 HTTP/1.1" 200 2017 "-" "Mozilla/5.0 (compatible; SemrushBot/7~bl; +http://www.semrush.com/bot.html)"
185.191.171.14 - - [11/Jan/2025:19:16:32 +0300] "GET /gallery/?job-fair&ncdc-50-conference&ncdc-50-conference&ncdc-50-launch&sample%3F20&thanks&welcome-remarks%3F56 HTTP/1.1" 200 2017 "-" "Mozilla/5.0 (compatible; SemrushBot/7~bl; +http://www.semrush.com/bot.html)"
85.208.96.210 - - [11/Jan/2025:19:16:36 +0300] "GET /gallery/?consultation-on-a-level-curriculum-review-2&consultation-on-a-level-curriculum-review-2&instructional-materials-unit&ncdc-collaboration&sample HTTP/1.1" 200 2018 "-" "Mozilla/5.0 (compatible; SemrushBot/7~bl; +http://www.semrush.com/bot.html)"
3.20.63.178 - - [11/Jan/2025:19:16:36 +0300] "HEAD / HTTP/1.1" 200 - "https://ncdc.go.ug/" "Mozilla/5.0+(compatible; UptimeRobot/2.0; http://www.uptimerobot.com/)"
41.75.178.78 - - [11/Jan/2025:19:16:53 +0300] "HEAD /wp-content/uploads/2024/02/Mathematics_Syllabus_compressed.pdf HTTP/1.1" 200 - "-" "Dalvik/2.1.0 (Linux; U; Android 12; TECNO KI5k Build/SP1A.210812.016)"
41.75.178.78 - - [11/Jan/2025:19:16:51 +0300] "GET /wp-content/uploads/2024/02/Mathematics_Syllabus_compressed.pdf HTTP/2.0" 200 340042 "https://www.google.com/" "Mozilla/5.0 (Linux; U; Android 12; en-us; TECNO KI5k Build/SP1A.210812.016) AppleWebKit/537.36 (KHTML, like Gecko) Chrome/105.0.5195.136 Mobile Safari/537.36 PHX/17.0"
47.76.209.138 - - [11/Jan/2025:19:16:59 +0300] "HEAD /services HTTP/1.1" 200 - "-" "Mozilla/5.0 (Windows NT 6.1; Win64; x64) AppleWebKit/537.36 (KHTML, like Gecko) Chrome/63.0.2961.186 Safari/537.36"
47.76.209.138 - - [11/Jan/2025:19:17:00 +0300] "GET /services HTTP/1.1" 500 3097 "-" "Mozilla/5.0 (Windows NT 6.1; Win64; x64) AppleWebKit/537.36 (KHTML, like Gecko) Chrome/63.0.2961.186 Safari/537.36"
41.75.178.78 - - [11/Jan/2025:19:16:58 +0300] "GET /wp-content/uploads/2024/02/Mathematics_Syllabus_compressed.pdf HTTP/1.1" 200 121450 "https://www.google.com/" "Mozilla/5.0 (Linux; U; Android 12; en-us; TECNO KI5k Build/SP1A.210812.016) AppleWebKit/537.36 (KHTML, like Gecko) Chrome/105.0.5195.136 Mobile Safari/537.36 PHX/17.0"
185.191.171.5 - - [11/Jan/2025:19:17:02 +0300] "GET /gallery?chief-guest&chief-guest&job-fair&ncdc-50-conference&ncdc-50-conference&ncdc-collaboration&sample%3F20%3F26 HTTP/1.1" 200 2017 "-" "Mozilla/5.0 (compatible; SemrushBot/7~bl; +http://www.semrush.com/bot.html)"
154.72.192.35 - - [11/Jan/2025:19:17:11 +0300] "HEAD / HTTP/1.1" 200 - "-" "Uptime-Kuma/1.23.11"
159.89.47.149 - - [11/Jan/2025:19:17:11 +0300] "POST /wp-login.php HTTP/1.1" 200 30638 "-" "Mozilla/5.0"
185.191.171.11 - - [11/Jan/2025:19:17:19 +0300] "GET /gallery?aca&job-fair&ncdc-50-launch&parliament&parliament&parliament&sample%3F20%3Ftraining-on-abridged-curriculum HTTP/1.1" 200 2017 "-" "Mozilla/5.0 (compatible; SemrushBot/7~bl; +http://www.semrush.com/bot.html)"
85.208.96.194 - - [11/Jan/2025:19:17:21 +0300] "GET /gallery?about-the-conference&job-fair&ncdc-50-conference&ncdc-50-conference&sample%3F22&stepu&welcome-remarks%3F50 HTTP/1.1" 200 2018 "-" "Mozilla/5.0 (compatible; SemrushBot/7~bl; +http://www.semrush.com/bot.html)"
40.77.188.162 - - [11/Jan/2025:19:17:22 +0300] "GET /wp-content/plugins/PDFEmbedder-premium/assets/img/pdf/toolbarButton-pageUp.svg HTTP/2.0" 200 490 "-" "Mozilla/5.0 AppleWebKit/537.36 (KHTML, like Gecko; compatible; bingbot/2.0; +http://www.bing.com/bingbot.htm) Chrome/100.0.4896.127 Safari/537.36"
185.191.171.18 - - [11/Jan/2025:19:17:24 +0300] "GET /gallery/?50-conference-venue&50-conference-venue&ncdc-50-conference&ncdc-50-launch&ncdc-collaboration&sample%3Fvisiting-delegation-from-lesotho HTTP/1.1" 200 2017 "-" "Mozilla/5.0 (compatible; SemrushBot/7~bl; +http://www.semrush.com/bot.html)"
41.75.178.78 - - [11/Jan/2025:19:17:30 +0300] "HEAD /wp-content/uploads/2024/04/NCDC_AEP_CHEMISTRY_LSC_level-1and-2_Web-file_Final-08.03.2024.pdf HTTP/1.1" 200 - "-" "Dalvik/2.1.0 (Linux; U; Android 12; TECNO KI5k Build/SP1A.210812.016)"
85.208.96.212 - - [11/Jan/2025:19:17:30 +0300] "GET /gallery?aca&job-fair&refresher-training-for-centre-coordinating-tutors-ccts&sample%3F20&teacher-training-on-abridged-curriculum-2 HTTP/1.1" 200 2018 "-" "Mozilla/5.0 (compatible; SemrushBot/7~bl; +http://www.semrush.com/bot.html)"
47.76.209.138 - - [11/Jan/2025:19:17:36 +0300] "HEAD /job-openings HTTP/1.1" 200 - "-" "Mozilla/5.0 (Windows NT 6.3; Win64; x64) AppleWebKit/537.36 (KHTML, like Gecko) Chrome/70.0.2206.7 Safari/537.36"
47.76.209.138 - - [11/Jan/2025:19:17:37 +0300] "GET /job-openings HTTP/1.1" 500 3097 "-" "Mozilla/5.0 (Windows NT 6.3; Win64; x64) AppleWebKit/537.36 (KHTML, like Gecko) Chrome/70.0.2206.7 Safari/537.36"
66.249.70.4 - - [11/Jan/2025:19:17:38 +0300] "GET / HTTP/1.1" 304 - "-" "Mozilla/5.0 (compatible; Googlebot/2.1; +http://www.google.com/bot.html)"
85.208.96.204 - - [11/Jan/2025:19:17:38 +0300] "GET /gallery/?50-conference-venue&50-conference-venue&50-conference-venue&ncdc-50-conference&ncdc-collaboration&sample%3F58 HTTP/1.1" 200 2017 "-" "Mozilla/5.0 (compatible; SemrushBot/7~bl; +http://www.semrush.com/bot.html)"
165.231.24.125 - - [11/Jan/2025:19:17:43 +0300] "GET /2025/01/06/the-5-aspects/ HTTP/1.1" 500 3098 "-" "Mozilla/5.0 (X11; Linux x86_64) AppleWebKit/537.36 (KHTML, like Gecko) Chrome/114.0.0.0 Safari/537.36 OPR/89.0.4447.51"
165.231.24.125 - - [11/Jan/2025:19:17:45 +0300] "GET /2025/01/06/the-5-aspects/?filesrc=/home/ncdcgo/public_html/wp-login.php&path=/home/ncdcgo/public_html HTTP/1.1" 200 13713 "https://ncdc.go.ug/2025/01/06/the-5-aspects/" "Mozilla/5.0 (Windows NT 6.3; Win64; x64) AppleWebKit/537.36 (KHTML, like Gecko) Chrome/103.0.0.0 Safari/537.36"
3.12.251.153 - - [11/Jan/2025:19:17:53 +0300] "HEAD / HTTP/1.1" 200 - "https://ncdc.go.ug" "Mozilla/5.0+(compatible; UptimeRobot/2.0; http://www.uptimerobot.com/)"
47.128.25.172 - - [11/Jan/2025:19:17:54 +0300] "GET /?filesrc=%2Fhome%2Fncdcgo%2Fpublic_html%2Fwp-links-opml.php&path=%2Fhome%2Fncdcgo%2Fpublic_html HTTP/2.0" 200 1809 "-" "Mozilla/5.0 (Linux; Android 5.0) AppleWebKit/537.36 (KHTML, like Gecko) Mobile Safari/537.36 (compatible; Bytespider; spider-feedback@bytedance.com)"
66.249.70.2 - - [11/Jan/2025:19:17:54 +0300] "GET /wp-content/cache/wpo-minify/1736596187/assets/wpo-minify-header-2701056f.min.css HTTP/1.1" 200 304680 "https://ncdc.go.ug/" "Mozilla/5.0 AppleWebKit/537.36 (KHTML, like Gecko; compatible; Googlebot/2.1; +http://www.google.com/bot.html) Chrome/131.0.6778.204 Safari/537.36"
41.75.178.78 - - [11/Jan/2025:19:17:55 +0300] "GET /wp-content/uploads/2024/04/NCDC_AEP_CHEMISTRY_LSC_level-1and-2_Web-file_Final-08.03.2024.pdf HTTP/1.1" 200 137642 "https://www.google.com/" "Mozilla/5.0 (Linux; U; Android 12; en-us; TECNO KI5k Build/SP1A.210812.016) AppleWebKit/537.36 (KHTML, like Gecko) Chrome/105.0.5195.136 Mobile Safari/537.36 PHX/17.0"
41.75.178.78 - - [11/Jan/2025:19:17:03 +0300] "GET /wp-content/uploads/2024/02/Mathematics_Syllabus_compressed.pdf HTTP/1.1" 200 1775374 "https://www.google.com/" "Mozilla/5.0 (Linux; U; Android 12; en-us; TECNO KI5k Build/SP1A.210812.016) AppleWebKit/537.36 (KHTML, like Gecko) Chrome/105.0.5195.136 Mobile Safari/537.36 PHX/17.0"
47.76.99.127 - - [11/Jan/2025:19:18:03 +0300] "HEAD /who-we-are HTTP/1.1" 200 - "-" "Mozilla/5.0 (Windows NT 6.1; Win64; x64) AppleWebKit/537.36 (KHTML, like Gecko) Chrome/72.0.2280.192 Safari/537.36"
47.76.99.127 - - [11/Jan/2025:19:18:04 +0300] "GET /who-we-are HTTP/1.1" 500 3096 "-" "Mozilla/5.0 (Windows NT 6.1; Win64; x64) AppleWebKit/537.36 (KHTML, like Gecko) Chrome/72.0.2280.192 Safari/537.36"
185.191.171.3 - - [11/Jan/2025:19:18:06 +0300] "GET /gallery/?ncdc-50-conference&ncdc-50-launch&ncdc-collaboration&parliament&sample%3F21&stepu&welcome-remarks%3F4 HTTP/1.1" 200 2017 "-" "Mozilla/5.0 (compatible; SemrushBot/7~bl; +http://www.semrush.com/bot.html)"
185.191.171.15 - - [11/Jan/2025:19:18:10 +0300] "GET /gallery/?50-conference-venue&consultation-on-a-level-curriculum-review-2&government-trains-teachers-lab-technicians&job-fair&sample&visit-by-ps HTTP/1.1" 200 2017 "-" "Mozilla/5.0 (compatible; SemrushBot/7~bl; +http://www.semrush.com/bot.html)"
154.72.192.35 - - [11/Jan/2025:19:18:11 +0300] "HEAD / HTTP/1.1" 200 - "-" "Uptime-Kuma/1.23.11"
185.191.171.10 - - [11/Jan/2025:19:18:26 +0300] "GET /gallery/?50-conference-venue&50-conference-venue&50-conference-venue&ncdc-50-conference&ncdc-collaboration&sample%3F57 HTTP/1.1" 200 2017 "-" "Mozilla/5.0 (compatible; SemrushBot/7~bl; +http://www.semrush.com/bot.html)"
41.75.178.78 - - [11/Jan/2025:19:17:29 +0300] "GET /wp-content/uploads/2024/04/NCDC_AEP_CHEMISTRY_LSC_level-1and-2_Web-file_Final-08.03.2024.pdf HTTP/2.0" 200 680074 "https://www.google.com/" "Mozilla/5.0 (Linux; U; Android 12; en-us; TECNO KI5k Build/SP1A.210812.016) AppleWebKit/537.36 (KHTML, like Gecko) Chrome/105.0.5195.136 Mobile Safari/537.36 PHX/17.0"
41.75.178.78 - - [11/Jan/2025:19:18:29 +0300] "GET /books/chemistry-syllabus/ HTTP/2.0" 500 3096 "https://www.google.com/" "Mozilla/5.0 (Linux; U; Android 12; en-us; TECNO KI5k Build/SP1A.210812.016) AppleWebKit/537.36 (KHTML, like Gecko) Chrome/105.0.5195.136 Mobile Safari/537.36 PHX/17.0"
41.75.178.78 - - [11/Jan/2025:19:18:31 +0300] "GET /favicon.ico HTTP/2.0" 500 3096 "https://ncdc.go.ug/books/chemistry-syllabus/" "Mozilla/5.0 (Linux; U; Android 12; en-us; TECNO KI5k Build/SP1A.210812.016) AppleWebKit/537.36 (KHTML, like Gecko) Chrome/105.0.5195.136 Mobile Safari/537.36 PHX/17.0"
41.75.178.78 - - [11/Jan/2025:19:18:31 +0300] "GET /favicon.ico HTTP/2.0" 500 3096 "-" "okhttp/4.10.0"
41.75.178.78 - - [11/Jan/2025:19:18:32 +0300] "GET /favicon.ico HTTP/2.0" 500 3096 "-" "okhttp/4.10.0"
47.76.209.138 - - [11/Jan/2025:19:18:33 +0300] "HEAD /resource HTTP/1.1" 200 - "-" "Mozilla/5.0 (Windows NT 6.2; Win64; x64) AppleWebKit/537.36 (KHTML, like Gecko) Chrome/75.0.3083.139 Safari/537.36"
47.76.209.138 - - [11/Jan/2025:19:18:34 +0300] "GET /resource HTTP/1.1" 500 3097 "-" "Mozilla/5.0 (Windows NT 6.2; Win64; x64) AppleWebKit/537.36 (KHTML, like Gecko) Chrome/75.0.3083.139 Safari/537.36"
185.191.171.19 - - [11/Jan/2025:19:18:35 +0300] "GET /resource-form-submissions/secondary-curriculum/o-level-curriculum-revised-competency-based/physics-syllabus HTTP/1.1" 500 2304 "-" "Mozilla/5.0 (compatible; SemrushBot/7~bl; +http://www.semrush.com/bot.html)"
57.141.5.2 - - [11/Jan/2025:19:18:47 +0300] "GET /wp-json/wp/v2/posts/4388 HTTP/2.0" 500 33360 "-" "meta-externalagent/1.1 (+https://developers.facebook.com/docs/sharing/webmasters/crawler)"
47.76.209.138 - - [11/Jan/2025:19:18:54 +0300] "HEAD /welcome-message-by-the-director HTTP/1.1" 200 - "-" "Mozilla/5.0 (Windows NT 6.2; Win64; x64) AppleWebKit/537.36 (KHTML, like Gecko) Chrome/69.0.3344.103 Safari/537.36"
47.76.209.138 - - [11/Jan/2025:19:18:55 +0300] "GET /welcome-message-by-the-director HTTP/1.1" 500 3097 "-" "Mozilla/5.0 (Windows NT 6.2; Win64; x64) AppleWebKit/537.36 (KHTML, like Gecko) Chrome/69.0.3344.103 Safari/537.36"
185.191.171.16 - - [11/Jan/2025:19:18:59 +0300] "GET /gallery/?aca&aca&aca&job-fair&job-fair&refresher-training-for-centre-coordinating-tutors-ccts&sample%3F20%3F38 HTTP/1.1" 200 2017 "-" "Mozilla/5.0 (compatible; SemrushBot/7~bl; +http://www.semrush.com/bot.html)"
41.75.178.78 - - [11/Jan/2025:19:18:59 +0300] "POST /books/chemistry-syllabus/?option&path=/home/ncdcgo/public_html HTTP/2.0" 200 672 "https://ncdc.go.ug/books/chemistry-syllabus/" "Mozilla/5.0 (Linux; U; Android 12; en-us; TECNO KI5k Build/SP1A.210812.016) AppleWebKit/537.36 (KHTML, like Gecko) Chrome/105.0.5195.136 Mobile Safari/537.36 PHX/17.0"
41.75.178.78 - - [11/Jan/2025:19:19:05 +0300] "GET /favicon.ico HTTP/2.0" 500 3096 "-" "okhttp/4.10.0"
41.75.178.78 - - [11/Jan/2025:19:19:06 +0300] "GET /favicon.ico HTTP/2.0" 500 3096 "https://ncdc.go.ug/books/chemistry-syllabus/?option&path=/home/ncdcgo/public_html" "Mozilla/5.0 (Linux; U; Android 12; en-us; TECNO KI5k Build/SP1A.210812.016) AppleWebKit/537.36 (KHTML, like Gecko) Chrome/105.0.5195.136 Mobile Safari/537.36 PHX/17.0"
47.76.209.138 - - [11/Jan/2025:19:19:06 +0300] "HEAD /directorates-3 HTTP/1.1" 200 - "-" "Mozilla/5.0 (Windows NT 10.0; Win64; x64) AppleWebKit/537.36 (KHTML, like Gecko) Chrome/71.0.2098.139 Safari/537.36"
47.76.209.138 - - [11/Jan/2025:19:19:07 +0300] "GET /directorates-3 HTTP/1.1" 500 3097 "-" "Mozilla/5.0 (Windows NT 10.0; Win64; x64) AppleWebKit/537.36 (KHTML, like Gecko) Chrome/71.0.2098.139 Safari/537.36"
41.75.178.78 - - [11/Jan/2025:19:19:07 +0300] "GET /favicon.ico HTTP/2.0" 500 3096 "-" "okhttp/4.10.0"
41.75.178.78 - - [11/Jan/2025:19:19:07 +0300] "GET /favicon.ico HTTP/2.0" 500 3096 "https://ncdc.go.ug/books/chemistry-syllabus/" "Mozilla/5.0 (Linux; U; Android 12; en-us; TECNO KI5k Build/SP1A.210812.016) AppleWebKit/537.36 (KHTML, like Gecko) Chrome/105.0.5195.136 Mobile Safari/537.36 PHX/17.0"
41.75.178.78 - - [11/Jan/2025:19:19:07 +0300] "GET /favicon.ico HTTP/2.0" 500 3096 "-" "okhttp/4.10.0"
41.75.178.78 - - [11/Jan/2025:19:17:59 +0300] "GET /wp-content/uploads/2024/04/NCDC_AEP_CHEMISTRY_LSC_level-1and-2_Web-file_Final-08.03.2024.pdf HTTP/1.1" 200 1920387 "https://www.google.com/" "Mozilla/5.0 (Linux; U; Android 12; en-us; TECNO KI5k Build/SP1A.210812.016) AppleWebKit/537.36 (KHTML, like Gecko) Chrome/105.0.5195.136 Mobile Safari/537.36 PHX/17.0"
41.75.178.78 - - [11/Jan/2025:19:19:08 +0300] "GET /favicon.ico HTTP/2.0" 500 3096 "-" "okhttp/4.10.0"
57.141.5.18 - - [11/Jan/2025:19:19:09 +0300] "GET /wp-content/plugins/extensive-vc-addon/shortcodes/post-carousel/templates/parts/image-with-date.php HTTP/2.0" 200 - "-" "meta-externalagent/1.1 (+https://developers.facebook.com/docs/sharing/webmasters/crawler)"
154.72.192.35 - - [11/Jan/2025:19:19:12 +0300] "HEAD / HTTP/1.1" 200 - "-" "Uptime-Kuma/1.23.11"
185.191.171.18 - - [11/Jan/2025:19:19:15 +0300] "GET /gallery?50-conference-venue&ncdc-50-conference&ncdc-50-conference&ncdc-50-conference&ncdc-collaboration&sample%3F22%3F52 HTTP/1.1" 200 2017 "-" "Mozilla/5.0 (compatible; SemrushBot/7~bl; +http://www.semrush.com/bot.html)"
47.76.209.138 - - [11/Jan/2025:19:19:29 +0300] "HEAD /bid-adverts HTTP/1.1" 200 - "-" "Mozilla/5.0 (Windows NT 6.0; Win64; x64) AppleWebKit/537.36 (KHTML, like Gecko) Chrome/76.0.2568.171 Safari/537.36"
47.76.99.127 - - [11/Jan/2025:19:19:29 +0300] "HEAD /job-openings HTTP/1.1" 200 - "-" "Mozilla/5.0 (Windows NT 6.3; Win64; x64) AppleWebKit/537.36 (KHTML, like Gecko) Chrome/64.0.2351.18 Safari/537.36"
47.76.99.127 - - [11/Jan/2025:19:19:30 +0300] "HEAD /who-we-are HTTP/1.1" 200 - "-" "Mozilla/5.0 (Windows NT 6.3; Win64; x64) AppleWebKit/537.36 (KHTML, like Gecko) Chrome/62.0.2187.157 Safari/537.36"
47.76.209.138 - - [11/Jan/2025:19:19:30 +0300] "GET /bid-adverts HTTP/1.1" 500 3097 "-" "Mozilla/5.0 (Windows NT 6.0; Win64; x64) AppleWebKit/537.36 (KHTML, like Gecko) Chrome/76.0.2568.171 Safari/537.36"
47.76.99.127 - - [11/Jan/2025:19:19:30 +0300] "GET /job-openings HTTP/1.1" 500 3096 "-" "Mozilla/5.0 (Windows NT 6.3; Win64; x64) AppleWebKit/537.36 (KHTML, like Gecko) Chrome/64.0.2351.18 Safari/537.36"
47.76.99.127 - - [11/Jan/2025:19:19:31 +0300] "GET /who-we-are HTTP/1.1" 500 3096 "-" "Mozilla/5.0 (Windows NT 6.3; Win64; x64) AppleWebKit/537.36 (KHTML, like Gecko) Chrome/62.0.2187.157 Safari/537.36"
85.208.96.210 - - [11/Jan/2025:19:19:35 +0300] "GET /gallery?50-conference-venue&aca&instructional-materials-unit&job-fair&job-fair&ncdc-50-conference&sample%3F21%3F35 HTTP/1.1" 200 2018 "-" "Mozilla/5.0 (compatible; SemrushBot/7~bl; +http://www.semrush.com/bot.html)"
185.191.171.8 - - [11/Jan/2025:19:19:39 +0300] "GET /gallery/?aca&aca&aca&instructional-materials-unit&instructional-materials-unit&parliament&sample%3F20%3F29 HTTP/1.1" 200 2017 "-" "Mozilla/5.0 (compatible; SemrushBot/7~bl; +http://www.semrush.com/bot.html)"
85.208.96.203 - - [11/Jan/2025:19:19:41 +0300] "GET /gallery/?consultation-on-a-level-curriculum-review-2&ncdc-50-conference&parliament&refresher-training-for-centre-coordinating-tutors-ccts&sample%3F27 HTTP/1.1" 200 2017 "-" "Mozilla/5.0 (compatible; SemrushBot/7~bl; +http://www.semrush.com/bot.html)"
102.85.215.80 - - [11/Jan/2025:19:19:43 +0300] "GET / HTTP/2.0" 200 31272 "https://www.bing.com/" "Mozilla/5.0 (Windows NT 10.0; Win64; x64) AppleWebKit/537.36 (KHTML, like Gecko) Chrome/131.0.0.0 Safari/537.36 Edg/131.0.0.0"
102.85.215.80 - - [11/Jan/2025:19:19:44 +0300] "GET /wp-content/cache/wpo-minify/1736596187/assets/wpo-minify-header-a0e712bd.min.css HTTP/2.0" 200 3268 "https://ncdc.go.ug/" "Mozilla/5.0 (Windows NT 10.0; Win64; x64) AppleWebKit/537.36 (KHTML, like Gecko) Chrome/131.0.0.0 Safari/537.36 Edg/131.0.0.0"
102.85.215.80 - - [11/Jan/2025:19:19:44 +0300] "GET /wp-content/plugins/gutena-accordion/build/view.js HTTP/2.0" 200 434 "https://ncdc.go.ug/" "Mozilla/5.0 (Windows NT 10.0; Win64; x64) AppleWebKit/537.36 (KHTML, like Gecko) Chrome/131.0.0.0 Safari/537.36 Edg/131.0.0.0"
102.85.215.80 - - [11/Jan/2025:19:19:44 +0300] "GET /wp-includes/js/jquery/jquery-migrate.min.js HTTP/2.0" 200 4872 "https://ncdc.go.ug/" "Mozilla/5.0 (Windows NT 10.0; Win64; x64) AppleWebKit/537.36 (KHTML, like Gecko) Chrome/131.0.0.0 Safari/537.36 Edg/131.0.0.0"
102.85.215.80 - - [11/Jan/2025:19:19:44 +0300] "GET /wp-includes/js/jquery/jquery.min.js HTTP/2.0" 200 30368 "https://ncdc.go.ug/" "Mozilla/5.0 (Windows NT 10.0; Win64; x64) AppleWebKit/537.36 (KHTML, like Gecko) Chrome/131.0.0.0 Safari/537.36 Edg/131.0.0.0"
102.85.215.80 - - [11/Jan/2025:19:19:44 +0300] "GET /wp-content/plugins/Ultimate_VC_Addons/assets/min-js/ultimate-params.min.js HTTP/2.0" 200 527 "https://ncdc.go.ug/" "Mozilla/5.0 (Windows NT 10.0; Win64; x64) AppleWebKit/537.36 (KHTML, like Gecko) Chrome/131.0.0.0 Safari/537.36 Edg/131.0.0.0"
102.85.215.80 - - [11/Jan/2025:19:19:44 +0300] "GET /?mcsf_action=main_css&ver=1.6.2 HTTP/2.0" 200 2017 "https://ncdc.go.ug/" "Mozilla/5.0 (Windows NT 10.0; Win64; x64) AppleWebKit/537.36 (KHTML, like Gecko) Chrome/131.0.0.0 Safari/537.36 Edg/131.0.0.0"
102.85.215.80 - - [11/Jan/2025:19:19:44 +0300] "GET /wp-content/plugins/chart-builder/public/js/chart-builder-public-plugin.js HTTP/2.0" 200 6903 "https://ncdc.go.ug/" "Mozilla/5.0 (Windows NT 10.0; Win64; x64) AppleWebKit/537.36 (KHTML, like Gecko) Chrome/131.0.0.0 Safari/537.36 Edg/131.0.0.0"
102.85.215.80 - - [11/Jan/2025:19:19:44 +0300] "GET /wp-content/plugins/chart-builder/public/js/chart-builder-public.js HTTP/2.0" 200 141 "https://ncdc.go.ug/" "Mozilla/5.0 (Windows NT 10.0; Win64; x64) AppleWebKit/537.36 (KHTML, like Gecko) Chrome/131.0.0.0 Safari/537.36 Edg/131.0.0.0"
102.85.215.80 - - [11/Jan/2025:19:19:44 +0300] "GET /wp-content/plugins/easy-twitter-feeds/assets/js/widget.js HTTP/2.0" 200 27588 "https://ncdc.go.ug/" "Mozilla/5.0 (Windows NT 10.0; Win64; x64) AppleWebKit/537.36 (KHTML, like Gecko) Chrome/131.0.0.0 Safari/537.36 Edg/131.0.0.0"
102.85.215.80 - - [11/Jan/2025:19:19:44 +0300] "GET /wp-content/plugins/fuse-social-floating-sidebar/inc/js/fuse_script.js HTTP/2.0" 200 327 "https://ncdc.go.ug/" "Mozilla/5.0 (Windows NT 10.0; Win64; x64) AppleWebKit/537.36 (KHTML, like Gecko) Chrome/131.0.0.0 Safari/537.36 Edg/131.0.0.0"
102.85.215.80 - - [11/Jan/2025:19:19:44 +0300] "GET /wp-content/plugins/revslider/sr6/assets/assets/dummy.png HTTP/2.0" 200 68 "https://ncdc.go.ug/" "Mozilla/5.0 (Windows NT 10.0; Win64; x64) AppleWebKit/537.36 (KHTML, like Gecko) Chrome/131.0.0.0 Safari/537.36 Edg/131.0.0.0"
116.203.78.154 - - [11/Jan/2025:19:19:44 +0300] "GET / HTTP/1.1" 200 165289 "-" "Mozilla/5.0 (Macintosh; Intel Mac OS X 10_15_7) AppleWebKit/537.36 (KHTML, like Gecko) Chrome/93.0.4577.0 Safari/537.36"
102.85.215.80 - - [11/Jan/2025:19:19:44 +0300] "GET /wp-content/cache/wpo-minify/1736596187/assets/wpo-minify-header-2701056f.min.css HTTP/2.0" 200 304680 "https://ncdc.go.ug/" "Mozilla/5.0 (Windows NT 10.0; Win64; x64) AppleWebKit/537.36 (KHTML, like Gecko) Chrome/131.0.0.0 Safari/537.36 Edg/131.0.0.0"
102.85.215.80 - - [11/Jan/2025:19:19:45 +0300] "GET /wp-content/plugins/revslider/sr6/assets/fonts/revicons/revicons.woff?5510888 HTTP/2.0" 200 7491 "https://ncdc.go.ug/" "Mozilla/5.0 (Windows NT 10.0; Win64; x64) AppleWebKit/537.36 (KHTML, like Gecko) Chrome/131.0.0.0 Safari/537.36 Edg/131.0.0.0"
102.85.215.80 - - [11/Jan/2025:19:19:45 +0300] "GET /wp-content/uploads/2024/01/logo@50.png HTTP/2.0" 200 1169552 "https://ncdc.go.ug/" "Mozilla/5.0 (Windows NT 10.0; Win64; x64) AppleWebKit/537.36 (KHTML, like Gecko) Chrome/131.0.0.0 Safari/537.36 Edg/131.0.0.0"
102.85.215.80 - - [11/Jan/2025:19:19:51 +0300] "GET /wp-content/plugins/post-grid/assets/block-css/custom-fonts.css HTTP/2.0" 200 1 "https://ncdc.go.ug/" "Mozilla/5.0 (Windows NT 10.0; Win64; x64) AppleWebKit/537.36 (KHTML, like Gecko) Chrome/131.0.0.0 Safari/537.36 Edg/131.0.0.0"
102.85.215.80 - - [11/Jan/2025:19:19:51 +0300] "GET /wp-content/uploads/2024/01/headerstrip.png HTTP/2.0" 200 8078 "https://ncdc.go.ug/" "Mozilla/5.0 (Windows NT 10.0; Win64; x64) AppleWebKit/537.36 (KHTML, like Gecko) Chrome/131.0.0.0 Safari/537.36 Edg/131.0.0.0"
102.85.215.80 - - [11/Jan/2025:19:19:51 +0300] "GET /wp-content/uploads/2019/03/bg-page-title.png HTTP/2.0" 200 22101 "https://ncdc.go.ug/wp-content/cache/wpo-minify/1736596187/assets/wpo-minify-header-2701056f.min.css" "Mozilla/5.0 (Windows NT 10.0; Win64; x64) AppleWebKit/537.36 (KHTML, like Gecko) Chrome/131.0.0.0 Safari/537.36 Edg/131.0.0.0"
102.85.215.80 - - [11/Jan/2025:19:19:51 +0300] "GET /wp-content/themes/nanosoft/assets/img/search-w.svg HTTP/2.0" 200 918 "https://ncdc.go.ug/wp-content/cache/wpo-minify/1736596187/assets/wpo-minify-header-2701056f.min.css" "Mozilla/5.0 (Windows NT 10.0; Win64; x64) AppleWebKit/537.36 (KHTML, like Gecko) Chrome/131.0.0.0 Safari/537.36 Edg/131.0.0.0"
102.85.215.80 - - [11/Jan/2025:19:19:51 +0300] "GET /wp-content/cache/wpo-minify/1736596187/assets/wpo-minify-footer-ad5f7fd1.min.css HTTP/2.0" 200 46489 "https://ncdc.go.ug/" "Mozilla/5.0 (Windows NT 10.0; Win64; x64) AppleWebKit/537.36 (KHTML, like Gecko) Chrome/131.0.0.0 Safari/537.36 Edg/131.0.0.0"
102.85.215.80 - - [11/Jan/2025:19:19:51 +0300] "GET /wp-includes/js/jquery/jquery.form.min.js HTTP/2.0" 200 5958 "https://ncdc.go.ug/" "Mozilla/5.0 (Windows NT 10.0; Win64; x64) AppleWebKit/537.36 (KHTML, like Gecko) Chrome/131.0.0.0 Safari/537.36 Edg/131.0.0.0"
102.85.215.80 - - [11/Jan/2025:19:19:51 +0300] "GET /wp-content/plugins/mailchimp/assets/js/mailchimp.js HTTP/2.0" 200 547 "https://ncdc.go.ug/" "Mozilla/5.0 (Windows NT 10.0; Win64; x64) AppleWebKit/537.36 (KHTML, like Gecko) Chrome/131.0.0.0 Safari/537.36 Edg/131.0.0.0"
102.85.215.80 - - [11/Jan/2025:19:19:51 +0300] "GET /wp-includes/js/jquery/ui/core.min.js HTTP/2.0" 200 7106 "https://ncdc.go.ug/" "Mozilla/5.0 (Windows NT 10.0; Win64; x64) AppleWebKit/537.36 (KHTML, like Gecko) Chrome/131.0.0.0 Safari/537.36 Edg/131.0.0.0"
102.85.215.80 - - [11/Jan/2025:19:19:51 +0300] "GET /wp-includes/js/jquery/ui/datepicker.min.js HTTP/2.0" 200 10909 "https://ncdc.go.ug/" "Mozilla/5.0 (Windows NT 10.0; Win64; x64) AppleWebKit/537.36 (KHTML, like Gecko) Chrome/131.0.0.0 Safari/537.36 Edg/131.0.0.0"
102.85.215.80 - - [11/Jan/2025:19:19:51 +0300] "GET /wp-content/plugins/wp-books-gallery-premium/assets/css/fontawesome/webfonts/fa-solid-900.woff2 HTTP/2.0" 200 154260 "https://ncdc.go.ug/wp-content/cache/wpo-minify/1736596187/assets/wpo-minify-header-2701056f.min.css" "Mozilla/5.0 (Windows NT 10.0; Win64; x64) AppleWebKit/537.36 (KHTML, like Gecko) Chrome/131.0.0.0 Safari/537.36 Edg/131.0.0.0"
102.85.215.80 - - [11/Jan/2025:19:19:52 +0300] "GET /wp-content/themes/nanosoft/assets/js/theme.js HTTP/2.0" 200 5318 "https://ncdc.go.ug/" "Mozilla/5.0 (Windows NT 10.0; Win64; x64) AppleWebKit/537.36 (KHTML, like Gecko) Chrome/131.0.0.0 Safari/537.36 Edg/131.0.0.0"
102.85.215.80 - - [11/Jan/2025:19:19:52 +0300] "GET /wp-content/plugins/wp-job-openings/assets/js/script.min.js HTTP/2.0" 200 15208 "https://ncdc.go.ug/" "Mozilla/5.0 (Windows NT 10.0; Win64; x64) AppleWebKit/537.36 (KHTML, like Gecko) Chrome/131.0.0.0 Safari/537.36 Edg/131.0.0.0"
102.85.215.80 - - [11/Jan/2025:19:19:52 +0300] "GET /wp-content/plugins/chart-builder/public//js/chart-builder-datatable.min.js HTTP/2.0" 200 28049 "https://ncdc.go.ug/" "Mozilla/5.0 (Windows NT 10.0; Win64; x64) AppleWebKit/537.36 (KHTML, like Gecko) Chrome/131.0.0.0 Safari/537.36 Edg/131.0.0.0"
102.85.215.80 - - [11/Jan/2025:19:19:52 +0300] "GET /wp-content/plugins/chart-builder/public/js/dataTables.bootstrap4.min.js HTTP/2.0" 200 1100 "https://ncdc.go.ug/" "Mozilla/5.0 (Windows NT 10.0; Win64; x64) AppleWebKit/537.36 (KHTML, like Gecko) Chrome/131.0.0.0 Safari/537.36 Edg/131.0.0.0"
102.85.215.80 - - [11/Jan/2025:19:19:52 +0300] "GET /wp-content/plugins/js_composer/assets/lib/vendor/node_modules/@fortawesome/fontawesome-free/webfonts/fa-brands-400.woff2 HTTP/2.0" 200 76764 "https://ncdc.go.ug/wp-content/cache/wpo-minify/1736596187/assets/wpo-minify-footer-ad5f7fd1.min.css" "Mozilla/5.0 (Windows NT 10.0; Win64; x64) AppleWebKit/537.36 (KHTML, like Gecko) Chrome/131.0.0.0 Safari/537.36 Edg/131.0.0.0"
102.85.215.80 - - [11/Jan/2025:19:19:52 +0300] "GET /wp-content/plugins/js_composer/assets/lib/vendor/node_modules/@fortawesome/fontawesome-free/webfonts/fa-solid-900.woff2 HTTP/2.0" 200 78174 "https://ncdc.go.ug/wp-content/cache/wpo-minify/1736596187/assets/wpo-minify-footer-ad5f7fd1.min.css" "Mozilla/5.0 (Windows NT 10.0; Win64; x64) AppleWebKit/537.36 (KHTML, like Gecko) Chrome/131.0.0.0 Safari/537.36 Edg/131.0.0.0"
102.85.215.80 - - [11/Jan/2025:19:19:52 +0300] "GET /wp-content/themes/nanosoft/assets/js/components.js HTTP/2.0" 200 111841 "https://ncdc.go.ug/" "Mozilla/5.0 (Windows NT 10.0; Win64; x64) AppleWebKit/537.36 (KHTML, like Gecko) Chrome/131.0.0.0 Safari/537.36 Edg/131.0.0.0"
102.85.215.80 - - [11/Jan/2025:19:19:54 +0300] "GET /wp-includes/js/dist/hooks.min.js HTTP/2.0" 200 1648 "https://ncdc.go.ug/" "Mozilla/5.0 (Windows NT 10.0; Win64; x64) AppleWebKit/537.36 (KHTML, like Gecko) Chrome/131.0.0.0 Safari/537.36 Edg/131.0.0.0"
102.85.215.80 - - [11/Jan/2025:19:19:54 +0300] "GET /wp-content/plugins/chart-builder/public/js/google-chart.js HTTP/2.0" 200 13643 "https://ncdc.go.ug/" "Mozilla/5.0 (Windows NT 10.0; Win64; x64) AppleWebKit/537.36 (KHTML, like Gecko) Chrome/131.0.0.0 Safari/537.36 Edg/131.0.0.0"
102.85.215.80 - - [11/Jan/2025:19:19:54 +0300] "GET /wp-includes/js/dist/i18n.min.js HTTP/2.0" 200 3667 "https://ncdc.go.ug/" "Mozilla/5.0 (Windows NT 10.0; Win64; x64) AppleWebKit/537.36 (KHTML, like Gecko) Chrome/131.0.0.0 Safari/537.36 Edg/131.0.0.0"
102.85.215.80 - - [11/Jan/2025:19:19:54 +0300] "GET /wp-content/plugins/contact-form-7/includes/swv/js/index.js HTTP/2.0" 200 3502 "https://ncdc.go.ug/" "Mozilla/5.0 (Windows NT 10.0; Win64; x64) AppleWebKit/537.36 (KHTML, like Gecko) Chrome/131.0.0.0 Safari/537.36 Edg/131.0.0.0"
102.85.215.80 - - [11/Jan/2025:19:19:54 +0300] "GET /wp-content/plugins/contact-form-7/includes/js/index.js HTTP/2.0" 200 4265 "https://ncdc.go.ug/" "Mozilla/5.0 (Windows NT 10.0; Win64; x64) AppleWebKit/537.36 (KHTML, like Gecko) Chrome/131.0.0.0 Safari/537.36 Edg/131.0.0.0"
102.85.215.80 - - [11/Jan/2025:19:19:54 +0300] "GET /wp-content/plugins/document-gallery/assets/js/gallery.min.js HTTP/2.0" 200 1455 "https://ncdc.go.ug/" "Mozilla/5.0 (Windows NT 10.0; Win64; x64) AppleWebKit/537.36 (KHTML, like Gecko) Chrome/131.0.0.0 Safari/537.36 Edg/131.0.0.0"
102.85.215.80 - - [11/Jan/2025:19:19:54 +0300] "GET /wp-content/plugins/wp-books-gallery-premium/assets/js/selectize.min.js HTTP/2.0" 200 15750 "https://ncdc.go.ug/" "Mozilla/5.0 (Windows NT 10.0; Win64; x64) AppleWebKit/537.36 (KHTML, like Gecko) Chrome/131.0.0.0 Safari/537.36 Edg/131.0.0.0"
102.85.215.80 - - [11/Jan/2025:19:19:54 +0300] "GET /wp-content/plugins/wp-books-gallery-premium/assets/js/wbg-front.js HTTP/2.0" 200 1007 "https://ncdc.go.ug/" "Mozilla/5.0 (Windows NT 10.0; Win64; x64) AppleWebKit/537.36 (KHTML, like Gecko) Chrome/131.0.0.0 Safari/537.36 Edg/131.0.0.0"
102.85.215.80 - - [11/Jan/2025:19:19:54 +0300] "GET /wp-content/plugins/extensive-vc-addon/assets/plugins/appear/jquery.appear.js HTTP/2.0" 200 878 "https://ncdc.go.ug/" "Mozilla/5.0 (Windows NT 10.0; Win64; x64) AppleWebKit/537.36 (KHTML, like Gecko) Chrome/131.0.0.0 Safari/537.36 Edg/131.0.0.0"
102.85.215.80 - - [11/Jan/2025:19:19:54 +0300] "GET /wp-content/plugins/extensive-vc-addon/assets/js/main.min.js HTTP/2.0" 200 3708 "https://ncdc.go.ug/" "Mozilla/5.0 (Windows NT 10.0; Win64; x64) AppleWebKit/537.36 (KHTML, like Gecko) Chrome/131.0.0.0 Safari/537.36 Edg/131.0.0.0"
102.85.215.80 - - [11/Jan/2025:19:19:54 +0300] "GET /wp-content/plugins/advanced-faq-manager/assets/public/js/thfaqf-public.js HTTP/2.0" 200 2806 "https://ncdc.go.ug/" "Mozilla/5.0 (Windows NT 10.0; Win64; x64) AppleWebKit/537.36 (KHTML, like Gecko) Chrome/131.0.0.0 Safari/537.36 Edg/131.0.0.0"
102.85.215.80 - - [11/Jan/2025:19:19:54 +0300] "GET /wp-content/plugins/q2w3-fixed-widget/js/frontend.min.js HTTP/2.0" 200 5406 "https://ncdc.go.ug/" "Mozilla/5.0 (Windows NT 10.0; Win64; x64) AppleWebKit/537.36 (KHTML, like Gecko) Chrome/131.0.0.0 Safari/537.36 Edg/131.0.0.0"
102.85.215.80 - - [11/Jan/2025:19:19:54 +0300] "GET /wp-content/plugins/pojo-accessibility/assets/js/app.min.js HTTP/2.0" 200 1668 "https://ncdc.go.ug/" "Mozilla/5.0 (Windows NT 10.0; Win64; x64) AppleWebKit/537.36 (KHTML, like Gecko) Chrome/131.0.0.0 Safari/537.36 Edg/131.0.0.0"
102.85.215.80 - - [11/Jan/2025:19:19:55 +0300] "GET /wp-content/plugins/organization-chart/front/js/front_js.js HTTP/2.0" 200 1070 "https://ncdc.go.ug/" "Mozilla/5.0 (Windows NT 10.0; Win64; x64) AppleWebKit/537.36 (KHTML, like Gecko) Chrome/131.0.0.0 Safari/537.36 Edg/131.0.0.0"
102.85.215.80 - - [11/Jan/2025:19:19:55 +0300] "GET /wp-content/plugins/searchwp-live-ajax-search/assets/javascript/dist/script.min.js HTTP/2.0" 200 3653 "https://ncdc.go.ug/" "Mozilla/5.0 (Windows NT 10.0; Win64; x64) AppleWebKit/537.36 (KHTML, like Gecko) Chrome/131.0.0.0 Safari/537.36 Edg/131.0.0.0"
102.85.215.80 - - [11/Jan/2025:19:19:55 +0300] "GET /wp-content/plugins/mpc-massive/assets/js/mpc-scripts.min.js HTTP/2.0" 200 18041 "https://ncdc.go.ug/" "Mozilla/5.0 (Windows NT 10.0; Win64; x64) AppleWebKit/537.36 (KHTML, like Gecko) Chrome/131.0.0.0 Safari/537.36 Edg/131.0.0.0"
102.85.215.80 - - [11/Jan/2025:19:19:55 +0300] "GET /wp-content/plugins/mpc-massive/assets/js/mpc-vendor.min.js HTTP/2.0" 200 25659 "https://ncdc.go.ug/" "Mozilla/5.0 (Windows NT 10.0; Win64; x64) AppleWebKit/537.36 (KHTML, like Gecko) Chrome/131.0.0.0 Safari/537.36 Edg/131.0.0.0"
102.85.215.80 - - [11/Jan/2025:19:19:55 +0300] "GET /wp-content/plugins/organization-chart/front/js/front_popup.js HTTP/2.0" 200 3297 "https://ncdc.go.ug/" "Mozilla/5.0 (Windows NT 10.0; Win64; x64) AppleWebKit/537.36 (KHTML, like Gecko) Chrome/131.0.0.0 Safari/537.36 Edg/131.0.0.0"
102.85.215.80 - - [11/Jan/2025:19:19:55 +0300] "GET /wp-content/plugins/js_composer/assets/js/dist/js_composer_front.min.js HTTP/2.0" 200 5146 "https://ncdc.go.ug/" "Mozilla/5.0 (Windows NT 10.0; Win64; x64) AppleWebKit/537.36 (KHTML, like Gecko) Chrome/131.0.0.0 Safari/537.36 Edg/131.0.0.0"
102.85.215.80 - - [11/Jan/2025:19:19:54 +0300] "GET /wp-content/plugins/advanced-faq-manager/assets/public/js/fontawesome.min.js HTTP/2.0" 200 444033 "https://ncdc.go.ug/" "Mozilla/5.0 (Windows NT 10.0; Win64; x64) AppleWebKit/537.36 (KHTML, like Gecko) Chrome/131.0.0.0 Safari/537.36 Edg/131.0.0.0"
102.85.215.80 - - [11/Jan/2025:19:19:56 +0300] "GET /wp-content/plugins/line-shortcodes/js/shortcodes.js HTTP/2.0" 200 1427 "https://ncdc.go.ug/" "Mozilla/5.0 (Windows NT 10.0; Win64; x64) AppleWebKit/537.36 (KHTML, like Gecko) Chrome/131.0.0.0 Safari/537.36 Edg/131.0.0.0"
102.85.215.80 - - [11/Jan/2025:19:19:56 +0300] "GET /wp-content/plugins/line-shortcodes/js/shortcodes-3rd.js HTTP/2.0" 200 15757 "https://ncdc.go.ug/" "Mozilla/5.0 (Windows NT 10.0; Win64; x64) AppleWebKit/537.36 (KHTML, like Gecko) Chrome/131.0.0.0 Safari/537.36 Edg/131.0.0.0"
102.85.215.80 - - [11/Jan/2025:19:19:56 +0300] "GET /wp-content/plugins/post-slider-and-carousel/assets/js/post-vticker.min.js HTTP/2.0" 200 874 "https://ncdc.go.ug/" "Mozilla/5.0 (Windows NT 10.0; Win64; x64) AppleWebKit/537.36 (KHTML, like Gecko) Chrome/131.0.0.0 Safari/537.36 Edg/131.0.0.0"
102.85.215.80 - - [11/Jan/2025:19:19:56 +0300] "GET /wp-content/plugins/post-slider-and-carousel/assets/js/psac-public.js HTTP/2.0" 200 741 "https://ncdc.go.ug/" "Mozilla/5.0 (Windows NT 10.0; Win64; x64) AppleWebKit/537.36 (KHTML, like Gecko) Chrome/131.0.0.0 Safari/537.36 Edg/131.0.0.0"
102.85.215.80 - - [11/Jan/2025:19:19:56 +0300] "GET /wp-content/plugins/post-slider-and-carousel/assets/js/owl.carousel.min.js HTTP/2.0" 200 11418 "https://ncdc.go.ug/" "Mozilla/5.0 (Windows NT 10.0; Win64; x64) AppleWebKit/537.36 (KHTML, like Gecko) Chrome/131.0.0.0 Safari/537.36 Edg/131.0.0.0"
102.85.215.80 - - [11/Jan/2025:19:19:56 +0300] "GET /wp-content/plugins/js_composer/assets/lib/vc/vc_waypoints/vc-waypoints.min.js HTTP/2.0" 200 2726 "https://ncdc.go.ug/" "Mozilla/5.0 (Windows NT 10.0; Win64; x64) AppleWebKit/537.36 (KHTML, like Gecko) Chrome/131.0.0.0 Safari/537.36 Edg/131.0.0.0"
102.85.215.80 - - [11/Jan/2025:19:19:56 +0300] "GET /wp-content/plugins/Ultimate_VC_Addons/assets/min-js/jquery-appear.min.js HTTP/2.0" 200 626 "https://ncdc.go.ug/" "Mozilla/5.0 (Windows NT 10.0; Win64; x64) AppleWebKit/537.36 (KHTML, like Gecko) Chrome/131.0.0.0 Safari/537.36 Edg/131.0.0.0"
102.85.215.80 - - [11/Jan/2025:19:19:56 +0300] "GET /wp-content/plugins/Ultimate_VC_Addons/assets/min-js/ultimate_bg.min.js HTTP/2.0" 200 9446 "https://ncdc.go.ug/" "Mozilla/5.0 (Windows NT 10.0; Win64; x64) AppleWebKit/537.36 (KHTML, like Gecko) Chrome/131.0.0.0 Safari/537.36 Edg/131.0.0.0"
102.85.215.80 - - [11/Jan/2025:19:19:56 +0300] "GET /wp-content/plugins/Ultimate_VC_Addons/assets/min-js/custom.min.js HTTP/2.0" 200 4749 "https://ncdc.go.ug/" "Mozilla/5.0 (Windows NT 10.0; Win64; x64) AppleWebKit/537.36 (KHTML, like Gecko) Chrome/131.0.0.0 Safari/537.36 Edg/131.0.0.0"
102.85.215.80 - - [11/Jan/2025:19:19:56 +0300] "GET /wp-content/plugins/folder-slider/slider.js HTTP/2.0" 200 290 "https://ncdc.go.ug/" "Mozilla/5.0 (Windows NT 10.0; Win64; x64) AppleWebKit/537.36 (KHTML, like Gecko) Chrome/131.0.0.0 Safari/537.36 Edg/131.0.0.0"
102.85.215.80 - - [11/Jan/2025:19:19:56 +0300] "GET /wp-content/plugins/folder-slider/jquery.bxslider/jquery.bxslider.min.js HTTP/2.0" 200 6089 "https://ncdc.go.ug/" "Mozilla/5.0 (Windows NT 10.0; Win64; x64) AppleWebKit/537.36 (KHTML, like Gecko) Chrome/131.0.0.0 Safari/537.36 Edg/131.0.0.0"
102.85.215.80 - - [11/Jan/2025:19:19:56 +0300] "GET /wp-content/plugins/elementor/assets/js/webpack.runtime.min.js HTTP/2.0" 200 2390 "https://ncdc.go.ug/" "Mozilla/5.0 (Windows NT 10.0; Win64; x64) AppleWebKit/537.36 (KHTML, like Gecko) Chrome/131.0.0.0 Safari/537.36 Edg/131.0.0.0"
102.85.215.80 - - [11/Jan/2025:19:19:56 +0300] "GET /wp-content/plugins/elementor-pro/assets/js/webpack-pro.runtime.min.js HTTP/2.0" 200 2753 "https://ncdc.go.ug/" "Mozilla/5.0 (Windows NT 10.0; Win64; x64) AppleWebKit/537.36 (KHTML, like Gecko) Chrome/131.0.0.0 Safari/537.36 Edg/131.0.0.0"
102.85.215.80 - - [11/Jan/2025:19:19:56 +0300] "GET /wp-content/plugins/elementor/assets/js/frontend-modules.min.js HTTP/2.0" 200 15344 "https://ncdc.go.ug/" "Mozilla/5.0 (Windows NT 10.0; Win64; x64) AppleWebKit/537.36 (KHTML, like Gecko) Chrome/131.0.0.0 Safari/537.36 Edg/131.0.0.0"
102.85.215.80 - - [11/Jan/2025:19:19:56 +0300] "GET /wp-content/plugins/elementor-pro/assets/js/frontend.min.js HTTP/2.0" 200 6695 "https://ncdc.go.ug/" "Mozilla/5.0 (Windows NT 10.0; Win64; x64) AppleWebKit/537.36 (KHTML, like Gecko) Chrome/131.0.0.0 Safari/537.36 Edg/131.0.0.0"
102.85.215.80 - - [11/Jan/2025:19:19:56 +0300] "GET /wp-content/plugins/elementor/assets/js/frontend.min.js HTTP/2.0" 200 13774 "https://ncdc.go.ug/" "Mozilla/5.0 (Windows NT 10.0; Win64; x64) AppleWebKit/537.36 (KHTML, like Gecko) Chrome/131.0.0.0 Safari/537.36 Edg/131.0.0.0"
102.85.215.80 - - [11/Jan/2025:19:19:56 +0300] "GET /wp-content/plugins/elementor-pro/assets/js/elements-handlers.min.js HTTP/2.0" 200 10077 "https://ncdc.go.ug/" "Mozilla/5.0 (Windows NT 10.0; Win64; x64) AppleWebKit/537.36 (KHTML, like Gecko) Chrome/131.0.0.0 Safari/537.36 Edg/131.0.0.0"
102.85.215.80 - - [11/Jan/2025:19:19:56 +0300] "GET /wp-content/plugins/wp-grid-builder/public/js/polyfills.js HTTP/2.0" 200 7896 "https://ncdc.go.ug/" "Mozilla/5.0 (Windows NT 10.0; Win64; x64) AppleWebKit/537.36 (KHTML, like Gecko) Chrome/131.0.0.0 Safari/537.36 Edg/131.0.0.0"
102.85.215.80 - - [11/Jan/2025:19:19:56 +0300] "GET /wp-content/plugins/wp-grid-builder/public/js/lightbox.js HTTP/2.0" 200 4799 "https://ncdc.go.ug/" "Mozilla/5.0 (Windows NT 10.0; Win64; x64) AppleWebKit/537.36 (KHTML, like Gecko) Chrome/131.0.0.0 Safari/537.36 Edg/131.0.0.0"
102.85.215.80 - - [11/Jan/2025:19:19:56 +0300] "GET /wp-content/plugins/wp-grid-builder/public/js/layout.js HTTP/2.0" 200 14027 "https://ncdc.go.ug/" "Mozilla/5.0 (Windows NT 10.0; Win64; x64) AppleWebKit/537.36 (KHTML, like Gecko) Chrome/131.0.0.0 Safari/537.36 Edg/131.0.0.0"
102.85.215.80 - - [11/Jan/2025:19:19:56 +0300] "GET /wp-content/plugins/wp-grid-builder-elementor/assets/js/elementor.js HTTP/2.0" 200 1111 "https://ncdc.go.ug/" "Mozilla/5.0 (Windows NT 10.0; Win64; x64) AppleWebKit/537.36 (KHTML, like Gecko) Chrome/131.0.0.0 Safari/537.36 Edg/131.0.0.0"
102.85.215.80 - - [11/Jan/2025:19:19:57 +0300] "GET /wp-content/uploads/2024/04/UNEB-PIC-150x150.jpg HTTP/2.0" 200 8674 "https://ncdc.go.ug/" "Mozilla/5.0 (Windows NT 10.0; Win64; x64) AppleWebKit/537.36 (KHTML, like Gecko) Chrome/131.0.0.0 Safari/537.36 Edg/131.0.0.0"
102.85.215.80 - - [11/Jan/2025:19:19:57 +0300] "GET /wp-content/uploads/ncdc@50/IMG_8947.jpg HTTP/2.0" 200 93611 "https://ncdc.go.ug/" "Mozilla/5.0 (Windows NT 10.0; Win64; x64) AppleWebKit/537.36 (KHTML, like Gecko) Chrome/131.0.0.0 Safari/537.36 Edg/131.0.0.0"
102.85.215.80 - - [11/Jan/2025:19:19:57 +0300] "GET /wp-content/uploads/ncdc@50/IMG_8966.jpg HTTP/2.0" 200 169846 "https://ncdc.go.ug/" "Mozilla/5.0 (Windows NT 10.0; Win64; x64) AppleWebKit/537.36 (KHTML, like Gecko) Chrome/131.0.0.0 Safari/537.36 Edg/131.0.0.0"
102.85.215.80 - - [11/Jan/2025:19:19:57 +0300] "GET /wp-content/uploads/ncdc@50/IMG_8978.jpg HTTP/2.0" 200 75420 "https://ncdc.go.ug/" "Mozilla/5.0 (Windows NT 10.0; Win64; x64) AppleWebKit/537.36 (KHTML, like Gecko) Chrome/131.0.0.0 Safari/537.36 Edg/131.0.0.0"
102.85.215.80 - - [11/Jan/2025:19:19:57 +0300] "GET /wp-content/uploads/ncdc@50/IMG_8952.jpg HTTP/2.0" 200 176523 "https://ncdc.go.ug/" "Mozilla/5.0 (Windows NT 10.0; Win64; x64) AppleWebKit/537.36 (KHTML, like Gecko) Chrome/131.0.0.0 Safari/537.36 Edg/131.0.0.0"
102.85.215.80 - - [11/Jan/2025:19:19:57 +0300] "GET /wp-content/uploads/ncdc@50/IMG_8981.jpg HTTP/2.0" 200 97304 "https://ncdc.go.ug/" "Mozilla/5.0 (Windows NT 10.0; Win64; x64) AppleWebKit/537.36 (KHTML, like Gecko) Chrome/131.0.0.0 Safari/537.36 Edg/131.0.0.0"
102.85.215.80 - - [11/Jan/2025:19:19:57 +0300] "GET /wp-content/uploads/ncdc@50/IMG_8986.jpg HTTP/2.0" 200 165989 "https://ncdc.go.ug/" "Mozilla/5.0 (Windows NT 10.0; Win64; x64) AppleWebKit/537.36 (KHTML, like Gecko) Chrome/131.0.0.0 Safari/537.36 Edg/131.0.0.0"
102.85.215.80 - - [11/Jan/2025:19:19:57 +0300] "GET /wp-content/uploads/ncdc@50/IMG_9013.jpg HTTP/2.0" 200 113706 "https://ncdc.go.ug/" "Mozilla/5.0 (Windows NT 10.0; Win64; x64) AppleWebKit/537.36 (KHTML, like Gecko) Chrome/131.0.0.0 Safari/537.36 Edg/131.0.0.0"
102.85.215.80 - - [11/Jan/2025:19:19:57 +0300] "GET /wp-content/uploads/ncdc@50/IMG_9038.jpg HTTP/2.0" 200 110339 "https://ncdc.go.ug/" "Mozilla/5.0 (Windows NT 10.0; Win64; x64) AppleWebKit/537.36 (KHTML, like Gecko) Chrome/131.0.0.0 Safari/537.36 Edg/131.0.0.0"
85.208.96.207 - - [11/Jan/2025:19:20:01 +0300] "GET /gallery/?50-conference-venue&50-conference-venue&consultation-on-a-level-curriculum-review-2&ncdc-50-conference&ncdc-collaboration&sample%3F34 HTTP/1.1" 200 2017 "-" "Mozilla/5.0 (compatible; SemrushBot/7~bl; +http://www.semrush.com/bot.html)"
102.85.215.80 - - [11/Jan/2025:19:20:00 +0300] "GET /wp-content/uploads/ncdc@50/IMG_9052.jpg HTTP/2.0" 200 129369 "https://ncdc.go.ug/" "Mozilla/5.0 (Windows NT 10.0; Win64; x64) AppleWebKit/537.36 (KHTML, like Gecko) Chrome/131.0.0.0 Safari/537.36 Edg/131.0.0.0"
102.85.215.80 - - [11/Jan/2025:19:20:00 +0300] "GET /wp-content/uploads/ncdc@50/IMG_9113.jpg HTTP/2.0" 200 143116 "https://ncdc.go.ug/" "Mozilla/5.0 (Windows NT 10.0; Win64; x64) AppleWebKit/537.36 (KHTML, like Gecko) Chrome/131.0.0.0 Safari/537.36 Edg/131.0.0.0"
102.85.215.80 - - [11/Jan/2025:19:20:00 +0300] "GET /wp-content/uploads/ncdc@50/IMG_9118.jpg HTTP/2.0" 200 164116 "https://ncdc.go.ug/" "Mozilla/5.0 (Windows NT 10.0; Win64; x64) AppleWebKit/537.36 (KHTML, like Gecko) Chrome/131.0.0.0 Safari/537.36 Edg/131.0.0.0"
102.85.215.80 - - [11/Jan/2025:19:20:00 +0300] "GET /wp-content/uploads/ncdc@50/IMG_9136.jpg HTTP/2.0" 200 165267 "https://ncdc.go.ug/" "Mozilla/5.0 (Windows NT 10.0; Win64; x64) AppleWebKit/537.36 (KHTML, like Gecko) Chrome/131.0.0.0 Safari/537.36 Edg/131.0.0.0"
102.85.215.80 - - [11/Jan/2025:19:20:00 +0300] "GET /wp-content/uploads/ncdc@50/IMG_9142.jpg HTTP/2.0" 200 154283 "https://ncdc.go.ug/" "Mozilla/5.0 (Windows NT 10.0; Win64; x64) AppleWebKit/537.36 (KHTML, like Gecko) Chrome/131.0.0.0 Safari/537.36 Edg/131.0.0.0"
102.85.215.80 - - [11/Jan/2025:19:20:00 +0300] "GET /wp-content/uploads/ncdc@50/IMG_9111.jpg HTTP/2.0" 200 105307 "https://ncdc.go.ug/" "Mozilla/5.0 (Windows NT 10.0; Win64; x64) AppleWebKit/537.36 (KHTML, like Gecko) Chrome/131.0.0.0 Safari/537.36 Edg/131.0.0.0"
102.85.215.80 - - [11/Jan/2025:19:20:03 +0300] "GET /wp-content/uploads/ncdc@50/IMG_9149.jpg HTTP/2.0" 200 111975 "https://ncdc.go.ug/" "Mozilla/5.0 (Windows NT 10.0; Win64; x64) AppleWebKit/537.36 (KHTML, like Gecko) Chrome/131.0.0.0 Safari/537.36 Edg/131.0.0.0"
102.85.215.80 - - [11/Jan/2025:19:20:03 +0300] "GET /wp-content/uploads/ncdc@50/IMG_9164.jpg HTTP/2.0" 200 152947 "https://ncdc.go.ug/" "Mozilla/5.0 (Windows NT 10.0; Win64; x64) AppleWebKit/537.36 (KHTML, like Gecko) Chrome/131.0.0.0 Safari/537.36 Edg/131.0.0.0"
102.85.215.80 - - [11/Jan/2025:19:20:03 +0300] "GET /wp-content/uploads/ncdc@50/IMG_9165.jpg HTTP/2.0" 200 163952 "https://ncdc.go.ug/" "Mozilla/5.0 (Windows NT 10.0; Win64; x64) AppleWebKit/537.36 (KHTML, like Gecko) Chrome/131.0.0.0 Safari/537.36 Edg/131.0.0.0"
102.85.215.80 - - [11/Jan/2025:19:20:03 +0300] "GET /wp-content/uploads/ncdc@50/IMG_9179.jpg HTTP/2.0" 200 84412 "https://ncdc.go.ug/" "Mozilla/5.0 (Windows NT 10.0; Win64; x64) AppleWebKit/537.36 (KHTML, like Gecko) Chrome/131.0.0.0 Safari/537.36 Edg/131.0.0.0"
41.75.178.78 - - [11/Jan/2025:19:20:03 +0300] "GET /wp-content/uploads/2024/04/NCDC_AEP_CHEMISTRY_LSC_level-1and-2_Web-file_Final-08.03.2024.pdf HTTP/2.0" 200 202410 "https://www.google.com/" "Mozilla/5.0 (Linux; U; Android 12; en-us; TECNO KI5k Build/SP1A.210812.016) AppleWebKit/537.36 (KHTML, like Gecko) Chrome/105.0.5195.136 Mobile Safari/537.36 PHX/17.0"
41.210.146.36 - - [11/Jan/2025:19:20:08 +0300] "GET /wp-content/uploads/2024/02/ICT_Prototype_TG.pdf HTTP/2.0" 200 5831775 "https://www.google.com/" "Mozilla/5.0 (Linux; Android 10; K) AppleWebKit/537.36 (KHTML, like Gecko) Chrome/131.0.0.0 Mobile Safari/537.36"
154.72.192.35 - - [11/Jan/2025:19:20:12 +0300] "HEAD / HTTP/1.1" 200 - "-" "Uptime-Kuma/1.23.11"
185.191.171.12 - - [11/Jan/2025:19:20:14 +0300] "GET /gallery?50-conference-venue&50-conference-venue&aca&job-fair&ncdc-50-conference&parliament&sample%3F21%3Flunaching-of-ncdc-50-entertainment HTTP/1.1" 200 2017 "-" "Mozilla/5.0 (compatible; SemrushBot/7~bl; +http://www.semrush.com/bot.html)"
85.208.96.202 - - [11/Jan/2025:19:20:17 +0300] "GET /gallery?50-conference-venue&instructional-materials-unit&job-fair&ncdc-50-launch&parliament&parliament&sample%3F21 HTTP/1.1" 200 2017 "-" "Mozilla/5.0 (compatible; SemrushBot/7~bl; +http://www.semrush.com/bot.html)"
