102.86.0.234 - - [11/Jan/2025:19:22:52 +0300] "GET /wp-content/themes/nanosoft/assets/js/theme.js HTTP/2.0" 200 5318 "https://ncdc.go.ug/" "Mozilla/5.0 (Windows NT 10.0; Win64; x64) AppleWebKit/537.36 (KHTML, like Gecko) Chrome/131.0.0.0 Safari/537.36 Edg/131.0.0.0"
102.86.0.234 - - [11/Jan/2025:19:22:52 +0300] "GET /wp-content/plugins/chart-builder/public/js/dataTables.bootstrap4.min.js HTTP/2.0" 200 1100 "https://ncdc.go.ug/" "Mozilla/5.0 (Windows NT 10.0; Win64; x64) AppleWebKit/537.36 (KHTML, like Gecko) Chrome/131.0.0.0 Safari/537.36 Edg/131.0.0.0"
102.86.0.234 - - [11/Jan/2025:19:22:52 +0300] "GET /wp-content/plugins/wp-job-openings/assets/js/script.min.js HTTP/2.0" 200 15208 "https://ncdc.go.ug/" "Mozilla/5.0 (Windows NT 10.0; Win64; x64) AppleWebKit/537.36 (KHTML, like Gecko) Chrome/131.0.0.0 Safari/537.36 Edg/131.0.0.0"
102.86.0.234 - - [11/Jan/2025:19:22:52 +0300] "GET /wp-content/plugins/chart-builder/public//js/chart-builder-datatable.min.js HTTP/2.0" 200 28049 "https://ncdc.go.ug/" "Mozilla/5.0 (Windows NT 10.0; Win64; x64) AppleWebKit/537.36 (KHTML, like Gecko) Chrome/131.0.0.0 Safari/537.36 Edg/131.0.0.0"
102.86.0.234 - - [11/Jan/2025:19:22:52 +0300] "GET /wp-content/plugins/chart-builder/public/js/google-chart.js HTTP/2.0" 200 13643 "https://ncdc.go.ug/" "Mozilla/5.0 (Windows NT 10.0; Win64; x64) AppleWebKit/537.36 (KHTML, like Gecko) Chrome/131.0.0.0 Safari/537.36 Edg/131.0.0.0"
102.86.0.234 - - [11/Jan/2025:19:22:53 +0300] "GET /wp-includes/js/dist/hooks.min.js HTTP/2.0" 200 1648 "https://ncdc.go.ug/" "Mozilla/5.0 (Windows NT 10.0; Win64; x64) AppleWebKit/537.36 (KHTML, like Gecko) Chrome/131.0.0.0 Safari/537.36 Edg/131.0.0.0"
102.86.0.234 - - [11/Jan/2025:19:22:53 +0300] "GET /wp-includes/js/dist/i18n.min.js HTTP/2.0" 200 3667 "https://ncdc.go.ug/" "Mozilla/5.0 (Windows NT 10.0; Win64; x64) AppleWebKit/537.36 (KHTML, like Gecko) Chrome/131.0.0.0 Safari/537.36 Edg/131.0.0.0"
102.86.0.234 - - [11/Jan/2025:19:22:53 +0300] "GET /wp-content/plugins/contact-form-7/includes/swv/js/index.js HTTP/2.0" 200 3502 "https://ncdc.go.ug/" "Mozilla/5.0 (Windows NT 10.0; Win64; x64) AppleWebKit/537.36 (KHTML, like Gecko) Chrome/131.0.0.0 Safari/537.36 Edg/131.0.0.0"
102.86.0.234 - - [11/Jan/2025:19:22:53 +0300] "GET /wp-content/plugins/contact-form-7/includes/js/index.js HTTP/2.0" 200 4265 "https://ncdc.go.ug/" "Mozilla/5.0 (Windows NT 10.0; Win64; x64) AppleWebKit/537.36 (KHTML, like Gecko) Chrome/131.0.0.0 Safari/537.36 Edg/131.0.0.0"
102.86.0.234 - - [11/Jan/2025:19:22:53 +0300] "GET /wp-content/plugins/document-gallery/assets/js/gallery.min.js HTTP/2.0" 200 1455 "https://ncdc.go.ug/" "Mozilla/5.0 (Windows NT 10.0; Win64; x64) AppleWebKit/537.36 (KHTML, like Gecko) Chrome/131.0.0.0 Safari/537.36 Edg/131.0.0.0"
102.86.0.234 - - [11/Jan/2025:19:22:53 +0300] "GET /wp-content/plugins/wp-books-gallery-premium/assets/js/selectize.min.js HTTP/2.0" 200 15750 "https://ncdc.go.ug/" "Mozilla/5.0 (Windows NT 10.0; Win64; x64) AppleWebKit/537.36 (KHTML, like Gecko) Chrome/131.0.0.0 Safari/537.36 Edg/131.0.0.0"
102.86.0.234 - - [11/Jan/2025:19:22:53 +0300] "GET /wp-content/plugins/wp-books-gallery-premium/assets/js/wbg-front.js HTTP/2.0" 200 1007 "https://ncdc.go.ug/" "Mozilla/5.0 (Windows NT 10.0; Win64; x64) AppleWebKit/537.36 (KHTML, like Gecko) Chrome/131.0.0.0 Safari/537.36 Edg/131.0.0.0"
102.86.0.234 - - [11/Jan/2025:19:22:53 +0300] "GET /wp-content/plugins/extensive-vc-addon/assets/plugins/appear/jquery.appear.js HTTP/2.0" 200 878 "https://ncdc.go.ug/" "Mozilla/5.0 (Windows NT 10.0; Win64; x64) AppleWebKit/537.36 (KHTML, like Gecko) Chrome/131.0.0.0 Safari/537.36 Edg/131.0.0.0"
102.86.0.234 - - [11/Jan/2025:19:22:53 +0300] "GET /wp-content/plugins/extensive-vc-addon/assets/js/main.min.js HTTP/2.0" 200 3708 "https://ncdc.go.ug/" "Mozilla/5.0 (Windows NT 10.0; Win64; x64) AppleWebKit/537.36 (KHTML, like Gecko) Chrome/131.0.0.0 Safari/537.36 Edg/131.0.0.0"
102.86.0.234 - - [11/Jan/2025:19:22:53 +0300] "GET /wp-content/plugins/advanced-faq-manager/assets/public/js/fontawesome.min.js HTTP/2.0" 200 444033 "https://ncdc.go.ug/" "Mozilla/5.0 (Windows NT 10.0; Win64; x64) AppleWebKit/537.36 (KHTML, like Gecko) Chrome/131.0.0.0 Safari/537.36 Edg/131.0.0.0"
102.86.0.234 - - [11/Jan/2025:19:22:54 +0300] "GET /wp-content/plugins/advanced-faq-manager/assets/public/js/thfaqf-public.js HTTP/2.0" 200 2806 "https://ncdc.go.ug/" "Mozilla/5.0 (Windows NT 10.0; Win64; x64) AppleWebKit/537.36 (KHTML, like Gecko) Chrome/131.0.0.0 Safari/537.36 Edg/131.0.0.0"
102.86.0.234 - - [11/Jan/2025:19:22:54 +0300] "GET /wp-content/plugins/pojo-accessibility/assets/js/app.min.js HTTP/2.0" 200 1668 "https://ncdc.go.ug/" "Mozilla/5.0 (Windows NT 10.0; Win64; x64) AppleWebKit/537.36 (KHTML, like Gecko) Chrome/131.0.0.0 Safari/537.36 Edg/131.0.0.0"
102.86.0.234 - - [11/Jan/2025:19:22:55 +0300] "GET /wp-content/plugins/q2w3-fixed-widget/js/frontend.min.js HTTP/2.0" 200 5406 "https://ncdc.go.ug/" "Mozilla/5.0 (Windows NT 10.0; Win64; x64) AppleWebKit/537.36 (KHTML, like Gecko) Chrome/131.0.0.0 Safari/537.36 Edg/131.0.0.0"
102.86.0.234 - - [11/Jan/2025:19:22:55 +0300] "GET /wp-content/plugins/searchwp-live-ajax-search/assets/javascript/dist/script.min.js HTTP/2.0" 200 3653 "https://ncdc.go.ug/" "Mozilla/5.0 (Windows NT 10.0; Win64; x64) AppleWebKit/537.36 (KHTML, like Gecko) Chrome/131.0.0.0 Safari/537.36 Edg/131.0.0.0"
102.86.0.234 - - [11/Jan/2025:19:22:55 +0300] "GET /wp-content/plugins/mpc-massive/assets/js/mpc-vendor.min.js HTTP/2.0" 200 25659 "https://ncdc.go.ug/" "Mozilla/5.0 (Windows NT 10.0; Win64; x64) AppleWebKit/537.36 (KHTML, like Gecko) Chrome/131.0.0.0 Safari/537.36 Edg/131.0.0.0"
102.86.0.234 - - [11/Jan/2025:19:22:55 +0300] "GET /wp-content/plugins/mpc-massive/assets/js/mpc-scripts.min.js HTTP/2.0" 200 18041 "https://ncdc.go.ug/" "Mozilla/5.0 (Windows NT 10.0; Win64; x64) AppleWebKit/537.36 (KHTML, like Gecko) Chrome/131.0.0.0 Safari/537.36 Edg/131.0.0.0"
102.86.0.234 - - [11/Jan/2025:19:22:55 +0300] "GET /wp-content/plugins/organization-chart/front/js/front_js.js HTTP/2.0" 200 1070 "https://ncdc.go.ug/" "Mozilla/5.0 (Windows NT 10.0; Win64; x64) AppleWebKit/537.36 (KHTML, like Gecko) Chrome/131.0.0.0 Safari/537.36 Edg/131.0.0.0"
102.86.0.234 - - [11/Jan/2025:19:22:56 +0300] "GET /wp-content/plugins/organization-chart/front/js/front_popup.js HTTP/2.0" 200 3297 "https://ncdc.go.ug/" "Mozilla/5.0 (Windows NT 10.0; Win64; x64) AppleWebKit/537.36 (KHTML, like Gecko) Chrome/131.0.0.0 Safari/537.36 Edg/131.0.0.0"
102.86.0.234 - - [11/Jan/2025:19:22:56 +0300] "GET /wp-content/plugins/js_composer/assets/js/dist/js_composer_front.min.js HTTP/2.0" 200 5146 "https://ncdc.go.ug/" "Mozilla/5.0 (Windows NT 10.0; Win64; x64) AppleWebKit/537.36 (KHTML, like Gecko) Chrome/131.0.0.0 Safari/537.36 Edg/131.0.0.0"
102.86.0.234 - - [11/Jan/2025:19:22:56 +0300] "GET /wp-content/plugins/line-shortcodes/js/shortcodes-3rd.js HTTP/2.0" 200 15757 "https://ncdc.go.ug/" "Mozilla/5.0 (Windows NT 10.0; Win64; x64) AppleWebKit/537.36 (KHTML, like Gecko) Chrome/131.0.0.0 Safari/537.36 Edg/131.0.0.0"
102.86.0.234 - - [11/Jan/2025:19:22:56 +0300] "GET /wp-content/plugins/line-shortcodes/js/shortcodes.js HTTP/2.0" 200 1427 "https://ncdc.go.ug/" "Mozilla/5.0 (Windows NT 10.0; Win64; x64) AppleWebKit/537.36 (KHTML, like Gecko) Chrome/131.0.0.0 Safari/537.36 Edg/131.0.0.0"
102.86.0.234 - - [11/Jan/2025:19:22:56 +0300] "GET /wp-content/plugins/post-slider-and-carousel/assets/js/post-vticker.min.js HTTP/2.0" 200 874 "https://ncdc.go.ug/" "Mozilla/5.0 (Windows NT 10.0; Win64; x64) AppleWebKit/537.36 (KHTML, like Gecko) Chrome/131.0.0.0 Safari/537.36 Edg/131.0.0.0"
102.86.0.234 - - [11/Jan/2025:19:22:56 +0300] "GET /wp-content/plugins/post-slider-and-carousel/assets/js/owl.carousel.min.js HTTP/2.0" 200 11418 "https://ncdc.go.ug/" "Mozilla/5.0 (Windows NT 10.0; Win64; x64) AppleWebKit/537.36 (KHTML, like Gecko) Chrome/131.0.0.0 Safari/537.36 Edg/131.0.0.0"
102.86.0.234 - - [11/Jan/2025:19:22:56 +0300] "GET /wp-content/plugins/post-slider-and-carousel/assets/js/psac-public.js HTTP/2.0" 200 741 "https://ncdc.go.ug/" "Mozilla/5.0 (Windows NT 10.0; Win64; x64) AppleWebKit/537.36 (KHTML, like Gecko) Chrome/131.0.0.0 Safari/537.36 Edg/131.0.0.0"
102.86.0.234 - - [11/Jan/2025:19:22:56 +0300] "GET /wp-content/plugins/js_composer/assets/lib/vc/vc_waypoints/vc-waypoints.min.js HTTP/2.0" 200 2726 "https://ncdc.go.ug/" "Mozilla/5.0 (Windows NT 10.0; Win64; x64) AppleWebKit/537.36 (KHTML, like Gecko) Chrome/131.0.0.0 Safari/537.36 Edg/131.0.0.0"
102.86.0.234 - - [11/Jan/2025:19:22:56 +0300] "GET /wp-content/plugins/Ultimate_VC_Addons/assets/min-js/jquery-appear.min.js HTTP/2.0" 200 626 "https://ncdc.go.ug/" "Mozilla/5.0 (Windows NT 10.0; Win64; x64) AppleWebKit/537.36 (KHTML, like Gecko) Chrome/131.0.0.0 Safari/537.36 Edg/131.0.0.0"
102.86.0.234 - - [11/Jan/2025:19:22:56 +0300] "GET /wp-content/plugins/Ultimate_VC_Addons/assets/min-js/ultimate_bg.min.js HTTP/2.0" 200 9446 "https://ncdc.go.ug/" "Mozilla/5.0 (Windows NT 10.0; Win64; x64) AppleWebKit/537.36 (KHTML, like Gecko) Chrome/131.0.0.0 Safari/537.36 Edg/131.0.0.0"
102.86.0.234 - - [11/Jan/2025:19:22:56 +0300] "GET /wp-content/plugins/Ultimate_VC_Addons/assets/min-js/custom.min.js HTTP/2.0" 200 4749 "https://ncdc.go.ug/" "Mozilla/5.0 (Windows NT 10.0; Win64; x64) AppleWebKit/537.36 (KHTML, like Gecko) Chrome/131.0.0.0 Safari/537.36 Edg/131.0.0.0"
102.86.0.234 - - [11/Jan/2025:19:22:56 +0300] "GET /wp-content/plugins/folder-slider/jquery.bxslider/jquery.bxslider.min.js HTTP/2.0" 200 6089 "https://ncdc.go.ug/" "Mozilla/5.0 (Windows NT 10.0; Win64; x64) AppleWebKit/537.36 (KHTML, like Gecko) Chrome/131.0.0.0 Safari/537.36 Edg/131.0.0.0"
102.86.0.234 - - [11/Jan/2025:19:22:57 +0300] "GET /wp-content/plugins/folder-slider/slider.js HTTP/2.0" 200 290 "https://ncdc.go.ug/" "Mozilla/5.0 (Windows NT 10.0; Win64; x64) AppleWebKit/537.36 (KHTML, like Gecko) Chrome/131.0.0.0 Safari/537.36 Edg/131.0.0.0"
102.86.0.234 - - [11/Jan/2025:19:22:57 +0300] "GET /wp-content/plugins/elementor-pro/assets/js/webpack-pro.runtime.min.js HTTP/2.0" 200 2753 "https://ncdc.go.ug/" "Mozilla/5.0 (Windows NT 10.0; Win64; x64) AppleWebKit/537.36 (KHTML, like Gecko) Chrome/131.0.0.0 Safari/537.36 Edg/131.0.0.0"
102.86.0.234 - - [11/Jan/2025:19:22:57 +0300] "GET /wp-content/plugins/elementor/assets/js/webpack.runtime.min.js HTTP/2.0" 200 2390 "https://ncdc.go.ug/" "Mozilla/5.0 (Windows NT 10.0; Win64; x64) AppleWebKit/537.36 (KHTML, like Gecko) Chrome/131.0.0.0 Safari/537.36 Edg/131.0.0.0"
102.86.0.234 - - [11/Jan/2025:19:22:57 +0300] "GET /wp-content/plugins/elementor/assets/js/frontend-modules.min.js HTTP/2.0" 200 15344 "https://ncdc.go.ug/" "Mozilla/5.0 (Windows NT 10.0; Win64; x64) AppleWebKit/537.36 (KHTML, like Gecko) Chrome/131.0.0.0 Safari/537.36 Edg/131.0.0.0"
102.86.0.234 - - [11/Jan/2025:19:22:57 +0300] "GET /wp-content/plugins/elementor-pro/assets/js/frontend.min.js HTTP/2.0" 200 6695 "https://ncdc.go.ug/" "Mozilla/5.0 (Windows NT 10.0; Win64; x64) AppleWebKit/537.36 (KHTML, like Gecko) Chrome/131.0.0.0 Safari/537.36 Edg/131.0.0.0"
102.86.0.234 - - [11/Jan/2025:19:22:57 +0300] "GET /wp-content/plugins/elementor/assets/js/frontend.min.js HTTP/2.0" 200 13774 "https://ncdc.go.ug/" "Mozilla/5.0 (Windows NT 10.0; Win64; x64) AppleWebKit/537.36 (KHTML, like Gecko) Chrome/131.0.0.0 Safari/537.36 Edg/131.0.0.0"
102.86.0.234 - - [11/Jan/2025:19:22:57 +0300] "GET /wp-content/plugins/elementor-pro/assets/js/elements-handlers.min.js HTTP/2.0" 200 10077 "https://ncdc.go.ug/" "Mozilla/5.0 (Windows NT 10.0; Win64; x64) AppleWebKit/537.36 (KHTML, like Gecko) Chrome/131.0.0.0 Safari/537.36 Edg/131.0.0.0"
102.86.0.234 - - [11/Jan/2025:19:22:57 +0300] "GET /wp-content/plugins/wp-grid-builder/public/js/polyfills.js HTTP/2.0" 200 7896 "https://ncdc.go.ug/" "Mozilla/5.0 (Windows NT 10.0; Win64; x64) AppleWebKit/537.36 (KHTML, like Gecko) Chrome/131.0.0.0 Safari/537.36 Edg/131.0.0.0"
102.86.0.234 - - [11/Jan/2025:19:22:57 +0300] "GET /wp-content/plugins/wp-grid-builder/public/js/lightbox.js HTTP/2.0" 200 4799 "https://ncdc.go.ug/" "Mozilla/5.0 (Windows NT 10.0; Win64; x64) AppleWebKit/537.36 (KHTML, like Gecko) Chrome/131.0.0.0 Safari/537.36 Edg/131.0.0.0"
102.86.0.234 - - [11/Jan/2025:19:22:57 +0300] "GET /wp-content/plugins/wp-grid-builder/public/js/layout.js HTTP/2.0" 200 14027 "https://ncdc.go.ug/" "Mozilla/5.0 (Windows NT 10.0; Win64; x64) AppleWebKit/537.36 (KHTML, like Gecko) Chrome/131.0.0.0 Safari/537.36 Edg/131.0.0.0"
102.86.0.234 - - [11/Jan/2025:19:22:57 +0300] "GET /wp-content/uploads/2024/04/UNEB-PIC-150x150.jpg HTTP/2.0" 200 8674 "https://ncdc.go.ug/" "Mozilla/5.0 (Windows NT 10.0; Win64; x64) AppleWebKit/537.36 (KHTML, like Gecko) Chrome/131.0.0.0 Safari/537.36 Edg/131.0.0.0"
102.86.0.234 - - [11/Jan/2025:19:22:57 +0300] "GET /wp-content/plugins/wp-grid-builder-elementor/assets/js/elementor.js HTTP/2.0" 200 1111 "https://ncdc.go.ug/" "Mozilla/5.0 (Windows NT 10.0; Win64; x64) AppleWebKit/537.36 (KHTML, like Gecko) Chrome/131.0.0.0 Safari/537.36 Edg/131.0.0.0"
102.86.0.234 - - [11/Jan/2025:19:22:57 +0300] "GET /wp-content/uploads/ncdc@50/IMG_8947.jpg HTTP/2.0" 200 93611 "https://ncdc.go.ug/" "Mozilla/5.0 (Windows NT 10.0; Win64; x64) AppleWebKit/537.36 (KHTML, like Gecko) Chrome/131.0.0.0 Safari/537.36 Edg/131.0.0.0"
102.86.0.234 - - [11/Jan/2025:19:22:57 +0300] "GET /wp-content/uploads/ncdc@50/IMG_8952.jpg HTTP/2.0" 200 176523 "https://ncdc.go.ug/" "Mozilla/5.0 (Windows NT 10.0; Win64; x64) AppleWebKit/537.36 (KHTML, like Gecko) Chrome/131.0.0.0 Safari/537.36 Edg/131.0.0.0"
3.212.128.62 - - [11/Jan/2025:19:22:57 +0300] "HEAD / HTTP/1.1" 200 - "https://ncdc.go.ug" "Mozilla/5.0+(compatible; UptimeRobot/2.0; http://www.uptimerobot.com/)"
102.86.0.234 - - [11/Jan/2025:19:22:58 +0300] "GET /wp-content/uploads/ncdc@50/IMG_8966.jpg HTTP/2.0" 200 169846 "https://ncdc.go.ug/" "Mozilla/5.0 (Windows NT 10.0; Win64; x64) AppleWebKit/537.36 (KHTML, like Gecko) Chrome/131.0.0.0 Safari/537.36 Edg/131.0.0.0"
102.86.0.234 - - [11/Jan/2025:19:22:58 +0300] "GET /wp-content/uploads/ncdc@50/IMG_8978.jpg HTTP/2.0" 200 75420 "https://ncdc.go.ug/" "Mozilla/5.0 (Windows NT 10.0; Win64; x64) AppleWebKit/537.36 (KHTML, like Gecko) Chrome/131.0.0.0 Safari/537.36 Edg/131.0.0.0"
102.86.0.234 - - [11/Jan/2025:19:22:58 +0300] "GET /wp-content/uploads/ncdc@50/IMG_8981.jpg HTTP/2.0" 200 97304 "https://ncdc.go.ug/" "Mozilla/5.0 (Windows NT 10.0; Win64; x64) AppleWebKit/537.36 (KHTML, like Gecko) Chrome/131.0.0.0 Safari/537.36 Edg/131.0.0.0"
102.86.0.234 - - [11/Jan/2025:19:22:58 +0300] "GET /wp-content/uploads/ncdc@50/IMG_8986.jpg HTTP/2.0" 200 165989 "https://ncdc.go.ug/" "Mozilla/5.0 (Windows NT 10.0; Win64; x64) AppleWebKit/537.36 (KHTML, like Gecko) Chrome/131.0.0.0 Safari/537.36 Edg/131.0.0.0"
66.249.70.2 - - [11/Jan/2025:19:22:57 +0300] "GET /wp-content/uploads/2024/03/Biology-Teachers-Guide.pdf HTTP/1.1" 200 7017302 "-" "Mozilla/5.0 (Linux; Android 6.0.1; Nexus 5X Build/MMB29P) AppleWebKit/537.36 (KHTML, like Gecko) Chrome/131.0.6778.264 Mobile Safari/537.36 (compatible; GoogleOther)"
102.86.0.234 - - [11/Jan/2025:19:22:58 +0300] "GET /wp-content/uploads/ncdc@50/IMG_9013.jpg HTTP/2.0" 200 113706 "https://ncdc.go.ug/" "Mozilla/5.0 (Windows NT 10.0; Win64; x64) AppleWebKit/537.36 (KHTML, like Gecko) Chrome/131.0.0.0 Safari/537.36 Edg/131.0.0.0"
102.86.0.234 - - [11/Jan/2025:19:22:58 +0300] "GET /wp-content/uploads/ncdc@50/IMG_9038.jpg HTTP/2.0" 200 110339 "https://ncdc.go.ug/" "Mozilla/5.0 (Windows NT 10.0; Win64; x64) AppleWebKit/537.36 (KHTML, like Gecko) Chrome/131.0.0.0 Safari/537.36 Edg/131.0.0.0"
102.86.0.234 - - [11/Jan/2025:19:22:58 +0300] "GET /wp-content/uploads/ncdc@50/IMG_9052.jpg HTTP/2.0" 200 129369 "https://ncdc.go.ug/" "Mozilla/5.0 (Windows NT 10.0; Win64; x64) AppleWebKit/537.36 (KHTML, like Gecko) Chrome/131.0.0.0 Safari/537.36 Edg/131.0.0.0"
185.191.171.3 - - [11/Jan/2025:19:22:59 +0300] "GET /gallery/?aca&consultation-on-a-level-curriculum-review-2&job-fair&parliament&refresher-training-for-centre-coordinating-tutors-ccts&sample%3F24 HTTP/1.1" 200 2017 "-" "Mozilla/5.0 (compatible; SemrushBot/7~bl; +http://www.semrush.com/bot.html)"
102.86.0.234 - - [11/Jan/2025:19:22:58 +0300] "GET /wp-content/plugins/js_composer/assets/lib/vendor/node_modules/@fortawesome/fontawesome-free/webfonts/fa-solid-900.woff2 HTTP/2.0" 200 78174 "https://ncdc.go.ug/wp-content/cache/wpo-minify/1736596187/assets/wpo-minify-footer-ad5f7fd1.min.css" "Mozilla/5.0 (Windows NT 10.0; Win64; x64) AppleWebKit/537.36 (KHTML, like Gecko) Chrome/131.0.0.0 Safari/537.36 Edg/131.0.0.0"
102.86.0.234 - - [11/Jan/2025:19:22:58 +0300] "GET /wp-content/plugins/js_composer/assets/lib/vendor/node_modules/@fortawesome/fontawesome-free/webfonts/fa-brands-400.woff2 HTTP/2.0" 200 76764 "https://ncdc.go.ug/wp-content/cache/wpo-minify/1736596187/assets/wpo-minify-footer-ad5f7fd1.min.css" "Mozilla/5.0 (Windows NT 10.0; Win64; x64) AppleWebKit/537.36 (KHTML, like Gecko) Chrome/131.0.0.0 Safari/537.36 Edg/131.0.0.0"
102.86.0.234 - - [11/Jan/2025:19:23:00 +0300] "GET /wp-content/uploads/ncdc@50/IMG_9111.jpg HTTP/2.0" 200 105307 "https://ncdc.go.ug/" "Mozilla/5.0 (Windows NT 10.0; Win64; x64) AppleWebKit/537.36 (KHTML, like Gecko) Chrome/131.0.0.0 Safari/537.36 Edg/131.0.0.0"
102.86.0.234 - - [11/Jan/2025:19:23:00 +0300] "GET /wp-content/uploads/ncdc@50/IMG_9113.jpg HTTP/2.0" 200 143116 "https://ncdc.go.ug/" "Mozilla/5.0 (Windows NT 10.0; Win64; x64) AppleWebKit/537.36 (KHTML, like Gecko) Chrome/131.0.0.0 Safari/537.36 Edg/131.0.0.0"
102.86.0.234 - - [11/Jan/2025:19:23:00 +0300] "GET /wp-content/uploads/ncdc@50/IMG_9118.jpg HTTP/2.0" 200 164116 "https://ncdc.go.ug/" "Mozilla/5.0 (Windows NT 10.0; Win64; x64) AppleWebKit/537.36 (KHTML, like Gecko) Chrome/131.0.0.0 Safari/537.36 Edg/131.0.0.0"
102.86.0.234 - - [11/Jan/2025:19:23:00 +0300] "GET /wp-content/uploads/ncdc@50/IMG_9136.jpg HTTP/2.0" 200 165267 "https://ncdc.go.ug/" "Mozilla/5.0 (Windows NT 10.0; Win64; x64) AppleWebKit/537.36 (KHTML, like Gecko) Chrome/131.0.0.0 Safari/537.36 Edg/131.0.0.0"
102.86.0.234 - - [11/Jan/2025:19:23:00 +0300] "GET /wp-content/uploads/ncdc@50/IMG_9142.jpg HTTP/2.0" 200 154283 "https://ncdc.go.ug/" "Mozilla/5.0 (Windows NT 10.0; Win64; x64) AppleWebKit/537.36 (KHTML, like Gecko) Chrome/131.0.0.0 Safari/537.36 Edg/131.0.0.0"
102.86.0.234 - - [11/Jan/2025:19:23:00 +0300] "GET /wp-content/uploads/ncdc@50/IMG_9149.jpg HTTP/2.0" 200 111975 "https://ncdc.go.ug/" "Mozilla/5.0 (Windows NT 10.0; Win64; x64) AppleWebKit/537.36 (KHTML, like Gecko) Chrome/131.0.0.0 Safari/537.36 Edg/131.0.0.0"
102.86.0.234 - - [11/Jan/2025:19:23:00 +0300] "GET /wp-content/uploads/ncdc@50/IMG_9164.jpg HTTP/2.0" 200 152947 "https://ncdc.go.ug/" "Mozilla/5.0 (Windows NT 10.0; Win64; x64) AppleWebKit/537.36 (KHTML, like Gecko) Chrome/131.0.0.0 Safari/537.36 Edg/131.0.0.0"
102.86.0.234 - - [11/Jan/2025:19:23:00 +0300] "GET /wp-content/uploads/ncdc@50/IMG_9165.jpg HTTP/2.0" 200 163952 "https://ncdc.go.ug/" "Mozilla/5.0 (Windows NT 10.0; Win64; x64) AppleWebKit/537.36 (KHTML, like Gecko) Chrome/131.0.0.0 Safari/537.36 Edg/131.0.0.0"
102.86.0.234 - - [11/Jan/2025:19:23:02 +0300] "GET /wp-content/uploads/ncdc@50/IMG_9166.jpg HTTP/2.0" 200 157745 "https://ncdc.go.ug/" "Mozilla/5.0 (Windows NT 10.0; Win64; x64) AppleWebKit/537.36 (KHTML, like Gecko) Chrome/131.0.0.0 Safari/537.36 Edg/131.0.0.0"
102.86.0.234 - - [11/Jan/2025:19:23:02 +0300] "GET /wp-content/uploads/ncdc@50/IMG_9170.jpg HTTP/2.0" 200 110904 "https://ncdc.go.ug/" "Mozilla/5.0 (Windows NT 10.0; Win64; x64) AppleWebKit/537.36 (KHTML, like Gecko) Chrome/131.0.0.0 Safari/537.36 Edg/131.0.0.0"
102.86.0.234 - - [11/Jan/2025:19:23:02 +0300] "GET /wp-content/uploads/ncdc@50/IMG_9179.jpg HTTP/2.0" 200 84412 "https://ncdc.go.ug/" "Mozilla/5.0 (Windows NT 10.0; Win64; x64) AppleWebKit/537.36 (KHTML, like Gecko) Chrome/131.0.0.0 Safari/537.36 Edg/131.0.0.0"
102.86.0.234 - - [11/Jan/2025:19:23:02 +0300] "GET /wp-content/uploads/ncdc@50/IMG_9182.jpg HTTP/2.0" 200 124028 "https://ncdc.go.ug/" "Mozilla/5.0 (Windows NT 10.0; Win64; x64) AppleWebKit/537.36 (KHTML, like Gecko) Chrome/131.0.0.0 Safari/537.36 Edg/131.0.0.0"
102.86.0.234 - - [11/Jan/2025:19:23:02 +0300] "GET /wp-content/uploads/ncdc@50/IMG_9191.jpg HTTP/2.0" 200 103192 "https://ncdc.go.ug/" "Mozilla/5.0 (Windows NT 10.0; Win64; x64) AppleWebKit/537.36 (KHTML, like Gecko) Chrome/131.0.0.0 Safari/537.36 Edg/131.0.0.0"
102.86.0.234 - - [11/Jan/2025:19:23:02 +0300] "GET /wp-content/plugins/post-grid/assets/block-js/block-scripts.js HTTP/2.0" 200 12090 "https://ncdc.go.ug/" "Mozilla/5.0 (Windows NT 10.0; Win64; x64) AppleWebKit/537.36 (KHTML, like Gecko) Chrome/131.0.0.0 Safari/537.36 Edg/131.0.0.0"
102.86.0.234 - - [11/Jan/2025:19:23:04 +0300] "GET /wp-content/plugins/revslider/sr6/assets/js/rbtools.min.js HTTP/2.0" 200 61824 "https://ncdc.go.ug/" "Mozilla/5.0 (Windows NT 10.0; Win64; x64) AppleWebKit/537.36 (KHTML, like Gecko) Chrome/131.0.0.0 Safari/537.36 Edg/131.0.0.0"
102.86.0.234 - - [11/Jan/2025:19:23:04 +0300] "GET /wp-content/plugins/mailchimp-for-wp/assets/js/forms.js HTTP/2.0" 200 2605 "https://ncdc.go.ug/" "Mozilla/5.0 (Windows NT 10.0; Win64; x64) AppleWebKit/537.36 (KHTML, like Gecko) Chrome/131.0.0.0 Safari/537.36 Edg/131.0.0.0"
102.86.0.234 - - [11/Jan/2025:19:23:04 +0300] "GET /wp-content/plugins/revslider/sr6/assets/js/rs6.min.js HTTP/2.0" 200 108972 "https://ncdc.go.ug/" "Mozilla/5.0 (Windows NT 10.0; Win64; x64) AppleWebKit/537.36 (KHTML, like Gecko) Chrome/131.0.0.0 Safari/537.36 Edg/131.0.0.0"
102.86.0.234 - - [11/Jan/2025:19:23:06 +0300] "GET /wp-content/uploads/2024/08/LEARNERS-BOOK-768x1074.png HTTP/2.0" 200 168617 "https://ncdc.go.ug/" "Mozilla/5.0 (Windows NT 10.0; Win64; x64) AppleWebKit/537.36 (KHTML, like Gecko) Chrome/131.0.0.0 Safari/537.36 Edg/131.0.0.0"
102.86.0.234 - - [11/Jan/2025:19:23:06 +0300] "GET /wp-content/uploads/2024/08/Resource_book-_sch.png HTTP/2.0" 200 17054 "https://ncdc.go.ug/" "Mozilla/5.0 (Windows NT 10.0; Win64; x64) AppleWebKit/537.36 (KHTML, like Gecko) Chrome/131.0.0.0 Safari/537.36 Edg/131.0.0.0"
72.143.229.218 - - [11/Jan/2025:19:23:08 +0300] "GET /favicon.ico HTTP/2.0" 500 3098 "-" "Mozilla/5.0 (iPhone; CPU iPhone OS 15_6 like Mac OS X) AppleWebKit/605.1.15 (KHTML, like Gecko) CriOS/125.0.6422.80 Mobile/15E148 Safari/604.1"
102.86.0.234 - - [11/Jan/2025:19:23:08 +0300] "GET /wp-content/uploads/2024/08/AEP-thematic-curriculum-level-3-syllabus.png HTTP/2.0" 200 445951 "https://ncdc.go.ug/" "Mozilla/5.0 (Windows NT 10.0; Win64; x64) AppleWebKit/537.36 (KHTML, like Gecko) Chrome/131.0.0.0 Safari/537.36 Edg/131.0.0.0"
72.143.229.218 - - [11/Jan/2025:19:23:11 +0300] "GET /wp-content/uploads/2024/07/P6-Final-Set-Two-book.pdf HTTP/2.0" 200 614080 "-" "Mozilla/5.0 (iPhone; CPU iPhone OS 15_6 like Mac OS X) AppleWebKit/605.1.15 (KHTML, like Gecko) CriOS/125.0.6422.80 Mobile/15E148 Safari/604.1"
154.72.192.35 - - [11/Jan/2025:19:23:14 +0300] "HEAD / HTTP/1.1" 200 - "-" "Uptime-Kuma/1.23.11"
85.208.96.202 - - [11/Jan/2025:19:23:17 +0300] "GET /gallery/?aca&aca&aca&government-trains-teachers-lab-technicians&ncdc-50-launch&ncdc-50-launch&sample%3F22%3F36 HTTP/1.1" 200 2017 "-" "Mozilla/5.0 (compatible; SemrushBot/7~bl; +http://www.semrush.com/bot.html)"
3.101.8.174 - - [11/Jan/2025:19:23:20 +0300] "HEAD / HTTP/2.0" 200 1 "-" "montastic-monitor www.montastic.com - cid:420288"
102.86.0.234 - - [11/Jan/2025:19:23:08 +0300] "GET /wp-content/uploads/2024/08/FACILITATORS-GUIDE-768x1073.png HTTP/2.0" 200 168387 "https://ncdc.go.ug/" "Mozilla/5.0 (Windows NT 10.0; Win64; x64) AppleWebKit/537.36 (KHTML, like Gecko) Chrome/131.0.0.0 Safari/537.36 Edg/131.0.0.0"
102.86.0.234 - - [11/Jan/2025:19:23:08 +0300] "GET /wp-content/uploads/2024/08/AEP-SST-LEVEL-2-3-SYLLABUS.png HTTP/2.0" 200 406604 "https://ncdc.go.ug/" "Mozilla/5.0 (Windows NT 10.0; Win64; x64) AppleWebKit/537.36 (KHTML, like Gecko) Chrome/131.0.0.0 Safari/537.36 Edg/131.0.0.0"
102.86.0.234 - - [11/Jan/2025:19:23:08 +0300] "GET /wp-content/uploads/2024/08/AEP-RE-LEVEL-2-SYLLABUS.png HTTP/2.0" 200 332551 "https://ncdc.go.ug/" "Mozilla/5.0 (Windows NT 10.0; Win64; x64) AppleWebKit/537.36 (KHTML, like Gecko) Chrome/131.0.0.0 Safari/537.36 Edg/131.0.0.0"
102.86.0.234 - - [11/Jan/2025:19:23:08 +0300] "GET /wp-content/uploads/2024/08/AEP-Mathematics-Level-2-3-Syllabus.png HTTP/2.0" 200 908273 "https://ncdc.go.ug/" "Mozilla/5.0 (Windows NT 10.0; Win64; x64) AppleWebKit/537.36 (KHTML, like Gecko) Chrome/131.0.0.0 Safari/537.36 Edg/131.0.0.0"
102.86.0.234 - - [11/Jan/2025:19:23:08 +0300] "GET /wp-content/uploads/2024/08/AEP-IRE-LEVEL-3-SYLLABUS.png HTTP/2.0" 200 638610 "https://ncdc.go.ug/" "Mozilla/5.0 (Windows NT 10.0; Win64; x64) AppleWebKit/537.36 (KHTML, like Gecko) Chrome/131.0.0.0 Safari/537.36 Edg/131.0.0.0"
102.86.0.234 - - [11/Jan/2025:19:23:08 +0300] "GET /wp-content/uploads/2024/08/AEP-INTEGRATED-SCIENCE-LEVEL-23.png HTTP/2.0" 200 451698 "https://ncdc.go.ug/" "Mozilla/5.0 (Windows NT 10.0; Win64; x64) AppleWebKit/537.36 (KHTML, like Gecko) Chrome/131.0.0.0 Safari/537.36 Edg/131.0.0.0"
102.86.0.234 - - [11/Jan/2025:19:23:08 +0300] "GET /wp-content/uploads/2024/08/AEP-CAPEs-LEVEL-2.png HTTP/2.0" 200 154447 "https://ncdc.go.ug/" "Mozilla/5.0 (Windows NT 10.0; Win64; x64) AppleWebKit/537.36 (KHTML, like Gecko) Chrome/131.0.0.0 Safari/537.36 Edg/131.0.0.0"
102.86.0.234 - - [11/Jan/2025:19:23:08 +0300] "GET /wp-content/uploads/2024/08/AEP-ENGLISH-LANGUAGE-LEVEL-2-3.png HTTP/2.0" 200 109997 "https://ncdc.go.ug/" "Mozilla/5.0 (Windows NT 10.0; Win64; x64) AppleWebKit/537.36 (KHTML, like Gecko) Chrome/131.0.0.0 Safari/537.36 Edg/131.0.0.0"
102.86.0.234 - - [11/Jan/2025:19:23:08 +0300] "GET /wp-content/uploads/2024/04/optimized-mwg_1603-1190x558.jpg HTTP/2.0" 200 117504 "https://ncdc.go.ug/" "Mozilla/5.0 (Windows NT 10.0; Win64; x64) AppleWebKit/537.36 (KHTML, like Gecko) Chrome/131.0.0.0 Safari/537.36 Edg/131.0.0.0"
102.86.0.234 - - [11/Jan/2025:19:23:08 +0300] "GET /wp-content/uploads/2024/08/IMG_6338-scaled-800x400.jpg HTTP/2.0" 200 46006 "https://ncdc.go.ug/" "Mozilla/5.0 (Windows NT 10.0; Win64; x64) AppleWebKit/537.36 (KHTML, like Gecko) Chrome/131.0.0.0 Safari/537.36 Edg/131.0.0.0"
102.86.0.234 - - [11/Jan/2025:19:23:08 +0300] "GET /wp-content/uploads/2024/08/IMG_6950-scaled-800x400.jpg HTTP/2.0" 200 78710 "https://ncdc.go.ug/" "Mozilla/5.0 (Windows NT 10.0; Win64; x64) AppleWebKit/537.36 (KHTML, like Gecko) Chrome/131.0.0.0 Safari/537.36 Edg/131.0.0.0"
102.86.0.234 - - [11/Jan/2025:19:23:08 +0300] "GET /wp-content/uploads/2023/04/abstract-cover-547x400.jpg HTTP/2.0" 200 55242 "https://ncdc.go.ug/" "Mozilla/5.0 (Windows NT 10.0; Win64; x64) AppleWebKit/537.36 (KHTML, like Gecko) Chrome/131.0.0.0 Safari/537.36 Edg/131.0.0.0"
102.86.0.234 - - [11/Jan/2025:19:23:08 +0300] "GET /wp-content/uploads/2024/08/IMG_6876-scaled-800x400.jpg HTTP/2.0" 200 71631 "https://ncdc.go.ug/" "Mozilla/5.0 (Windows NT 10.0; Win64; x64) AppleWebKit/537.36 (KHTML, like Gecko) Chrome/131.0.0.0 Safari/537.36 Edg/131.0.0.0"
102.86.0.234 - - [11/Jan/2025:19:23:08 +0300] "GET /wp-content/uploads/2019/03/map-ft.png HTTP/2.0" 200 22147 "https://ncdc.go.ug/wp-content/cache/wpo-minify/1736596187/assets/wpo-minify-header-2701056f.min.css" "Mozilla/5.0 (Windows NT 10.0; Win64; x64) AppleWebKit/537.36 (KHTML, like Gecko) Chrome/131.0.0.0 Safari/537.36 Edg/131.0.0.0"
102.86.0.234 - - [11/Jan/2025:19:23:08 +0300] "GET /wp-content/uploads/2024/01/ugflagstrip.png HTTP/2.0" 200 3246 "https://ncdc.go.ug/" "Mozilla/5.0 (Windows NT 10.0; Win64; x64) AppleWebKit/537.36 (KHTML, like Gecko) Chrome/131.0.0.0 Safari/537.36 Edg/131.0.0.0"
102.86.0.234 - - [11/Jan/2025:19:23:32 +0300] "GET /wp-content/plugins/folder-slider/jquery.bxslider/images/controls.png HTTP/2.0" 200 2806 "https://ncdc.go.ug/wp-content/cache/wpo-minify/1736596187/assets/wpo-minify-header-2701056f.min.css" "Mozilla/5.0 (Windows NT 10.0; Win64; x64) AppleWebKit/537.36 (KHTML, like Gecko) Chrome/131.0.0.0 Safari/537.36 Edg/131.0.0.0"
102.86.0.234 - - [11/Jan/2025:19:23:32 +0300] "GET /wp-content/plugins/elementor/assets/css/conditionals/dialog.min.css?ver=3.26.4 HTTP/2.0" 200 1488 "https://ncdc.go.ug/" "Mozilla/5.0 (Windows NT 10.0; Win64; x64) AppleWebKit/537.36 (KHTML, like Gecko) Chrome/131.0.0.0 Safari/537.36 Edg/131.0.0.0"
102.86.0.234 - - [11/Jan/2025:19:23:32 +0300] "GET /wp-content/plugins/elementor/assets/css/conditionals/lightbox.min.css?ver=3.26.4 HTTP/2.0" 200 1910 "https://ncdc.go.ug/" "Mozilla/5.0 (Windows NT 10.0; Win64; x64) AppleWebKit/537.36 (KHTML, like Gecko) Chrome/131.0.0.0 Safari/537.36 Edg/131.0.0.0"
102.86.0.234 - - [11/Jan/2025:19:23:32 +0300] "GET /wp-content/uploads/2024/01/court_of_arms-150x150.png HTTP/2.0" 200 27354 "https://ncdc.go.ug/" "Mozilla/5.0 (Windows NT 10.0; Win64; x64) AppleWebKit/537.36 (KHTML, like Gecko) Chrome/131.0.0.0 Safari/537.36 Edg/131.0.0.0"
102.86.0.234 - - [11/Jan/2025:19:23:32 +0300] "GET /wp-content/plugins/folder-slider/jquery.bxslider/images/bx_loader.gif HTTP/2.0" 200 8581 "https://ncdc.go.ug/wp-content/cache/wpo-minify/1736596187/assets/wpo-minify-header-2701056f.min.css" "Mozilla/5.0 (Windows NT 10.0; Win64; x64) AppleWebKit/537.36 (KHTML, like Gecko) Chrome/131.0.0.0 Safari/537.36 Edg/131.0.0.0"
102.86.0.234 - - [11/Jan/2025:19:23:32 +0300] "GET /wp-content/uploads/2024/05/telephone-300x300.png HTTP/2.0" 200 5346 "https://ncdc.go.ug/" "Mozilla/5.0 (Windows NT 10.0; Win64; x64) AppleWebKit/537.36 (KHTML, like Gecko) Chrome/131.0.0.0 Safari/537.36 Edg/131.0.0.0"
102.86.0.234 - - [11/Jan/2025:19:23:32 +0300] "GET /wp-content/plugins/revslider/sr6/assets/assets/loader.gif HTTP/2.0" 200 2545 "https://ncdc.go.ug/wp-content/cache/wpo-minify/1736596187/assets/wpo-minify-footer-ad5f7fd1.min.css" "Mozilla/5.0 (Windows NT 10.0; Win64; x64) AppleWebKit/537.36 (KHTML, like Gecko) Chrome/131.0.0.0 Safari/537.36 Edg/131.0.0.0"
102.86.0.234 - - [11/Jan/2025:19:23:32 +0300] "GET /wp-content/plugins/revslider/sr6/assets/fonts/revicons/revicons.woff HTTP/2.0" 200 7491 "https://ncdc.go.ug/wp-content/cache/wpo-minify/1736596187/assets/wpo-minify-footer-ad5f7fd1.min.css" "Mozilla/5.0 (Windows NT 10.0; Win64; x64) AppleWebKit/537.36 (KHTML, like Gecko) Chrome/131.0.0.0 Safari/537.36 Edg/131.0.0.0"
102.86.0.234 - - [11/Jan/2025:19:23:32 +0300] "GET /wp-content/plugins/elementor/assets/lib/swiper/v8/css/swiper.min.css?ver=8.4.5 HTTP/2.0" 200 4561 "https://ncdc.go.ug/" "Mozilla/5.0 (Windows NT 10.0; Win64; x64) AppleWebKit/537.36 (KHTML, like Gecko) Chrome/131.0.0.0 Safari/537.36 Edg/131.0.0.0"
114.119.132.171 - - [11/Jan/2025:19:23:33 +0300] "GET /sites/default/files/styles/medium/public/publication_thumbnail/sample%20report%20card.png?itok=mYfgDRJ5 HTTP/1.1" 200 2020 "https://ictteachersug.net/abridged-curriculum-ncdc-publishes-final-edited-booklets-download-here/" "Mozilla/5.0 (Linux; Android 7.0;) AppleWebKit/537.36 (KHTML, like Gecko) Mobile Safari/537.36 (compatible; PetalBot;+https://webmaster.petalsearch.com/site/petalbot)"
102.86.0.234 - - [11/Jan/2025:19:23:32 +0300] "GET /wp-content/uploads/2024/05/email-300x221.png HTTP/2.0" 200 4321 "https://ncdc.go.ug/" "Mozilla/5.0 (Windows NT 10.0; Win64; x64) AppleWebKit/537.36 (KHTML, like Gecko) Chrome/131.0.0.0 Safari/537.36 Edg/131.0.0.0"
102.86.0.234 - - [11/Jan/2025:19:23:32 +0300] "GET /wp-content/plugins/elementor/assets/js/lightbox.02f75f989ef2fbab5147.bundle.min.js HTTP/2.0" 200 9497 "https://ncdc.go.ug/" "Mozilla/5.0 (Windows NT 10.0; Win64; x64) AppleWebKit/537.36 (KHTML, like Gecko) Chrome/131.0.0.0 Safari/537.36 Edg/131.0.0.0"
102.86.0.234 - - [11/Jan/2025:19:23:32 +0300] "GET /resources/ HTTP/2.0" 500 3096 "https://www.bing.com/" "Mozilla/5.0 (Windows NT 10.0; Win64; x64) AppleWebKit/537.36 (KHTML, like Gecko) Chrome/131.0.0.0 Safari/537.36 Edg/131.0.0.0"
102.86.0.234 - - [11/Jan/2025:19:23:32 +0300] "GET /wp-content/plugins/elementor/assets/lib/dialog/dialog.min.js?ver=4.9.3 HTTP/2.0" 200 3683 "https://ncdc.go.ug/" "Mozilla/5.0 (Windows NT 10.0; Win64; x64) AppleWebKit/537.36 (KHTML, like Gecko) Chrome/131.0.0.0 Safari/537.36 Edg/131.0.0.0"
102.86.0.234 - - [11/Jan/2025:19:23:32 +0300] "GET /wp-content/plugins/elementor/assets/lib/share-link/share-link.min.js?ver=3.26.4 HTTP/2.0" 200 1169 "https://ncdc.go.ug/" "Mozilla/5.0 (Windows NT 10.0; Win64; x64) AppleWebKit/537.36 (KHTML, like Gecko) Chrome/131.0.0.0 Safari/537.36 Edg/131.0.0.0"
102.86.0.234 - - [11/Jan/2025:19:23:32 +0300] "GET /wp-content/plugins/elementor/assets/js/text-editor.2cbb801863b5118e0825.bundle.min.js HTTP/2.0" 200 666 "https://ncdc.go.ug/" "Mozilla/5.0 (Windows NT 10.0; Win64; x64) AppleWebKit/537.36 (KHTML, like Gecko) Chrome/131.0.0.0 Safari/537.36 Edg/131.0.0.0"
102.86.0.234 - - [11/Jan/2025:19:23:32 +0300] "GET /wp-content/uploads/2024/04/Asset-5@4x-100-scaled.jpg HTTP/2.0" 200 194126 "https://ncdc.go.ug/" "Mozilla/5.0 (Windows NT 10.0; Win64; x64) AppleWebKit/537.36 (KHTML, like Gecko) Chrome/131.0.0.0 Safari/537.36 Edg/131.0.0.0"
102.86.0.234 - - [11/Jan/2025:19:23:32 +0300] "GET /wp-content/uploads/2024/06/Asset-15@4x_.png HTTP/2.0" 200 125045 "https://ncdc.go.ug/" "Mozilla/5.0 (Windows NT 10.0; Win64; x64) AppleWebKit/537.36 (KHTML, like Gecko) Chrome/131.0.0.0 Safari/537.36 Edg/131.0.0.0"
102.86.0.234 - - [11/Jan/2025:19:23:32 +0300] "GET /wp-content/uploads/2024/06/Asset-12@4x_-2.png HTTP/2.0" 200 9127 "https://ncdc.go.ug/" "Mozilla/5.0 (Windows NT 10.0; Win64; x64) AppleWebKit/537.36 (KHTML, like Gecko) Chrome/131.0.0.0 Safari/537.36 Edg/131.0.0.0"
102.86.0.234 - - [11/Jan/2025:19:23:32 +0300] "GET /wp-content/uploads/2024/06/Button.png HTTP/2.0" 200 1738 "https://ncdc.go.ug/" "Mozilla/5.0 (Windows NT 10.0; Win64; x64) AppleWebKit/537.36 (KHTML, like Gecko) Chrome/131.0.0.0 Safari/537.36 Edg/131.0.0.0"
102.86.0.234 - - [11/Jan/2025:19:23:32 +0300] "GET /wp-content/uploads/2024/04/border.png HTTP/2.0" 200 8117 "https://ncdc.go.ug/" "Mozilla/5.0 (Windows NT 10.0; Win64; x64) AppleWebKit/537.36 (KHTML, like Gecko) Chrome/131.0.0.0 Safari/537.36 Edg/131.0.0.0"
102.86.0.234 - - [11/Jan/2025:19:23:32 +0300] "GET /wp-content/plugins/extensive-vc-addon/assets/css/ion-icons/fonts/ionicons.ttf HTTP/2.0" 200 109964 "https://ncdc.go.ug/wp-content/cache/wpo-minify/1736596187/assets/wpo-minify-header-2701056f.min.css" "Mozilla/5.0 (Windows NT 10.0; Win64; x64) AppleWebKit/537.36 (KHTML, like Gecko) Chrome/131.0.0.0 Safari/537.36 Edg/131.0.0.0"
102.86.0.234 - - [11/Jan/2025:19:23:35 +0300] "GET /wp-content/plugins/fuse-social-floating-sidebar/inc/font-awesome/fonts/fontawesome-webfont.woff2 HTTP/2.0" 200 77162 "https://ncdc.go.ug/wp-content/cache/wpo-minify/1736596187/assets/wpo-minify-header-2701056f.min.css" "Mozilla/5.0 (Windows NT 10.0; Win64; x64) AppleWebKit/537.36 (KHTML, like Gecko) Chrome/131.0.0.0 Safari/537.36 Edg/131.0.0.0"
102.86.0.234 - - [11/Jan/2025:19:23:35 +0300] "GET /favicon.ico HTTP/2.0" 500 3096 "https://ncdc.go.ug/resources/" "Mozilla/5.0 (Windows NT 10.0; Win64; x64) AppleWebKit/537.36 (KHTML, like Gecko) Chrome/131.0.0.0 Safari/537.36 Edg/131.0.0.0"
102.86.0.234 - - [11/Jan/2025:19:23:36 +0300] "GET /wp-content/uploads/2024/05/IMG_5496-transformed-2048x1365.jpeg HTTP/2.0" 200 568533 "https://ncdc.go.ug/" "Mozilla/5.0 (Windows NT 10.0; Win64; x64) AppleWebKit/537.36 (KHTML, like Gecko) Chrome/131.0.0.0 Safari/537.36 Edg/131.0.0.0"
102.86.0.234 - - [11/Jan/2025:19:23:37 +0300] "GET /wp-content/uploads/2024/01/SliderStrip.png HTTP/2.0" 200 18639 "https://ncdc.go.ug/" "Mozilla/5.0 (Windows NT 10.0; Win64; x64) AppleWebKit/537.36 (KHTML, like Gecko) Chrome/131.0.0.0 Safari/537.36 Edg/131.0.0.0"
102.86.0.234 - - [11/Jan/2025:19:23:37 +0300] "GET /wp-content/uploads/2024/06/Asset-14@4x_.png HTTP/2.0" 200 263396 "https://ncdc.go.ug/" "Mozilla/5.0 (Windows NT 10.0; Win64; x64) AppleWebKit/537.36 (KHTML, like Gecko) Chrome/131.0.0.0 Safari/537.36 Edg/131.0.0.0"
102.86.0.234 - - [11/Jan/2025:19:23:38 +0300] "GET /wp-content/uploads/2024/06/Asset-16@4x_.png HTTP/2.0" 200 8294 "https://ncdc.go.ug/" "Mozilla/5.0 (Windows NT 10.0; Win64; x64) AppleWebKit/537.36 (KHTML, like Gecko) Chrome/131.0.0.0 Safari/537.36 Edg/131.0.0.0"
85.208.96.194 - - [11/Jan/2025:19:23:39 +0300] "GET /gallery/?50-conference-venue&50-conference-venue&aca&ncdc-50-launch&ncdc-50-launch&ncdc-50-launch&sample%3F138 HTTP/1.1" 200 2018 "-" "Mozilla/5.0 (compatible; SemrushBot/7~bl; +http://www.semrush.com/bot.html)"
102.86.0.234 - - [11/Jan/2025:19:23:40 +0300] "GET /wp-content/uploads/2024/01/favicon-150x150.png HTTP/2.0" 200 6300 "https://ncdc.go.ug/" "Mozilla/5.0 (Windows NT 10.0; Win64; x64) AppleWebKit/537.36 (KHTML, like Gecko) Chrome/131.0.0.0 Safari/537.36 Edg/131.0.0.0"
185.191.171.1 - - [11/Jan/2025:19:23:42 +0300] "GET /gallery/?50-conference-venue&chief-guest&ncdc-50-conference&refresher-training-for-centre-coordinating-tutors-ccts&sample%3Fdirector-launching-ncdc-50 HTTP/1.1" 200 2016 "-" "Mozilla/5.0 (compatible; SemrushBot/7~bl; +http://www.semrush.com/bot.html)"
102.209.129.129 - - [11/Jan/2025:19:23:53 +0300] "POST /mod_pagespeed_beacon?url=https%3A%2F%2Fncdc.go.ug%2Fbooks%2F%3Fwbg_title_s%3D%26wbg_category_s%3DA%2BLevel%2BCurriculum HTTP/2.0" 204 - "https://ncdc.go.ug/books/?wbg_title_s=&wbg_category_s=A+Level+Curriculum" "Mozilla/5.0 (Windows NT 10.0; Win64; x64) AppleWebKit/537.36 (KHTML, like Gecko) Chrome/131.0.0.0 Safari/537.36"
185.191.171.11 - - [11/Jan/2025:19:24:03 +0300] "GET /gallery/?ncdc-50-conference&ncdc-50-conference&ncdc-50-conference&ncdc-collaboration&sample&welcome-remarks%3Fzambian-delegation-visiting-stepu HTTP/1.1" 200 2017 "-" "Mozilla/5.0 (compatible; SemrushBot/7~bl; +http://www.semrush.com/bot.html)"
154.72.192.35 - - [11/Jan/2025:19:24:14 +0300] "HEAD / HTTP/1.1" 200 - "-" "Uptime-Kuma/1.23.11"
85.208.96.199 - - [11/Jan/2025:19:24:20 +0300] "GET /gallery?job-fair&ncdc-50-conference&ncdc-50-launch&sample%3F21&visit-by-ps&visit-by-ps&welcome-remarks%3Flunaching-of-ncdc-50-entertainment HTTP/1.1" 200 2018 "-" "Mozilla/5.0 (compatible; SemrushBot/7~bl; +http://www.semrush.com/bot.html)"
102.86.0.234 - - [11/Jan/2025:19:24:26 +0300] "GET /wp-admin/admin-ajax.php?s=P.4%20science%20&action=searchwp_live_search&swpengine=default&swpquery=P.4%20science%20&origin_id=2 HTTP/2.0" 200 3759 "https://ncdc.go.ug/" "Mozilla/5.0 (Windows NT 10.0; Win64; x64) AppleWebKit/537.36 (KHTML, like Gecko) Chrome/131.0.0.0 Safari/537.36 Edg/131.0.0.0"
85.208.96.194 - - [11/Jan/2025:19:24:27 +0300] "GET /gallery/?50-conference-venue&50-conference-venue&59&about-the-conference&aca&aca&aca&chief-guest%3F129 HTTP/1.1" 200 2018 "-" "Mozilla/5.0 (compatible; SemrushBot/7~bl; +http://www.semrush.com/bot.html)"
102.86.0.234 - - [11/Jan/2025:19:24:28 +0300] "GET /wp-content/themes/nanosoft/assets/img/arrow.svg HTTP/2.0" 200 512 "https://ncdc.go.ug/wp-content/cache/wpo-minify/1736596187/assets/wpo-minify-header-2701056f.min.css" "Mozilla/5.0 (Windows NT 10.0; Win64; x64) AppleWebKit/537.36 (KHTML, like Gecko) Chrome/131.0.0.0 Safari/537.36 Edg/131.0.0.0"
102.86.0.234 - - [11/Jan/2025:19:24:28 +0300] "GET /wp-admin/admin-ajax.php?s=P.4%20science%20sy&action=searchwp_live_search&swpengine=default&swpquery=P.4%20science%20sy&origin_id=2 HTTP/2.0" 200 - "https://ncdc.go.ug/" "Mozilla/5.0 (Windows NT 10.0; Win64; x64) AppleWebKit/537.36 (KHTML, like Gecko) Chrome/131.0.0.0 Safari/537.36 Edg/131.0.0.0"
102.86.0.234 - - [11/Jan/2025:19:24:29 +0300] "GET /wp-admin/admin-ajax.php?s=P.4%20science%20syllabus&action=searchwp_live_search&swpengine=default&swpquery=P.4%20science%20syllabus&origin_id=2 HTTP/2.0" 200 - "https://ncdc.go.ug/" "Mozilla/5.0 (Windows NT 10.0; Win64; x64) AppleWebKit/537.36 (KHTML, like Gecko) Chrome/131.0.0.0 Safari/537.36 Edg/131.0.0.0"
102.86.0.234 - - [11/Jan/2025:19:24:30 +0300] "GET /?s=P.4+science+syllabus HTTP/2.0" 200 2016 "https://ncdc.go.ug/" "Mozilla/5.0 (Windows NT 10.0; Win64; x64) AppleWebKit/537.36 (KHTML, like Gecko) Chrome/131.0.0.0 Safari/537.36 Edg/131.0.0.0"
102.86.0.234 - - [11/Jan/2025:19:24:30 +0300] "GET /wp-admin/admin-ajax.php?s=P.4%20science%20syllabus&action=searchwp_live_search&swpengine=default&swpquery=P.4%20science%20syllabus&origin_id=2 HTTP/2.0" 200 3760 "https://ncdc.go.ug/" "Mozilla/5.0 (Windows NT 10.0; Win64; x64) AppleWebKit/537.36 (KHTML, like Gecko) Chrome/131.0.0.0 Safari/537.36 Edg/131.0.0.0"
102.86.0.234 - - [11/Jan/2025:19:24:30 +0300] "GET /favicon.ico HTTP/2.0" 500 3096 "https://ncdc.go.ug/?s=P.4+science+syllabus" "Mozilla/5.0 (Windows NT 10.0; Win64; x64) AppleWebKit/537.36 (KHTML, like Gecko) Chrome/131.0.0.0 Safari/537.36 Edg/131.0.0.0"
185.191.171.10 - - [11/Jan/2025:19:24:33 +0300] "GET /gallery?50-conference-venue&50-conference-venue&50-conference-venue&59&chief-guest&ncdc-50-conference&welcome-remarks HTTP/1.1" 200 2017 "-" "Mozilla/5.0 (compatible; SemrushBot/7~bl; +http://www.semrush.com/bot.html)"
185.191.171.18 - - [11/Jan/2025:19:24:36 +0300] "GET /gallery?50-conference-venue&chief-guest&ncdc-50-conference&ncdc-50-launch&ncdc-50-launch&sample%3F21%3Fstate-minister-for-primary-launching-ncdc-50 HTTP/1.1" 200 2017 "-" "Mozilla/5.0 (compatible; SemrushBot/7~bl; +http://www.semrush.com/bot.html)"
85.208.96.207 - - [11/Jan/2025:19:24:48 +0300] "GET /gallery?government-trains-teachers-lab-technicians&job-fair&ncdc-50-conference&parliament&sample%3F20&welcome-remarks%3F36 HTTP/1.1" 200 2017 "-" "Mozilla/5.0 (compatible; SemrushBot/7~bl; +http://www.semrush.com/bot.html)"
66.249.70.3 - - [11/Jan/2025:19:24:54 +0300] "GET /Backup29082024/installer.php?filesrc=/home/ncdcgo/public_html/wp-config-sample.php&path=/home/ncdcgo/public_html HTTP/1.1" 200 1974 "-" "Mozilla/5.0 (Linux; Android 6.0.1; Nexus 5X Build/MMB29P) AppleWebKit/537.36 (KHTML, like Gecko) Chrome/131.0.6778.264 Mobile Safari/537.36 (compatible; GoogleOther)"
41.210.147.153 - - [11/Jan/2025:19:24:59 +0300] "GET /wp-content/uploads/2024/02/P.3_teachers_guide_-_Book.pdf HTTP/2.0" 200 1922774 "-" "Mozilla/5.0 (Linux; Android 10; K) AppleWebKit/537.36 (KHTML, like Gecko) Chrome/127.0.0.0 Mobile Safari/537.36"
185.191.171.16 - - [11/Jan/2025:19:25:00 +0300] "GET /gallery/?government-trains-teachers-lab-technicians&ncdc-50-conference&sample%3F20&thanks&thanks&welcome-remarks%3F33 HTTP/1.1" 200 2017 "-" "Mozilla/5.0 (compatible; SemrushBot/7~bl; +http://www.semrush.com/bot.html)"
80.78.244.36 - - [11/Jan/2025:19:25:04 +0300] "POST /wp-login.php HTTP/1.1" 200 2017 "-" "Mozilla/5.0 (Windows NT 6.1; WOW64) AppleWebKit/537.36 (KHTML, like Gecko) Chrome/46.0.2490.86 Safari/537.36"
66.220.149.4 - - [11/Jan/2025:19:25:11 +0300] "GET /wp-content/plugins/extensive-vc-addon/shortcodes/custom-font/widgets/?C=N;O=A HTTP/2.0" 200 1334 "-" "meta-externalagent/1.1 (+https://developers.facebook.com/docs/sharing/webmasters/crawler)"
154.72.192.35 - - [11/Jan/2025:19:25:14 +0300] "HEAD / HTTP/1.1" 200 - "-" "Uptime-Kuma/1.23.11"
102.86.0.234 - - [11/Jan/2025:19:25:16 +0300] "GET /wp-content/uploads/2024/02/P4-Integrated-Science-Syllabus-1.pdf HTTP/2.0" 200 761444 "https://www.bing.com/" "Mozilla/5.0 (Windows NT 10.0; Win64; x64) AppleWebKit/537.36 (KHTML, like Gecko) Chrome/131.0.0.0 Safari/537.36 Edg/131.0.0.0"
102.86.0.234 - - [11/Jan/2025:19:25:18 +0300] "GET /favicon.ico HTTP/2.0" 500 3096 "https://ncdc.go.ug/wp-content/uploads/2024/02/P4-Integrated-Science-Syllabus-1.pdf" "Mozilla/5.0 (Windows NT 10.0; Win64; x64) AppleWebKit/537.36 (KHTML, like Gecko) Chrome/131.0.0.0 Safari/537.36 Edg/131.0.0.0"
85.208.96.207 - - [11/Jan/2025:19:25:20 +0300] "GET /gallery/?aca&aca&aca&instructional-materials-unit&ncdc-50-launch&ncdc-50-launch&parliament&sample%3F58 HTTP/1.1" 200 2017 "-" "Mozilla/5.0 (compatible; SemrushBot/7~bl; +http://www.semrush.com/bot.html)"
85.208.96.206 - - [11/Jan/2025:19:25:26 +0300] "GET /gallery/?50-conference-venue&50-conference-venue&aca&ncdc-collaboration&parliament&parliament&sample%3F20%3F37 HTTP/1.1" 200 2017 "-" "Mozilla/5.0 (compatible; SemrushBot/7~bl; +http://www.semrush.com/bot.html)"
85.208.96.206 - - [11/Jan/2025:19:25:32 +0300] "GET /gallery/?ncdc-50-conference&sample%3F22&students-of-new-horizon-secondary-school-showcase-curriculum-innovations&welcome-remarks%3F47 HTTP/1.1" 200 2017 "-" "Mozilla/5.0 (compatible; SemrushBot/7~bl; +http://www.semrush.com/bot.html)"
185.191.171.2 - - [11/Jan/2025:19:25:35 +0300] "GET /gallery?ncdc-50-launch&ncdc-50-launch&ncdc-50-launch&ncdc-50-launch&ncdc-collaboration&parliament&sample%3F22%3F33 HTTP/1.1" 200 2017 "-" "Mozilla/5.0 (compatible; SemrushBot/7~bl; +http://www.semrush.com/bot.html)"
85.208.96.206 - - [11/Jan/2025:19:25:40 +0300] "GET /books/ncdc-ict-policy-2/ HTTP/1.1" 500 2304 "-" "Mozilla/5.0 (compatible; SemrushBot/7~bl; +http://www.semrush.com/bot.html)"
34.198.201.66 - - [11/Jan/2025:19:25:46 +0300] "HEAD / HTTP/1.1" 200 - "https://ncdc.go.ug/" "Mozilla/5.0+(compatible; UptimeRobot/2.0; http://www.uptimerobot.com/)"
47.128.32.86 - - [11/Jan/2025:19:25:55 +0300] "GET /?filesrc=%2Fhome%2Fncdcgo%2Fpublic_html%2Fxmlrpc.php&path=%2Fhome%2Fncdcgo%2Fpublic_html HTTP/2.0" 200 2088 "-" "Mozilla/5.0 (Linux; Android 5.0) AppleWebKit/537.36 (KHTML, like Gecko) Mobile Safari/537.36 (compatible; Bytespider; spider-feedback@bytedance.com)"
86.169.254.104 - - [11/Jan/2025:19:26:01 +0300] "GET /2024/04/03/alevel-literature-in-english-set-books-2024-2028/ HTTP/2.0" 500 3098 "https://www.google.com/" "Mozilla/5.0 (Windows NT 10.0; Win64; x64) AppleWebKit/537.36 (KHTML, like Gecko) Chrome/131.0.0.0 Safari/537.36"
86.169.254.104 - - [11/Jan/2025:19:26:02 +0300] "GET /favicon.ico HTTP/2.0" 500 3098 "https://ncdc.go.ug/2024/04/03/alevel-literature-in-english-set-books-2024-2028/" "Mozilla/5.0 (Windows NT 10.0; Win64; x64) AppleWebKit/537.36 (KHTML, like Gecko) Chrome/131.0.0.0 Safari/537.36"
95.163.255.229 - - [11/Jan/2025:19:26:06 +0300] "GET /robots.txt HTTP/1.0" 200 30639 "-" "Mozilla/5.0 (compatible; Linux x86_64; Mail.RU_Bot/2.0; +https://help.mail.ru/webmaster/indexing/robots)"
154.72.192.35 - - [11/Jan/2025:19:26:15 +0300] "HEAD / HTTP/1.1" 200 - "-" "Uptime-Kuma/1.23.11"
95.163.255.239 - - [11/Jan/2025:19:26:17 +0300] "GET /sites/default/files/covid-19/primary/P3%20Material_A3%201.pdf HTTP/1.1" 500 3099 "-" "Mozilla/5.0 (compatible; Linux x86_64; Mail.RU_Bot/2.0; +https://help.mail.ru/webmaster/indexing/robots)"
85.208.96.208 - - [11/Jan/2025:19:26:19 +0300] "GET /gallery/?ncdc-50-conference&ncdc-50-conference&sample%3F22&stepu&stepu&stepu&stepu&welcome-remarks%3F25 HTTP/1.1" 200 2016 "-" "Mozilla/5.0 (compatible; SemrushBot/7~bl; +http://www.semrush.com/bot.html)"
85.208.96.199 - - [11/Jan/2025:19:26:25 +0300] "GET /gallery/?50-conference-venue&consultation-on-a-level-curriculum-review-2&ncdc-50-launch&ncdc-50-launch&sample%3F22%3Fzambian-delegation-visiting-stepu HTTP/1.1" 200 2018 "-" "Mozilla/5.0 (compatible; SemrushBot/7~bl; +http://www.semrush.com/bot.html)"
66.220.29.169 - - [11/Jan/2025:19:26:28 +0300] "GET /sites/default/files/covid-19/REVISED-SECOND-ADDRESS-BY-MAAMA.pdf HTTP/1.1" 500 3098 "-" "Mozilla/5.0 (Windows NT 10.0; Win64; x64) AppleWebKit/537.36 (KHTML, like Gecko) Chrome/100.0.7992.490 Safari/537.36"
85.208.96.205 - - [11/Jan/2025:19:26:31 +0300] "GET /gallery?ncdc-50-conference&ncdc-50-launch&parliament&parliament&sample%3F22&stepu&stepu&welcome-remarks%3F4 HTTP/1.1" 200 2017 "-" "Mozilla/5.0 (compatible; SemrushBot/7~bl; +http://www.semrush.com/bot.html)"
57.141.5.8 - - [11/Jan/2025:19:26:32 +0300] "GET /wp-content/plugins/extensive-vc-addon/shortcodes/post-carousel/templates/parts/date-simple.php HTTP/2.0" 200 - "-" "meta-externalagent/1.1 (+https://developers.facebook.com/docs/sharing/webmasters/crawler)"
41.210.155.145 - - [11/Jan/2025:19:26:34 +0300] "GET /wp-content/uploads/2024/02/Entrepreneurship_Education_A_level_Teachers_Guide_2011.pdf HTTP/2.0" 200 853048 "https://www.google.com/" "Mozilla/5.0 (X11; Linux x86_64) AppleWebKit/537.36 (KHTML, like Gecko) Chrome/79.0.3945.116 Safari/537.36"
57.141.5.9 - - [11/Jan/2025:19:26:41 +0300] "GET /2025/01/04/%e0%b9%80%e0%b8%9e%e0%b8%a5%e0%b8%b4%e0%b8%94%e0%b9%80%e0%b8%9e%e0%b8%a5%e0%b8%b4%e0%b8%99%e0%b8%81%e0%b8%b1%e0%b8%9a%e0%b8%aa%e0%b8%a5%e0%b9%87%e0%b8%ad%e0%b8%95%e0%b8%ad%e0%b8%ad%e0%b8%99%e0%b9%84/ HTTP/2.0" 500 33360 "-" "meta-externalagent/1.1 (+https://developers.facebook.com/docs/sharing/webmasters/crawler)"
185.191.171.16 - - [11/Jan/2025:19:26:47 +0300] "GET /gallery/?50-conference-venue&50-conference-venue&50-conference-venue&consultation-on-a-level-curriculum-review-2&ncdc-50-conference&sample%3F31 HTTP/1.1" 200 2017 "-" "Mozilla/5.0 (compatible; SemrushBot/7~bl; +http://www.semrush.com/bot.html)"
52.15.147.27 - - [11/Jan/2025:19:26:48 +0300] "HEAD / HTTP/1.1" 200 - "https://ncdc.go.ug/" "Mozilla/5.0+(compatible; UptimeRobot/2.0; http://www.uptimerobot.com/)"
185.191.171.13 - - [11/Jan/2025:19:26:58 +0300] "GET /gallery/?government-trains-teachers-lab-technicians&government-trains-teachers-lab-technicians&job-fair&job-fair&ncdc-collaboration&sample%3F26 HTTP/1.1" 200 2017 "-" "Mozilla/5.0 (compatible; SemrushBot/7~bl; +http://www.semrush.com/bot.html)"
191.101.109.99 - - [11/Jan/2025:19:26:58 +0300] "GET /2025/01/06/the-5-aspects/ HTTP/1.1" 500 3095 "-" "Mozilla/5.0 (Macintosh; Intel Mac OS X 12.5; rv:114.0) Gecko/20100101 Firefox/114.0"
191.101.109.99 - - [11/Jan/2025:19:27:00 +0300] "GET /2025/01/06/the-5-aspects/?filesrc=/home/ncdcgo/public_html/wp-login.php&path=/home/ncdcgo/public_html HTTP/1.1" 200 13710 "https://ncdc.go.ug/2025/01/06/the-5-aspects/" "Mozilla/5.0 (Windows NT 6.3; Win64; x64) AppleWebKit/537.36 (KHTML, like Gecko) Chrome/103.0.0.0 Safari/537.36"
176.105.231.27 - - [11/Jan/2025:19:27:14 +0300] "GET / HTTP/1.1" 500 3098 "-" "Mozilla/5.0 (Windows NT 10.0; Win64; x64) AppleWebKit/537.36 (KHTML, like Gecko) Chrome/114.0.0.0 Safari/537.36"
154.72.192.35 - - [11/Jan/2025:19:27:15 +0300] "HEAD / HTTP/1.1" 200 - "-" "Uptime-Kuma/1.23.11"
