Your IP : 18.222.161.57


Current Path : /home/ncdcgo/access-logs/
Upload File :
Current File : /home/ncdcgo/access-logs/ncdc.go.ug-ssl_log

172.178.141.134 - - [11/Jan/2025:15:08:26 +0300] "GET /books/math-learners-book/ HTTP/2.0" 500 3098 "-" "Mozilla/5.0 AppleWebKit/537.36 (KHTML, like Gecko); compatible; ChatGPT-User/1.0; +https://openai.com/bot"
172.178.141.137 - - [11/Jan/2025:15:08:28 +0300] "GET /books/math-learners-book/ HTTP/2.0" 500 3098 "-" "Mozilla/5.0 AppleWebKit/537.36 (KHTML, like Gecko); compatible; ChatGPT-User/1.0; +https://openai.com/bot"
172.178.141.129 - - [11/Jan/2025:15:08:29 +0300] "GET /books/math-learners-book/ HTTP/2.0" 500 3098 "-" "Mozilla/5.0 AppleWebKit/537.36 (KHTML, like Gecko); compatible; ChatGPT-User/1.0; +https://openai.com/bot"
172.178.141.129 - - [11/Jan/2025:15:08:30 +0300] "GET /books/math-learners-book/ HTTP/2.0" 500 3098 "-" "Mozilla/5.0 AppleWebKit/537.36 (KHTML, like Gecko); compatible; ChatGPT-User/1.0; +https://openai.com/bot"
3.12.251.153 - - [11/Jan/2025:15:08:43 +0300] "HEAD / HTTP/1.1" 200 - "https://ncdc.go.ug" "Mozilla/5.0+(compatible; UptimeRobot/2.0; http://www.uptimerobot.com/)"
185.191.171.4 - - [11/Jan/2025:15:08:45 +0300] "GET /gallery?50-conference-venue&job-fair&ncdc-50-conference&ncdc-50-launch&sample%3F20&visit-by-ps&welcome-remarks%3F5 HTTP/1.1" 200 2017 "-" "Mozilla/5.0 (compatible; SemrushBot/7~bl; +http://www.semrush.com/bot.html)"
85.208.96.194 - - [11/Jan/2025:15:08:48 +0300] "GET /gallery/?job-fair&ncdc-50-conference&ncdc-50-launch&parliament&sample&stepu&stepu&welcome-remarks%3F120 HTTP/1.1" 200 2018 "-" "Mozilla/5.0 (compatible; SemrushBot/7~bl; +http://www.semrush.com/bot.html)"
85.208.96.210 - - [11/Jan/2025:15:08:51 +0300] "GET /gallery/?50-conference-venue&aca&aca&ncdc-50-launch&ncdc-collaboration&ncdc-collaboration&sample&thanks HTTP/1.1" 200 2018 "-" "Mozilla/5.0 (compatible; SemrushBot/7~bl; +http://www.semrush.com/bot.html)"
185.191.171.13 - - [11/Jan/2025:15:08:53 +0300] "GET /gallery?aca&aca&government-trains-teachers-lab-technicians&ncdc-50-conference&parliament&sample&welcome-remarks%3Fdirector-launching-ncdc-50 HTTP/1.1" 200 2017 "-" "Mozilla/5.0 (compatible; SemrushBot/7~bl; +http://www.semrush.com/bot.html)"
185.191.171.4 - - [11/Jan/2025:15:09:01 +0300] "GET /gallery?50-conference-venue&50-conference-venue&aca&aca&aca&ncdc-50-conference&sample&welcome-remarks%3F43 HTTP/1.1" 200 2017 "-" "Mozilla/5.0 (compatible; SemrushBot/7~bl; +http://www.semrush.com/bot.html)"
185.191.171.5 - - [11/Jan/2025:15:09:03 +0300] "GET /gallery/?aca&ncdc-50-conference&sample&thanks&thanks&thanks&thanks&welcome-remarks%3Fzambian-delegation-visiting-stepu HTTP/1.1" 200 2017 "-" "Mozilla/5.0 (compatible; SemrushBot/7~bl; +http://www.semrush.com/bot.html)"
85.208.96.204 - - [11/Jan/2025:15:09:06 +0300] "GET /gallery/?aca&job-fair&ncdc-50-conference&ncdc-collaboration&ncdc-collaboration&sample%3F22&welcome-remarks%3F34 HTTP/1.1" 200 2017 "-" "Mozilla/5.0 (compatible; SemrushBot/7~bl; +http://www.semrush.com/bot.html)"
185.191.171.11 - - [11/Jan/2025:15:09:13 +0300] "GET /gallery/?about-the-conference&government-trains-teachers-lab-technicians&instructional-materials-unit&ncdc-50-conference&parliament&sample%3F25 HTTP/1.1" 200 2017 "-" "Mozilla/5.0 (compatible; SemrushBot/7~bl; +http://www.semrush.com/bot.html)"
154.72.192.35 - - [11/Jan/2025:15:09:13 +0300] "HEAD / HTTP/1.1" 200 - "-" "Uptime-Kuma/1.23.11"
145.239.154.4 - - [11/Jan/2025:15:09:14 +0300] "POST /xmlrpc.php HTTP/1.1" 200 2018 "-" "Mozilla/5.0 (Windows NT 10.0; WOW64) AppleWebKit/537.36 (KHTML, like Gecko) Chrome/62.0.3202.9 Safari/537.36"
41.75.190.194 - - [11/Jan/2025:15:09:13 +0300] "GET /wp-content/uploads/2024/04/NCDC_AEP_HISTORY_LSC_level-1and-2_Web-file_Final-08.03.2024.pdf HTTP/2.0" 200 1877887 "https://www.google.com/" "Mozilla/5.0 (Linux; Android 12; TECNO BF7) AppleWebKit/537.36 (KHTML, like Gecko) Chrome/105.0.0.0 Mobile Safari/537.36"
41.75.175.135 - - [11/Jan/2025:15:09:23 +0300] "GET /books/chemistry-syllabus/ HTTP/2.0" 500 3095 "https://www.bing.com/" "Mozilla/5.0 (Windows NT 10.0; Win64; x64) AppleWebKit/537.36 (KHTML, like Gecko) Chrome/131.0.0.0 Safari/537.36 Edg/131.0.0.0"
94.8.140.219 - - [11/Jan/2025:15:09:35 +0300] "GET /wp-content/uploads/2024/02/P1-Curriculum.pdf HTTP/2.0" 200 1415694 "https://www.bing.com/" "Mozilla/5.0 (Windows NT 10.0; Win64; x64) AppleWebKit/537.36 (KHTML, like Gecko) Chrome/131.0.0.0 Safari/537.36 Edg/131.0.0.0"
94.8.140.219 - - [11/Jan/2025:15:09:36 +0300] "GET /favicon.ico HTTP/2.0" 500 3096 "https://ncdc.go.ug/wp-content/uploads/2024/02/P1-Curriculum.pdf" "Mozilla/5.0 (Windows NT 10.0; Win64; x64) AppleWebKit/537.36 (KHTML, like Gecko) Chrome/131.0.0.0 Safari/537.36 Edg/131.0.0.0"
185.191.171.14 - - [11/Jan/2025:15:09:46 +0300] "GET /gallery?ncdc-50-conference&ncdc-50-launch&ncdc-collaboration&sample%3F21&stepu&stepu&thanks&welcome-remarks%3F4 HTTP/1.1" 200 2017 "-" "Mozilla/5.0 (compatible; SemrushBot/7~bl; +http://www.semrush.com/bot.html)"
46.246.88.224 - - [11/Jan/2025:15:09:52 +0300] "POST /wp-admin/admin-ajax.php HTTP/2.0" 200 3762 "https://ncdc.go.ug/wp-admin/user-edit.php?user_id=1&wp_http_referer=%2Fwp-admin%2Fusers.php" "Mozilla/5.0 (Windows NT 10.0; Win64; x64) AppleWebKit/537.36 (KHTML, like Gecko) Chrome/131.0.0.0 Safari/537.36"
185.191.171.16 - - [11/Jan/2025:15:09:53 +0300] "GET /gallery/?aca&job-fair&job-fair&job-fair&ncdc-50-conference&ncdc-collaboration&sample%3F22%3F24 HTTP/1.1" 200 2017 "-" "Mozilla/5.0 (compatible; SemrushBot/7~bl; +http://www.semrush.com/bot.html)"
185.15.209.234 - - [11/Jan/2025:15:10:01 +0300] "GET /bid-adverts/ HTTP/2.0" 500 3098 "-" "Mozilla/5.0 (X11; Linux x86_64) AppleWebKit/537.36 (KHTML, like Gecko) HeadlessChrome/117.0.5938.0 Safari/537.36"
185.191.171.16 - - [11/Jan/2025:15:10:07 +0300] "GET /gallery/?about-the-conference&job-fair&ncdc-50-conference&ncdc-50-conference&ncdc-collaboration&sample%3F20%3Ffacilitators-for-teacher-training HTTP/1.1" 200 2017 "-" "Mozilla/5.0 (compatible; SemrushBot/7~bl; +http://www.semrush.com/bot.html)"
185.191.171.14 - - [11/Jan/2025:15:10:10 +0300] "GET /gallery/?aca&aca&aca&aca&ncdc-50-conference&sample&visit-by-ps&visit-by-ps&welcome-remarks%3F38 HTTP/1.1" 200 2017 "-" "Mozilla/5.0 (compatible; SemrushBot/7~bl; +http://www.semrush.com/bot.html)"
154.72.192.35 - - [11/Jan/2025:15:10:14 +0300] "HEAD / HTTP/1.1" 200 - "-" "Uptime-Kuma/1.23.11"
85.208.96.209 - - [11/Jan/2025:15:10:22 +0300] "GET /gallery/?50-conference-venue&59&aca&aca&chief-guest&chief-guest&students-of-new-horizon-secondary-school-showcase-curriculum-innovations HTTP/1.1" 200 2017 "-" "Mozilla/5.0 (compatible; SemrushBot/7~bl; +http://www.semrush.com/bot.html)"
185.191.171.2 - - [11/Jan/2025:15:10:24 +0300] "GET /gallery?instructional-materials-unit&instructional-materials-unit&job-fair&ncdc-50-conference&sample%3F21&welcome-remarks HTTP/1.1" 200 2017 "-" "Mozilla/5.0 (compatible; SemrushBot/7~bl; +http://www.semrush.com/bot.html)"
197.239.10.28 - - [11/Jan/2025:15:10:27 +0300] "GET /2024/04/04/sample-papers-for-new-lower-secondary/ HTTP/2.0" 500 3096 "https://www.google.com/" "Mozilla/5.0 (Windows NT 10.0; Win64; x64) AppleWebKit/537.36 (KHTML, like Gecko) Chrome/119.0.0.0 Safari/537.36"
197.239.10.28 - - [11/Jan/2025:15:10:27 +0300] "GET /favicon.ico HTTP/2.0" 500 3096 "https://ncdc.go.ug/2024/04/04/sample-papers-for-new-lower-secondary/" "Mozilla/5.0 (Windows NT 10.0; Win64; x64) AppleWebKit/537.36 (KHTML, like Gecko) Chrome/119.0.0.0 Safari/537.36"
185.191.171.9 - - [11/Jan/2025:15:10:31 +0300] "GET /gallery/?50-conference-venue&job-fair&ncdc-50-conference&parliament&sample%3F22&stepu&welcome-remarks%3Ftraining-on-abridged-curriculum HTTP/1.1" 200 2017 "-" "Mozilla/5.0 (compatible; SemrushBot/7~bl; +http://www.semrush.com/bot.html)"
41.75.175.135 - - [11/Jan/2025:15:10:41 +0300] "GET /books/chemistry-syllabus/ HTTP/2.0" 500 3095 "https://www.bing.com/" "Mozilla/5.0 (Windows NT 10.0; Win64; x64) AppleWebKit/537.36 (KHTML, like Gecko) Chrome/131.0.0.0 Safari/537.36 Edg/131.0.0.0"
85.208.96.196 - - [11/Jan/2025:15:10:41 +0300] "GET /gallery/?ncdc-50-conference&ncdc-50-conference&ncdc-collaboration&parliament&parliament&sample&teacher-training-on-abridged-curriculum-2 HTTP/1.1" 200 2018 "-" "Mozilla/5.0 (compatible; SemrushBot/7~bl; +http://www.semrush.com/bot.html)"
85.208.96.204 - - [11/Jan/2025:15:10:57 +0300] "GET /gallery/?consultation-on-a-level-curriculum-review-2&instructional-materials-unit&ncdc-50-conference&ncdc-50-conference&parliament&sample%3F28 HTTP/1.1" 200 2017 "-" "Mozilla/5.0 (compatible; SemrushBot/7~bl; +http://www.semrush.com/bot.html)"
154.72.192.35 - - [11/Jan/2025:15:11:14 +0300] "HEAD / HTTP/1.1" 200 - "-" "Uptime-Kuma/1.23.11"
52.15.147.27 - - [11/Jan/2025:15:11:29 +0300] "HEAD / HTTP/1.1" 200 - "https://ncdc.go.ug/" "Mozilla/5.0+(compatible; UptimeRobot/2.0; http://www.uptimerobot.com/)"
139.59.109.12 - - [11/Jan/2025:15:11:35 +0300] "HEAD / HTTP/2.0" 200 - "-" "downnotifier.com monitoring"
85.208.96.195 - - [11/Jan/2025:15:11:38 +0300] "GET /gallery?aca&instructional-materials-unit&parliament&sample%3F32 HTTP/1.1" 200 2018 "-" "Mozilla/5.0 (compatible; SemrushBot/7~bl; +http://www.semrush.com/bot.html)"
185.191.171.17 - - [11/Jan/2025:15:11:41 +0300] "GET /gallery?aca&consultation-on-a-level-curriculum-review-2&government-trains-teachers-lab-technicians&ncdc-50-launch&sample%3F21%3F4 HTTP/1.1" 200 2016 "-" "Mozilla/5.0 (compatible; SemrushBot/7~bl; +http://www.semrush.com/bot.html)"
40.77.167.2 - - [11/Jan/2025:15:11:43 +0300] "GET /wp-content/uploads/2024/07/P6-Final-Set-Two-book.pdf HTTP/2.0" 200 614080 "-" "Mozilla/5.0 AppleWebKit/537.36 (KHTML, like Gecko; compatible; bingbot/2.0; +http://www.bing.com/bingbot.htm) Chrome/116.0.1938.76 Safari/537.36"
54.167.223.174 - - [11/Jan/2025:15:11:49 +0300] "HEAD / HTTP/1.1" 200 - "https://ncdc.go.ug/" "Mozilla/5.0+(compatible; UptimeRobot/2.0; http://www.uptimerobot.com/)"
46.246.88.224 - - [11/Jan/2025:15:11:53 +0300] "POST /wp-admin/admin-ajax.php HTTP/2.0" 200 3761 "https://ncdc.go.ug/wp-admin/user-edit.php?user_id=1&wp_http_referer=%2Fwp-admin%2Fusers.php" "Mozilla/5.0 (Windows NT 10.0; Win64; x64) AppleWebKit/537.36 (KHTML, like Gecko) Chrome/131.0.0.0 Safari/537.36"
185.191.171.12 - - [11/Jan/2025:15:11:57 +0300] "GET /robots.txt HTTP/1.1" 200 2017 "-" "Mozilla/5.0 (compatible; SemrushBot/7~bl; +http://www.semrush.com/bot.html)"
85.208.96.203 - - [11/Jan/2025:15:11:59 +0300] "GET /gallery/?aca&instructional-materials-unit&instructional-materials-unit&ncdc-50-conference&ncdc-50-conference&ncdc-50-launch&sample%3F46 HTTP/1.1" 200 2017 "-" "Mozilla/5.0 (compatible; SemrushBot/7~bl; +http://www.semrush.com/bot.html)"
60.163.37.184 - - [11/Jan/2025:15:12:05 +0300] "GET / HTTP/1.1" 500 3096 "https://www.ncdc.go.ug/" "Mozilla/5.0 (Windows NT 6.1; WOW64) AppleWebKit/537.36 (KHTML, like Gecko) Chrome/50.0.2661.102 Safari/537.36"
82.145.210.202 - - [11/Jan/2025:15:12:11 +0300] "GET /books/s-1-s-2-physics-assess/ HTTP/1.1" 500 3099 "https://www.google.com/search?client=ms-opera-mini&sca_esv=ad1fa8e7d3282536&oq=Physics+s.1&aqs=mobile-gws-lite..&source=hp&q=Physics+s.1" "Opera/9.80 (SpreadTrum; Opera Mini/4.4.34868/191.361; U; en) Presto/2.12.423 Version/12.16"
82.145.210.202 - - [11/Jan/2025:15:12:11 +0300] "GET /favicon.ico HTTP/1.1" 500 3099 "https://ncdc.go.ug/books/s-1-s-2-physics-assess/" "Opera/9.80 (SpreadTrum; Opera Mini/4.4.34868/191.361; U; en) Presto/2.12.423 Version/12.16"
154.72.192.35 - - [11/Jan/2025:15:12:15 +0300] "HEAD / HTTP/1.1" 200 - "-" "Uptime-Kuma/1.23.11"
185.191.171.6 - - [11/Jan/2025:15:12:20 +0300] "GET /gallery/?aca&aca&aca&job-fair&job-fair&refresher-training-for-centre-coordinating-tutors-ccts&sample%3F20%3F49 HTTP/1.1" 200 2017 "-" "Mozilla/5.0 (compatible; SemrushBot/7~bl; +http://www.semrush.com/bot.html)"
82.145.210.202 - - [11/Jan/2025:15:12:37 +0300] "GET /books/s-1-s-2-physics-assess/ HTTP/1.1" 500 3099 "-" "Opera/9.80 (SpreadTrum; Opera Mini/4.4.34868/191.361; U; en) Presto/2.12.423 Version/12.16"
82.145.210.202 - - [11/Jan/2025:15:12:38 +0300] "GET /favicon.ico HTTP/1.1" 500 3099 "https://ncdc.go.ug/books/s-1-s-2-physics-assess/" "Opera/9.80 (SpreadTrum; Opera Mini/4.4.34868/191.361; U; en) Presto/2.12.423 Version/12.16"
85.208.96.202 - - [11/Jan/2025:15:12:45 +0300] "GET /gallery/?instructional-materials-unit&ncdc-50-conference&sample%3F20&thanks&thanks&thanks&welcome-remarks%3F29 HTTP/1.1" 200 2017 "-" "Mozilla/5.0 (compatible; SemrushBot/7~bl; +http://www.semrush.com/bot.html)"
85.208.96.202 - - [11/Jan/2025:15:12:52 +0300] "GET /services/?50-conference-venue&59&about-the-conference&about-the-conference&aca&aca&aca&chief-guest%3F27 HTTP/1.1" 200 2017 "-" "Mozilla/5.0 (compatible; SemrushBot/7~bl; +http://www.semrush.com/bot.html)"
185.191.171.17 - - [11/Jan/2025:15:12:58 +0300] "GET /gallery/?consultation-on-a-level-curriculum-review-2&job-fair&ncdc-50-conference&ncdc-50-launch&parliament&sample%3F22 HTTP/1.1" 200 2016 "-" "Mozilla/5.0 (compatible; SemrushBot/7~bl; +http://www.semrush.com/bot.html)"
66.249.64.227 - - [11/Jan/2025:15:13:00 +0300] "GET /index.php?option=com_content&view=article&id=89:secondary-deparment&catid=9:uncategorised&Itemid=515 HTTP/1.1" 200 658 "-" "Mozilla/5.0 (Linux; Android 6.0.1; Nexus 5X Build/MMB29P) AppleWebKit/537.36 (KHTML, like Gecko) Chrome/131.0.6778.264 Mobile Safari/537.36 (compatible; Googlebot/2.1; +http://www.google.com/bot.html)"
185.191.171.19 - - [11/Jan/2025:15:13:02 +0300] "GET /gallery?50-conference-venue&50-conference-venue&aca&aca&job-fair&ncdc-collaboration&parliament&sample%3F146 HTTP/1.1" 200 2017 "-" "Mozilla/5.0 (compatible; SemrushBot/7~bl; +http://www.semrush.com/bot.html)"
185.191.171.17 - - [11/Jan/2025:15:13:06 +0300] "GET /gallery/?aca&aca&aca&consultation-on-a-level-curriculum-review-2&ncdc-50-conference&parliament&sample%3F22%3Fdirector-launching-ncdc-50 HTTP/1.1" 200 2016 "-" "Mozilla/5.0 (compatible; SemrushBot/7~bl; +http://www.semrush.com/bot.html)"
85.208.96.203 - - [11/Jan/2025:15:13:08 +0300] "GET /gallery/?aca&ncdc-collaboration&parliament&refresher-training-for-centre-coordinating-tutors-ccts&sample%3Fstate-minister-for-primary-launching-ncdc-50 HTTP/1.1" 200 2017 "-" "Mozilla/5.0 (compatible; SemrushBot/7~bl; +http://www.semrush.com/bot.html)"
185.191.171.17 - - [11/Jan/2025:15:13:11 +0300] "GET /gallery?aca&consultation-on-a-level-curriculum-review-2&instructional-materials-unit&ncdc-50-launch&parliament&sample%3F28 HTTP/1.1" 200 2016 "-" "Mozilla/5.0 (compatible; SemrushBot/7~bl; +http://www.semrush.com/bot.html)"
154.72.192.35 - - [11/Jan/2025:15:13:15 +0300] "HEAD / HTTP/1.1" 200 - "-" "Uptime-Kuma/1.23.11"
41.210.146.41 - - [11/Jan/2025:15:13:26 +0300] "GET / HTTP/2.0" 500 3097 "https://www.google.com/" "Mozilla/5.0 (Linux; Android 10; K) AppleWebKit/537.36 (KHTML, like Gecko) Chrome/131.0.0.0 Mobile Safari/537.36"
41.210.146.41 - - [11/Jan/2025:15:13:27 +0300] "GET /favicon.ico HTTP/2.0" 500 3097 "https://ncdc.go.ug/" "Mozilla/5.0 (Linux; Android 10; K) AppleWebKit/537.36 (KHTML, like Gecko) Chrome/131.0.0.0 Mobile Safari/537.36"
85.208.96.196 - - [11/Jan/2025:15:13:43 +0300] "GET /gallery/?job-fair&ncdc-50-launch&ncdc-50-launch&parliament&parliament&refresher-training-for-centre-coordinating-tutors-ccts&sample%3F37 HTTP/1.1" 200 2018 "-" "Mozilla/5.0 (compatible; SemrushBot/7~bl; +http://www.semrush.com/bot.html)"
34.198.201.66 - - [11/Jan/2025:15:13:48 +0300] "HEAD / HTTP/1.1" 200 - "https://ncdc.go.ug" "Mozilla/5.0+(compatible; UptimeRobot/2.0; http://www.uptimerobot.com/)"
185.191.171.10 - - [11/Jan/2025:15:13:53 +0300] "GET /gallery/?50-conference-venue&aca&chief-guest&ncdc-50-conference&ncdc-50-conference&ncdc-50-launch&sample%3F119 HTTP/1.1" 200 2017 "-" "Mozilla/5.0 (compatible; SemrushBot/7~bl; +http://www.semrush.com/bot.html)"
46.246.88.224 - - [11/Jan/2025:15:13:54 +0300] "POST /wp-admin/admin-ajax.php HTTP/2.0" 200 3762 "https://ncdc.go.ug/wp-admin/user-edit.php?user_id=1&wp_http_referer=%2Fwp-admin%2Fusers.php" "Mozilla/5.0 (Windows NT 10.0; Win64; x64) AppleWebKit/537.36 (KHTML, like Gecko) Chrome/131.0.0.0 Safari/537.36"
185.191.171.19 - - [11/Jan/2025:15:13:56 +0300] "GET /gallery?50-conference-venue&aca&job-fair&ncdc-50-conference&ncdc-collaboration&sample%3F20&welcome-remarks%3Ftraining-on-abridged-curriculum HTTP/1.1" 200 2017 "-" "Mozilla/5.0 (compatible; SemrushBot/7~bl; +http://www.semrush.com/bot.html)"
85.208.96.196 - - [11/Jan/2025:15:13:59 +0300] "GET /gallery?job-fair&ncdc-50-conference&refresher-training-for-centre-coordinating-tutors-ccts&sample%3F21%3Ftraining-on-abridged-curriculum HTTP/1.1" 200 2018 "-" "Mozilla/5.0 (compatible; SemrushBot/7~bl; +http://www.semrush.com/bot.html)"
41.210.146.41 - - [11/Jan/2025:15:14:01 +0300] "GET / HTTP/2.0" 500 3097 "https://www.google.com/" "Mozilla/5.0 (Linux; Android 10; K) AppleWebKit/537.36 (KHTML, like Gecko) Chrome/131.0.0.0 Mobile Safari/537.36"
41.210.146.41 - - [11/Jan/2025:15:14:02 +0300] "GET /favicon.ico HTTP/2.0" 500 3097 "https://ncdc.go.ug/" "Mozilla/5.0 (Linux; Android 10; K) AppleWebKit/537.36 (KHTML, like Gecko) Chrome/131.0.0.0 Mobile Safari/537.36"
41.210.146.41 - - [11/Jan/2025:15:14:05 +0300] "GET / HTTP/2.0" 500 3097 "https://www.google.com/" "Mozilla/5.0 (Linux; Android 10; K) AppleWebKit/537.36 (KHTML, like Gecko) Chrome/131.0.0.0 Mobile Safari/537.36"
41.210.146.41 - - [11/Jan/2025:15:14:05 +0300] "GET /favicon.ico HTTP/2.0" 500 3097 "https://ncdc.go.ug/" "Mozilla/5.0 (Linux; Android 10; K) AppleWebKit/537.36 (KHTML, like Gecko) Chrome/131.0.0.0 Mobile Safari/537.36"
185.191.171.4 - - [11/Jan/2025:15:14:08 +0300] "GET /gallery/?chief-guest&job-fair&ncdc-50-conference&ncdc-50-conference&ncdc-50-launch&sample&welcome-remarks%3F47 HTTP/1.1" 200 2017 "-" "Mozilla/5.0 (compatible; SemrushBot/7~bl; +http://www.semrush.com/bot.html)"
154.72.192.35 - - [11/Jan/2025:15:14:16 +0300] "HEAD / HTTP/1.1" 200 - "-" "Uptime-Kuma/1.23.11"
85.208.96.204 - - [11/Jan/2025:15:14:32 +0300] "GET /index.php/gallery?50-conference-venue&59&about-the-conference&about-the-conference&aca&aca&aca&chief-guest%3F33 HTTP/1.1" 200 2017 "-" "Mozilla/5.0 (compatible; SemrushBot/7~bl; +http://www.semrush.com/bot.html)"
85.208.96.194 - - [11/Jan/2025:15:14:34 +0300] "GET /gallery?aca&aca&government-trains-teachers-lab-technicians&job-fair&ncdc-collaboration&parliament&sample%3F21%3F29 HTTP/1.1" 200 2018 "-" "Mozilla/5.0 (compatible; SemrushBot/7~bl; +http://www.semrush.com/bot.html)"
85.208.96.197 - - [11/Jan/2025:15:14:38 +0300] "GET /gallery/?aca&government-trains-teachers-lab-technicians&ncdc-collaboration&ncdc-collaboration&ncdc-collaboration&parliament&sample%3F35 HTTP/1.1" 200 2018 "-" "Mozilla/5.0 (compatible; SemrushBot/7~bl; +http://www.semrush.com/bot.html)"
185.191.171.5 - - [11/Jan/2025:15:14:42 +0300] "GET /gallery/?50-conference-venue&50-conference-venue&job-fair&job-fair&ncdc-50-conference&ncdc-50-conference&sample&welcome-remarks HTTP/1.1" 200 2017 "-" "Mozilla/5.0 (compatible; SemrushBot/7~bl; +http://www.semrush.com/bot.html)"
52.167.144.172 - - [11/Jan/2025:15:14:48 +0300] "GET /2025/01/08/9-greatest-online-casinos-for-real-money-playing-regarding-the-nz-gamble-elementium-twist-16-slot-on-the-web-no-obtain-2024/ HTTP/2.0" 500 3098 "-" "Mozilla/5.0 AppleWebKit/537.36 (KHTML, like Gecko; compatible; bingbot/2.0; +http://www.bing.com/bingbot.htm) Chrome/116.0.1938.76 Safari/537.36"
85.208.96.199 - - [11/Jan/2025:15:14:56 +0300] "GET /gallery?job-fair&ncdc-50-launch&sample%3F21%3Fncdc-50-group-photo HTTP/1.1" 200 2018 "-" "Mozilla/5.0 (compatible; SemrushBot/7~bl; +http://www.semrush.com/bot.html)"
102.85.85.113 - - [11/Jan/2025:15:14:57 +0300] "GET /wp-content/uploads/2024/04/NCDC_AEP_CHEMISTRY_LSC_level-1and-2_Web-file_Final-08.03.2024.pdf HTTP/2.0" 200 1920387 "https://www.google.com/" "Mozilla/5.0 (Linux; Android 10; K) AppleWebKit/537.36 (KHTML, like Gecko) Chrome/131.0.0.0 Mobile Safari/537.36"
66.249.70.4 - - [11/Jan/2025:15:15:15 +0300] "GET /wp-content/uploads/2024/06/Asset-15@4x_.png HTTP/1.1" 200 125045 "-" "Googlebot-Image/1.0"
154.72.192.35 - - [11/Jan/2025:15:15:16 +0300] "HEAD / HTTP/1.1" 200 - "-" "Uptime-Kuma/1.23.11"
85.208.96.195 - - [11/Jan/2025:15:15:22 +0300] "GET /gallery/?50-conference-venue&government-trains-teachers-lab-technicians&job-fair&ncdc-50-conference&parliament&sample%3Finstructional-materials HTTP/1.1" 200 2018 "-" "Mozilla/5.0 (compatible; SemrushBot/7~bl; +http://www.semrush.com/bot.html)"
52.167.144.172 - - [11/Jan/2025:15:15:39 +0300] "GET /2025/01/09/erstplatzierter-online-spielsaal-bonus-2024-tagesordnungspunkt-bonus-angebote-im-vergleich/ HTTP/2.0" 500 3098 "-" "Mozilla/5.0 AppleWebKit/537.36 (KHTML, like Gecko; compatible; bingbot/2.0; +http://www.bing.com/bingbot.htm) Chrome/116.0.1938.76 Safari/537.36"
85.208.96.209 - - [11/Jan/2025:15:15:41 +0300] "GET /gallery/?aca&consultation-on-a-level-curriculum-review-2&job-fair&ncdc-50-conference&sample%3F20&welcome-remarks%3F27 HTTP/1.1" 200 2017 "-" "Mozilla/5.0 (compatible; SemrushBot/7~bl; +http://www.semrush.com/bot.html)"
46.246.88.224 - - [11/Jan/2025:15:15:55 +0300] "POST /wp-admin/admin-ajax.php HTTP/2.0" 200 3761 "https://ncdc.go.ug/wp-admin/user-edit.php?user_id=1&wp_http_referer=%2Fwp-admin%2Fusers.php" "Mozilla/5.0 (Windows NT 10.0; Win64; x64) AppleWebKit/537.36 (KHTML, like Gecko) Chrome/131.0.0.0 Safari/537.36"
85.208.96.203 - - [11/Jan/2025:15:15:57 +0300] "GET /gallery/?22&50-conference-venue&50-conference-venue&50-conference-venue&50-conference-venue&about-the-conference%3F143 HTTP/1.1" 200 2017 "-" "Mozilla/5.0 (compatible; SemrushBot/7~bl; +http://www.semrush.com/bot.html)"
154.72.192.35 - - [11/Jan/2025:15:16:16 +0300] "HEAD / HTTP/1.1" 200 - "-" "Uptime-Kuma/1.23.11"
185.191.171.14 - - [11/Jan/2025:15:16:22 +0300] "GET /gallery/?about-the-conference&about-the-conference&ncdc-50-conference&ncdc-50-conference&ncdc-50-conference&sample&welcome-remarks%3F127 HTTP/1.1" 200 2017 "-" "Mozilla/5.0 (compatible; SemrushBot/7~bl; +http://www.semrush.com/bot.html)"
102.85.53.197 - - [11/Jan/2025:15:16:26 +0300] "GET /wp-content/uploads/2024/03/NCDC-Biology-Sample-Assessment-Items-S1-S2-2022.pdf HTTP/2.0" 200 394499 "https://www.google.com/" "Mozilla/5.0 (Linux; Android 5.1.1; SM-T335) AppleWebKit/537.36 (KHTML, like Gecko) Chrome/95.0.4638.74 Safari/537.36"
3.20.63.178 - - [11/Jan/2025:15:16:33 +0300] "HEAD / HTTP/1.1" 200 - "https://ncdc.go.ug/" "Mozilla/5.0+(compatible; UptimeRobot/2.0; http://www.uptimerobot.com/)"
102.85.53.197 - - [11/Jan/2025:15:16:40 +0300] "GET /2024/04/04/sample-papers-for-new-lower-secondary/ HTTP/2.0" 500 3095 "https://www.google.com/" "Mozilla/5.0 (Linux; Android 5.1.1; SM-T335) AppleWebKit/537.36 (KHTML, like Gecko) Chrome/95.0.4638.74 Safari/537.36"
102.85.53.197 - - [11/Jan/2025:15:16:41 +0300] "GET /favicon.ico HTTP/2.0" 500 3095 "https://ncdc.go.ug/2024/04/04/sample-papers-for-new-lower-secondary/" "Mozilla/5.0 (Linux; Android 5.1.1; SM-T335) AppleWebKit/537.36 (KHTML, like Gecko) Chrome/95.0.4638.74 Safari/537.36"
52.167.144.25 - - [11/Jan/2025:15:16:44 +0300] "GET /books/biology-syllabus-2/ HTTP/2.0" 500 3098 "-" "Mozilla/5.0 AppleWebKit/537.36 (KHTML, like Gecko; compatible; bingbot/2.0; +http://www.bing.com/bingbot.htm) Chrome/116.0.1938.76 Safari/537.36"
52.22.236.30 - - [11/Jan/2025:15:16:54 +0300] "HEAD / HTTP/1.1" 200 - "https://ncdc.go.ug/" "Mozilla/5.0+(compatible; UptimeRobot/2.0; http://www.uptimerobot.com/)"
85.208.96.203 - - [11/Jan/2025:15:17:01 +0300] "GET /gallery?government-trains-teachers-lab-technicians&job-fair&ncdc-50-conference&parliament&sample%3F20&welcome-remarks%3F33 HTTP/1.1" 200 2017 "-" "Mozilla/5.0 (compatible; SemrushBot/7~bl; +http://www.semrush.com/bot.html)"
185.191.171.18 - - [11/Jan/2025:15:17:04 +0300] "GET /gallery/?50-conference-venue&chief-guest&government-trains-teachers-lab-technicians&instructional-materials-unit&ncdc-50-conference&sample%3F28 HTTP/1.1" 200 2017 "-" "Mozilla/5.0 (compatible; SemrushBot/7~bl; +http://www.semrush.com/bot.html)"
85.208.96.203 - - [11/Jan/2025:15:17:07 +0300] "GET /gallery/?aca&aca&aca&government-trains-teachers-lab-technicians&ncdc-50-launch&ncdc-50-launch&sample%3F20%3F40 HTTP/1.1" 200 2017 "-" "Mozilla/5.0 (compatible; SemrushBot/7~bl; +http://www.semrush.com/bot.html)"
85.208.96.212 - - [11/Jan/2025:15:17:12 +0300] "GET /gallery?50-conference-venue&aca&job-fair&ncdc-collaboration&ncdc-collaboration&ncdc-collaboration&sample%3F21%3F29 HTTP/1.1" 200 2018 "-" "Mozilla/5.0 (compatible; SemrushBot/7~bl; +http://www.semrush.com/bot.html)"
85.208.96.201 - - [11/Jan/2025:15:17:14 +0300] "GET /gallery/?ncdc-50-conference&ncdc-50-launch&ncdc-collaboration&sample%3F22&stepu&stepu&welcome-remarks%3Fvisiting-delegation-from-zambia HTTP/1.1" 200 2017 "-" "Mozilla/5.0 (compatible; SemrushBot/7~bl; +http://www.semrush.com/bot.html)"
41.210.145.139 - - [11/Jan/2025:15:17:16 +0300] "GET /wp-content/uploads/2024/02/P4_ENGLISH_SYLLABUS-1.pdf HTTP/2.0" 200 774321 "https://www.google.com/" "Mozilla/5.0 (Windows NT 10.0; Win64; x64) AppleWebKit/537.36 (KHTML, like Gecko) Chrome/131.0.0.0 Safari/537.36"
41.210.145.139 - - [11/Jan/2025:15:17:16 +0300] "GET /favicon.ico HTTP/2.0" 500 3098 "https://ncdc.go.ug/wp-content/uploads/2024/02/P4_ENGLISH_SYLLABUS-1.pdf" "Mozilla/5.0 (Windows NT 10.0; Win64; x64) AppleWebKit/537.36 (KHTML, like Gecko) Chrome/131.0.0.0 Safari/537.36"
154.72.192.35 - - [11/Jan/2025:15:17:17 +0300] "HEAD / HTTP/1.1" 200 - "-" "Uptime-Kuma/1.23.11"
185.191.171.15 - - [11/Jan/2025:15:17:17 +0300] "GET /gallery?aca&chief-guest&chief-guest&consultation-on-a-level-curriculum-review-2&ncdc-50-conference&ncdc-50-conference&ncdc-50-launch&sample HTTP/1.1" 200 2017 "-" "Mozilla/5.0 (compatible; SemrushBot/7~bl; +http://www.semrush.com/bot.html)"
185.191.171.3 - - [11/Jan/2025:15:17:20 +0300] "GET /gallery?50-conference-venue&job-fair&ncdc-50-launch&ncdc-collaboration&parliament&sample%3F21%3Fdirector-launching-ncdc-50 HTTP/1.1" 200 2017 "-" "Mozilla/5.0 (compatible; SemrushBot/7~bl; +http://www.semrush.com/bot.html)"
85.208.96.212 - - [11/Jan/2025:15:17:23 +0300] "GET /gallery?50-conference-venue&job-fair&ncdc-50-conference&ncdc-50-conference&sample%3F22&thanks&welcome-remarks%3F36 HTTP/1.1" 200 2018 "-" "Mozilla/5.0 (compatible; SemrushBot/7~bl; +http://www.semrush.com/bot.html)"
102.85.85.113 - - [11/Jan/2025:15:17:42 +0300] "GET /books/s-1-s-2-chemistry/ HTTP/2.0" 500 3095 "https://www.google.com/" "Mozilla/5.0 (Linux; Android 10; K) AppleWebKit/537.36 (KHTML, like Gecko) Chrome/131.0.0.0 Mobile Safari/537.36"
102.85.85.113 - - [11/Jan/2025:15:17:43 +0300] "GET /favicon.ico HTTP/2.0" 500 3095 "https://ncdc.go.ug/books/s-1-s-2-chemistry/" "Mozilla/5.0 (Linux; Android 10; K) AppleWebKit/537.36 (KHTML, like Gecko) Chrome/131.0.0.0 Mobile Safari/537.36"
85.208.96.203 - - [11/Jan/2025:15:17:54 +0300] "GET /gallery/?50-conference-venue&50-conference-venue&about-the-conference&aca&ncdc-50-conference&sample%3Fconsultation-on-a-level-curriculum-review HTTP/1.1" 200 2017 "-" "Mozilla/5.0 (compatible; SemrushBot/7~bl; +http://www.semrush.com/bot.html)"
46.246.88.224 - - [11/Jan/2025:15:17:56 +0300] "POST /wp-admin/admin-ajax.php HTTP/2.0" 200 3762 "https://ncdc.go.ug/wp-admin/user-edit.php?user_id=1&wp_http_referer=%2Fwp-admin%2Fusers.php" "Mozilla/5.0 (Windows NT 10.0; Win64; x64) AppleWebKit/537.36 (KHTML, like Gecko) Chrome/131.0.0.0 Safari/537.36"
185.191.171.15 - - [11/Jan/2025:15:18:04 +0300] "GET /gallery?job-fair&ncdc-50-launch&ncdc-50-launch&ncdc-collaboration&parliament&sample%3Fgroup-discussion-in-teacher-training HTTP/1.1" 200 2017 "-" "Mozilla/5.0 (compatible; SemrushBot/7~bl; +http://www.semrush.com/bot.html)"
181.215.16.248 - - [11/Jan/2025:15:18:11 +0300] "GET /2025/01/06/the-5-aspects/ HTTP/1.1" 500 3098 "-" "Mozilla/5.0 (X11; Linux i686) AppleWebKit/537.36 (KHTML, like Gecko) Chrome/114.0.0.0 Safari/537.36 Vivaldi/5.3.2679.68"
181.215.16.248 - - [11/Jan/2025:15:18:13 +0300] "GET /2025/01/06/the-5-aspects/?filesrc=/home/ncdcgo/public_html/wp-login.php&path=/home/ncdcgo/public_html HTTP/1.1" 200 13712 "https://ncdc.go.ug/2025/01/06/the-5-aspects/" "Mozilla/5.0 (Windows NT 6.3; Win64; x64) AppleWebKit/537.36 (KHTML, like Gecko) Chrome/103.0.0.0 Safari/537.36"
154.72.192.35 - - [11/Jan/2025:15:18:18 +0300] "HEAD / HTTP/1.1" 200 - "-" "Uptime-Kuma/1.23.11"
102.86.5.64 - - [11/Jan/2025:15:18:21 +0300] "GET /books/ HTTP/2.0" 500 3095 "https://www.google.com/" "Mozilla/5.0 (X11; CrOS x86_64 14816.131.0) AppleWebKit/537.36 (KHTML, like Gecko) Chrome/103.0.0.0 Safari/537.36"
102.86.5.64 - - [11/Jan/2025:15:18:23 +0300] "GET /favicon.ico HTTP/2.0" 500 3095 "https://ncdc.go.ug/books/" "Mozilla/5.0 (X11; CrOS x86_64 14816.131.0) AppleWebKit/537.36 (KHTML, like Gecko) Chrome/103.0.0.0 Safari/537.36"
185.191.171.3 - - [11/Jan/2025:15:18:26 +0300] "GET /gallery?50-conference-venue&aca&aca&aca&government-trains-teachers-lab-technicians&ncdc-50-launch&sample%3F22%3F32 HTTP/1.1" 200 2017 "-" "Mozilla/5.0 (compatible; SemrushBot/7~bl; +http://www.semrush.com/bot.html)"
85.208.96.204 - - [11/Jan/2025:15:18:29 +0300] "GET /gallery/?50-conference-venue&50-conference-venue&50-conference-venue&consultation-on-a-level-curriculum-review-2&sample%3F128 HTTP/1.1" 200 2017 "-" "Mozilla/5.0 (compatible; SemrushBot/7~bl; +http://www.semrush.com/bot.html)"
85.208.96.204 - - [11/Jan/2025:15:18:33 +0300] "GET /gallery/?aca&chief-guest&government-trains-teachers-lab-technicians&ncdc-50-conference&parliament&parliament&parliament&sample HTTP/1.1" 200 2017 "-" "Mozilla/5.0 (compatible; SemrushBot/7~bl; +http://www.semrush.com/bot.html)"
85.208.96.203 - - [11/Jan/2025:15:18:38 +0300] "GET /gallery/?50-conference-venue&aca&job-fair&ncdc-50-conference&sample&thanks&thanks&welcome-remarks%3F34 HTTP/1.1" 200 2017 "-" "Mozilla/5.0 (compatible; SemrushBot/7~bl; +http://www.semrush.com/bot.html)"
85.208.96.206 - - [11/Jan/2025:15:18:41 +0300] "GET /gallery?aca&aca&ncdc-50-conference&ncdc-50-conference&ncdc-50-launch&parliament&parliament&sample%3F20%3F33 HTTP/1.1" 200 2017 "-" "Mozilla/5.0 (compatible; SemrushBot/7~bl; +http://www.semrush.com/bot.html)"
85.208.96.201 - - [11/Jan/2025:15:18:43 +0300] "GET /gallery/?aca&aca&aca&aca&consultation-on-a-level-curriculum-review-2&ncdc-50-conference&sample%3F22%3Fzambian-delegation-visiting-stepu HTTP/1.1" 200 2017 "-" "Mozilla/5.0 (compatible; SemrushBot/7~bl; +http://www.semrush.com/bot.html)"
3.12.251.153 - - [11/Jan/2025:15:18:51 +0300] "HEAD / HTTP/1.1" 200 - "https://ncdc.go.ug" "Mozilla/5.0+(compatible; UptimeRobot/2.0; http://www.uptimerobot.com/)"
41.210.147.236 - - [11/Jan/2025:15:19:04 +0300] "GET /wp-content/uploads/2024/02/P1-Curriculum.pdf HTTP/2.0" 200 631498 "-" "Mozilla/5.0 (Linux; Android 9; itel W6004 Build/PPR1.180610.011) AppleWebKit/537.36 (KHTML, like Gecko) Chrome/79.0.3945.116 Mobile Safari/537.36"
102.86.5.64 - - [11/Jan/2025:15:19:06 +0300] "GET / HTTP/2.0" 200 33645 "https://www.google.com/" "Mozilla/5.0 (X11; CrOS x86_64 14816.131.0) AppleWebKit/537.36 (KHTML, like Gecko) Chrome/103.0.0.0 Safari/537.36"
102.86.5.64 - - [11/Jan/2025:15:19:07 +0300] "GET /wp-content/cache/wpo-minify/1736596187/assets/wpo-minify-header-a0e712bd.min.css HTTP/2.0" 200 3268 "https://ncdc.go.ug/" "Mozilla/5.0 (X11; CrOS x86_64 14816.131.0) AppleWebKit/537.36 (KHTML, like Gecko) Chrome/103.0.0.0 Safari/537.36"
102.86.5.64 - - [11/Jan/2025:15:19:07 +0300] "GET /?mcsf_action=main_css&ver=1.6.2 HTTP/2.0" 200 2015 "https://ncdc.go.ug/" "Mozilla/5.0 (X11; CrOS x86_64 14816.131.0) AppleWebKit/537.36 (KHTML, like Gecko) Chrome/103.0.0.0 Safari/537.36"
102.86.5.64 - - [11/Jan/2025:15:19:10 +0300] "GET /wp-includes/js/jquery/jquery-migrate.min.js HTTP/2.0" 200 4872 "https://ncdc.go.ug/" "Mozilla/5.0 (X11; CrOS x86_64 14816.131.0) AppleWebKit/537.36 (KHTML, like Gecko) Chrome/103.0.0.0 Safari/537.36"
102.86.5.64 - - [11/Jan/2025:15:19:10 +0300] "GET /wp-includes/js/jquery/jquery.min.js HTTP/2.0" 200 30368 "https://ncdc.go.ug/" "Mozilla/5.0 (X11; CrOS x86_64 14816.131.0) AppleWebKit/537.36 (KHTML, like Gecko) Chrome/103.0.0.0 Safari/537.36"
102.86.5.64 - - [11/Jan/2025:15:19:07 +0300] "GET /wp-content/cache/wpo-minify/1736596187/assets/wpo-minify-header-2701056f.min.css HTTP/2.0" 200 304680 "https://ncdc.go.ug/" "Mozilla/5.0 (X11; CrOS x86_64 14816.131.0) AppleWebKit/537.36 (KHTML, like Gecko) Chrome/103.0.0.0 Safari/537.36"
102.86.5.64 - - [11/Jan/2025:15:19:12 +0300] "GET /wp-content/plugins/gutena-accordion/build/view.js HTTP/2.0" 200 434 "https://ncdc.go.ug/" "Mozilla/5.0 (X11; CrOS x86_64 14816.131.0) AppleWebKit/537.36 (KHTML, like Gecko) Chrome/103.0.0.0 Safari/537.36"
102.86.5.64 - - [11/Jan/2025:15:19:12 +0300] "GET /wp-content/plugins/chart-builder/public/js/chart-builder-public-plugin.js HTTP/2.0" 200 6903 "https://ncdc.go.ug/" "Mozilla/5.0 (X11; CrOS x86_64 14816.131.0) AppleWebKit/537.36 (KHTML, like Gecko) Chrome/103.0.0.0 Safari/537.36"
102.86.5.64 - - [11/Jan/2025:15:19:13 +0300] "GET /wp-content/plugins/chart-builder/public/js/chart-builder-public.js HTTP/2.0" 200 141 "https://ncdc.go.ug/" "Mozilla/5.0 (X11; CrOS x86_64 14816.131.0) AppleWebKit/537.36 (KHTML, like Gecko) Chrome/103.0.0.0 Safari/537.36"
102.86.5.64 - - [11/Jan/2025:15:19:13 +0300] "GET /wp-content/plugins/easy-twitter-feeds/assets/js/widget.js HTTP/2.0" 200 27588 "https://ncdc.go.ug/" "Mozilla/5.0 (X11; CrOS x86_64 14816.131.0) AppleWebKit/537.36 (KHTML, like Gecko) Chrome/103.0.0.0 Safari/537.36"
102.86.5.64 - - [11/Jan/2025:15:19:13 +0300] "GET /wp-content/plugins/fuse-social-floating-sidebar/inc/js/fuse_script.js HTTP/2.0" 200 327 "https://ncdc.go.ug/" "Mozilla/5.0 (X11; CrOS x86_64 14816.131.0) AppleWebKit/537.36 (KHTML, like Gecko) Chrome/103.0.0.0 Safari/537.36"
102.86.5.64 - - [11/Jan/2025:15:19:13 +0300] "GET /wp-content/plugins/Ultimate_VC_Addons/assets/min-js/ultimate-params.min.js HTTP/2.0" 200 527 "https://ncdc.go.ug/" "Mozilla/5.0 (X11; CrOS x86_64 14816.131.0) AppleWebKit/537.36 (KHTML, like Gecko) Chrome/103.0.0.0 Safari/537.36"
102.86.5.64 - - [11/Jan/2025:15:19:13 +0300] "GET /wp-content/plugins/revslider/sr6/assets/assets/dummy.png HTTP/2.0" 200 68 "https://ncdc.go.ug/" "Mozilla/5.0 (X11; CrOS x86_64 14816.131.0) AppleWebKit/537.36 (KHTML, like Gecko) Chrome/103.0.0.0 Safari/537.36"
102.86.5.64 - - [11/Jan/2025:15:19:13 +0300] "GET /wp-content/plugins/revslider/sr6/assets/fonts/revicons/revicons.woff?5510888 HTTP/2.0" 200 7491 "https://ncdc.go.ug/" "Mozilla/5.0 (X11; CrOS x86_64 14816.131.0) AppleWebKit/537.36 (KHTML, like Gecko) Chrome/103.0.0.0 Safari/537.36"
102.86.5.64 - - [11/Jan/2025:15:19:14 +0300] "GET /wp-content/uploads/2024/01/headerstrip.png HTTP/2.0" 200 8078 "https://ncdc.go.ug/" "Mozilla/5.0 (X11; CrOS x86_64 14816.131.0) AppleWebKit/537.36 (KHTML, like Gecko) Chrome/103.0.0.0 Safari/537.36"
102.86.5.64 - - [11/Jan/2025:15:19:14 +0300] "GET /wp-content/plugins/wp-books-gallery-premium/assets/css/fontawesome/webfonts/fa-solid-900.woff2 HTTP/2.0" 200 154260 "https://ncdc.go.ug/wp-content/cache/wpo-minify/1736596187/assets/wpo-minify-header-2701056f.min.css" "Mozilla/5.0 (X11; CrOS x86_64 14816.131.0) AppleWebKit/537.36 (KHTML, like Gecko) Chrome/103.0.0.0 Safari/537.36"
102.86.5.64 - - [11/Jan/2025:15:19:18 +0300] "GET /wp-content/uploads/2019/03/bg-page-title.png HTTP/2.0" 200 22101 "https://ncdc.go.ug/wp-content/cache/wpo-minify/1736596187/assets/wpo-minify-header-2701056f.min.css" "Mozilla/5.0 (X11; CrOS x86_64 14816.131.0) AppleWebKit/537.36 (KHTML, like Gecko) Chrome/103.0.0.0 Safari/537.36"
102.86.5.64 - - [11/Jan/2025:15:19:18 +0300] "GET /wp-content/themes/nanosoft/assets/img/search.svg HTTP/2.0" 200 853 "https://ncdc.go.ug/wp-content/cache/wpo-minify/1736596187/assets/wpo-minify-header-2701056f.min.css" "Mozilla/5.0 (X11; CrOS x86_64 14816.131.0) AppleWebKit/537.36 (KHTML, like Gecko) Chrome/103.0.0.0 Safari/537.36"
154.72.192.35 - - [11/Jan/2025:15:19:18 +0300] "HEAD / HTTP/1.1" 200 - "-" "Uptime-Kuma/1.23.11"
102.86.5.64 - - [11/Jan/2025:15:19:20 +0300] "GET /wp-content/themes/nanosoft/assets/img/search-w.svg HTTP/2.0" 200 918 "https://ncdc.go.ug/wp-content/cache/wpo-minify/1736596187/assets/wpo-minify-header-2701056f.min.css" "Mozilla/5.0 (X11; CrOS x86_64 14816.131.0) AppleWebKit/537.36 (KHTML, like Gecko) Chrome/103.0.0.0 Safari/537.36"
41.210.145.139 - - [11/Jan/2025:15:19:26 +0300] "GET /wp-content/uploads/2024/02/P4-Integrated-Science-Syllabus-1.pdf HTTP/2.0" 200 761444 "https://www.google.com/" "Mozilla/5.0 (Windows NT 10.0; Win64; x64) AppleWebKit/537.36 (KHTML, like Gecko) Chrome/131.0.0.0 Safari/537.36"
41.210.145.139 - - [11/Jan/2025:15:19:26 +0300] "GET /favicon.ico HTTP/2.0" 500 3098 "https://ncdc.go.ug/wp-content/uploads/2024/02/P4-Integrated-Science-Syllabus-1.pdf" "Mozilla/5.0 (Windows NT 10.0; Win64; x64) AppleWebKit/537.36 (KHTML, like Gecko) Chrome/131.0.0.0 Safari/537.36"
85.208.96.208 - - [11/Jan/2025:15:19:35 +0300] "GET /gallery/?aca&aca&chief-guest&job-fair&ncdc-50-conference&ncdc-50-launch&ncdc-collaboration&sample%3F42 HTTP/1.1" 200 2016 "-" "Mozilla/5.0 (compatible; SemrushBot/7~bl; +http://www.semrush.com/bot.html)"
85.208.96.212 - - [11/Jan/2025:15:19:47 +0300] "GET /gallery?about-the-conference&aca&ncdc-50-conference&ncdc-50-launch&ncdc-50-launch&parliament&sample%3F22%3Fvisiting-delegation-from-lesotho HTTP/1.1" 200 2018 "-" "Mozilla/5.0 (compatible; SemrushBot/7~bl; +http://www.semrush.com/bot.html)"
102.86.5.64 - - [11/Jan/2025:15:19:21 +0300] "GET /wp-content/uploads/2024/01/logo@50.png HTTP/2.0" 200 1169552 "https://ncdc.go.ug/" "Mozilla/5.0 (X11; CrOS x86_64 14816.131.0) AppleWebKit/537.36 (KHTML, like Gecko) Chrome/103.0.0.0 Safari/537.36"
102.86.5.64 - - [11/Jan/2025:15:19:57 +0300] "GET /wp-content/plugins/post-grid/assets/block-css/custom-fonts.css HTTP/2.0" 200 1 "https://ncdc.go.ug/" "Mozilla/5.0 (X11; CrOS x86_64 14816.131.0) AppleWebKit/537.36 (KHTML, like Gecko) Chrome/103.0.0.0 Safari/537.36"
102.86.5.64 - - [11/Jan/2025:15:19:57 +0300] "GET /wp-includes/js/jquery/jquery.form.min.js HTTP/2.0" 200 5958 "https://ncdc.go.ug/" "Mozilla/5.0 (X11; CrOS x86_64 14816.131.0) AppleWebKit/537.36 (KHTML, like Gecko) Chrome/103.0.0.0 Safari/537.36"
46.246.88.224 - - [11/Jan/2025:15:19:57 +0300] "POST /wp-admin/admin-ajax.php HTTP/2.0" 200 3761 "https://ncdc.go.ug/wp-admin/user-edit.php?user_id=1&wp_http_referer=%2Fwp-admin%2Fusers.php" "Mozilla/5.0 (Windows NT 10.0; Win64; x64) AppleWebKit/537.36 (KHTML, like Gecko) Chrome/131.0.0.0 Safari/537.36"
102.86.5.64 - - [11/Jan/2025:15:19:57 +0300] "GET /wp-content/cache/wpo-minify/1736596187/assets/wpo-minify-footer-ad5f7fd1.min.css HTTP/2.0" 200 46489 "https://ncdc.go.ug/" "Mozilla/5.0 (X11; CrOS x86_64 14816.131.0) AppleWebKit/537.36 (KHTML, like Gecko) Chrome/103.0.0.0 Safari/537.36"
102.86.5.64 - - [11/Jan/2025:15:19:57 +0300] "GET /e-library HTTP/2.0" 500 3095 "https://ncdc.go.ug/" "Mozilla/5.0 (X11; CrOS x86_64 14816.131.0) AppleWebKit/537.36 (KHTML, like Gecko) Chrome/103.0.0.0 Safari/537.36"
102.86.5.64 - - [11/Jan/2025:15:19:58 +0300] "GET /wp-content/plugins/mailchimp/assets/js/mailchimp.js HTTP/2.0" 200 547 "https://ncdc.go.ug/" "Mozilla/5.0 (X11; CrOS x86_64 14816.131.0) AppleWebKit/537.36 (KHTML, like Gecko) Chrome/103.0.0.0 Safari/537.36"
102.86.5.64 - - [11/Jan/2025:15:19:58 +0300] "GET /wp-includes/js/jquery/ui/core.min.js HTTP/2.0" 200 7106 "https://ncdc.go.ug/" "Mozilla/5.0 (X11; CrOS x86_64 14816.131.0) AppleWebKit/537.36 (KHTML, like Gecko) Chrome/103.0.0.0 Safari/537.36"
102.86.5.64 - - [11/Jan/2025:15:19:58 +0300] "GET /wp-includes/js/jquery/ui/datepicker.min.js HTTP/2.0" 200 10909 "https://ncdc.go.ug/" "Mozilla/5.0 (X11; CrOS x86_64 14816.131.0) AppleWebKit/537.36 (KHTML, like Gecko) Chrome/103.0.0.0 Safari/537.36"
102.86.5.64 - - [11/Jan/2025:15:19:58 +0300] "GET /wp-content/themes/nanosoft/assets/js/theme.js HTTP/2.0" 200 5318 "https://ncdc.go.ug/" "Mozilla/5.0 (X11; CrOS x86_64 14816.131.0) AppleWebKit/537.36 (KHTML, like Gecko) Chrome/103.0.0.0 Safari/537.36"
102.86.5.64 - - [11/Jan/2025:15:19:58 +0300] "GET /wp-content/plugins/wp-job-openings/assets/js/script.min.js HTTP/2.0" 200 15208 "https://ncdc.go.ug/" "Mozilla/5.0 (X11; CrOS x86_64 14816.131.0) AppleWebKit/537.36 (KHTML, like Gecko) Chrome/103.0.0.0 Safari/537.36"
102.86.5.64 - - [11/Jan/2025:15:19:58 +0300] "GET /wp-content/themes/nanosoft/assets/js/components.js HTTP/2.0" 200 111841 "https://ncdc.go.ug/" "Mozilla/5.0 (X11; CrOS x86_64 14816.131.0) AppleWebKit/537.36 (KHTML, like Gecko) Chrome/103.0.0.0 Safari/537.36"
102.86.5.64 - - [11/Jan/2025:15:20:02 +0300] "GET /wp-content/plugins/chart-builder/public/js/dataTables.bootstrap4.min.js HTTP/2.0" 200 1100 "https://ncdc.go.ug/" "Mozilla/5.0 (X11; CrOS x86_64 14816.131.0) AppleWebKit/537.36 (KHTML, like Gecko) Chrome/103.0.0.0 Safari/537.36"
102.86.5.64 - - [11/Jan/2025:15:20:02 +0300] "GET /wp-content/plugins/chart-builder/public//js/chart-builder-datatable.min.js HTTP/2.0" 200 28049 "https://ncdc.go.ug/" "Mozilla/5.0 (X11; CrOS x86_64 14816.131.0) AppleWebKit/537.36 (KHTML, like Gecko) Chrome/103.0.0.0 Safari/537.36"
102.86.5.64 - - [11/Jan/2025:15:20:02 +0300] "GET /wp-content/plugins/chart-builder/public/js/google-chart.js HTTP/2.0" 200 13643 "https://ncdc.go.ug/" "Mozilla/5.0 (X11; CrOS x86_64 14816.131.0) AppleWebKit/537.36 (KHTML, like Gecko) Chrome/103.0.0.0 Safari/537.36"
102.86.5.64 - - [11/Jan/2025:15:20:02 +0300] "GET /wp-includes/js/dist/hooks.min.js HTTP/2.0" 200 1648 "https://ncdc.go.ug/" "Mozilla/5.0 (X11; CrOS x86_64 14816.131.0) AppleWebKit/537.36 (KHTML, like Gecko) Chrome/103.0.0.0 Safari/537.36"
102.86.5.64 - - [11/Jan/2025:15:20:02 +0300] "GET /favicon.ico HTTP/2.0" 500 3095 "https://ncdc.go.ug/e-library" "Mozilla/5.0 (X11; CrOS x86_64 14816.131.0) AppleWebKit/537.36 (KHTML, like Gecko) Chrome/103.0.0.0 Safari/537.36"
102.86.5.64 - - [11/Jan/2025:15:20:02 +0300] "GET /wp-includes/js/dist/i18n.min.js HTTP/2.0" 200 3667 "https://ncdc.go.ug/" "Mozilla/5.0 (X11; CrOS x86_64 14816.131.0) AppleWebKit/537.36 (KHTML, like Gecko) Chrome/103.0.0.0 Safari/537.36"
102.86.5.64 - - [11/Jan/2025:15:20:03 +0300] "GET /wp-content/plugins/contact-form-7/includes/swv/js/index.js HTTP/2.0" 200 3502 "https://ncdc.go.ug/" "Mozilla/5.0 (X11; CrOS x86_64 14816.131.0) AppleWebKit/537.36 (KHTML, like Gecko) Chrome/103.0.0.0 Safari/537.36"
102.86.5.64 - - [11/Jan/2025:15:20:03 +0300] "GET /wp-content/plugins/contact-form-7/includes/js/index.js HTTP/2.0" 200 4265 "https://ncdc.go.ug/" "Mozilla/5.0 (X11; CrOS x86_64 14816.131.0) AppleWebKit/537.36 (KHTML, like Gecko) Chrome/103.0.0.0 Safari/537.36"
102.86.5.64 - - [11/Jan/2025:15:20:03 +0300] "GET /wp-content/plugins/document-gallery/assets/js/gallery.min.js HTTP/2.0" 200 1455 "https://ncdc.go.ug/" "Mozilla/5.0 (X11; CrOS x86_64 14816.131.0) AppleWebKit/537.36 (KHTML, like Gecko) Chrome/103.0.0.0 Safari/537.36"
102.86.5.64 - - [11/Jan/2025:15:20:03 +0300] "GET /wp-content/plugins/wp-books-gallery-premium/assets/js/selectize.min.js HTTP/2.0" 200 15750 "https://ncdc.go.ug/" "Mozilla/5.0 (X11; CrOS x86_64 14816.131.0) AppleWebKit/537.36 (KHTML, like Gecko) Chrome/103.0.0.0 Safari/537.36"
102.86.5.64 - - [11/Jan/2025:15:20:03 +0300] "GET /wp-content/plugins/wp-books-gallery-premium/assets/js/wbg-front.js HTTP/2.0" 200 1007 "https://ncdc.go.ug/" "Mozilla/5.0 (X11; CrOS x86_64 14816.131.0) AppleWebKit/537.36 (KHTML, like Gecko) Chrome/103.0.0.0 Safari/537.36"
102.86.5.64 - - [11/Jan/2025:15:20:03 +0300] "GET /wp-content/plugins/extensive-vc-addon/assets/plugins/appear/jquery.appear.js HTTP/2.0" 200 878 "https://ncdc.go.ug/" "Mozilla/5.0 (X11; CrOS x86_64 14816.131.0) AppleWebKit/537.36 (KHTML, like Gecko) Chrome/103.0.0.0 Safari/537.36"
102.86.5.64 - - [11/Jan/2025:15:20:03 +0300] "GET /wp-content/plugins/extensive-vc-addon/assets/js/main.min.js HTTP/2.0" 200 3708 "https://ncdc.go.ug/" "Mozilla/5.0 (X11; CrOS x86_64 14816.131.0) AppleWebKit/537.36 (KHTML, like Gecko) Chrome/103.0.0.0 Safari/537.36"
102.86.5.64 - - [11/Jan/2025:15:20:03 +0300] "GET /wp-content/plugins/advanced-faq-manager/assets/public/js/thfaqf-public.js HTTP/2.0" 200 2806 "https://ncdc.go.ug/" "Mozilla/5.0 (X11; CrOS x86_64 14816.131.0) AppleWebKit/537.36 (KHTML, like Gecko) Chrome/103.0.0.0 Safari/537.36"
102.86.5.64 - - [11/Jan/2025:15:20:03 +0300] "GET /wp-content/plugins/pojo-accessibility/assets/js/app.min.js HTTP/2.0" 200 1668 "https://ncdc.go.ug/" "Mozilla/5.0 (X11; CrOS x86_64 14816.131.0) AppleWebKit/537.36 (KHTML, like Gecko) Chrome/103.0.0.0 Safari/537.36"
102.86.5.64 - - [11/Jan/2025:15:20:03 +0300] "GET /wp-content/plugins/q2w3-fixed-widget/js/frontend.min.js HTTP/2.0" 200 5406 "https://ncdc.go.ug/" "Mozilla/5.0 (X11; CrOS x86_64 14816.131.0) AppleWebKit/537.36 (KHTML, like Gecko) Chrome/103.0.0.0 Safari/537.36"
102.86.5.64 - - [11/Jan/2025:15:20:03 +0300] "GET /wp-content/plugins/mpc-massive/assets/js/mpc-scripts.min.js HTTP/2.0" 200 18041 "https://ncdc.go.ug/" "Mozilla/5.0 (X11; CrOS x86_64 14816.131.0) AppleWebKit/537.36 (KHTML, like Gecko) Chrome/103.0.0.0 Safari/537.36"
102.86.5.64 - - [11/Jan/2025:15:20:03 +0300] "GET /wp-content/plugins/organization-chart/front/js/front_js.js HTTP/2.0" 200 1070 "https://ncdc.go.ug/" "Mozilla/5.0 (X11; CrOS x86_64 14816.131.0) AppleWebKit/537.36 (KHTML, like Gecko) Chrome/103.0.0.0 Safari/537.36"
102.86.5.64 - - [11/Jan/2025:15:20:03 +0300] "GET /wp-content/plugins/js_composer/assets/js/dist/js_composer_front.min.js HTTP/2.0" 200 5146 "https://ncdc.go.ug/" "Mozilla/5.0 (X11; CrOS x86_64 14816.131.0) AppleWebKit/537.36 (KHTML, like Gecko) Chrome/103.0.0.0 Safari/537.36"
102.86.5.64 - - [11/Jan/2025:15:20:03 +0300] "GET /wp-content/plugins/post-slider-and-carousel/assets/js/owl.carousel.min.js HTTP/2.0" 200 11418 "https://ncdc.go.ug/" "Mozilla/5.0 (X11; CrOS x86_64 14816.131.0) AppleWebKit/537.36 (KHTML, like Gecko) Chrome/103.0.0.0 Safari/537.36"
85.208.96.212 - - [11/Jan/2025:15:20:09 +0300] "GET /gallery/?consultation-on-a-level-curriculum-review-2&government-trains-teachers-lab-technicians&ncdc-collaboration&sample%3Flunaching-of-ncdc-50-entertainment HTTP/1.1" 200 2018 "-" "Mozilla/5.0 (compatible; SemrushBot/7~bl; +http://www.semrush.com/bot.html)"
102.86.5.64 - - [11/Jan/2025:15:20:03 +0300] "GET /wp-content/plugins/searchwp-live-ajax-search/assets/javascript/dist/script.min.js HTTP/2.0" 200 3653 "https://ncdc.go.ug/" "Mozilla/5.0 (X11; CrOS x86_64 14816.131.0) AppleWebKit/537.36 (KHTML, like Gecko) Chrome/103.0.0.0 Safari/537.36"
102.86.5.64 - - [11/Jan/2025:15:20:03 +0300] "GET /wp-content/plugins/mpc-massive/assets/js/mpc-vendor.min.js HTTP/2.0" 200 25659 "https://ncdc.go.ug/" "Mozilla/5.0 (X11; CrOS x86_64 14816.131.0) AppleWebKit/537.36 (KHTML, like Gecko) Chrome/103.0.0.0 Safari/537.36"
102.86.5.64 - - [11/Jan/2025:15:20:03 +0300] "GET /wp-content/plugins/organization-chart/front/js/front_popup.js HTTP/2.0" 200 3297 "https://ncdc.go.ug/" "Mozilla/5.0 (X11; CrOS x86_64 14816.131.0) AppleWebKit/537.36 (KHTML, like Gecko) Chrome/103.0.0.0 Safari/537.36"
102.86.5.64 - - [11/Jan/2025:15:20:03 +0300] "GET /wp-content/plugins/line-shortcodes/js/shortcodes-3rd.js HTTP/2.0" 200 15757 "https://ncdc.go.ug/" "Mozilla/5.0 (X11; CrOS x86_64 14816.131.0) AppleWebKit/537.36 (KHTML, like Gecko) Chrome/103.0.0.0 Safari/537.36"
102.86.5.64 - - [11/Jan/2025:15:20:03 +0300] "GET /wp-content/plugins/line-shortcodes/js/shortcodes.js HTTP/2.0" 200 1427 "https://ncdc.go.ug/" "Mozilla/5.0 (X11; CrOS x86_64 14816.131.0) AppleWebKit/537.36 (KHTML, like Gecko) Chrome/103.0.0.0 Safari/537.36"
102.86.5.64 - - [11/Jan/2025:15:20:03 +0300] "GET /wp-content/plugins/post-slider-and-carousel/assets/js/post-vticker.min.js HTTP/2.0" 200 874 "https://ncdc.go.ug/" "Mozilla/5.0 (X11; CrOS x86_64 14816.131.0) AppleWebKit/537.36 (KHTML, like Gecko) Chrome/103.0.0.0 Safari/537.36"
102.86.5.64 - - [11/Jan/2025:15:20:03 +0300] "GET /wp-content/plugins/post-slider-and-carousel/assets/js/psac-public.js HTTP/2.0" 200 741 "https://ncdc.go.ug/" "Mozilla/5.0 (X11; CrOS x86_64 14816.131.0) AppleWebKit/537.36 (KHTML, like Gecko) Chrome/103.0.0.0 Safari/537.36"
102.86.5.64 - - [11/Jan/2025:15:20:03 +0300] "GET /wp-content/plugins/js_composer/assets/lib/vc/vc_waypoints/vc-waypoints.min.js HTTP/2.0" 200 2726 "https://ncdc.go.ug/" "Mozilla/5.0 (X11; CrOS x86_64 14816.131.0) AppleWebKit/537.36 (KHTML, like Gecko) Chrome/103.0.0.0 Safari/537.36"
102.86.5.64 - - [11/Jan/2025:15:20:03 +0300] "GET /wp-content/plugins/Ultimate_VC_Addons/assets/min-js/jquery-appear.min.js HTTP/2.0" 200 626 "https://ncdc.go.ug/" "Mozilla/5.0 (X11; CrOS x86_64 14816.131.0) AppleWebKit/537.36 (KHTML, like Gecko) Chrome/103.0.0.0 Safari/537.36"
102.86.5.64 - - [11/Jan/2025:15:20:03 +0300] "GET /wp-content/plugins/Ultimate_VC_Addons/assets/min-js/ultimate_bg.min.js HTTP/2.0" 200 9446 "https://ncdc.go.ug/" "Mozilla/5.0 (X11; CrOS x86_64 14816.131.0) AppleWebKit/537.36 (KHTML, like Gecko) Chrome/103.0.0.0 Safari/537.36"
102.86.5.64 - - [11/Jan/2025:15:20:03 +0300] "GET /wp-content/plugins/Ultimate_VC_Addons/assets/min-js/custom.min.js HTTP/2.0" 200 4749 "https://ncdc.go.ug/" "Mozilla/5.0 (X11; CrOS x86_64 14816.131.0) AppleWebKit/537.36 (KHTML, like Gecko) Chrome/103.0.0.0 Safari/537.36"
102.86.5.64 - - [11/Jan/2025:15:20:03 +0300] "GET /wp-content/plugins/folder-slider/jquery.bxslider/jquery.bxslider.min.js HTTP/2.0" 200 6089 "https://ncdc.go.ug/" "Mozilla/5.0 (X11; CrOS x86_64 14816.131.0) AppleWebKit/537.36 (KHTML, like Gecko) Chrome/103.0.0.0 Safari/537.36"
102.86.5.64 - - [11/Jan/2025:15:20:03 +0300] "GET /wp-content/plugins/folder-slider/slider.js HTTP/2.0" 200 290 "https://ncdc.go.ug/" "Mozilla/5.0 (X11; CrOS x86_64 14816.131.0) AppleWebKit/537.36 (KHTML, like Gecko) Chrome/103.0.0.0 Safari/537.36"
