107.20.101.62 - - [11/Jan/2025:17:48:23 +0300] "GET /wp-content/uploads/2019/03/map-ft.png HTTP/2.0" 500 3097 "https://ncdc.go.ug/wp-content/cache/wpo-minify/1736596187/assets/wpo-minify-header-2701056f.min.css" "Mozilla/5.0 (X11; Linux x86_64) AppleWebKit/537.36 (KHTML, like Gecko) HeadlessChrome/85.0.4182.0 Safari/537.36"
107.20.101.62 - - [11/Jan/2025:17:48:23 +0300] "GET /wp-content/uploads/2024/08/IMG_6338-scaled-800x400.jpg HTTP/2.0" 500 3097 "https://ncdc.go.ug/" "Mozilla/5.0 (X11; Linux x86_64) AppleWebKit/537.36 (KHTML, like Gecko) HeadlessChrome/85.0.4182.0 Safari/537.36"
107.20.101.62 - - [11/Jan/2025:17:48:23 +0300] "GET /wp-content/uploads/2024/08/AEP-Mathematics-Level-2-3-Syllabus.png HTTP/2.0" 500 3097 "https://ncdc.go.ug/" "Mozilla/5.0 (X11; Linux x86_64) AppleWebKit/537.36 (KHTML, like Gecko) HeadlessChrome/85.0.4182.0 Safari/537.36"
107.20.101.62 - - [11/Jan/2025:17:48:23 +0300] "GET /wp-content/uploads/2023/04/abstract-cover-547x400.jpg HTTP/2.0" 500 3097 "https://ncdc.go.ug/" "Mozilla/5.0 (X11; Linux x86_64) AppleWebKit/537.36 (KHTML, like Gecko) HeadlessChrome/85.0.4182.0 Safari/537.36"
107.20.101.62 - - [11/Jan/2025:17:48:25 +0300] "GET /wp-content/plugins/js_composer/assets/lib/vendor/node_modules/@fortawesome/fontawesome-free/webfonts/fa-solid-900.woff2 HTTP/2.0" 500 3097 "https://ncdc.go.ug/wp-content/cache/wpo-minify/1736596187/assets/wpo-minify-footer-ad5f7fd1.min.css" "Mozilla/5.0 (X11; Linux x86_64) AppleWebKit/537.36 (KHTML, like Gecko) HeadlessChrome/85.0.4182.0 Safari/537.36"
107.20.101.62 - - [11/Jan/2025:17:48:25 +0300] "GET /wp-content/plugins/js_composer/assets/lib/vendor/node_modules/@fortawesome/fontawesome-free/webfonts/fa-brands-400.woff2 HTTP/2.0" 500 3097 "https://ncdc.go.ug/wp-content/cache/wpo-minify/1736596187/assets/wpo-minify-footer-ad5f7fd1.min.css" "Mozilla/5.0 (X11; Linux x86_64) AppleWebKit/537.36 (KHTML, like Gecko) HeadlessChrome/85.0.4182.0 Safari/537.36"
107.20.101.62 - - [11/Jan/2025:17:48:26 +0300] "GET /wp-content/plugins/fuse-social-floating-sidebar/inc/font-awesome/fonts/fontawesome-webfont.woff2 HTTP/2.0" 500 3097 "https://ncdc.go.ug/wp-content/cache/wpo-minify/1736596187/assets/wpo-minify-header-2701056f.min.css" "Mozilla/5.0 (X11; Linux x86_64) AppleWebKit/537.36 (KHTML, like Gecko) HeadlessChrome/85.0.4182.0 Safari/537.36"
85.208.96.210 - - [11/Jan/2025:17:48:26 +0300] "GET /gallery?50-conference-venue&50-conference-venue&59&about-the-conference&chief-guest&ncdc-50-conference&welcome-remarks HTTP/1.1" 200 2018 "-" "Mozilla/5.0 (compatible; SemrushBot/7~bl; +http://www.semrush.com/bot.html)"
107.20.101.62 - - [11/Jan/2025:17:48:27 +0300] "GET /wp-content/plugins/folder-slider/jquery.bxslider/images/bx_loader.gif HTTP/2.0" 500 3097 "https://ncdc.go.ug/wp-content/cache/wpo-minify/1736596187/assets/wpo-minify-header-2701056f.min.css" "Mozilla/5.0 (X11; Linux x86_64) AppleWebKit/537.36 (KHTML, like Gecko) HeadlessChrome/85.0.4182.0 Safari/537.36"
107.20.101.62 - - [11/Jan/2025:17:48:27 +0300] "GET /wp-content/plugins/folder-slider/jquery.bxslider/images/controls.png HTTP/2.0" 500 3097 "https://ncdc.go.ug/wp-content/cache/wpo-minify/1736596187/assets/wpo-minify-header-2701056f.min.css" "Mozilla/5.0 (X11; Linux x86_64) AppleWebKit/537.36 (KHTML, like Gecko) HeadlessChrome/85.0.4182.0 Safari/537.36"
107.20.101.62 - - [11/Jan/2025:17:48:23 +0300] "GET /wp-content/uploads/2024/08/AEP-INTEGRATED-SCIENCE-LEVEL-23.png HTTP/2.0" 500 3097 "https://ncdc.go.ug/" "Mozilla/5.0 (X11; Linux x86_64) AppleWebKit/537.36 (KHTML, like Gecko) HeadlessChrome/85.0.4182.0 Safari/537.36"
107.20.101.62 - - [11/Jan/2025:17:48:28 +0300] "GET /wp-content/plugins/elementor/assets/lib/swiper/v8/css/swiper.min.css?ver=8.4.5 HTTP/2.0" 500 3097 "https://ncdc.go.ug/" "Mozilla/5.0 (X11; Linux x86_64) AppleWebKit/537.36 (KHTML, like Gecko) HeadlessChrome/85.0.4182.0 Safari/537.36"
107.20.101.62 - - [11/Jan/2025:17:48:28 +0300] "GET /wp-content/plugins/elementor/assets/css/conditionals/dialog.min.css?ver=3.26.4 HTTP/2.0" 500 3097 "https://ncdc.go.ug/" "Mozilla/5.0 (X11; Linux x86_64) AppleWebKit/537.36 (KHTML, like Gecko) HeadlessChrome/85.0.4182.0 Safari/537.36"
107.20.101.62 - - [11/Jan/2025:17:48:28 +0300] "GET /wp-content/plugins/elementor/assets/css/conditionals/lightbox.min.css?ver=3.26.4 HTTP/2.0" 500 3097 "https://ncdc.go.ug/" "Mozilla/5.0 (X11; Linux x86_64) AppleWebKit/537.36 (KHTML, like Gecko) HeadlessChrome/85.0.4182.0 Safari/537.36"
107.20.101.62 - - [11/Jan/2025:17:48:28 +0300] "GET /wp-content/plugins/elementor/assets/lib/dialog/dialog.min.js?ver=4.9.3 HTTP/2.0" 500 3097 "https://ncdc.go.ug/" "Mozilla/5.0 (X11; Linux x86_64) AppleWebKit/537.36 (KHTML, like Gecko) HeadlessChrome/85.0.4182.0 Safari/537.36"
107.20.101.62 - - [11/Jan/2025:17:48:28 +0300] "GET /wp-content/plugins/revslider/sr6/assets/assets/loader.gif HTTP/2.0" 500 3097 "https://ncdc.go.ug/wp-content/cache/wpo-minify/1736596187/assets/wpo-minify-footer-ad5f7fd1.min.css" "Mozilla/5.0 (X11; Linux x86_64) AppleWebKit/537.36 (KHTML, like Gecko) HeadlessChrome/85.0.4182.0 Safari/537.36"
107.20.101.62 - - [11/Jan/2025:17:48:28 +0300] "GET /wp-content/plugins/elementor/assets/js/lightbox.02f75f989ef2fbab5147.bundle.min.js HTTP/2.0" 500 3097 "https://ncdc.go.ug/" "Mozilla/5.0 (X11; Linux x86_64) AppleWebKit/537.36 (KHTML, like Gecko) HeadlessChrome/85.0.4182.0 Safari/537.36"
154.72.192.35 - - [11/Jan/2025:17:48:29 +0300] "HEAD / HTTP/1.1" 200 - "-" "Uptime-Kuma/1.23.11"
107.20.101.62 - - [11/Jan/2025:17:48:29 +0300] "GET /wp-content/plugins/elementor/assets/lib/share-link/share-link.min.js?ver=3.26.4 HTTP/2.0" 500 3097 "https://ncdc.go.ug/" "Mozilla/5.0 (X11; Linux x86_64) AppleWebKit/537.36 (KHTML, like Gecko) HeadlessChrome/85.0.4182.0 Safari/537.36"
107.20.101.62 - - [11/Jan/2025:17:48:29 +0300] "GET /wp-content/plugins/fuse-social-floating-sidebar/inc/font-awesome/fonts/fontawesome-webfont.woff HTTP/2.0" 500 3097 "https://ncdc.go.ug/wp-content/cache/wpo-minify/1736596187/assets/wpo-minify-header-2701056f.min.css" "Mozilla/5.0 (X11; Linux x86_64) AppleWebKit/537.36 (KHTML, like Gecko) HeadlessChrome/85.0.4182.0 Safari/537.36"
107.20.101.62 - - [11/Jan/2025:17:48:29 +0300] "GET /wp-content/uploads/2024/01/court_of_arms-150x150.png HTTP/2.0" 500 3097 "https://ncdc.go.ug/" "Mozilla/5.0 (X11; Linux x86_64) AppleWebKit/537.36 (KHTML, like Gecko) HeadlessChrome/85.0.4182.0 Safari/537.36"
107.20.101.62 - - [11/Jan/2025:17:48:29 +0300] "GET /wp-content/plugins/js_composer/assets/lib/vendor/node_modules/@fortawesome/fontawesome-free/webfonts/fa-solid-900.woff HTTP/2.0" 500 3097 "https://ncdc.go.ug/wp-content/cache/wpo-minify/1736596187/assets/wpo-minify-footer-ad5f7fd1.min.css" "Mozilla/5.0 (X11; Linux x86_64) AppleWebKit/537.36 (KHTML, like Gecko) HeadlessChrome/85.0.4182.0 Safari/537.36"
107.20.101.62 - - [11/Jan/2025:17:48:29 +0300] "GET /wp-content/uploads/2024/05/telephone-300x300.png HTTP/2.0" 500 3097 "https://ncdc.go.ug/" "Mozilla/5.0 (X11; Linux x86_64) AppleWebKit/537.36 (KHTML, like Gecko) HeadlessChrome/85.0.4182.0 Safari/537.36"
107.20.101.62 - - [11/Jan/2025:17:48:29 +0300] "GET /wp-content/plugins/js_composer/assets/lib/vendor/node_modules/@fortawesome/fontawesome-free/webfonts/fa-brands-400.woff HTTP/2.0" 500 3097 "https://ncdc.go.ug/wp-content/cache/wpo-minify/1736596187/assets/wpo-minify-footer-ad5f7fd1.min.css" "Mozilla/5.0 (X11; Linux x86_64) AppleWebKit/537.36 (KHTML, like Gecko) HeadlessChrome/85.0.4182.0 Safari/537.36"
107.20.101.62 - - [11/Jan/2025:17:48:29 +0300] "GET /wp-content/plugins/revslider/sr6/assets/fonts/revicons/revicons.woff HTTP/2.0" 500 3097 "https://ncdc.go.ug/wp-content/cache/wpo-minify/1736596187/assets/wpo-minify-footer-ad5f7fd1.min.css" "Mozilla/5.0 (X11; Linux x86_64) AppleWebKit/537.36 (KHTML, like Gecko) HeadlessChrome/85.0.4182.0 Safari/537.36"
52.167.144.186 - - [11/Jan/2025:17:48:30 +0300] "GET /2025/01/07/offlin-gokhuis-review-2024-alledaags-nieuwe-bank-lees-het-volledige-artikel-reviews-afwisselend-onze-toplist/ HTTP/2.0" 500 3097 "-" "Mozilla/5.0 AppleWebKit/537.36 (KHTML, like Gecko; compatible; bingbot/2.0; +http://www.bing.com/bingbot.htm) Chrome/116.0.1938.76 Safari/537.36"
107.20.101.62 - - [11/Jan/2025:17:48:30 +0300] "GET /wp-content/uploads/2024/05/email-300x221.png HTTP/2.0" 500 3097 "https://ncdc.go.ug/" "Mozilla/5.0 (X11; Linux x86_64) AppleWebKit/537.36 (KHTML, like Gecko) HeadlessChrome/85.0.4182.0 Safari/537.36"
107.20.101.62 - - [11/Jan/2025:17:48:30 +0300] "GET /wp-content/plugins/elementor/assets/js/text-editor.2cbb801863b5118e0825.bundle.min.js HTTP/2.0" 500 3097 "https://ncdc.go.ug/" "Mozilla/5.0 (X11; Linux x86_64) AppleWebKit/537.36 (KHTML, like Gecko) HeadlessChrome/85.0.4182.0 Safari/537.36"
107.20.101.62 - - [11/Jan/2025:17:48:31 +0300] "GET /wp-content/plugins/fuse-social-floating-sidebar/inc/font-awesome/fonts/fontawesome-webfont.ttf HTTP/2.0" 500 3097 "https://ncdc.go.ug/wp-content/cache/wpo-minify/1736596187/assets/wpo-minify-header-2701056f.min.css" "Mozilla/5.0 (X11; Linux x86_64) AppleWebKit/537.36 (KHTML, like Gecko) HeadlessChrome/85.0.4182.0 Safari/537.36"
107.20.101.62 - - [11/Jan/2025:17:48:31 +0300] "GET /wp-content/plugins/js_composer/assets/lib/vendor/node_modules/@fortawesome/fontawesome-free/webfonts/fa-solid-900.ttf HTTP/2.0" 500 3097 "https://ncdc.go.ug/wp-content/cache/wpo-minify/1736596187/assets/wpo-minify-footer-ad5f7fd1.min.css" "Mozilla/5.0 (X11; Linux x86_64) AppleWebKit/537.36 (KHTML, like Gecko) HeadlessChrome/85.0.4182.0 Safari/537.36"
107.20.101.62 - - [11/Jan/2025:17:48:31 +0300] "GET /wp-content/plugins/revslider/sr6/assets/fonts/revicons/revicons.ttf HTTP/2.0" 500 3097 "https://ncdc.go.ug/wp-content/cache/wpo-minify/1736596187/assets/wpo-minify-footer-ad5f7fd1.min.css" "Mozilla/5.0 (X11; Linux x86_64) AppleWebKit/537.36 (KHTML, like Gecko) HeadlessChrome/85.0.4182.0 Safari/537.36"
107.20.101.62 - - [11/Jan/2025:17:48:31 +0300] "GET /wp-content/plugins/js_composer/assets/lib/vendor/node_modules/@fortawesome/fontawesome-free/webfonts/fa-brands-400.ttf HTTP/2.0" 500 3097 "https://ncdc.go.ug/wp-content/cache/wpo-minify/1736596187/assets/wpo-minify-footer-ad5f7fd1.min.css" "Mozilla/5.0 (X11; Linux x86_64) AppleWebKit/537.36 (KHTML, like Gecko) HeadlessChrome/85.0.4182.0 Safari/537.36"
107.20.101.62 - - [11/Jan/2025:17:48:32 +0300] "GET /wp-content/uploads/2024/04/Asset-5@4x-100-scaled.jpg HTTP/2.0" 500 3097 "https://ncdc.go.ug/" "Mozilla/5.0 (X11; Linux x86_64) AppleWebKit/537.36 (KHTML, like Gecko) HeadlessChrome/85.0.4182.0 Safari/537.36"
107.20.101.62 - - [11/Jan/2025:17:48:32 +0300] "GET /wp-content/uploads/2024/06/Asset-15@4x_.png HTTP/2.0" 500 3097 "https://ncdc.go.ug/" "Mozilla/5.0 (X11; Linux x86_64) AppleWebKit/537.36 (KHTML, like Gecko) HeadlessChrome/85.0.4182.0 Safari/537.36"
107.20.101.62 - - [11/Jan/2025:17:48:32 +0300] "GET /wp-content/uploads/2024/06/Button.png HTTP/2.0" 500 3097 "https://ncdc.go.ug/" "Mozilla/5.0 (X11; Linux x86_64) AppleWebKit/537.36 (KHTML, like Gecko) HeadlessChrome/85.0.4182.0 Safari/537.36"
107.20.101.62 - - [11/Jan/2025:17:48:32 +0300] "GET /wp-content/uploads/2024/06/Asset-12@4x_-2.png HTTP/2.0" 500 3097 "https://ncdc.go.ug/" "Mozilla/5.0 (X11; Linux x86_64) AppleWebKit/537.36 (KHTML, like Gecko) HeadlessChrome/85.0.4182.0 Safari/537.36"
107.20.101.62 - - [11/Jan/2025:17:48:32 +0300] "GET /wp-content/uploads/2024/04/border.png HTTP/2.0" 500 3097 "https://ncdc.go.ug/" "Mozilla/5.0 (X11; Linux x86_64) AppleWebKit/537.36 (KHTML, like Gecko) HeadlessChrome/85.0.4182.0 Safari/537.36"
107.20.101.62 - - [11/Jan/2025:17:48:33 +0300] "GET /wp-content/uploads/2024/06/Asset-15@4x_.png HTTP/2.0" 500 3097 "https://ncdc.go.ug/" "Mozilla/5.0 (X11; Linux x86_64) AppleWebKit/537.36 (KHTML, like Gecko) HeadlessChrome/85.0.4182.0 Safari/537.36"
107.20.101.62 - - [11/Jan/2025:17:48:33 +0300] "GET /wp-content/uploads/2024/06/Asset-12@4x_.png HTTP/2.0" 500 3097 "https://ncdc.go.ug/" "Mozilla/5.0 (X11; Linux x86_64) AppleWebKit/537.36 (KHTML, like Gecko) HeadlessChrome/85.0.4182.0 Safari/537.36"
107.20.101.62 - - [11/Jan/2025:17:48:33 +0300] "GET /wp-content/uploads/2024/06/Button.png HTTP/2.0" 500 3097 "https://ncdc.go.ug/" "Mozilla/5.0 (X11; Linux x86_64) AppleWebKit/537.36 (KHTML, like Gecko) HeadlessChrome/85.0.4182.0 Safari/537.36"
107.20.101.62 - - [11/Jan/2025:17:48:33 +0300] "GET /wp-content/uploads/2024/04/border.png HTTP/2.0" 500 3097 "https://ncdc.go.ug/" "Mozilla/5.0 (X11; Linux x86_64) AppleWebKit/537.36 (KHTML, like Gecko) HeadlessChrome/85.0.4182.0 Safari/537.36"
107.20.101.62 - - [11/Jan/2025:17:48:33 +0300] "GET /wp-content/uploads/2024/06/Asset-12@4x_-2.png HTTP/2.0" 500 3097 "https://ncdc.go.ug/" "Mozilla/5.0 (X11; Linux x86_64) AppleWebKit/537.36 (KHTML, like Gecko) HeadlessChrome/85.0.4182.0 Safari/537.36"
107.20.101.62 - - [11/Jan/2025:17:48:33 +0300] "GET /wp-content/uploads/2024/04/Asset-5@4x-100-scaled.jpg HTTP/2.0" 500 3097 "https://ncdc.go.ug/" "Mozilla/5.0 (X11; Linux x86_64) AppleWebKit/537.36 (KHTML, like Gecko) HeadlessChrome/85.0.4182.0 Safari/537.36"
107.20.101.62 - - [11/Jan/2025:17:48:34 +0300] "GET /wp-content/uploads/2024/06/Asset-12@4x_.png HTTP/2.0" 500 3097 "https://ncdc.go.ug/" "Mozilla/5.0 (X11; Linux x86_64) AppleWebKit/537.36 (KHTML, like Gecko) HeadlessChrome/85.0.4182.0 Safari/537.36"
107.20.101.62 - - [11/Jan/2025:17:48:34 +0300] "GET /wp-content/uploads/2024/05/IMG_5496-transformed-2048x1365.jpeg HTTP/2.0" 500 3097 "https://ncdc.go.ug/" "Mozilla/5.0 (X11; Linux x86_64) AppleWebKit/537.36 (KHTML, like Gecko) HeadlessChrome/85.0.4182.0 Safari/537.36"
107.20.101.62 - - [11/Jan/2025:17:48:34 +0300] "GET /wp-content/uploads/2024/01/SliderStrip.png HTTP/2.0" 500 3097 "https://ncdc.go.ug/" "Mozilla/5.0 (X11; Linux x86_64) AppleWebKit/537.36 (KHTML, like Gecko) HeadlessChrome/85.0.4182.0 Safari/537.36"
107.20.101.62 - - [11/Jan/2025:17:48:34 +0300] "GET /wp-content/uploads/2024/06/Asset-16@4x_.png HTTP/2.0" 500 3097 "https://ncdc.go.ug/" "Mozilla/5.0 (X11; Linux x86_64) AppleWebKit/537.36 (KHTML, like Gecko) HeadlessChrome/85.0.4182.0 Safari/537.36"
107.20.101.62 - - [11/Jan/2025:17:48:34 +0300] "GET /wp-content/uploads/2024/06/Asset-14@4x_.png HTTP/2.0" 500 3097 "https://ncdc.go.ug/" "Mozilla/5.0 (X11; Linux x86_64) AppleWebKit/537.36 (KHTML, like Gecko) HeadlessChrome/85.0.4182.0 Safari/537.36"
107.20.101.62 - - [11/Jan/2025:17:48:35 +0300] "GET /wp-content/uploads/2024/01/SliderStrip.png HTTP/2.0" 500 3097 "https://ncdc.go.ug/" "Mozilla/5.0 (X11; Linux x86_64) AppleWebKit/537.36 (KHTML, like Gecko) HeadlessChrome/85.0.4182.0 Safari/537.36"
107.20.101.62 - - [11/Jan/2025:17:48:35 +0300] "GET /wp-content/uploads/2024/05/IMG_5496-transformed-2048x1365.jpeg HTTP/2.0" 500 3097 "https://ncdc.go.ug/" "Mozilla/5.0 (X11; Linux x86_64) AppleWebKit/537.36 (KHTML, like Gecko) HeadlessChrome/85.0.4182.0 Safari/537.36"
107.20.101.62 - - [11/Jan/2025:17:48:36 +0300] "GET /wp-content/uploads/2024/06/Asset-14@4x_.png HTTP/2.0" 500 3097 "https://ncdc.go.ug/" "Mozilla/5.0 (X11; Linux x86_64) AppleWebKit/537.36 (KHTML, like Gecko) HeadlessChrome/85.0.4182.0 Safari/537.36"
107.20.101.62 - - [11/Jan/2025:17:48:36 +0300] "GET /wp-content/uploads/2024/06/Asset-16@4x_.png HTTP/2.0" 500 3097 "https://ncdc.go.ug/" "Mozilla/5.0 (X11; Linux x86_64) AppleWebKit/537.36 (KHTML, like Gecko) HeadlessChrome/85.0.4182.0 Safari/537.36"
107.20.101.62 - - [11/Jan/2025:17:48:37 +0300] "POST /mod_pagespeed_beacon?url=https%3A%2F%2Fncdc.go.ug%2F HTTP/2.0" 400 - "https://ncdc.go.ug/" "Mozilla/5.0 (X11; Linux x86_64) AppleWebKit/537.36 (KHTML, like Gecko) HeadlessChrome/85.0.4182.0 Safari/537.36"
107.20.101.62 - - [11/Jan/2025:17:48:44 +0300] "GET /wp-content/uploads/2024/05/Asset-11@3x.png HTTP/2.0" 200 103454 "https://ncdc.go.ug/" "Mozilla/5.0 (Windows NT 10.0; Win64; x64) AppleWebKit/537.36 (KHTML, like Gecko) Chrome/126.0.0.0 Safari/537.36"
107.20.101.62 - - [11/Jan/2025:17:48:44 +0300] "GET /wp-content/uploads/2024/05/Asset-12@3x.png HTTP/2.0" 200 202517 "https://ncdc.go.ug/" "Mozilla/5.0 (Windows NT 10.0; Win64; x64) AppleWebKit/537.36 (KHTML, like Gecko) Chrome/126.0.0.0 Safari/537.36"
107.20.101.62 - - [11/Jan/2025:17:48:44 +0300] "GET /wp-content/uploads/2024/04/Asset-2@4x.png HTTP/2.0" 200 7483 "https://ncdc.go.ug/" "Mozilla/5.0 (Windows NT 10.0; Win64; x64) AppleWebKit/537.36 (KHTML, like Gecko) Chrome/126.0.0.0 Safari/537.36"
107.20.101.62 - - [11/Jan/2025:17:48:44 +0300] "GET /wp-content/uploads/2024/04/Asset-2@4x-768x172.png HTTP/2.0" 200 10409 "https://ncdc.go.ug/" "Mozilla/5.0 (Windows NT 10.0; Win64; x64) AppleWebKit/537.36 (KHTML, like Gecko) Chrome/126.0.0.0 Safari/537.36"
107.20.101.62 - - [11/Jan/2025:17:48:44 +0300] "GET /wp-content/uploads/2024/04/bottom-border.png HTTP/2.0" 200 962 "https://ncdc.go.ug/" "Mozilla/5.0 (Windows NT 10.0; Win64; x64) AppleWebKit/537.36 (KHTML, like Gecko) Chrome/126.0.0.0 Safari/537.36"
3.12.251.153 - - [11/Jan/2025:17:49:08 +0300] "HEAD / HTTP/1.1" 200 - "https://ncdc.go.ug/" "Mozilla/5.0+(compatible; UptimeRobot/2.0; http://www.uptimerobot.com/)"
185.191.171.15 - - [11/Jan/2025:17:49:11 +0300] "GET /gallery/?chief-guest&job-fair&job-fair&job-fair&job-fair&ncdc-50-conference&ncdc-50-launch&sample%3F148 HTTP/1.1" 200 2017 "-" "Mozilla/5.0 (compatible; SemrushBot/7~bl; +http://www.semrush.com/bot.html)"
159.89.47.149 - - [11/Jan/2025:17:49:18 +0300] "POST /wp-login.php HTTP/1.1" 200 30638 "-" "Mozilla/5.0"
154.72.192.35 - - [11/Jan/2025:17:49:30 +0300] "HEAD / HTTP/1.1" 200 - "-" "Uptime-Kuma/1.23.11"
185.191.171.2 - - [11/Jan/2025:17:49:41 +0300] "GET /gallery/?ncdc-collaboration&ncdc-collaboration&ncdc-collaboration&parliament&refresher-training-for-centre-coordinating-tutors-ccts&sample%3F34 HTTP/1.1" 200 2017 "-" "Mozilla/5.0 (compatible; SemrushBot/7~bl; +http://www.semrush.com/bot.html)"
47.128.18.8 - - [11/Jan/2025:17:49:45 +0300] "GET /?path=%2F HTTP/2.0" 200 1138 "-" "Mozilla/5.0 (Linux; Android 5.0) AppleWebKit/537.36 (KHTML, like Gecko) Mobile Safari/537.36 (compatible; Bytespider; spider-feedback@bytedance.com)"
185.191.171.4 - - [11/Jan/2025:17:49:46 +0300] "GET /gallery/?aca&aca&aca&chief-guest&instructional-materials-unit&ncdc-50-conference&parliament&sample%3F5 HTTP/1.1" 200 2017 "-" "Mozilla/5.0 (compatible; SemrushBot/7~bl; +http://www.semrush.com/bot.html)"
85.208.96.209 - - [11/Jan/2025:17:49:49 +0300] "GET /gallery/?instructional-materials-unit&job-fair&job-fair&parliament&parliament&sample%3F21%3Fdirector-launching-ncdc-50 HTTP/1.1" 200 2017 "-" "Mozilla/5.0 (compatible; SemrushBot/7~bl; +http://www.semrush.com/bot.html)"
198.244.232.139 - - [11/Jan/2025:17:49:48 +0300] "GET /wp-content/uploads/2024/02/Mathematics_Syllabus_compressed.pdf HTTP/1.1" 200 1775374 "-" "Dalvik/2.1.0 (Linux; U; Android 10; Infinix X657 Build/QP1A.190711.020)"
102.85.104.2 - - [11/Jan/2025:17:49:51 +0300] "GET /wp-content/uploads/2024/03/Curriculum_Framework.pdf HTTP/2.0" 200 3036068 "https://www.google.com/" "Mozilla/5.0 (Linux; Android 10; K) AppleWebKit/537.36 (KHTML, like Gecko) Chrome/131.0.0.0 Mobile Safari/537.36"
85.208.96.193 - - [11/Jan/2025:17:49:53 +0300] "GET /gallery/?50-conference-venue&50-conference-venue&job-fair&ncdc-50-conference&refresher-training-for-centre-coordinating-tutors-ccts&sample%3F37 HTTP/1.1" 200 2018 "-" "Mozilla/5.0 (compatible; SemrushBot/7~bl; +http://www.semrush.com/bot.html)"
52.22.236.30 - - [11/Jan/2025:17:50:04 +0300] "HEAD / HTTP/1.1" 200 - "https://ncdc.go.ug/" "Mozilla/5.0+(compatible; UptimeRobot/2.0; http://www.uptimerobot.com/)"
85.208.96.212 - - [11/Jan/2025:17:50:06 +0300] "GET /gallery?50-conference-venue&50-conference-venue&aca&job-fair&job-fair&ncdc-50-launch&parliament&sample%3F57 HTTP/1.1" 200 2018 "-" "Mozilla/5.0 (compatible; SemrushBot/7~bl; +http://www.semrush.com/bot.html)"
173.252.79.10 - - [11/Jan/2025:17:50:06 +0300] "GET /faq/ HTTP/2.0" 500 33363 "-" "meta-externalagent/1.1 (+https://developers.facebook.com/docs/sharing/webmasters/crawler)"
95.163.255.124 - - [11/Jan/2025:17:50:07 +0300] "GET /robots.txt HTTP/1.0" 200 30639 "-" "Mozilla/5.0 (compatible; Linux x86_64; Mail.RU_Bot/2.0; +https://help.mail.ru/webmaster/indexing/robots)"
66.249.93.162 - - [11/Jan/2025:17:50:11 +0300] "GET /.well-known/traffic-advice HTTP/1.1" 500 3098 "-" "Chrome Privacy Preserving Prefetch Proxy"
85.208.96.212 - - [11/Jan/2025:17:50:13 +0300] "GET /gallery/?aca&aca&government-trains-teachers-lab-technicians&instructional-materials-unit&ncdc-50-conference&sample%3Fdirector-launching-ncdc-50 HTTP/1.1" 200 2018 "-" "Mozilla/5.0 (compatible; SemrushBot/7~bl; +http://www.semrush.com/bot.html)"
95.163.255.204 - - [11/Jan/2025:17:50:22 +0300] "GET /publications HTTP/1.1" 500 3099 "-" "Mozilla/5.0 (compatible; Linux x86_64; Mail.RU_Bot/2.0; +https://help.mail.ru/webmaster/indexing/robots)"
185.191.171.2 - - [11/Jan/2025:17:50:23 +0300] "GET /gallery?aca&ncdc-50-conference&ncdc-collaboration&parliament&sample%3F22&thanks&visit-by-ps&welcome-remarks HTTP/1.1" 200 2017 "-" "Mozilla/5.0 (compatible; SemrushBot/7~bl; +http://www.semrush.com/bot.html)"
85.208.96.196 - - [11/Jan/2025:17:50:25 +0300] "GET /gallery/?aca&aca&job-fair&job-fair&ncdc-50-conference&ncdc-50-conference&ncdc-collaboration&sample%3F55 HTTP/1.1" 200 2018 "-" "Mozilla/5.0 (compatible; SemrushBot/7~bl; +http://www.semrush.com/bot.html)"
57.141.5.14 - - [11/Jan/2025:17:50:27 +0300] "GET /wp-content/plugins/extensive-vc-addon/shortcodes/icon-with-text/assets/?C=N;O=A HTTP/2.0" 200 966 "-" "meta-externalagent/1.1 (+https://developers.facebook.com/docs/sharing/webmasters/crawler)"
154.72.192.35 - - [11/Jan/2025:17:50:31 +0300] "HEAD / HTTP/1.1" 200 - "-" "Uptime-Kuma/1.23.11"
85.208.96.212 - - [11/Jan/2025:17:50:38 +0300] "GET /gallery/?aca&aca&ncdc-50-conference&ncdc-50-launch&ncdc-50-launch&ncdc-50-launch&parliament&sample%3F45 HTTP/1.1" 200 2018 "-" "Mozilla/5.0 (compatible; SemrushBot/7~bl; +http://www.semrush.com/bot.html)"
57.141.5.9 - - [11/Jan/2025:17:51:04 +0300] "GET /wp-includes/js/tinymce/plugins/image/?C=S;O=A HTTP/2.0" 200 1051 "-" "meta-externalagent/1.1 (+https://developers.facebook.com/docs/sharing/webmasters/crawler)"
85.208.96.200 - - [11/Jan/2025:17:51:06 +0300] "GET /gallery?instructional-materials-unit&ncdc-collaboration&ncdc-collaboration&ncdc-collaboration&parliament&sample%3F22%3F30 HTTP/1.1" 200 2017 "-" "Mozilla/5.0 (compatible; SemrushBot/7~bl; +http://www.semrush.com/bot.html)"
185.191.171.2 - - [11/Jan/2025:17:51:17 +0300] "GET /gallery?ncdc-50-conference&ncdc-50-launch&refresher-training-for-centre-coordinating-tutors-ccts&sample%3F20&welcome-remarks%3F34 HTTP/1.1" 200 2017 "-" "Mozilla/5.0 (compatible; SemrushBot/7~bl; +http://www.semrush.com/bot.html)"
31.13.127.12 - - [11/Jan/2025:17:51:19 +0300] "GET /category/resources/secondary/a-level-curriculum/ HTTP/2.0" 500 33362 "-" "meta-externalagent/1.1 (+https://developers.facebook.com/docs/sharing/webmasters/crawler)"
66.249.70.3 - - [11/Jan/2025:17:51:21 +0300] "GET / HTTP/1.1" 304 - "-" "Mozilla/5.0 (compatible; Googlebot/2.1; +http://www.google.com/bot.html)"
52.167.144.186 - - [11/Jan/2025:17:51:21 +0300] "GET /resource/?_page=19 HTTP/2.0" 200 2019 "-" "Mozilla/5.0 AppleWebKit/537.36 (KHTML, like Gecko; compatible; bingbot/2.0; +http://www.bing.com/bingbot.htm) Chrome/116.0.1938.76 Safari/537.36"
52.22.236.30 - - [11/Jan/2025:17:51:25 +0300] "HEAD / HTTP/1.1" 200 - "https://ncdc.go.ug" "Mozilla/5.0+(compatible; UptimeRobot/2.0; http://www.uptimerobot.com/)"
66.249.70.2 - - [11/Jan/2025:17:51:26 +0300] "GET /?mcsf_action=main_css&ver=1.6.2 HTTP/1.1" 200 2017 "https://ncdc.go.ug/" "Mozilla/5.0 AppleWebKit/537.36 (KHTML, like Gecko; compatible; Googlebot/2.1; +http://www.google.com/bot.html) Chrome/131.0.6778.204 Safari/537.36"
154.72.192.35 - - [11/Jan/2025:17:51:31 +0300] "HEAD / HTTP/1.1" 200 - "-" "Uptime-Kuma/1.23.11"
185.191.171.13 - - [11/Jan/2025:17:51:33 +0300] "GET /gallery/?aca&job-fair&ncdc-50-launch&ncdc-50-launch&refresher-training-for-centre-coordinating-tutors-ccts&sample%3F24 HTTP/1.1" 200 2017 "-" "Mozilla/5.0 (compatible; SemrushBot/7~bl; +http://www.semrush.com/bot.html)"
185.191.171.2 - - [11/Jan/2025:17:51:38 +0300] "GET /gallery/?ncdc-50-conference&sample%3F22&students-of-new-horizon-secondary-school-showcase-curriculum-innovations&welcome-remarks%3F29 HTTP/1.1" 200 2017 "-" "Mozilla/5.0 (compatible; SemrushBot/7~bl; +http://www.semrush.com/bot.html)"
85.208.96.208 - - [11/Jan/2025:17:51:40 +0300] "GET /gallery?50-conference-venue&50-conference-venue&instructional-materials-unit&job-fair&job-fair&job-fair&sample%3F24 HTTP/1.1" 200 2016 "-" "Mozilla/5.0 (compatible; SemrushBot/7~bl; +http://www.semrush.com/bot.html)"
185.191.171.16 - - [11/Jan/2025:17:51:42 +0300] "GET /gallery?job-fair&ncdc-50-conference&parliament&sample%3F20&teacher-training-on-abridged-curriculum-2&welcome-remarks%3F34 HTTP/1.1" 200 2017 "-" "Mozilla/5.0 (compatible; SemrushBot/7~bl; +http://www.semrush.com/bot.html)"
52.167.144.186 - - [11/Jan/2025:17:52:01 +0300] "GET /?s=Aston+villa+vs+westham HTTP/2.0" 200 2019 "-" "Mozilla/5.0 (Windows NT 10.0; Win64; x64) AppleWebKit/537.36 (KHTML, like Gecko) Chrome/112.0.0.0 Safari/537.36 Edg/112.0.1722.68"
139.59.109.12 - - [11/Jan/2025:17:52:02 +0300] "HEAD / HTTP/2.0" 200 - "-" "downnotifier.com monitoring"
52.167.144.186 - - [11/Jan/2025:17:52:02 +0300] "GET /?path=/home HTTP/2.0" 200 861 "-" "Mozilla/5.0 (Windows NT 10.0; Win64; x64) AppleWebKit/537.36 (KHTML, like Gecko) Chrome/112.0.0.0 Safari/537.36 Edg/112.0.1722.68"
66.249.70.4 - - [11/Jan/2025:17:52:03 +0300] "GET /wp-content/plugins/mpc-massive/assets/js/mpc-vendor.min.js HTTP/1.1" 200 25659 "https://ncdc.go.ug/" "Mozilla/5.0 AppleWebKit/537.36 (KHTML, like Gecko; compatible; Googlebot/2.1; +http://www.google.com/bot.html) Chrome/131.0.6778.204 Safari/537.36"
40.77.167.6 - - [11/Jan/2025:17:52:03 +0300] "GET /?path=/home/ncdcgo HTTP/2.0" 200 2499 "-" "Mozilla/5.0 (Windows NT 10.0; Win64; x64) AppleWebKit/537.36 (KHTML, like Gecko) Chrome/112.0.0.0 Safari/537.36 Edg/112.0.1722.68"
40.77.167.16 - - [11/Jan/2025:17:52:03 +0300] "GET /?path=/ HTTP/2.0" 200 1137 "-" "Mozilla/5.0 (Windows NT 10.0; Win64; x64) AppleWebKit/537.36 (KHTML, like Gecko) Chrome/112.0.0.0 Safari/537.36 Edg/112.0.1722.68"
85.208.96.194 - - [11/Jan/2025:17:52:09 +0300] "GET /gallery/?aca&aca&aca&chief-guest&ncdc-50-conference&ncdc-50-conference&sample%3F20&welcome-remarks%3F42 HTTP/1.1" 200 2018 "-" "Mozilla/5.0 (compatible; SemrushBot/7~bl; +http://www.semrush.com/bot.html)"
85.208.96.198 - - [11/Jan/2025:17:52:18 +0300] "GET /gallery/?job-fair&job-fair&job-fair&ncdc-50-conference&ncdc-50-launch&sample&stepu&welcome-remarks%3F45 HTTP/1.1" 200 2018 "-" "Mozilla/5.0 (compatible; SemrushBot/7~bl; +http://www.semrush.com/bot.html)"
185.191.171.17 - - [11/Jan/2025:17:52:20 +0300] "GET /robots.txt HTTP/1.1" 200 2016 "-" "Mozilla/5.0 (compatible; SemrushBot/7~bl; +http://www.semrush.com/bot.html)"
85.208.96.202 - - [11/Jan/2025:17:52:21 +0300] "GET /gallery?59&aca&aca&aca&chief-guest&chief-guest&chief-guest%3F49 HTTP/1.1" 200 2017 "-" "Mozilla/5.0 (compatible; SemrushBot/7~bl; +http://www.semrush.com/bot.html)"
85.208.96.197 - - [11/Jan/2025:17:52:22 +0300] "GET /gallery?50-conference-venue&ncdc-50-conference&parliament&refresher-training-for-centre-coordinating-tutors-ccts&sample%3F20%3F26 HTTP/1.1" 200 2018 "-" "Mozilla/5.0 (compatible; SemrushBot/7~bl; +http://www.semrush.com/bot.html)"
57.141.5.10 - - [11/Jan/2025:17:52:24 +0300] "GET /wp-content/plugins/extensive-vc-addon/shortcodes/section-title/templates/?C=D;O=D HTTP/2.0" 200 982 "-" "meta-externalagent/1.1 (+https://developers.facebook.com/docs/sharing/webmasters/crawler)"
3.101.8.174 - - [11/Jan/2025:17:52:30 +0300] "HEAD / HTTP/2.0" 200 1 "-" "montastic-monitor www.montastic.com - cid:420288"
154.72.192.35 - - [11/Jan/2025:17:52:32 +0300] "HEAD / HTTP/1.1" 200 - "-" "Uptime-Kuma/1.23.11"
57.141.5.16 - - [11/Jan/2025:17:52:35 +0300] "GET /wp-includes/sodium_compat/src/Core/ChaCha20/Ctx.php HTTP/2.0" 500 - "-" "meta-externalagent/1.1 (+https://developers.facebook.com/docs/sharing/webmasters/crawler)"
85.208.96.198 - - [11/Jan/2025:17:52:41 +0300] "GET /gallery/?consultation-on-a-level-curriculum-review-2&ncdc-50-conference&sample&stepu&visit-by-ps&welcome-remarks%3F30 HTTP/1.1" 200 2018 "-" "Mozilla/5.0 (compatible; SemrushBot/7~bl; +http://www.semrush.com/bot.html)"
172.178.140.157 - - [11/Jan/2025:17:53:07 +0300] "GET /wp-content/uploads/2024/09/Parental-Involvement-in-Early-Childhood-Care-and-Education-and-its-Impact-on-Childrens-Social-Emotional-Development-in-Uganda.-A-Case-of-Wakiso-District.pdf HTTP/2.0" 500 3098 "-" "Mozilla/5.0 AppleWebKit/537.36 (KHTML, like Gecko); compatible"
31.13.127.34 - - [11/Jan/2025:17:53:09 +0300] "GET /category/resources/secondary/a-level-curriculum/ HTTP/2.0" 500 33362 "-" "meta-externalagent/1.1 (+https://developers.facebook.com/docs/sharing/webmasters/crawler)"
172.178.140.144 - - [11/Jan/2025:17:53:09 +0300] "GET /wp-content/uploads/2024/09/Parental-Involvement-in-Early-Childhood-Care-and-Education-and-its-Impact-on-Childrens-Social-Emotional-Development-in-Uganda.-A-Case-of-Wakiso-District.pdf HTTP/2.0" 500 3096 "-" "Mozilla/5.0 AppleWebKit/537.36 (KHTML, like Gecko); compatible"
41.210.154.103 - - [11/Jan/2025:17:53:09 +0300] "GET /wp-content/uploads/2024/02/PHYSICS_Syllabus_compressed.pdf HTTP/2.0" 200 1646975 "-" "Mozilla/5.0 (Linux; Android 10; K) AppleWebKit/537.36 (KHTML, like Gecko) SamsungBrowser/24.0 Chrome/117.0.0.0 Mobile Safari/537.36"
172.178.140.145 - - [11/Jan/2025:17:53:10 +0300] "GET /wp-content/uploads/2024/09/Parental-Involvement-in-Early-Childhood-Care-and-Education-and-its-Impact-on-Childrens-Social-Emotional-Development-in-Uganda.-A-Case-of-Wakiso-District.pdf HTTP/2.0" 500 3096 "-" "Mozilla/5.0 AppleWebKit/537.36 (KHTML, like Gecko); compatible"
185.191.171.19 - - [11/Jan/2025:17:53:12 +0300] "GET /gallery?50-conference-venue&instructional-materials-unit&ncdc-50-conference&ncdc-50-conference&sample&welcome-remarks%3F45 HTTP/1.1" 200 2017 "-" "Mozilla/5.0 (compatible; SemrushBot/7~bl; +http://www.semrush.com/bot.html)"
57.141.5.3 - - [11/Jan/2025:17:53:14 +0300] "GET /wp-content/plugins/extensive-vc-addon/post-types/clients/shortcodes/templates/?C=S;O=A HTTP/2.0" 200 1553 "-" "meta-externalagent/1.1 (+https://developers.facebook.com/docs/sharing/webmasters/crawler)"
154.72.192.35 - - [11/Jan/2025:17:53:32 +0300] "HEAD / HTTP/1.1" 200 - "-" "Uptime-Kuma/1.23.11"
85.208.96.212 - - [11/Jan/2025:17:53:43 +0300] "GET /gallery/?aca&ncdc-50-launch&ncdc-50-launch&ncdc-50-launch&parliament&parliament&parliament&sample%3F42 HTTP/1.1" 200 2018 "-" "Mozilla/5.0 (compatible; SemrushBot/7~bl; +http://www.semrush.com/bot.html)"
47.128.110.117 - - [11/Jan/2025:17:53:45 +0300] "GET /?filesrc=%2Fhome%2Fncdcgo%2Fpublic_html%2Fphpinfo.php&path=%2Fhome%2Fncdcgo%2Fpublic_html HTTP/2.0" 200 703 "-" "Mozilla/5.0 (Linux; Android 5.0) AppleWebKit/537.36 (KHTML, like Gecko) Mobile Safari/537.36 (compatible; Bytespider; spider-feedback@bytedance.com)"
85.208.96.196 - - [11/Jan/2025:17:53:49 +0300] "GET /gallery?50-conference-venue&50-conference-venue&50-conference-venue&ncdc-50-conference&ncdc-collaboration&sample%3F22%3F35 HTTP/1.1" 200 2018 "-" "Mozilla/5.0 (compatible; SemrushBot/7~bl; +http://www.semrush.com/bot.html)"
41.210.154.19 - - [11/Jan/2025:17:53:58 +0300] "GET /lower-secondary-curriculum-embraced/ HTTP/2.0" 500 3097 "https://www.google.com/" "Mozilla/5.0 (Linux; U; Android 13; en-us; TECNO KI7 Build/TP1A.220624.014) AppleWebKit/537.36 (KHTML, like Gecko) Chrome/108.0.5359.128 Mobile Safari/537.36 PHX/17.4"
41.210.154.19 - - [11/Jan/2025:17:53:59 +0300] "GET /favicon.ico HTTP/2.0" 500 3097 "https://ncdc.go.ug/lower-secondary-curriculum-embraced/" "Mozilla/5.0 (Linux; U; Android 13; en-us; TECNO KI7 Build/TP1A.220624.014) AppleWebKit/537.36 (KHTML, like Gecko) Chrome/108.0.5359.128 Mobile Safari/537.36 PHX/17.4"
41.210.154.19 - - [11/Jan/2025:17:53:59 +0300] "GET /favicon.ico HTTP/2.0" 500 3097 "-" "okhttp/4.10.0"
41.210.154.19 - - [11/Jan/2025:17:54:00 +0300] "GET /favicon.ico HTTP/2.0" 500 3097 "-" "okhttp/4.10.0"
85.208.96.209 - - [11/Jan/2025:17:54:02 +0300] "GET /gallery/?about-the-conference&aca&aca&ncdc-50-conference&ncdc-50-launch&sample%3F22%3Fvisiting-delegation-from-lesotho HTTP/1.1" 200 2017 "-" "Mozilla/5.0 (compatible; SemrushBot/7~bl; +http://www.semrush.com/bot.html)"
85.208.96.196 - - [11/Jan/2025:17:54:04 +0300] "GET /gallery?50-conference-venue&government-trains-teachers-lab-technicians&ncdc-50-launch&ncdc-50-launch&sample%3Fncdc-50-group-photo HTTP/1.1" 200 2018 "-" "Mozilla/5.0 (compatible; SemrushBot/7~bl; +http://www.semrush.com/bot.html)"
185.191.171.19 - - [11/Jan/2025:17:54:06 +0300] "GET /gallery?instructional-materials-unit&instructional-materials-unit&ncdc-50-conference&parliament&parliament&sample%3F21%3F4 HTTP/1.1" 200 2017 "-" "Mozilla/5.0 (compatible; SemrushBot/7~bl; +http://www.semrush.com/bot.html)"
40.77.167.15 - - [11/Jan/2025:17:54:10 +0300] "GET /index.php/resource-form-submissions/secondary-curriculum/a-level-curriculum/teaching-syllabus-2 HTTP/2.0" 500 3095 "-" "Mozilla/5.0 AppleWebKit/537.36 (KHTML, like Gecko; compatible; bingbot/2.0; +http://www.bing.com/bingbot.htm) Chrome/116.0.1938.76 Safari/537.36"
185.191.171.16 - - [11/Jan/2025:17:54:13 +0300] "GET /gallery/?50-conference-venue&50-conference-venue&government-trains-teachers-lab-technicians&instructional-materials-unit&parliament&sample%3F37 HTTP/1.1" 200 2017 "-" "Mozilla/5.0 (compatible; SemrushBot/7~bl; +http://www.semrush.com/bot.html)"
52.22.236.30 - - [11/Jan/2025:17:54:14 +0300] "HEAD / HTTP/1.1" 200 - "https://ncdc.go.ug/" "Mozilla/5.0+(compatible; UptimeRobot/2.0; http://www.uptimerobot.com/)"
41.75.172.232 - - [11/Jan/2025:17:54:10 +0300] "GET /wp-content/uploads/2024/02/P.-5-Curriculum-1.pdf HTTP/2.0" 200 2016293 "https://www.google.com/" "Mozilla/5.0 (iPhone; CPU iPhone OS 18_0_1 like Mac OS X) AppleWebKit/605.1.15 (KHTML, like Gecko) Version/18.0.1 Mobile/15E148 Safari/604.1"
41.75.172.232 - - [11/Jan/2025:17:54:19 +0300] "GET /favicon.ico HTTP/2.0" 500 3098 "https://ncdc.go.ug/wp-content/uploads/2024/02/P.-5-Curriculum-1.pdf" "Mozilla/5.0 (iPhone; CPU iPhone OS 18_0_1 like Mac OS X) AppleWebKit/605.1.15 (KHTML, like Gecko) Version/18.0.1 Mobile/15E148 Safari/604.1"
85.208.96.198 - - [11/Jan/2025:17:54:25 +0300] "GET /gallery/?aca&ncdc-50-conference&parliament&sample&stepu&stepu&stepu&stepu&welcome-remarks%3F144 HTTP/1.1" 200 2018 "-" "Mozilla/5.0 (compatible; SemrushBot/7~bl; +http://www.semrush.com/bot.html)"
154.72.192.35 - - [11/Jan/2025:17:54:33 +0300] "HEAD / HTTP/1.1" 200 - "-" "Uptime-Kuma/1.23.11"
185.191.171.17 - - [11/Jan/2025:17:54:41 +0300] "GET /gallery/?instructional-materials-unit&ncdc-50-launch&ncdc-50-launch&parliament&parliament&sample%3F21%3Fteacher-training-on-abridged-curriculum HTTP/1.1" 200 2016 "-" "Mozilla/5.0 (compatible; SemrushBot/7~bl; +http://www.semrush.com/bot.html)"
185.191.171.17 - - [11/Jan/2025:17:54:47 +0300] "GET /gallery/?aca&consultation-on-a-level-curriculum-review-2&consultation-on-a-level-curriculum-review-2&ncdc-50-launch&ncdc-50-launch&sample%3F124 HTTP/1.1" 200 2016 "-" "Mozilla/5.0 (compatible; SemrushBot/7~bl; +http://www.semrush.com/bot.html)"
40.77.167.16 - - [11/Jan/2025:17:54:58 +0300] "GET /2025/01/06/velkomstbonus-2024-enkelte-lost-island-bonus-afkast-pr-ny-spiller-pa-et-kasino/ HTTP/2.0" 500 3094 "-" "Mozilla/5.0 AppleWebKit/537.36 (KHTML, like Gecko; compatible; bingbot/2.0; +http://www.bing.com/bingbot.htm) Chrome/116.0.1938.76 Safari/537.36"
3.20.63.178 - - [11/Jan/2025:17:55:10 +0300] "HEAD / HTTP/1.1" 200 - "https://ncdc.go.ug/" "Mozilla/5.0+(compatible; UptimeRobot/2.0; http://www.uptimerobot.com/)"
145.239.154.4 - - [11/Jan/2025:17:55:16 +0300] "POST /xmlrpc.php HTTP/1.1" 200 2018 "-" "Mozilla/5.0 (Windows NT 10.0; WOW64) AppleWebKit/537.36 (KHTML, like Gecko) Chrome/62.0.3202.9 Safari/537.36"
185.191.171.17 - - [11/Jan/2025:17:55:18 +0300] "GET /gallery?aca&parliament&parliament&refresher-training-for-centre-coordinating-tutors-ccts&sample%3F20%3Fdirector-launching-ncdc-50 HTTP/1.1" 200 2016 "-" "Mozilla/5.0 (compatible; SemrushBot/7~bl; +http://www.semrush.com/bot.html)"
40.77.167.6 - - [11/Jan/2025:17:55:19 +0300] "GET /resource/?path=/lib/vmware-tools/plugins/vmusr HTTP/2.0" 200 1009 "-" "Mozilla/5.0 AppleWebKit/537.36 (KHTML, like Gecko; compatible; bingbot/2.0; +http://www.bing.com/bingbot.htm) Chrome/116.0.1938.76 Safari/537.36"
40.77.167.6 - - [11/Jan/2025:17:55:20 +0300] "GET /resource/?filesrc=/lib/rpm/fileattrs/font.attr&path=/lib/rpm/fileattrs HTTP/2.0" 200 758 "-" "Mozilla/5.0 AppleWebKit/537.36 (KHTML, like Gecko; compatible; bingbot/2.0; +http://www.bing.com/bingbot.htm) Chrome/116.0.1938.76 Safari/537.36"
52.167.144.137 - - [11/Jan/2025:17:55:23 +0300] "GET /resource/?filesrc=/lib/firewalld/services/dhcpv6-client.xml&path=/lib/firewalld/services HTTP/2.0" 200 883 "-" "Mozilla/5.0 AppleWebKit/537.36 (KHTML, like Gecko; compatible; bingbot/2.0; +http://www.bing.com/bingbot.htm) Chrome/116.0.1938.76 Safari/537.36"
85.208.96.197 - - [11/Jan/2025:17:55:23 +0300] "GET /gallery?about-the-conference&aca&instructional-materials-unit&ncdc-50-conference&parliament&parliament&sample%3F36 HTTP/1.1" 200 2018 "-" "Mozilla/5.0 (compatible; SemrushBot/7~bl; +http://www.semrush.com/bot.html)"
52.167.144.137 - - [11/Jan/2025:17:55:24 +0300] "GET /resource/?filesrc=/lib/firewalld/services/kerberos.xml&path=/lib/firewalld/services HTTP/2.0" 200 815 "-" "Mozilla/5.0 AppleWebKit/537.36 (KHTML, like Gecko; compatible; bingbot/2.0; +http://www.bing.com/bingbot.htm) Chrome/116.0.1938.76 Safari/537.36"
57.141.5.20 - - [11/Jan/2025:17:55:28 +0300] "GET /wp-content/plugins/extensive-vc-addon/post-types/clients/admin/?C=S;O=A HTTP/2.0" 200 950 "-" "meta-externalagent/1.1 (+https://developers.facebook.com/docs/sharing/webmasters/crawler)"
85.208.96.212 - - [11/Jan/2025:17:55:29 +0300] "GET /gallery/?50-conference-venue&ncdc-50-conference&ncdc-50-conference&ncdc-50-conference&sample%3F20&welcome-remarks%3F34 HTTP/1.1" 200 2018 "-" "Mozilla/5.0 (compatible; SemrushBot/7~bl; +http://www.semrush.com/bot.html)"
40.77.167.16 - - [11/Jan/2025:17:55:29 +0300] "GET /resource/?path=/lib/vmware-tools/plugins/common HTTP/2.0" 200 964 "-" "Mozilla/5.0 AppleWebKit/537.36 (KHTML, like Gecko; compatible; bingbot/2.0; +http://www.bing.com/bingbot.htm) Chrome/116.0.1938.76 Safari/537.36"
40.77.167.16 - - [11/Jan/2025:17:55:30 +0300] "GET /resource/?path=/lib/vmware-tools/plugins/vmsvc HTTP/2.0" 200 1172 "-" "Mozilla/5.0 AppleWebKit/537.36 (KHTML, like Gecko; compatible; bingbot/2.0; +http://www.bing.com/bingbot.htm) Chrome/116.0.1938.76 Safari/537.36"
40.77.167.16 - - [11/Jan/2025:17:55:30 +0300] "GET /resource/?option&path=/lib/vmware-tools/plugins HTTP/2.0" 200 654 "-" "Mozilla/5.0 AppleWebKit/537.36 (KHTML, like Gecko; compatible; bingbot/2.0; +http://www.bing.com/bingbot.htm) Chrome/116.0.1938.76 Safari/537.36"
57.141.5.9 - - [11/Jan/2025:17:55:31 +0300] "GET /wp-content/plugins/extensive-vc-addon/shortcodes/button/templates/parts/strike-line.php HTTP/2.0" 200 - "-" "meta-externalagent/1.1 (+https://developers.facebook.com/docs/sharing/webmasters/crawler)"
40.77.167.16 - - [11/Jan/2025:17:55:31 +0300] "GET /resource/?option&path=/lib/firewalld/services HTTP/2.0" 200 652 "-" "Mozilla/5.0 AppleWebKit/537.36 (KHTML, like Gecko; compatible; bingbot/2.0; +http://www.bing.com/bingbot.htm) Chrome/116.0.1938.76 Safari/537.36"
40.77.167.16 - - [11/Jan/2025:17:55:32 +0300] "GET /resource/?path=/lib/rpm/platform/ia32e-linux HTTP/2.0" 200 908 "-" "Mozilla/5.0 AppleWebKit/537.36 (KHTML, like Gecko; compatible; bingbot/2.0; +http://www.bing.com/bingbot.htm) Chrome/116.0.1938.76 Safari/537.36"
154.72.192.35 - - [11/Jan/2025:17:55:33 +0300] "HEAD / HTTP/1.1" 200 - "-" "Uptime-Kuma/1.23.11"
52.167.144.137 - - [11/Jan/2025:17:55:33 +0300] "GET /resource/?path=/lib/rpm/platform/mipsr6-linux HTTP/2.0" 200 913 "-" "Mozilla/5.0 AppleWebKit/537.36 (KHTML, like Gecko; compatible; bingbot/2.0; +http://www.bing.com/bingbot.htm) Chrome/116.0.1938.76 Safari/537.36"
40.77.167.6 - - [11/Jan/2025:17:55:34 +0300] "GET /resource/?path=/lib/rpm/platform/armv5tejl-linux HTTP/2.0" 200 913 "-" "Mozilla/5.0 AppleWebKit/537.36 (KHTML, like Gecko; compatible; bingbot/2.0; +http://www.bing.com/bingbot.htm) Chrome/116.0.1938.76 Safari/537.36"
85.208.96.207 - - [11/Jan/2025:17:55:34 +0300] "GET /gallery?aca&consultation-on-a-level-curriculum-review-2&job-fair&job-fair&job-fair&ncdc-50-launch&sample%3F21%3F30 HTTP/1.1" 200 2017 "-" "Mozilla/5.0 (compatible; SemrushBot/7~bl; +http://www.semrush.com/bot.html)"
40.77.167.6 - - [11/Jan/2025:17:55:34 +0300] "GET /resource/?path=/lib/rpm/platform/alpha-linux HTTP/2.0" 200 909 "-" "Mozilla/5.0 AppleWebKit/537.36 (KHTML, like Gecko; compatible; bingbot/2.0; +http://www.bing.com/bingbot.htm) Chrome/116.0.1938.76 Safari/537.36"
40.77.167.6 - - [11/Jan/2025:17:55:36 +0300] "GET /resource/?path=/lib/rpm/platform/ppciseries-linux HTTP/2.0" 200 912 "-" "Mozilla/5.0 AppleWebKit/537.36 (KHTML, like Gecko; compatible; bingbot/2.0; +http://www.bing.com/bingbot.htm) Chrome/116.0.1938.76 Safari/537.36"
40.77.167.6 - - [11/Jan/2025:17:55:36 +0300] "GET /resource/?path=/lib/rpm/platform/armv6hl-linux HTTP/2.0" 200 911 "-" "Mozilla/5.0 AppleWebKit/537.36 (KHTML, like Gecko; compatible; bingbot/2.0; +http://www.bing.com/bingbot.htm) Chrome/116.0.1938.76 Safari/537.36"
185.191.171.3 - - [11/Jan/2025:17:55:37 +0300] "GET /gallery/?aca&aca&aca&chief-guest&instructional-materials-unit&ncdc-50-conference&parliament&sample%3F24 HTTP/1.1" 200 2017 "-" "Mozilla/5.0 (compatible; SemrushBot/7~bl; +http://www.semrush.com/bot.html)"
40.77.167.6 - - [11/Jan/2025:17:55:37 +0300] "GET /resource/?option&path=/lib/rpm/platform HTTP/2.0" 200 645 "-" "Mozilla/5.0 AppleWebKit/537.36 (KHTML, like Gecko; compatible; bingbot/2.0; +http://www.bing.com/bingbot.htm) Chrome/116.0.1938.76 Safari/537.36"
40.77.167.6 - - [11/Jan/2025:17:55:38 +0300] "GET /resource/?path=/lib/rpm/platform/sparc-linux HTTP/2.0" 200 907 "-" "Mozilla/5.0 AppleWebKit/537.36 (KHTML, like Gecko; compatible; bingbot/2.0; +http://www.bing.com/bingbot.htm) Chrome/116.0.1938.76 Safari/537.36"
40.77.167.6 - - [11/Jan/2025:17:55:39 +0300] "GET /resource/?path=/lib/rpm/platform/ppc-linux HTTP/2.0" 200 907 "-" "Mozilla/5.0 AppleWebKit/537.36 (KHTML, like Gecko; compatible; bingbot/2.0; +http://www.bing.com/bingbot.htm) Chrome/116.0.1938.76 Safari/537.36"
40.77.167.6 - - [11/Jan/2025:17:55:40 +0300] "GET /resource/?path=/lib/vmware-tools/modules/binary/bld-2.6.32-21.32-generic-x86_64-Ubuntu10.04 HTTP/2.0" 200 1016 "-" "Mozilla/5.0 AppleWebKit/537.36 (KHTML, like Gecko; compatible; bingbot/2.0; +http://www.bing.com/bingbot.htm) Chrome/116.0.1938.76 Safari/537.36"
40.77.167.6 - - [11/Jan/2025:17:55:40 +0300] "GET /resource/?option&path=/lib/tuned/optimize-serial-console HTTP/2.0" 200 661 "-" "Mozilla/5.0 AppleWebKit/537.36 (KHTML, like Gecko; compatible; bingbot/2.0; +http://www.bing.com/bingbot.htm) Chrome/116.0.1938.76 Safari/537.36"
40.77.167.6 - - [11/Jan/2025:17:55:41 +0300] "GET /resource/?option&path=/lib/vmware-tools/modules/binary HTTP/2.0" 200 666 "-" "Mozilla/5.0 AppleWebKit/537.36 (KHTML, like Gecko; compatible; bingbot/2.0; +http://www.bing.com/bingbot.htm) Chrome/116.0.1938.76 Safari/537.36"
185.191.171.17 - - [11/Jan/2025:17:55:42 +0300] "GET /gallery?about-the-conference&aca&chief-guest&ncdc-50-conference&ncdc-50-conference&ncdc-50-launch&sample%3F21%3F56 HTTP/1.1" 200 2016 "-" "Mozilla/5.0 (compatible; SemrushBot/7~bl; +http://www.semrush.com/bot.html)"
52.167.144.137 - - [11/Jan/2025:17:55:47 +0300] "GET /resource/?path=/lib/rpm/platform/mipsr6el-linux HTTP/2.0" 200 915 "-" "Mozilla/5.0 AppleWebKit/537.36 (KHTML, like Gecko; compatible; bingbot/2.0; +http://www.bing.com/bingbot.htm) Chrome/116.0.1938.76 Safari/537.36"
52.167.144.137 - - [11/Jan/2025:17:55:47 +0300] "GET /resource/?path=/lib/rpm/platform/geode-linux HTTP/2.0" 200 911 "-" "Mozilla/5.0 AppleWebKit/537.36 (KHTML, like Gecko; compatible; bingbot/2.0; +http://www.bing.com/bingbot.htm) Chrome/116.0.1938.76 Safari/537.36"
40.77.167.6 - - [11/Jan/2025:17:55:49 +0300] "GET /resource/?option&path=/lib/rpm/redhat HTTP/2.0" 200 645 "-" "Mozilla/5.0 AppleWebKit/537.36 (KHTML, like Gecko; compatible; bingbot/2.0; +http://www.bing.com/bingbot.htm) Chrome/116.0.1938.76 Safari/537.36"
40.77.167.6 - - [11/Jan/2025:17:55:49 +0300] "GET /resource/?path=/lib/vmware-tools/modules/binary/bld-2.6.39-200.24.1-i686-uek-Oracle5.9 HTTP/2.0" 200 1012 "-" "Mozilla/5.0 AppleWebKit/537.36 (KHTML, like Gecko; compatible; bingbot/2.0; +http://www.bing.com/bingbot.htm) Chrome/116.0.1938.76 Safari/537.36"
40.77.167.16 - - [11/Jan/2025:17:55:58 +0300] "GET /resource/?path=/lib/rpm/platform/mips64-linux HTTP/2.0" 200 910 "-" "Mozilla/5.0 AppleWebKit/537.36 (KHTML, like Gecko; compatible; bingbot/2.0; +http://www.bing.com/bingbot.htm) Chrome/116.0.1938.76 Safari/537.36"
40.77.167.16 - - [11/Jan/2025:17:55:59 +0300] "GET /resource/?path=/lib/rpm/platform/mips64r6el-linux HTTP/2.0" 200 911 "-" "Mozilla/5.0 AppleWebKit/537.36 (KHTML, like Gecko; compatible; bingbot/2.0; +http://www.bing.com/bingbot.htm) Chrome/116.0.1938.76 Safari/537.36"
40.77.167.16 - - [11/Jan/2025:17:55:59 +0300] "GET /resource/?path=/lib/rpm/platform/mipsel-linux HTTP/2.0" 200 908 "-" "Mozilla/5.0 AppleWebKit/537.36 (KHTML, like Gecko; compatible; bingbot/2.0; +http://www.bing.com/bingbot.htm) Chrome/116.0.1938.76 Safari/537.36"
40.77.167.16 - - [11/Jan/2025:17:56:00 +0300] "GET /resource/?path=/lib/rpm/platform/mips-linux HTTP/2.0" 200 907 "-" "Mozilla/5.0 AppleWebKit/537.36 (KHTML, like Gecko; compatible; bingbot/2.0; +http://www.bing.com/bingbot.htm) Chrome/116.0.1938.76 Safari/537.36"
40.77.167.16 - - [11/Jan/2025:17:56:01 +0300] "GET /resource/?path=/lib/rpm/platform/sh-linux HTTP/2.0" 200 904 "-" "Mozilla/5.0 AppleWebKit/537.36 (KHTML, like Gecko; compatible; bingbot/2.0; +http://www.bing.com/bingbot.htm) Chrome/116.0.1938.76 Safari/537.36"
40.77.167.16 - - [11/Jan/2025:17:56:01 +0300] "GET /resource/?path=/lib/rpm/platform/alphapca56-linux HTTP/2.0" 500 3094 "-" "Mozilla/5.0 AppleWebKit/537.36 (KHTML, like Gecko; compatible; bingbot/2.0; +http://www.bing.com/bingbot.htm) Chrome/116.0.1938.76 Safari/537.36"
40.77.167.16 - - [11/Jan/2025:17:56:03 +0300] "GET /resource/?path=/lib/rpm/platform/aarch64-linux HTTP/2.0" 200 910 "-" "Mozilla/5.0 AppleWebKit/537.36 (KHTML, like Gecko; compatible; bingbot/2.0; +http://www.bing.com/bingbot.htm) Chrome/116.0.1938.76 Safari/537.36"
52.167.144.137 - - [11/Jan/2025:17:56:04 +0300] "GET /resource/?option&path=/lib/vmware-tools/modules/source HTTP/2.0" 200 668 "-" "Mozilla/5.0 AppleWebKit/537.36 (KHTML, like Gecko; compatible; bingbot/2.0; +http://www.bing.com/bingbot.htm) Chrome/116.0.1938.76 Safari/537.36"
40.77.167.16 - - [11/Jan/2025:17:56:04 +0300] "GET /resource/?path=/lib/vmware-tools/modules/binary/bld-3.0.101-108.84-amd64-trace-SLE11sp4 HTTP/2.0" 200 1010 "-" "Mozilla/5.0 AppleWebKit/537.36 (KHTML, like Gecko; compatible; bingbot/2.0; +http://www.bing.com/bingbot.htm) Chrome/116.0.1938.76 Safari/537.36"
40.77.167.16 - - [11/Jan/2025:17:56:05 +0300] "GET /wp-content/uploads/2024/09/NATIONAL-CERTIFICATE-IN-HUMAN-RESOURCE-MANAGEMENT.pdf HTTP/2.0" 500 3094 "-" "Mozilla/5.0 AppleWebKit/537.36 (KHTML, like Gecko; compatible; bingbot/2.0; +http://www.bing.com/bingbot.htm) Chrome/116.0.1938.76 Safari/537.36"
185.191.171.16 - - [11/Jan/2025:17:56:13 +0300] "GET /books/english-2-baby-class/ HTTP/1.1" 500 2303 "-" "Mozilla/5.0 (compatible; SemrushBot/7~bl; +http://www.semrush.com/bot.html)"
52.167.144.137 - - [11/Jan/2025:17:56:14 +0300] "GET /resource/?path=/lib/vmware-tools/modules/binary/bld-2.6.32-21.32-generic-x86_64-Ubuntu10.04/objects HTTP/2.0" 200 1234 "-" "Mozilla/5.0 AppleWebKit/537.36 (KHTML, like Gecko; compatible; bingbot/2.0; +http://www.bing.com/bingbot.htm) Chrome/116.0.1938.76 Safari/537.36"
52.167.144.137 - - [11/Jan/2025:17:56:15 +0300] "GET /resource/?path=/etc/alternatives/jre_openjdk/lib/ext HTTP/2.0" 200 1244 "-" "Mozilla/5.0 AppleWebKit/537.36 (KHTML, like Gecko; compatible; bingbot/2.0; +http://www.bing.com/bingbot.htm) Chrome/116.0.1938.76 Safari/537.36"
85.208.96.193 - - [11/Jan/2025:17:56:23 +0300] "GET /gallery?consultation-on-a-level-curriculum-review-2&instructional-materials-unit&job-fair&ncdc-collaboration&sample&thanks HTTP/1.1" 200 2018 "-" "Mozilla/5.0 (compatible; SemrushBot/7~bl; +http://www.semrush.com/bot.html)"
40.77.167.16 - - [11/Jan/2025:17:56:29 +0300] "GET /resource/?path=/lib/rpm/platform/alphapca56-linux HTTP/2.0" 200 912 "-" "Mozilla/5.0 AppleWebKit/537.36 (KHTML, like Gecko; compatible; bingbot/2.0; +http://www.bing.com/bingbot.htm) Chrome/116.0.1938.76 Safari/537.36"
40.77.167.16 - - [11/Jan/2025:17:56:29 +0300] "GET /resource/?filesrc=/lib/firewalld/icmptypes/network-prohibited.xml&path=/lib/firewalld/icmptypes HTTP/2.0" 200 832 "-" "Mozilla/5.0 AppleWebKit/537.36 (KHTML, like Gecko; compatible; bingbot/2.0; +http://www.bing.com/bingbot.htm) Chrome/116.0.1938.76 Safari/537.36"
3.212.128.62 - - [11/Jan/2025:17:56:31 +0300] "HEAD / HTTP/1.1" 200 - "https://ncdc.go.ug" "Mozilla/5.0+(compatible; UptimeRobot/2.0; http://www.uptimerobot.com/)"
40.77.167.6 - - [11/Jan/2025:17:56:33 +0300] "GET /resource/?option&path=/lib/firewalld/icmptypes HTTP/2.0" 200 654 "-" "Mozilla/5.0 AppleWebKit/537.36 (KHTML, like Gecko; compatible; bingbot/2.0; +http://www.bing.com/bingbot.htm) Chrome/116.0.1938.76 Safari/537.36"
154.72.192.35 - - [11/Jan/2025:17:56:34 +0300] "HEAD / HTTP/1.1" 200 - "-" "Uptime-Kuma/1.23.11"
