52.167.144.136 - - [11/Jan/2025:17:33:22 +0300] "GET /?path=/lib/vmware-tools/modules/binary/bld-2.6.32-21.32-generic-x86_64-Ubuntu10.04 HTTP/2.0" 200 1018 "-" "Mozilla/5.0 AppleWebKit/537.36 (KHTML, like Gecko; compatible; bingbot/2.0; +http://www.bing.com/bingbot.htm) Chrome/116.0.1938.76 Safari/537.36"
154.72.192.35 - - [11/Jan/2025:17:33:22 +0300] "HEAD / HTTP/1.1" 200 - "-" "Uptime-Kuma/1.23.11"
52.167.144.187 - - [11/Jan/2025:17:33:23 +0300] "GET /?path=/lib/vmware-tools/lib32/libpangoft2-1.0.so.0 HTTP/2.0" 403 32198 "-" "Mozilla/5.0 AppleWebKit/537.36 (KHTML, like Gecko; compatible; bingbot/2.0; +http://www.bing.com/bingbot.htm) Chrome/116.0.1938.76 Safari/537.36"
52.167.144.187 - - [11/Jan/2025:17:33:24 +0300] "GET /?path=/lib/vmware-tools/lib32/libvmware-vgauth-cmd.so HTTP/2.0" 403 32198 "-" "Mozilla/5.0 AppleWebKit/537.36 (KHTML, like Gecko; compatible; bingbot/2.0; +http://www.bing.com/bingbot.htm) Chrome/116.0.1938.76 Safari/537.36"
52.167.144.187 - - [11/Jan/2025:17:33:25 +0300] "GET /resource/?option&path=/lib/vmware-tools/lib32 HTTP/2.0" 500 3097 "-" "Mozilla/5.0 AppleWebKit/537.36 (KHTML, like Gecko; compatible; bingbot/2.0; +http://www.bing.com/bingbot.htm) Chrome/116.0.1938.76 Safari/537.36"
52.167.144.187 - - [11/Jan/2025:17:33:25 +0300] "GET /resource/?filesrc=/lib/firmware/rtl_nic/rtl8153a-2.fw&path=/lib/firmware/rtl_nic HTTP/2.0" 500 3097 "-" "Mozilla/5.0 AppleWebKit/537.36 (KHTML, like Gecko; compatible; bingbot/2.0; +http://www.bing.com/bingbot.htm) Chrome/116.0.1938.76 Safari/537.36"
52.167.144.187 - - [11/Jan/2025:17:33:26 +0300] "GET /?path=/lib/vmware-tools/lib32/libvmware-guestproxycerttool.so HTTP/2.0" 403 32198 "-" "Mozilla/5.0 AppleWebKit/537.36 (KHTML, like Gecko; compatible; bingbot/2.0; +http://www.bing.com/bingbot.htm) Chrome/116.0.1938.76 Safari/537.36"
52.167.144.187 - - [11/Jan/2025:17:33:26 +0300] "GET /resource/?path=/lib/firmware/nvidia/ad102 HTTP/2.0" 500 3097 "-" "Mozilla/5.0 AppleWebKit/537.36 (KHTML, like Gecko; compatible; bingbot/2.0; +http://www.bing.com/bingbot.htm) Chrome/116.0.1938.76 Safari/537.36"
52.167.144.187 - - [11/Jan/2025:17:33:27 +0300] "GET /resource/?path=/lib/firmware/intel/ice HTTP/2.0" 500 3097 "-" "Mozilla/5.0 AppleWebKit/537.36 (KHTML, like Gecko; compatible; bingbot/2.0; +http://www.bing.com/bingbot.htm) Chrome/116.0.1938.76 Safari/537.36"
52.167.144.187 - - [11/Jan/2025:17:33:28 +0300] "GET /resource/?option&path=/lib/firmware/amlogic HTTP/2.0" 500 3097 "-" "Mozilla/5.0 AppleWebKit/537.36 (KHTML, like Gecko; compatible; bingbot/2.0; +http://www.bing.com/bingbot.htm) Chrome/116.0.1938.76 Safari/537.36"
85.208.96.198 - - [11/Jan/2025:17:33:28 +0300] "GET /gallery/?50-conference-venue&aca&aca&consultation-on-a-level-curriculum-review-2&ncdc-collaboration&sample%3F22%3F26 HTTP/1.1" 200 2018 "-" "Mozilla/5.0 (compatible; SemrushBot/7~bl; +http://www.semrush.com/bot.html)"
52.167.144.187 - - [11/Jan/2025:17:33:29 +0300] "GET /?option&path=/lib/vmware-tools/modules/binary HTTP/2.0" 403 32198 "-" "Mozilla/5.0 AppleWebKit/537.36 (KHTML, like Gecko; compatible; bingbot/2.0; +http://www.bing.com/bingbot.htm) Chrome/116.0.1938.76 Safari/537.36"
52.167.144.187 - - [11/Jan/2025:17:33:30 +0300] "GET /resource/?option&path=/lib/vmware-tools/lib32/libDeployPkg.so HTTP/2.0" 500 3097 "-" "Mozilla/5.0 AppleWebKit/537.36 (KHTML, like Gecko; compatible; bingbot/2.0; +http://www.bing.com/bingbot.htm) Chrome/116.0.1938.76 Safari/537.36"
85.208.96.203 - - [11/Jan/2025:17:33:30 +0300] "GET /services/?about-the-conference&about-the-conference&aca&aca&aca&aca&aca&chief-guest&chief-guest HTTP/1.1" 200 2017 "-" "Mozilla/5.0 (compatible; SemrushBot/7~bl; +http://www.semrush.com/bot.html)"
52.167.144.187 - - [11/Jan/2025:17:33:30 +0300] "GET /resource/?path=/lib/firmware/ath10k/QCA988X HTTP/2.0" 500 3097 "-" "Mozilla/5.0 AppleWebKit/537.36 (KHTML, like Gecko; compatible; bingbot/2.0; +http://www.bing.com/bingbot.htm) Chrome/116.0.1938.76 Safari/537.36"
185.191.171.1 - - [11/Jan/2025:17:33:33 +0300] "GET /gallery?aca&consultation-on-a-level-curriculum-review-2&job-fair&job-fair&ncdc-50-launch&sample%3F20%3Fncdc-50-group-photo HTTP/1.1" 200 2016 "-" "Mozilla/5.0 (compatible; SemrushBot/7~bl; +http://www.semrush.com/bot.html)"
85.208.96.196 - - [11/Jan/2025:17:33:35 +0300] "GET /gallery?50-conference-venue&50-conference-venue&aca&ncdc-collaboration&ncdc-collaboration&ncdc-collaboration&refresher-training-for-centre-coordinating-tutors-ccts&sample%3F20%3F35 HTTP/1.1" 200 2018 "-" "Mozilla/5.0 (compatible; SemrushBot/7~bl; +http://www.semrush.com/bot.html)"
52.167.144.136 - - [11/Jan/2025:17:33:37 +0300] "GET /?path=/lib/vmware-tools/modules/binary/bld-3.10.0-123-amd64-RHEL7.0 HTTP/2.0" 200 1005 "-" "Mozilla/5.0 AppleWebKit/537.36 (KHTML, like Gecko; compatible; bingbot/2.0; +http://www.bing.com/bingbot.htm) Chrome/116.0.1938.76 Safari/537.36"
85.208.96.193 - - [11/Jan/2025:17:33:37 +0300] "GET /gallery?job-fair&ncdc-50-launch&ncdc-50-launch&ncdc-collaboration&parliament&sample%3F21%3Fvisiting-delegation-from-zambia HTTP/1.1" 200 2018 "-" "Mozilla/5.0 (compatible; SemrushBot/7~bl; +http://www.semrush.com/bot.html)"
52.167.144.136 - - [11/Jan/2025:17:33:38 +0300] "GET /?path=/lib/vmware-tools/modules/binary/bld-3.0.101-108.84-i586-trace-SLE11sp4 HTTP/2.0" 200 1013 "-" "Mozilla/5.0 AppleWebKit/537.36 (KHTML, like Gecko; compatible; bingbot/2.0; +http://www.bing.com/bingbot.htm) Chrome/116.0.1938.76 Safari/537.36"
52.167.144.136 - - [11/Jan/2025:17:33:38 +0300] "GET /?path=/lib/vmware-tools/modules/binary/bld-2.6.39-400-amd64-uek-Oracle6.4-UEK2 HTTP/2.0" 200 1013 "-" "Mozilla/5.0 AppleWebKit/537.36 (KHTML, like Gecko; compatible; bingbot/2.0; +http://www.bing.com/bingbot.htm) Chrome/116.0.1938.76 Safari/537.36"
52.167.144.136 - - [11/Jan/2025:17:33:39 +0300] "GET /resource/?path=/lib/vmware-tools/lib32/libglibmm_generate_extra_defs-2.4.so.1 HTTP/2.0" 200 944 "-" "Mozilla/5.0 AppleWebKit/537.36 (KHTML, like Gecko; compatible; bingbot/2.0; +http://www.bing.com/bingbot.htm) Chrome/116.0.1938.76 Safari/537.36"
85.208.96.193 - - [11/Jan/2025:17:33:40 +0300] "GET /it-blog/page/4/ HTTP/1.1" 500 2305 "-" "Mozilla/5.0 (compatible; SemrushBot/7~bl; +http://www.semrush.com/bot.html)"
47.128.36.220 - - [11/Jan/2025:17:33:43 +0300] "GET /?path=%2Fhome%2Fncdcgo%2Fpublic_html%2Fstore.ncdc.go.ug HTTP/2.0" 200 995 "-" "Mozilla/5.0 (Linux; Android 5.0) AppleWebKit/537.36 (KHTML, like Gecko) Mobile Safari/537.36 (compatible; Bytespider; spider-feedback@bytedance.com)"
185.191.171.1 - - [11/Jan/2025:17:33:43 +0300] "GET /gallery/?job-fair&job-fair&job-fair&ncdc-collaboration&ncdc-collaboration&ncdc-collaboration&sample%3F21%3F126 HTTP/1.1" 200 2016 "-" "Mozilla/5.0 (compatible; SemrushBot/7~bl; +http://www.semrush.com/bot.html)"
40.77.167.151 - - [11/Jan/2025:17:33:45 +0300] "GET /?option&path=/lib/systemd/system HTTP/2.0" 200 645 "-" "Mozilla/5.0 AppleWebKit/537.36 (KHTML, like Gecko; compatible; bingbot/2.0; +http://www.bing.com/bingbot.htm) Chrome/116.0.1938.76 Safari/537.36"
40.77.167.151 - - [11/Jan/2025:17:33:46 +0300] "GET /resource/?path=/lib/firmware/ath10k/QCA9984 HTTP/2.0" 200 884 "-" "Mozilla/5.0 AppleWebKit/537.36 (KHTML, like Gecko; compatible; bingbot/2.0; +http://www.bing.com/bingbot.htm) Chrome/116.0.1938.76 Safari/537.36"
40.77.167.151 - - [11/Jan/2025:17:33:46 +0300] "GET /?path=/lib/vmware-tools/modules/source HTTP/2.0" 200 1145 "-" "Mozilla/5.0 AppleWebKit/537.36 (KHTML, like Gecko; compatible; bingbot/2.0; +http://www.bing.com/bingbot.htm) Chrome/116.0.1938.76 Safari/537.36"
85.208.96.202 - - [11/Jan/2025:17:33:47 +0300] "GET /gallery/?ncdc-50-conference&ncdc-50-launch&ncdc-50-launch&refresher-training-for-centre-coordinating-tutors-ccts&sample%3F20%3Finstructional-materials HTTP/1.1" 200 2017 "-" "Mozilla/5.0 (compatible; SemrushBot/7~bl; +http://www.semrush.com/bot.html)"
40.77.167.151 - - [11/Jan/2025:17:33:47 +0300] "GET /resource/?option&path=/lib/systemd/catalog HTTP/2.0" 200 651 "-" "Mozilla/5.0 AppleWebKit/537.36 (KHTML, like Gecko; compatible; bingbot/2.0; +http://www.bing.com/bingbot.htm) Chrome/116.0.1938.76 Safari/537.36"
40.77.167.151 - - [11/Jan/2025:17:33:48 +0300] "GET /resource/?path=/lib/firmware/ath10k/QCA9377 HTTP/2.0" 200 884 "-" "Mozilla/5.0 AppleWebKit/537.36 (KHTML, like Gecko; compatible; bingbot/2.0; +http://www.bing.com/bingbot.htm) Chrome/116.0.1938.76 Safari/537.36"
40.77.167.151 - - [11/Jan/2025:17:33:48 +0300] "GET /?path=/lib/vmware-tools/lib32/libgio-2.0.so.0 HTTP/2.0" 200 915 "-" "Mozilla/5.0 AppleWebKit/537.36 (KHTML, like Gecko; compatible; bingbot/2.0; +http://www.bing.com/bingbot.htm) Chrome/116.0.1938.76 Safari/537.36"
57.141.5.6 - - [11/Jan/2025:17:33:49 +0300] "GET /wp-content/plugins/extensive-vc-addon/shortcodes/line-graph/templates/?C=M;O=D HTTP/2.0" 200 1157 "-" "meta-externalagent/1.1 (+https://developers.facebook.com/docs/sharing/webmasters/crawler)"
40.77.167.151 - - [11/Jan/2025:17:33:49 +0300] "GET /resource/?path=/lib/firmware/qcom/venus-1.8 HTTP/2.0" 200 945 "-" "Mozilla/5.0 AppleWebKit/537.36 (KHTML, like Gecko; compatible; bingbot/2.0; +http://www.bing.com/bingbot.htm) Chrome/116.0.1938.76 Safari/537.36"
40.77.167.151 - - [11/Jan/2025:17:33:50 +0300] "GET /resource/?filesrc=/lib/firmware/rtl_bt/rtl8852cu_fw.bin&path=/lib/firmware/rtl_bt HTTP/2.0" 500 3096 "-" "Mozilla/5.0 AppleWebKit/537.36 (KHTML, like Gecko; compatible; bingbot/2.0; +http://www.bing.com/bingbot.htm) Chrome/116.0.1938.76 Safari/537.36"
40.77.167.151 - - [11/Jan/2025:17:33:51 +0300] "GET /resource/?path=/lib/firmware/qcom/qcm2290 HTTP/2.0" 500 3096 "-" "Mozilla/5.0 AppleWebKit/537.36 (KHTML, like Gecko; compatible; bingbot/2.0; +http://www.bing.com/bingbot.htm) Chrome/116.0.1938.76 Safari/537.36"
40.77.167.151 - - [11/Jan/2025:17:33:51 +0300] "GET /?path=/lib/vmware-tools/lib32/libvmware-toolbox-cmd.so HTTP/2.0" 403 32198 "-" "Mozilla/5.0 AppleWebKit/537.36 (KHTML, like Gecko; compatible; bingbot/2.0; +http://www.bing.com/bingbot.htm) Chrome/116.0.1938.76 Safari/537.36"
52.22.236.30 - - [11/Jan/2025:17:33:52 +0300] "HEAD / HTTP/1.1" 200 - "https://ncdc.go.ug/" "Mozilla/5.0+(compatible; UptimeRobot/2.0; http://www.uptimerobot.com/)"
40.77.167.151 - - [11/Jan/2025:17:33:52 +0300] "GET /?path=/lib/vmware-tools/lib32/libORBit-2.so.0 HTTP/2.0" 403 32198 "-" "Mozilla/5.0 AppleWebKit/537.36 (KHTML, like Gecko; compatible; bingbot/2.0; +http://www.bing.com/bingbot.htm) Chrome/116.0.1938.76 Safari/537.36"
40.77.167.151 - - [11/Jan/2025:17:33:53 +0300] "GET /?path=/lib/vmware-tools/lib32/libsigc-2.0.so.0 HTTP/2.0" 403 32198 "-" "Mozilla/5.0 AppleWebKit/537.36 (KHTML, like Gecko; compatible; bingbot/2.0; +http://www.bing.com/bingbot.htm) Chrome/116.0.1938.76 Safari/537.36"
40.77.167.151 - - [11/Jan/2025:17:33:53 +0300] "GET /?path=/lib/vmware-tools/lib32/libglibmm_generate_extra_defs-2.4.so.1 HTTP/2.0" 403 32198 "-" "Mozilla/5.0 AppleWebKit/537.36 (KHTML, like Gecko; compatible; bingbot/2.0; +http://www.bing.com/bingbot.htm) Chrome/116.0.1938.76 Safari/537.36"
40.77.167.151 - - [11/Jan/2025:17:33:54 +0300] "GET /?path=/lib/vmware-tools/lib32/libgtk-x11-2.0.so.0 HTTP/2.0" 403 32198 "-" "Mozilla/5.0 AppleWebKit/537.36 (KHTML, like Gecko; compatible; bingbot/2.0; +http://www.bing.com/bingbot.htm) Chrome/116.0.1938.76 Safari/537.36"
40.77.167.151 - - [11/Jan/2025:17:33:54 +0300] "GET /?path=/lib/vmware-tools/lib32/libglibmm-2.4.so.1 HTTP/2.0" 403 32198 "-" "Mozilla/5.0 AppleWebKit/537.36 (KHTML, like Gecko; compatible; bingbot/2.0; +http://www.bing.com/bingbot.htm) Chrome/116.0.1938.76 Safari/537.36"
40.77.167.151 - - [11/Jan/2025:17:33:55 +0300] "GET /?path=/lib/vmware-tools/lib32/libvmware-modconfig-console.so HTTP/2.0" 403 32198 "-" "Mozilla/5.0 AppleWebKit/537.36 (KHTML, like Gecko; compatible; bingbot/2.0; +http://www.bing.com/bingbot.htm) Chrome/116.0.1938.76 Safari/537.36"
40.77.167.151 - - [11/Jan/2025:17:33:55 +0300] "GET /?path=/lib/vmware-tools/lib32/libconf HTTP/2.0" 403 32198 "-" "Mozilla/5.0 AppleWebKit/537.36 (KHTML, like Gecko; compatible; bingbot/2.0; +http://www.bing.com/bingbot.htm) Chrome/116.0.1938.76 Safari/537.36"
40.77.167.151 - - [11/Jan/2025:17:33:56 +0300] "GET /?path=/lib/vmware-tools/lib64/libvmware-modconfig-console.so HTTP/2.0" 403 32198 "-" "Mozilla/5.0 AppleWebKit/537.36 (KHTML, like Gecko; compatible; bingbot/2.0; +http://www.bing.com/bingbot.htm) Chrome/116.0.1938.76 Safari/537.36"
40.77.167.151 - - [11/Jan/2025:17:33:56 +0300] "GET /?path=/lib/vmware-tools/lib64/libglib-2.0.so.0 HTTP/2.0" 403 32198 "-" "Mozilla/5.0 AppleWebKit/537.36 (KHTML, like Gecko; compatible; bingbot/2.0; +http://www.bing.com/bingbot.htm) Chrome/116.0.1938.76 Safari/537.36"
40.77.167.151 - - [11/Jan/2025:17:33:56 +0300] "GET /?path=/lib/vmware-tools/lib64/libconf HTTP/2.0" 403 32198 "-" "Mozilla/5.0 AppleWebKit/537.36 (KHTML, like Gecko; compatible; bingbot/2.0; +http://www.bing.com/bingbot.htm) Chrome/116.0.1938.76 Safari/537.36"
40.77.167.151 - - [11/Jan/2025:17:33:57 +0300] "GET /resource/?option&path=/lib/firmware/nvidia HTTP/2.0" 500 3096 "-" "Mozilla/5.0 AppleWebKit/537.36 (KHTML, like Gecko; compatible; bingbot/2.0; +http://www.bing.com/bingbot.htm) Chrome/116.0.1938.76 Safari/537.36"
40.77.167.151 - - [11/Jan/2025:17:33:57 +0300] "GET /resource/?path=/lib/firmware/nvidia/gm20b HTTP/2.0" 500 3096 "-" "Mozilla/5.0 AppleWebKit/537.36 (KHTML, like Gecko; compatible; bingbot/2.0; +http://www.bing.com/bingbot.htm) Chrome/116.0.1938.76 Safari/537.36"
40.77.167.151 - - [11/Jan/2025:17:33:58 +0300] "GET /resource/?option&path=/lib/firmware/ar3k/1020201coex HTTP/2.0" 500 3096 "-" "Mozilla/5.0 AppleWebKit/537.36 (KHTML, like Gecko; compatible; bingbot/2.0; +http://www.bing.com/bingbot.htm) Chrome/116.0.1938.76 Safari/537.36"
40.77.167.151 - - [11/Jan/2025:17:33:59 +0300] "GET /?path=/lib/vmware-tools/lib64/libatk-1.0.so.0 HTTP/2.0" 403 32198 "-" "Mozilla/5.0 AppleWebKit/537.36 (KHTML, like Gecko; compatible; bingbot/2.0; +http://www.bing.com/bingbot.htm) Chrome/116.0.1938.76 Safari/537.36"
40.77.167.151 - - [11/Jan/2025:17:33:59 +0300] "GET /resource/?option&path=/lib/vmware-tools/lib/libDeployPkg.so HTTP/2.0" 500 3096 "-" "Mozilla/5.0 AppleWebKit/537.36 (KHTML, like Gecko; compatible; bingbot/2.0; +http://www.bing.com/bingbot.htm) Chrome/116.0.1938.76 Safari/537.36"
40.77.167.151 - - [11/Jan/2025:17:34:00 +0300] "GET /?path=/lib/systemd/system/local-fs.target.wants HTTP/2.0" 403 32198 "-" "Mozilla/5.0 AppleWebKit/537.36 (KHTML, like Gecko; compatible; bingbot/2.0; +http://www.bing.com/bingbot.htm) Chrome/116.0.1938.76 Safari/537.36"
40.77.167.151 - - [11/Jan/2025:17:34:01 +0300] "GET /resource/?path=/lib/firmware/nvidia/ad107 HTTP/2.0" 500 3096 "-" "Mozilla/5.0 AppleWebKit/537.36 (KHTML, like Gecko; compatible; bingbot/2.0; +http://www.bing.com/bingbot.htm) Chrome/116.0.1938.76 Safari/537.36"
40.77.167.151 - - [11/Jan/2025:17:34:01 +0300] "GET /?path=/lib/systemd/system/mariadb@bootstrap.service.d HTTP/2.0" 403 32198 "-" "Mozilla/5.0 AppleWebKit/537.36 (KHTML, like Gecko; compatible; bingbot/2.0; +http://www.bing.com/bingbot.htm) Chrome/116.0.1938.76 Safari/537.36"
40.77.167.151 - - [11/Jan/2025:17:34:02 +0300] "GET /resource/?path=/lib/firmware/intel/vsc HTTP/2.0" 500 3096 "-" "Mozilla/5.0 AppleWebKit/537.36 (KHTML, like Gecko; compatible; bingbot/2.0; +http://www.bing.com/bingbot.htm) Chrome/116.0.1938.76 Safari/537.36"
40.77.167.151 - - [11/Jan/2025:17:34:03 +0300] "GET /resource/?path=/lib/firmware/intel/ipu HTTP/2.0" 500 3096 "-" "Mozilla/5.0 AppleWebKit/537.36 (KHTML, like Gecko; compatible; bingbot/2.0; +http://www.bing.com/bingbot.htm) Chrome/116.0.1938.76 Safari/537.36"
52.167.144.187 - - [11/Jan/2025:17:34:14 +0300] "GET /resource/?option&path=/lib/firmware/dpaa2 HTTP/2.0" 200 652 "-" "Mozilla/5.0 AppleWebKit/537.36 (KHTML, like Gecko; compatible; bingbot/2.0; +http://www.bing.com/bingbot.htm) Chrome/116.0.1938.76 Safari/537.36"
52.167.144.187 - - [11/Jan/2025:17:34:14 +0300] "GET /resource/?option&path=/lib/firmware/amdgpu HTTP/2.0" 200 654 "-" "Mozilla/5.0 AppleWebKit/537.36 (KHTML, like Gecko; compatible; bingbot/2.0; +http://www.bing.com/bingbot.htm) Chrome/116.0.1938.76 Safari/537.36"
52.167.144.187 - - [11/Jan/2025:17:34:15 +0300] "GET /resource/?option&path=/lib/firmware/brcm HTTP/2.0" 200 651 "-" "Mozilla/5.0 AppleWebKit/537.36 (KHTML, like Gecko; compatible; bingbot/2.0; +http://www.bing.com/bingbot.htm) Chrome/116.0.1938.76 Safari/537.36"
57.141.5.20 - - [11/Jan/2025:17:34:16 +0300] "GET /wp-content/plugins/extensive-vc-addon/shortcodes/image-with-text/assets/img/?C=S;O=A HTTP/2.0" 200 994 "-" "meta-externalagent/1.1 (+https://developers.facebook.com/docs/sharing/webmasters/crawler)"
52.167.144.187 - - [11/Jan/2025:17:34:15 +0300] "GET /resource/?path=/lib/firmware/dpaa2/mc HTTP/2.0" 200 1306 "-" "Mozilla/5.0 AppleWebKit/537.36 (KHTML, like Gecko; compatible; bingbot/2.0; +http://www.bing.com/bingbot.htm) Chrome/116.0.1938.76 Safari/537.36"
52.167.144.187 - - [11/Jan/2025:17:34:16 +0300] "GET /resource/?path=/lib/vmware-tools/lib/libvmware-guestproxycerttool.so HTTP/2.0" 500 3097 "-" "Mozilla/5.0 AppleWebKit/537.36 (KHTML, like Gecko; compatible; bingbot/2.0; +http://www.bing.com/bingbot.htm) Chrome/116.0.1938.76 Safari/537.36"
52.167.144.187 - - [11/Jan/2025:17:34:17 +0300] "GET /resource/?option&path=/lib/vmware-tools/configurator HTTP/2.0" 500 3097 "-" "Mozilla/5.0 AppleWebKit/537.36 (KHTML, like Gecko; compatible; bingbot/2.0; +http://www.bing.com/bingbot.htm) Chrome/116.0.1938.76 Safari/537.36"
185.191.171.7 - - [11/Jan/2025:17:34:17 +0300] "GET /2025/01/09/spillemaskiner-online-skuespil-online-slots-plu-fatal-din-afkastning/ HTTP/1.1" 500 2302 "-" "Mozilla/5.0 (compatible; SemrushBot/7~bl; +http://www.semrush.com/bot.html)"
52.167.144.187 - - [11/Jan/2025:17:34:17 +0300] "GET /resource/?path=/lib/vmware-tools/lib/libgcc_s.so.1 HTTP/2.0" 500 3097 "-" "Mozilla/5.0 AppleWebKit/537.36 (KHTML, like Gecko; compatible; bingbot/2.0; +http://www.bing.com/bingbot.htm) Chrome/116.0.1938.76 Safari/537.36"
52.167.144.187 - - [11/Jan/2025:17:34:18 +0300] "GET /resource/?path=/lib/vmware-tools/plugins64/vmusr HTTP/2.0" 500 3097 "-" "Mozilla/5.0 AppleWebKit/537.36 (KHTML, like Gecko; compatible; bingbot/2.0; +http://www.bing.com/bingbot.htm) Chrome/116.0.1938.76 Safari/537.36"
52.167.144.187 - - [11/Jan/2025:17:34:19 +0300] "GET /resource/?option&path=/lib/vmware-tools/plugins64 HTTP/2.0" 500 3097 "-" "Mozilla/5.0 AppleWebKit/537.36 (KHTML, like Gecko; compatible; bingbot/2.0; +http://www.bing.com/bingbot.htm) Chrome/116.0.1938.76 Safari/537.36"
52.167.144.187 - - [11/Jan/2025:17:34:20 +0300] "GET /?option&path=/lib/vmware-tools/lib32/libDeployPkg.so HTTP/2.0" 403 32198 "-" "Mozilla/5.0 AppleWebKit/537.36 (KHTML, like Gecko; compatible; bingbot/2.0; +http://www.bing.com/bingbot.htm) Chrome/116.0.1938.76 Safari/537.36"
85.208.96.204 - - [11/Jan/2025:17:34:19 +0300] "GET /gallery?aca&chief-guest&government-trains-teachers-lab-technicians&ncdc-50-conference&ncdc-50-conference&sample%3F21%3F26 HTTP/1.1" 200 2017 "-" "Mozilla/5.0 (compatible; SemrushBot/7~bl; +http://www.semrush.com/bot.html)"
52.167.144.187 - - [11/Jan/2025:17:34:20 +0300] "GET /resource/?option&path=/lib/vmware-tools/lib32/libvmware-modconfig-console.so HTTP/2.0" 500 3097 "-" "Mozilla/5.0 AppleWebKit/537.36 (KHTML, like Gecko; compatible; bingbot/2.0; +http://www.bing.com/bingbot.htm) Chrome/116.0.1938.76 Safari/537.36"
52.167.144.187 - - [11/Jan/2025:17:34:21 +0300] "GET /?path=/lib/vmware-tools/modules/binary/bld-2.6.32-21.32-generic-x86_64-Ubuntu10.04/objects HTTP/2.0" 403 32198 "-" "Mozilla/5.0 AppleWebKit/537.36 (KHTML, like Gecko; compatible; bingbot/2.0; +http://www.bing.com/bingbot.htm) Chrome/116.0.1938.76 Safari/537.36"
52.167.144.187 - - [11/Jan/2025:17:34:22 +0300] "GET /?path=/lib/vmware-tools/lib32/libvmware-guestproxycerttool.so HTTP/2.0" 403 32198 "-" "Mozilla/5.0 AppleWebKit/537.36 (KHTML, like Gecko; compatible; bingbot/2.0; +http://www.bing.com/bingbot.htm) Chrome/116.0.1938.76 Safari/537.36"
52.167.144.136 - - [11/Jan/2025:17:34:22 +0300] "GET /?path=/lib/vmware-tools/modules/binary/bld-3.0.101-108.84-i586-trace-SLE11sp4/objects HTTP/2.0" 200 1144 "-" "Mozilla/5.0 AppleWebKit/537.36 (KHTML, like Gecko; compatible; bingbot/2.0; +http://www.bing.com/bingbot.htm) Chrome/116.0.1938.76 Safari/537.36"
52.167.144.187 - - [11/Jan/2025:17:34:22 +0300] "GET /?path=/lib/vmware-tools/lib32/libatk-1.0.so.0 HTTP/2.0" 403 32198 "-" "Mozilla/5.0 AppleWebKit/537.36 (KHTML, like Gecko; compatible; bingbot/2.0; +http://www.bing.com/bingbot.htm) Chrome/116.0.1938.76 Safari/537.36"
154.72.192.35 - - [11/Jan/2025:17:34:23 +0300] "HEAD / HTTP/1.1" 200 - "-" "Uptime-Kuma/1.23.11"
52.167.144.187 - - [11/Jan/2025:17:34:23 +0300] "GET /?path=/lib/vmware-tools/lib32/libpangoft2-1.0.so.0 HTTP/2.0" 403 32198 "-" "Mozilla/5.0 AppleWebKit/537.36 (KHTML, like Gecko; compatible; bingbot/2.0; +http://www.bing.com/bingbot.htm) Chrome/116.0.1938.76 Safari/537.36"
52.167.144.187 - - [11/Jan/2025:17:34:24 +0300] "GET /?option&path=/lib/systemd/system-preset HTTP/2.0" 403 32198 "-" "Mozilla/5.0 AppleWebKit/537.36 (KHTML, like Gecko; compatible; bingbot/2.0; +http://www.bing.com/bingbot.htm) Chrome/116.0.1938.76 Safari/537.36"
52.167.144.187 - - [11/Jan/2025:17:34:24 +0300] "GET /?path=/lib/vmware-tools/lib32/libvmware-vgauth-cmd.so HTTP/2.0" 403 32198 "-" "Mozilla/5.0 AppleWebKit/537.36 (KHTML, like Gecko; compatible; bingbot/2.0; +http://www.bing.com/bingbot.htm) Chrome/116.0.1938.76 Safari/537.36"
52.167.144.187 - - [11/Jan/2025:17:34:25 +0300] "GET /resource/?path=/lib/tuned/optimize-serial-console HTTP/2.0" 500 3097 "-" "Mozilla/5.0 AppleWebKit/537.36 (KHTML, like Gecko; compatible; bingbot/2.0; +http://www.bing.com/bingbot.htm) Chrome/116.0.1938.76 Safari/537.36"
52.167.144.187 - - [11/Jan/2025:17:34:25 +0300] "GET /resource/?path=/lib/vmware-tools/lib/libsigc-2.0.so.0 HTTP/2.0" 500 3097 "-" "Mozilla/5.0 AppleWebKit/537.36 (KHTML, like Gecko; compatible; bingbot/2.0; +http://www.bing.com/bingbot.htm) Chrome/116.0.1938.76 Safari/537.36"
52.167.144.187 - - [11/Jan/2025:17:34:26 +0300] "GET /resource/?path=/lib/vmware-tools/lib/libglib-2.0.so.0 HTTP/2.0" 500 3097 "-" "Mozilla/5.0 AppleWebKit/537.36 (KHTML, like Gecko; compatible; bingbot/2.0; +http://www.bing.com/bingbot.htm) Chrome/116.0.1938.76 Safari/537.36"
159.89.47.149 - - [11/Jan/2025:17:34:26 +0300] "POST /wp-login.php HTTP/1.1" 200 30638 "-" "Mozilla/5.0"
52.167.144.187 - - [11/Jan/2025:17:34:26 +0300] "GET /resource/?path=/lib/vmware-tools/lib/libvmware-vgauth-cmd.so HTTP/2.0" 500 3097 "-" "Mozilla/5.0 AppleWebKit/537.36 (KHTML, like Gecko; compatible; bingbot/2.0; +http://www.bing.com/bingbot.htm) Chrome/116.0.1938.76 Safari/537.36"
52.167.144.187 - - [11/Jan/2025:17:34:27 +0300] "GET /resource/?path=/lib/rpm/redhat HTTP/2.0" 500 3097 "-" "Mozilla/5.0 AppleWebKit/537.36 (KHTML, like Gecko; compatible; bingbot/2.0; +http://www.bing.com/bingbot.htm) Chrome/116.0.1938.76 Safari/537.36"
52.167.144.187 - - [11/Jan/2025:17:34:28 +0300] "GET /resource/?filesrc=/lib/firmware/rtl_nic/rtl8153a-2.fw&path=/lib/firmware/rtl_nic HTTP/2.0" 500 3097 "-" "Mozilla/5.0 AppleWebKit/537.36 (KHTML, like Gecko; compatible; bingbot/2.0; +http://www.bing.com/bingbot.htm) Chrome/116.0.1938.76 Safari/537.36"
52.167.144.187 - - [11/Jan/2025:17:34:28 +0300] "GET /?option&path=/lib/vmware-tools/modules/binary HTTP/2.0" 403 32198 "-" "Mozilla/5.0 AppleWebKit/537.36 (KHTML, like Gecko; compatible; bingbot/2.0; +http://www.bing.com/bingbot.htm) Chrome/116.0.1938.76 Safari/537.36"
52.167.144.187 - - [11/Jan/2025:17:34:29 +0300] "GET /resource/?path=/lib/firmware/intel/ice HTTP/2.0" 500 3097 "-" "Mozilla/5.0 AppleWebKit/537.36 (KHTML, like Gecko; compatible; bingbot/2.0; +http://www.bing.com/bingbot.htm) Chrome/116.0.1938.76 Safari/537.36"
52.167.144.187 - - [11/Jan/2025:17:34:30 +0300] "GET /resource/?option&path=/lib/firmware/amlogic HTTP/2.0" 500 3097 "-" "Mozilla/5.0 AppleWebKit/537.36 (KHTML, like Gecko; compatible; bingbot/2.0; +http://www.bing.com/bingbot.htm) Chrome/116.0.1938.76 Safari/537.36"
52.167.144.187 - - [11/Jan/2025:17:34:31 +0300] "GET /resource/?path=/lib/vmware-tools/modules/binary HTTP/2.0" 500 3097 "-" "Mozilla/5.0 AppleWebKit/537.36 (KHTML, like Gecko; compatible; bingbot/2.0; +http://www.bing.com/bingbot.htm) Chrome/116.0.1938.76 Safari/537.36"
52.167.144.187 - - [11/Jan/2025:17:34:32 +0300] "GET /resource/?path=/lib/firmware/ath10k/QCA988X HTTP/2.0" 500 3097 "-" "Mozilla/5.0 AppleWebKit/537.36 (KHTML, like Gecko; compatible; bingbot/2.0; +http://www.bing.com/bingbot.htm) Chrome/116.0.1938.76 Safari/537.36"
52.167.144.187 - - [11/Jan/2025:17:34:32 +0300] "GET /resource/?path=/lib/vmware-tools/lib32/libvmware-guestproxycerttool.so HTTP/2.0" 500 3097 "-" "Mozilla/5.0 AppleWebKit/537.36 (KHTML, like Gecko; compatible; bingbot/2.0; +http://www.bing.com/bingbot.htm) Chrome/116.0.1938.76 Safari/537.36"
52.167.144.187 - - [11/Jan/2025:17:34:33 +0300] "GET /resource/?path=/lib/firmware/nvidia/ad102 HTTP/2.0" 500 3097 "-" "Mozilla/5.0 AppleWebKit/537.36 (KHTML, like Gecko; compatible; bingbot/2.0; +http://www.bing.com/bingbot.htm) Chrome/116.0.1938.76 Safari/537.36"
52.167.144.187 - - [11/Jan/2025:17:34:44 +0300] "GET /resource/?option&path=/lib/vmware-tools/lib32/libDeployPkg.so HTTP/2.0" 200 674 "-" "Mozilla/5.0 AppleWebKit/537.36 (KHTML, like Gecko; compatible; bingbot/2.0; +http://www.bing.com/bingbot.htm) Chrome/116.0.1938.76 Safari/537.36"
52.167.144.187 - - [11/Jan/2025:17:34:44 +0300] "GET /?path=/lib/vmware-tools/modules/binary/bld-2.6.32-21.32-generic-x86_64-Ubuntu10.04/objects HTTP/2.0" 200 1234 "-" "Mozilla/5.0 AppleWebKit/537.36 (KHTML, like Gecko; compatible; bingbot/2.0; +http://www.bing.com/bingbot.htm) Chrome/116.0.1938.76 Safari/537.36"
52.167.144.187 - - [11/Jan/2025:17:34:45 +0300] "GET /resource/?option&path=/lib/vmware-tools/lib32 HTTP/2.0" 200 658 "-" "Mozilla/5.0 AppleWebKit/537.36 (KHTML, like Gecko; compatible; bingbot/2.0; +http://www.bing.com/bingbot.htm) Chrome/116.0.1938.76 Safari/537.36"
52.167.144.187 - - [11/Jan/2025:17:34:46 +0300] "GET /resource/?filesrc=/lib/rpm/rpm.log&path=/lib/rpm HTTP/2.0" 200 698 "-" "Mozilla/5.0 AppleWebKit/537.36 (KHTML, like Gecko; compatible; bingbot/2.0; +http://www.bing.com/bingbot.htm) Chrome/116.0.1938.76 Safari/537.36"
52.167.144.187 - - [11/Jan/2025:17:34:46 +0300] "GET /?filesrc=/lib/systemd/system/kexec.target&path=/lib/systemd/system HTTP/2.0" 200 987 "-" "Mozilla/5.0 AppleWebKit/537.36 (KHTML, like Gecko; compatible; bingbot/2.0; +http://www.bing.com/bingbot.htm) Chrome/116.0.1938.76 Safari/537.36"
52.167.144.187 - - [11/Jan/2025:17:34:47 +0300] "GET /resource/?filesrc=/lib/firmware/cypress/cyfmac43340-sdio.bin&path=/lib/firmware/cypress HTTP/2.0" 200 687 "-" "Mozilla/5.0 AppleWebKit/537.36 (KHTML, like Gecko; compatible; bingbot/2.0; +http://www.bing.com/bingbot.htm) Chrome/116.0.1938.76 Safari/537.36"
52.167.144.187 - - [11/Jan/2025:17:34:48 +0300] "GET /resource/?filesrc=/lib/firmware/ti-connectivity/wl127x-fw-4-sr.bin&path=/lib/firmware/ti-connectivity HTTP/2.0" 500 3097 "-" "Mozilla/5.0 AppleWebKit/537.36 (KHTML, like Gecko; compatible; bingbot/2.0; +http://www.bing.com/bingbot.htm) Chrome/116.0.1938.76 Safari/537.36"
3.212.128.62 - - [11/Jan/2025:17:34:48 +0300] "HEAD / HTTP/1.1" 200 - "https://ncdc.go.ug/" "Mozilla/5.0+(compatible; UptimeRobot/2.0; http://www.uptimerobot.com/)"
52.167.144.187 - - [11/Jan/2025:17:34:48 +0300] "GET /?filesrc=/lib/systemd/user/gpg-agent-extra.socket&path=/lib/systemd/user HTTP/2.0" 403 32198 "-" "Mozilla/5.0 AppleWebKit/537.36 (KHTML, like Gecko; compatible; bingbot/2.0; +http://www.bing.com/bingbot.htm) Chrome/116.0.1938.76 Safari/537.36"
40.77.167.151 - - [11/Jan/2025:17:34:52 +0300] "GET /resource/?path=/lib/vmware-tools/lib/libgtk-x11-2.0.so.0 HTTP/2.0" 200 916 "-" "Mozilla/5.0 AppleWebKit/537.36 (KHTML, like Gecko; compatible; bingbot/2.0; +http://www.bing.com/bingbot.htm) Chrome/116.0.1938.76 Safari/537.36"
40.77.167.151 - - [11/Jan/2025:17:34:53 +0300] "GET /resource/?path=/lib/vmware-tools/lib/libxml2.so.2 HTTP/2.0" 200 908 "-" "Mozilla/5.0 AppleWebKit/537.36 (KHTML, like Gecko; compatible; bingbot/2.0; +http://www.bing.com/bingbot.htm) Chrome/116.0.1938.76 Safari/537.36"
40.77.167.151 - - [11/Jan/2025:17:34:54 +0300] "GET /?option&path=/lib/systemd/catalog HTTP/2.0" 200 651 "-" "Mozilla/5.0 AppleWebKit/537.36 (KHTML, like Gecko; compatible; bingbot/2.0; +http://www.bing.com/bingbot.htm) Chrome/116.0.1938.76 Safari/537.36"
40.77.167.151 - - [11/Jan/2025:17:34:54 +0300] "GET /resource/?path=/lib/vmware-tools/lib/libvmhgfs-fuse.so HTTP/2.0" 200 916 "-" "Mozilla/5.0 AppleWebKit/537.36 (KHTML, like Gecko; compatible; bingbot/2.0; +http://www.bing.com/bingbot.htm) Chrome/116.0.1938.76 Safari/537.36"
40.77.167.151 - - [11/Jan/2025:17:34:55 +0300] "GET /resource/?path=/lib/vmware-tools/lib/libxmlsec1-openssl.so.1 HTTP/2.0" 200 922 "-" "Mozilla/5.0 AppleWebKit/537.36 (KHTML, like Gecko; compatible; bingbot/2.0; +http://www.bing.com/bingbot.htm) Chrome/116.0.1938.76 Safari/537.36"
85.208.96.205 - - [11/Jan/2025:17:34:55 +0300] "GET /gallery?aca&instructional-materials-unit&job-fair&job-fair&job-fair&sample%3F20%3Fteacher-training-on-abridged-curriculum HTTP/1.1" 200 2017 "-" "Mozilla/5.0 (compatible; SemrushBot/7~bl; +http://www.semrush.com/bot.html)"
40.77.167.151 - - [11/Jan/2025:17:34:56 +0300] "GET /resource/?path=/lib/vmware-tools/lib/libpcre.so.1 HTTP/2.0" 200 911 "-" "Mozilla/5.0 AppleWebKit/537.36 (KHTML, like Gecko; compatible; bingbot/2.0; +http://www.bing.com/bingbot.htm) Chrome/116.0.1938.76 Safari/537.36"
69.171.230.6 - - [11/Jan/2025:17:34:56 +0300] "GET /wp-content/plugins/extensive-vc-addon/post-types/testimonials/admin/meta-boxes/?C=D;O=D HTTP/2.0" 200 1012 "-" "meta-externalagent/1.1 (+https://developers.facebook.com/docs/sharing/webmasters/crawler)"
40.77.167.151 - - [11/Jan/2025:17:34:56 +0300] "GET /resource/?path=/lib/vmware-tools/lib32/libgmodule-2.0.so.0 HTTP/2.0" 500 3096 "-" "Mozilla/5.0 AppleWebKit/537.36 (KHTML, like Gecko; compatible; bingbot/2.0; +http://www.bing.com/bingbot.htm) Chrome/116.0.1938.76 Safari/537.36"
40.77.167.151 - - [11/Jan/2025:17:34:57 +0300] "GET /?path=/lib/vmware-tools/modules/binary/bld-2.6.32-300-amd64-uek-Oracle6.2 HTTP/2.0" 200 1007 "-" "Mozilla/5.0 AppleWebKit/537.36 (KHTML, like Gecko; compatible; bingbot/2.0; +http://www.bing.com/bingbot.htm) Chrome/116.0.1938.76 Safari/537.36"
52.167.144.187 - - [11/Jan/2025:17:34:57 +0300] "GET /resource/?filesrc=/lib/firmware/cirrus/cs35l41-dsp1-spk-prot-10431483-l0.bincfg&path=/lib/firmware/cirrus HTTP/2.0" 200 704 "-" "Mozilla/5.0 AppleWebKit/537.36 (KHTML, like Gecko; compatible; bingbot/2.0; +http://www.bing.com/bingbot.htm) Chrome/116.0.1938.76 Safari/537.36"
40.77.167.151 - - [11/Jan/2025:17:34:58 +0300] "GET /?path=/lib/vmware-tools/modules/binary/bld-3.0.101-108.84-amd64-trace-SLE11sp4 HTTP/2.0" 200 1013 "-" "Mozilla/5.0 AppleWebKit/537.36 (KHTML, like Gecko; compatible; bingbot/2.0; +http://www.bing.com/bingbot.htm) Chrome/116.0.1938.76 Safari/537.36"
40.77.167.151 - - [11/Jan/2025:17:34:58 +0300] "GET /resource/?option&path=/lib/udev/rules.d HTTP/2.0" 200 648 "-" "Mozilla/5.0 AppleWebKit/537.36 (KHTML, like Gecko; compatible; bingbot/2.0; +http://www.bing.com/bingbot.htm) Chrome/116.0.1938.76 Safari/537.36"
40.77.167.151 - - [11/Jan/2025:17:34:59 +0300] "GET /resource/?path=/lib/vmware-tools/lib/libgdk-x11-2.0.so.0 HTTP/2.0" 200 920 "-" "Mozilla/5.0 AppleWebKit/537.36 (KHTML, like Gecko; compatible; bingbot/2.0; +http://www.bing.com/bingbot.htm) Chrome/116.0.1938.76 Safari/537.36"
40.77.167.151 - - [11/Jan/2025:17:35:00 +0300] "GET /resource/?path=/lib/vmware-tools/lib/libXrandr.so.2 HTTP/2.0" 200 913 "-" "Mozilla/5.0 AppleWebKit/537.36 (KHTML, like Gecko; compatible; bingbot/2.0; +http://www.bing.com/bingbot.htm) Chrome/116.0.1938.76 Safari/537.36"
40.77.167.151 - - [11/Jan/2025:17:35:00 +0300] "GET /resource/?path=/lib/vmware-tools/lib/libgmodule-2.0.so.0 HTTP/2.0" 200 917 "-" "Mozilla/5.0 AppleWebKit/537.36 (KHTML, like Gecko; compatible; bingbot/2.0; +http://www.bing.com/bingbot.htm) Chrome/116.0.1938.76 Safari/537.36"
40.77.167.151 - - [11/Jan/2025:17:35:01 +0300] "GET /resource/?path=/lib/vmware-tools/lib/libgio-2.0.so.0 HTTP/2.0" 500 3096 "-" "Mozilla/5.0 AppleWebKit/537.36 (KHTML, like Gecko; compatible; bingbot/2.0; +http://www.bing.com/bingbot.htm) Chrome/116.0.1938.76 Safari/537.36"
40.77.167.151 - - [11/Jan/2025:17:35:02 +0300] "GET /resource/?filesrc=/lib/firmware/rtl_bt/rtl8852cu_fw.bin&path=/lib/firmware/rtl_bt HTTP/2.0" 500 3096 "-" "Mozilla/5.0 AppleWebKit/537.36 (KHTML, like Gecko; compatible; bingbot/2.0; +http://www.bing.com/bingbot.htm) Chrome/116.0.1938.76 Safari/537.36"
40.77.167.151 - - [11/Jan/2025:17:35:03 +0300] "GET /?path=/lib/vmware-tools/lib32/libORBit-2.so.0 HTTP/2.0" 403 32198 "-" "Mozilla/5.0 AppleWebKit/537.36 (KHTML, like Gecko; compatible; bingbot/2.0; +http://www.bing.com/bingbot.htm) Chrome/116.0.1938.76 Safari/537.36"
40.77.167.151 - - [11/Jan/2025:17:35:03 +0300] "GET /resource/?path=/lib/firmware/qcom/qcm2290 HTTP/2.0" 500 3096 "-" "Mozilla/5.0 AppleWebKit/537.36 (KHTML, like Gecko; compatible; bingbot/2.0; +http://www.bing.com/bingbot.htm) Chrome/116.0.1938.76 Safari/537.36"
40.77.167.151 - - [11/Jan/2025:17:35:04 +0300] "GET /?path=/lib/vmware-tools/lib32/libglibmm_generate_extra_defs-2.4.so.1 HTTP/2.0" 403 32198 "-" "Mozilla/5.0 AppleWebKit/537.36 (KHTML, like Gecko; compatible; bingbot/2.0; +http://www.bing.com/bingbot.htm) Chrome/116.0.1938.76 Safari/537.36"
40.77.167.151 - - [11/Jan/2025:17:35:05 +0300] "GET /?path=/lib/vmware-tools/lib32/libvmware-modconfig-console.so HTTP/2.0" 403 32198 "-" "Mozilla/5.0 AppleWebKit/537.36 (KHTML, like Gecko; compatible; bingbot/2.0; +http://www.bing.com/bingbot.htm) Chrome/116.0.1938.76 Safari/537.36"
40.77.167.151 - - [11/Jan/2025:17:35:05 +0300] "GET /resource/?option&path=/lib/firmware/ar3k/1020201coex HTTP/2.0" 500 3096 "-" "Mozilla/5.0 AppleWebKit/537.36 (KHTML, like Gecko; compatible; bingbot/2.0; +http://www.bing.com/bingbot.htm) Chrome/116.0.1938.76 Safari/537.36"
40.77.167.151 - - [11/Jan/2025:17:35:06 +0300] "GET /?path=/lib/vmware-tools/lib32/libvmware-toolbox-cmd.so HTTP/2.0" 403 32198 "-" "Mozilla/5.0 AppleWebKit/537.36 (KHTML, like Gecko; compatible; bingbot/2.0; +http://www.bing.com/bingbot.htm) Chrome/116.0.1938.76 Safari/537.36"
40.77.167.151 - - [11/Jan/2025:17:35:07 +0300] "GET /?path=/lib/vmware-tools/lib32/libglibmm-2.4.so.1 HTTP/2.0" 403 32198 "-" "Mozilla/5.0 AppleWebKit/537.36 (KHTML, like Gecko; compatible; bingbot/2.0; +http://www.bing.com/bingbot.htm) Chrome/116.0.1938.76 Safari/537.36"
40.77.167.151 - - [11/Jan/2025:17:35:08 +0300] "GET /?path=/lib/vmware-tools/lib32/libsigc-2.0.so.0 HTTP/2.0" 403 32198 "-" "Mozilla/5.0 AppleWebKit/537.36 (KHTML, like Gecko; compatible; bingbot/2.0; +http://www.bing.com/bingbot.htm) Chrome/116.0.1938.76 Safari/537.36"
40.77.167.151 - - [11/Jan/2025:17:35:09 +0300] "GET /?path=/lib/vmware-tools/lib32/libgtk-x11-2.0.so.0 HTTP/2.0" 403 32198 "-" "Mozilla/5.0 AppleWebKit/537.36 (KHTML, like Gecko; compatible; bingbot/2.0; +http://www.bing.com/bingbot.htm) Chrome/116.0.1938.76 Safari/537.36"
40.77.167.151 - - [11/Jan/2025:17:35:10 +0300] "GET /?path=/lib/vmware-tools/lib32/libconf HTTP/2.0" 403 32198 "-" "Mozilla/5.0 AppleWebKit/537.36 (KHTML, like Gecko; compatible; bingbot/2.0; +http://www.bing.com/bingbot.htm) Chrome/116.0.1938.76 Safari/537.36"
40.77.167.151 - - [11/Jan/2025:17:35:11 +0300] "GET /?path=/lib/systemd/system/local-fs.target.wants HTTP/2.0" 403 32198 "-" "Mozilla/5.0 AppleWebKit/537.36 (KHTML, like Gecko; compatible; bingbot/2.0; +http://www.bing.com/bingbot.htm) Chrome/116.0.1938.76 Safari/537.36"
40.77.167.151 - - [11/Jan/2025:17:35:11 +0300] "GET /?path=/lib/vmware-tools/lib64/libvmware-modconfig-console.so HTTP/2.0" 403 32198 "-" "Mozilla/5.0 AppleWebKit/537.36 (KHTML, like Gecko; compatible; bingbot/2.0; +http://www.bing.com/bingbot.htm) Chrome/116.0.1938.76 Safari/537.36"
40.77.167.151 - - [11/Jan/2025:17:35:12 +0300] "GET /?path=/lib/systemd/system/mariadb@bootstrap.service.d HTTP/2.0" 403 32198 "-" "Mozilla/5.0 AppleWebKit/537.36 (KHTML, like Gecko; compatible; bingbot/2.0; +http://www.bing.com/bingbot.htm) Chrome/116.0.1938.76 Safari/537.36"
40.77.167.151 - - [11/Jan/2025:17:35:13 +0300] "GET /?path=/lib/vmware-tools/lib64/libglib-2.0.so.0 HTTP/2.0" 403 32198 "-" "Mozilla/5.0 AppleWebKit/537.36 (KHTML, like Gecko; compatible; bingbot/2.0; +http://www.bing.com/bingbot.htm) Chrome/116.0.1938.76 Safari/537.36"
40.77.167.151 - - [11/Jan/2025:17:35:13 +0300] "GET /?path=/lib/vmware-tools/lib64/libconf HTTP/2.0" 403 32198 "-" "Mozilla/5.0 AppleWebKit/537.36 (KHTML, like Gecko; compatible; bingbot/2.0; +http://www.bing.com/bingbot.htm) Chrome/116.0.1938.76 Safari/537.36"
57.141.5.11 - - [11/Jan/2025:17:35:16 +0300] "GET /wp-content/plugins/extensive-vc-addon/shortcodes/section-title/assets/?C=D;O=D HTTP/2.0" 200 963 "-" "meta-externalagent/1.1 (+https://developers.facebook.com/docs/sharing/webmasters/crawler)"
185.191.171.10 - - [11/Jan/2025:17:35:20 +0300] "GET /gallery/?chief-guest&job-fair&ncdc-50-conference&ncdc-50-conference&ncdc-50-launch&parliament&sample%3F21%3F29 HTTP/1.1" 200 2017 "-" "Mozilla/5.0 (compatible; SemrushBot/7~bl; +http://www.semrush.com/bot.html)"
57.141.5.7 - - [11/Jan/2025:17:35:21 +0300] "GET /wp-content/plugins/extensive-vc-addon/post-types/clients/shortcodes/?C=D;O=D HTTP/2.0" 200 1314 "-" "meta-externalagent/1.1 (+https://developers.facebook.com/docs/sharing/webmasters/crawler)"
40.77.167.151 - - [11/Jan/2025:17:35:22 +0300] "GET /resource/?option&path=/lib/firmware/nvidia HTTP/2.0" 500 3096 "-" "Mozilla/5.0 AppleWebKit/537.36 (KHTML, like Gecko; compatible; bingbot/2.0; +http://www.bing.com/bingbot.htm) Chrome/116.0.1938.76 Safari/537.36"
136.243.228.180 - - [11/Jan/2025:17:35:22 +0300] "GET /feed/ HTTP/1.1" 500 3099 "-" "Mozilla/5.0 (compatible; DataForSeoBot/1.0; +https://dataforseo.com/dataforseo-bot)"
85.208.96.198 - - [11/Jan/2025:17:35:23 +0300] "GET /gallery/?consultation-on-a-level-curriculum-review-2&government-trains-teachers-lab-technicians&instructional-materials-unit&ncdc-50-launch&sample%3F36 HTTP/1.1" 200 2018 "-" "Mozilla/5.0 (compatible; SemrushBot/7~bl; +http://www.semrush.com/bot.html)"
40.77.167.151 - - [11/Jan/2025:17:35:23 +0300] "GET /resource/?path=/lib/firmware/nvidia/gm20b HTTP/2.0" 500 3096 "-" "Mozilla/5.0 AppleWebKit/537.36 (KHTML, like Gecko; compatible; bingbot/2.0; +http://www.bing.com/bingbot.htm) Chrome/116.0.1938.76 Safari/537.36"
154.72.192.35 - - [11/Jan/2025:17:35:23 +0300] "HEAD / HTTP/1.1" 200 - "-" "Uptime-Kuma/1.23.11"
40.77.167.151 - - [11/Jan/2025:17:35:24 +0300] "GET /?path=/lib/vmware-tools/lib64/libatk-1.0.so.0 HTTP/2.0" 403 32198 "-" "Mozilla/5.0 AppleWebKit/537.36 (KHTML, like Gecko; compatible; bingbot/2.0; +http://www.bing.com/bingbot.htm) Chrome/116.0.1938.76 Safari/537.36"
40.77.167.151 - - [11/Jan/2025:17:35:24 +0300] "GET /resource/?path=/lib/firmware/intel/ipu HTTP/2.0" 500 3096 "-" "Mozilla/5.0 AppleWebKit/537.36 (KHTML, like Gecko; compatible; bingbot/2.0; +http://www.bing.com/bingbot.htm) Chrome/116.0.1938.76 Safari/537.36"
40.77.167.151 - - [11/Jan/2025:17:35:25 +0300] "GET /resource/?option&path=/lib/vmware-tools/lib/libDeployPkg.so HTTP/2.0" 500 3096 "-" "Mozilla/5.0 AppleWebKit/537.36 (KHTML, like Gecko; compatible; bingbot/2.0; +http://www.bing.com/bingbot.htm) Chrome/116.0.1938.76 Safari/537.36"
40.77.167.151 - - [11/Jan/2025:17:35:26 +0300] "GET /resource/?path=/lib/firmware/nvidia/ad107 HTTP/2.0" 500 3096 "-" "Mozilla/5.0 AppleWebKit/537.36 (KHTML, like Gecko; compatible; bingbot/2.0; +http://www.bing.com/bingbot.htm) Chrome/116.0.1938.76 Safari/537.36"
40.77.167.151 - - [11/Jan/2025:17:35:26 +0300] "GET /resource/?path=/lib/firmware/intel/vsc HTTP/2.0" 500 3096 "-" "Mozilla/5.0 AppleWebKit/537.36 (KHTML, like Gecko; compatible; bingbot/2.0; +http://www.bing.com/bingbot.htm) Chrome/116.0.1938.76 Safari/537.36"
40.77.167.151 - - [11/Jan/2025:17:35:27 +0300] "GET /?path=/lib/vmware-tools/modules/binary/bld-3.0.101-108.84-amd64-trace-SLE11sp4/objects HTTP/2.0" 403 32198 "-" "Mozilla/5.0 AppleWebKit/537.36 (KHTML, like Gecko; compatible; bingbot/2.0; +http://www.bing.com/bingbot.htm) Chrome/116.0.1938.76 Safari/537.36"
40.77.167.151 - - [11/Jan/2025:17:35:28 +0300] "GET /?option&path=/lib/vmware-tools/lib/libDeployPkg.so HTTP/2.0" 403 32198 "-" "Mozilla/5.0 AppleWebKit/537.36 (KHTML, like Gecko; compatible; bingbot/2.0; +http://www.bing.com/bingbot.htm) Chrome/116.0.1938.76 Safari/537.36"
40.77.167.151 - - [11/Jan/2025:17:35:28 +0300] "GET /?filesrc=/lib/systemd/system-generators/systemd-veritysetup-generator&path=/lib/systemd/system-generators HTTP/2.0" 403 32198 "-" "Mozilla/5.0 AppleWebKit/537.36 (KHTML, like Gecko; compatible; bingbot/2.0; +http://www.bing.com/bingbot.htm) Chrome/116.0.1938.76 Safari/537.36"
40.77.167.151 - - [11/Jan/2025:17:35:29 +0300] "GET /?filesrc=/lib/systemd/system/sssd-sudo.service&path=/lib/systemd/system HTTP/2.0" 403 32198 "-" "Mozilla/5.0 AppleWebKit/537.36 (KHTML, like Gecko; compatible; bingbot/2.0; +http://www.bing.com/bingbot.htm) Chrome/116.0.1938.76 Safari/537.36"
40.77.167.151 - - [11/Jan/2025:17:35:29 +0300] "GET /resource/?filesrc=/usr/include/openssl/randerr.h&path=/usr/include/openssl HTTP/2.0" 500 3096 "-" "Mozilla/5.0 AppleWebKit/537.36 (KHTML, like Gecko; compatible; bingbot/2.0; +http://www.bing.com/bingbot.htm) Chrome/116.0.1938.76 Safari/537.36"
57.141.5.2 - - [11/Jan/2025:17:35:30 +0300] "GET /wp-content/plugins/extensive-vc-addon/post-types/clients/shortcodes/?C=M;O=D HTTP/2.0" 200 1314 "-" "meta-externalagent/1.1 (+https://developers.facebook.com/docs/sharing/webmasters/crawler)"
40.77.167.151 - - [11/Jan/2025:17:35:30 +0300] "GET /resource/?filesrc=/lib/firmware/intel/dsp_fw_kbl_v3402.bin&path=/lib/firmware/intel HTTP/2.0" 500 3096 "-" "Mozilla/5.0 AppleWebKit/537.36 (KHTML, like Gecko; compatible; bingbot/2.0; +http://www.bing.com/bingbot.htm) Chrome/116.0.1938.76 Safari/537.36"
185.191.171.19 - - [11/Jan/2025:17:35:30 +0300] "GET /gallery/?aca&aca&aca&government-trains-teachers-lab-technicians&ncdc-50-launch&ncdc-50-launch&sample%3F20%3F51 HTTP/1.1" 200 2017 "-" "Mozilla/5.0 (compatible; SemrushBot/7~bl; +http://www.semrush.com/bot.html)"
40.77.167.151 - - [11/Jan/2025:17:35:30 +0300] "GET /?filesrc=/lib/systemd/system/dbus-org.freedesktop.locale1.service&path=/lib/systemd/system HTTP/2.0" 403 32198 "-" "Mozilla/5.0 AppleWebKit/537.36 (KHTML, like Gecko; compatible; bingbot/2.0; +http://www.bing.com/bingbot.htm) Chrome/116.0.1938.76 Safari/537.36"
40.77.167.151 - - [11/Jan/2025:17:35:31 +0300] "GET /resource/?filesrc=/lib/firmware/cirrus/cs35l54-b0-dsp1-misc-103c8d01-amp1.bin&path=/lib/firmware/cirrus HTTP/2.0" 500 3096 "-" "Mozilla/5.0 AppleWebKit/537.36 (KHTML, like Gecko; compatible; bingbot/2.0; +http://www.bing.com/bingbot.htm) Chrome/116.0.1938.76 Safari/537.36"
40.77.167.151 - - [11/Jan/2025:17:35:32 +0300] "GET /resource/?filesrc=/lib/firmware/cirrus/cs35l41-dsp1-spk-prot-10431caf.wmfw&path=/lib/firmware/cirrus HTTP/2.0" 500 3096 "-" "Mozilla/5.0 AppleWebKit/537.36 (KHTML, like Gecko; compatible; bingbot/2.0; +http://www.bing.com/bingbot.htm) Chrome/116.0.1938.76 Safari/537.36"
40.77.167.151 - - [11/Jan/2025:17:35:33 +0300] "GET /resource/?filesrc=/lib/firmware/cirrus/cs35l41-dsp1-spk-prot-10431863-spkid1-r0.bin&path=/lib/firmware/cirrus HTTP/2.0" 500 3096 "-" "Mozilla/5.0 AppleWebKit/537.36 (KHTML, like Gecko; compatible; bingbot/2.0; +http://www.bing.com/bingbot.htm) Chrome/116.0.1938.76 Safari/537.36"
40.77.167.151 - - [11/Jan/2025:17:35:33 +0300] "GET /resource/?filesrc=/lib/firmware/brcm/brcmfmac43241b4-sdio.Advantech-MICA-071.txt&path=/lib/firmware/brcm HTTP/2.0" 500 3096 "-" "Mozilla/5.0 AppleWebKit/537.36 (KHTML, like Gecko; compatible; bingbot/2.0; +http://www.bing.com/bingbot.htm) Chrome/116.0.1938.76 Safari/537.36"
57.141.5.22 - - [11/Jan/2025:17:35:34 +0300] "GET /wp-content/plugins/extensive-vc-addon/shortcodes/icon-progress-bar/templates/icon-progress-bar.php HTTP/2.0" 200 - "-" "meta-externalagent/1.1 (+https://developers.facebook.com/docs/sharing/webmasters/crawler)"
40.77.167.151 - - [11/Jan/2025:17:35:34 +0300] "GET /resource/?filesrc=/lib/firmware/amdgpu/vega20_mec.bin&path=/lib/firmware/amdgpu HTTP/2.0" 500 3096 "-" "Mozilla/5.0 AppleWebKit/537.36 (KHTML, like Gecko; compatible; bingbot/2.0; +http://www.bing.com/bingbot.htm) Chrome/116.0.1938.76 Safari/537.36"
40.77.167.151 - - [11/Jan/2025:17:35:41 +0300] "GET /resource/?filesrc=/lib/firmware/rtl_bt/rtl8852cu_fw.bin&path=/lib/firmware/rtl_bt HTTP/2.0" 200 682 "-" "Mozilla/5.0 AppleWebKit/537.36 (KHTML, like Gecko; compatible; bingbot/2.0; +http://www.bing.com/bingbot.htm) Chrome/116.0.1938.76 Safari/537.36"
85.208.96.203 - - [11/Jan/2025:17:35:42 +0300] "GET /gallery/?about-the-conference&aca&aca&ncdc-50-conference&ncdc-50-conference&ncdc-50-conference&sample%3F21%3F5 HTTP/1.1" 200 2017 "-" "Mozilla/5.0 (compatible; SemrushBot/7~bl; +http://www.semrush.com/bot.html)"
40.77.167.151 - - [11/Jan/2025:17:35:42 +0300] "GET /resource/?path=/lib/firmware/qcom/qcm2290 HTTP/2.0" 200 1148 "-" "Mozilla/5.0 AppleWebKit/537.36 (KHTML, like Gecko; compatible; bingbot/2.0; +http://www.bing.com/bingbot.htm) Chrome/116.0.1938.76 Safari/537.36"
40.77.167.151 - - [11/Jan/2025:17:35:42 +0300] "GET /resource/?filesrc=/lib/firmware/amdgpu/dimgrey_cavefish_smc.bin&path=/lib/firmware/amdgpu HTTP/2.0" 200 689 "-" "Mozilla/5.0 AppleWebKit/537.36 (KHTML, like Gecko; compatible; bingbot/2.0; +http://www.bing.com/bingbot.htm) Chrome/116.0.1938.76 Safari/537.36"
40.77.167.151 - - [11/Jan/2025:17:35:43 +0300] "GET /resource/?filesrc=/lib/firmware/cirrus/cs35l41-dsp1-spk-prot-10431e12-spkid1-r0.bin&path=/lib/firmware/cirrus HTTP/2.0" 200 703 "-" "Mozilla/5.0 AppleWebKit/537.36 (KHTML, like Gecko; compatible; bingbot/2.0; +http://www.bing.com/bingbot.htm) Chrome/116.0.1938.76 Safari/537.36"
40.77.167.151 - - [11/Jan/2025:17:35:44 +0300] "GET /?path=/lib/vmware-tools/modules/binary/bld-3.0.101-108.84-amd64-trace-SLE11sp4/objects HTTP/2.0" 200 1141 "-" "Mozilla/5.0 AppleWebKit/537.36 (KHTML, like Gecko; compatible; bingbot/2.0; +http://www.bing.com/bingbot.htm) Chrome/116.0.1938.76 Safari/537.36"
40.77.167.151 - - [11/Jan/2025:17:35:45 +0300] "GET /?path=/lib/vmware-tools/lib32/libvmware-modconfig-console.so HTTP/2.0" 200 927 "-" "Mozilla/5.0 AppleWebKit/537.36 (KHTML, like Gecko; compatible; bingbot/2.0; +http://www.bing.com/bingbot.htm) Chrome/116.0.1938.76 Safari/537.36"
57.141.5.4 - - [11/Jan/2025:17:35:46 +0300] "GET /wp-includes/sodium_compat/src/Core/ChaCha20/IetfCtx.php HTTP/2.0" 500 - "-" "meta-externalagent/1.1 (+https://developers.facebook.com/docs/sharing/webmasters/crawler)"
40.77.167.151 - - [11/Jan/2025:17:35:46 +0300] "GET /?option&path=/lib/vmware-tools/lib/libDeployPkg.so HTTP/2.0" 200 667 "-" "Mozilla/5.0 AppleWebKit/537.36 (KHTML, like Gecko; compatible; bingbot/2.0; +http://www.bing.com/bingbot.htm) Chrome/116.0.1938.76 Safari/537.36"
85.208.96.210 - - [11/Jan/2025:17:35:46 +0300] "GET /gallery/?aca&aca&aca&chief-guest&ncdc-50-conference&ncdc-50-conference&sample%3F20&welcome-remarks%3F5 HTTP/1.1" 200 2018 "-" "Mozilla/5.0 (compatible; SemrushBot/7~bl; +http://www.semrush.com/bot.html)"
40.77.167.151 - - [11/Jan/2025:17:35:47 +0300] "GET /?path=/lib/vmware-tools/lib32/libglibmm_generate_extra_defs-2.4.so.1 HTTP/2.0" 200 942 "-" "Mozilla/5.0 AppleWebKit/537.36 (KHTML, like Gecko; compatible; bingbot/2.0; +http://www.bing.com/bingbot.htm) Chrome/116.0.1938.76 Safari/537.36"
40.77.167.151 - - [11/Jan/2025:17:35:47 +0300] "GET /resource/?filesrc=/lib/firmware/amdgpu/vega20_sdma.bin&path=/lib/firmware/amdgpu HTTP/2.0" 200 684 "-" "Mozilla/5.0 AppleWebKit/537.36 (KHTML, like Gecko; compatible; bingbot/2.0; +http://www.bing.com/bingbot.htm) Chrome/116.0.1938.76 Safari/537.36"
40.77.167.151 - - [11/Jan/2025:17:35:48 +0300] "GET /?path=/lib/vmware-tools/modules/binary/bld-3.11.0-15-amd64-generic-Ubuntu12.04.4 HTTP/2.0" 403 32198 "-" "Mozilla/5.0 AppleWebKit/537.36 (KHTML, like Gecko; compatible; bingbot/2.0; +http://www.bing.com/bingbot.htm) Chrome/116.0.1938.76 Safari/537.36"
185.191.171.8 - - [11/Jan/2025:17:35:49 +0300] "GET /gallery/?50-conference-venue&aca&consultation-on-a-level-curriculum-review-2&job-fair&ncdc-50-launch&sample%3Ffacilitators-for-teacher-training HTTP/1.1" 200 2017 "-" "Mozilla/5.0 (compatible; SemrushBot/7~bl; +http://www.semrush.com/bot.html)"
57.141.5.24 - - [11/Jan/2025:17:35:51 +0300] "GET /wp-content/plugins/extensive-vc-addon/shortcodes/section-title/templates/?C=N;O=A HTTP/2.0" 200 982 "-" "meta-externalagent/1.1 (+https://developers.facebook.com/docs/sharing/webmasters/crawler)"
52.167.144.187 - - [11/Jan/2025:17:35:51 +0300] "GET /resource/?path=/lib/vmware-tools/lib32/libvmware-toolbox-cmd.so HTTP/2.0" 200 924 "-" "Mozilla/5.0 AppleWebKit/537.36 (KHTML, like Gecko; compatible; bingbot/2.0; +http://www.bing.com/bingbot.htm) Chrome/116.0.1938.76 Safari/537.36"
52.167.144.187 - - [11/Jan/2025:17:35:52 +0300] "GET /?path=/lib/vmware-tools/lib32/libvmware-guestproxycerttool.so HTTP/2.0" 200 932 "-" "Mozilla/5.0 AppleWebKit/537.36 (KHTML, like Gecko; compatible; bingbot/2.0; +http://www.bing.com/bingbot.htm) Chrome/116.0.1938.76 Safari/537.36"
52.167.144.187 - - [11/Jan/2025:17:35:53 +0300] "GET /?path=/lib/vmware-tools/lib32/libatk-1.0.so.0 HTTP/2.0" 200 921 "-" "Mozilla/5.0 AppleWebKit/537.36 (KHTML, like Gecko; compatible; bingbot/2.0; +http://www.bing.com/bingbot.htm) Chrome/116.0.1938.76 Safari/537.36"
52.167.144.187 - - [11/Jan/2025:17:35:53 +0300] "GET /?path=/lib/vmware-tools/lib32/libpangoft2-1.0.so.0 HTTP/2.0" 200 927 "-" "Mozilla/5.0 AppleWebKit/537.36 (KHTML, like Gecko; compatible; bingbot/2.0; +http://www.bing.com/bingbot.htm) Chrome/116.0.1938.76 Safari/537.36"
