202.8.42.63 - - [11/Jan/2025:16:52:53 +0300] "GET /wp-content/plugins/contact-form-7/includes/js/index.js HTTP/2.0" 200 4265 "https://ncdc.go.ug/" "Mozilla/5.0 (compatible; AhrefsBot/7.0; +http://ahrefs.com/robot/)"
202.8.42.63 - - [11/Jan/2025:16:52:53 +0300] "GET /wp-includes/js/dist/hooks.min.js HTTP/2.0" 200 1648 "https://ncdc.go.ug/" "Mozilla/5.0 (compatible; AhrefsBot/7.0; +http://ahrefs.com/robot/)"
202.8.42.63 - - [11/Jan/2025:16:52:53 +0300] "GET /wp-content/plugins/contact-form-7/includes/swv/js/index.js HTTP/2.0" 200 3502 "https://ncdc.go.ug/" "Mozilla/5.0 (compatible; AhrefsBot/7.0; +http://ahrefs.com/robot/)"
202.8.42.63 - - [11/Jan/2025:16:52:53 +0300] "GET /wp-content/plugins/chart-builder/public//js/chart-builder-datatable.min.js HTTP/2.0" 200 28049 "https://ncdc.go.ug/" "Mozilla/5.0 (compatible; AhrefsBot/7.0; +http://ahrefs.com/robot/)"
202.8.42.63 - - [11/Jan/2025:16:52:53 +0300] "GET /wp-content/plugins/searchwp-live-ajax-search/assets/javascript/dist/script.min.js HTTP/2.0" 200 3653 "https://ncdc.go.ug/" "Mozilla/5.0 (compatible; AhrefsBot/7.0; +http://ahrefs.com/robot/)"
202.8.42.63 - - [11/Jan/2025:16:52:53 +0300] "GET /wp-content/plugins/extensive-vc-addon/assets/js/main.min.js HTTP/2.0" 200 3708 "https://ncdc.go.ug/" "Mozilla/5.0 (compatible; AhrefsBot/7.0; +http://ahrefs.com/robot/)"
202.8.42.63 - - [11/Jan/2025:16:52:53 +0300] "GET /wp-content/plugins/q2w3-fixed-widget/js/frontend.min.js HTTP/2.0" 200 5406 "https://ncdc.go.ug/" "Mozilla/5.0 (compatible; AhrefsBot/7.0; +http://ahrefs.com/robot/)"
202.8.42.63 - - [11/Jan/2025:16:52:53 +0300] "GET /wp-content/themes/nanosoft/assets/js/theme.js HTTP/2.0" 200 5318 "https://ncdc.go.ug/" "Mozilla/5.0 (compatible; AhrefsBot/7.0; +http://ahrefs.com/robot/)"
202.8.42.63 - - [11/Jan/2025:16:52:53 +0300] "GET /wp-content/plugins/wp-job-openings/assets/js/script.min.js HTTP/2.0" 200 15208 "https://ncdc.go.ug/" "Mozilla/5.0 (compatible; AhrefsBot/7.0; +http://ahrefs.com/robot/)"
202.8.42.63 - - [11/Jan/2025:16:52:53 +0300] "GET /wp-includes/js/jquery/ui/datepicker.min.js HTTP/2.0" 200 10909 "https://ncdc.go.ug/" "Mozilla/5.0 (compatible; AhrefsBot/7.0; +http://ahrefs.com/robot/)"
202.8.42.63 - - [11/Jan/2025:16:52:53 +0300] "GET /wp-content/plugins/chart-builder/public/js/google-chart.js HTTP/2.0" 200 13643 "https://ncdc.go.ug/" "Mozilla/5.0 (compatible; AhrefsBot/7.0; +http://ahrefs.com/robot/)"
202.8.42.63 - - [11/Jan/2025:16:52:53 +0300] "GET /wp-content/plugins/wp-books-gallery-premium/assets/js/wbg-front.js HTTP/2.0" 200 1007 "https://ncdc.go.ug/" "Mozilla/5.0 (compatible; AhrefsBot/7.0; +http://ahrefs.com/robot/)"
202.8.42.63 - - [11/Jan/2025:16:52:53 +0300] "GET /wp-content/plugins/extensive-vc-addon/assets/plugins/appear/jquery.appear.js HTTP/2.0" 200 878 "https://ncdc.go.ug/" "Mozilla/5.0 (compatible; AhrefsBot/7.0; +http://ahrefs.com/robot/)"
202.8.42.63 - - [11/Jan/2025:16:52:53 +0300] "GET /wp-content/plugins/pojo-accessibility/assets/js/app.min.js HTTP/2.0" 200 1668 "https://ncdc.go.ug/" "Mozilla/5.0 (compatible; AhrefsBot/7.0; +http://ahrefs.com/robot/)"
202.8.42.63 - - [11/Jan/2025:16:52:53 +0300] "GET /wp-content/plugins/mpc-massive/assets/js/mpc-scripts.min.js HTTP/2.0" 200 18041 "https://ncdc.go.ug/" "Mozilla/5.0 (compatible; AhrefsBot/7.0; +http://ahrefs.com/robot/)"
202.8.42.63 - - [11/Jan/2025:16:52:53 +0300] "GET /wp-content/plugins/organization-chart/front/js/front_js.js HTTP/2.0" 200 1070 "https://ncdc.go.ug/" "Mozilla/5.0 (compatible; AhrefsBot/7.0; +http://ahrefs.com/robot/)"
202.8.42.63 - - [11/Jan/2025:16:52:53 +0300] "GET /wp-content/themes/nanosoft/assets/js/components.js HTTP/2.0" 200 111841 "https://ncdc.go.ug/" "Mozilla/5.0 (compatible; AhrefsBot/7.0; +http://ahrefs.com/robot/)"
202.8.42.63 - - [11/Jan/2025:16:52:53 +0300] "GET /wp-content/plugins/post-slider-and-carousel/assets/js/post-vticker.min.js HTTP/2.0" 200 874 "https://ncdc.go.ug/" "Mozilla/5.0 (compatible; AhrefsBot/7.0; +http://ahrefs.com/robot/)"
202.8.42.63 - - [11/Jan/2025:16:52:53 +0300] "GET /wp-content/plugins/mpc-massive/assets/js/mpc-vendor.min.js HTTP/2.0" 200 25659 "https://ncdc.go.ug/" "Mozilla/5.0 (compatible; AhrefsBot/7.0; +http://ahrefs.com/robot/)"
202.8.42.63 - - [11/Jan/2025:16:52:53 +0300] "GET /wp-content/plugins/Ultimate_VC_Addons/assets/min-js/jquery-appear.min.js HTTP/2.0" 200 626 "https://ncdc.go.ug/" "Mozilla/5.0 (compatible; AhrefsBot/7.0; +http://ahrefs.com/robot/)"
202.8.42.63 - - [11/Jan/2025:16:52:53 +0300] "GET /wp-content/plugins/line-shortcodes/js/shortcodes.js HTTP/2.0" 200 1427 "https://ncdc.go.ug/" "Mozilla/5.0 (compatible; AhrefsBot/7.0; +http://ahrefs.com/robot/)"
202.8.42.63 - - [11/Jan/2025:16:52:53 +0300] "GET /wp-content/plugins/document-gallery/assets/js/gallery.min.js HTTP/2.0" 200 1455 "https://ncdc.go.ug/" "Mozilla/5.0 (compatible; AhrefsBot/7.0; +http://ahrefs.com/robot/)"
202.8.42.63 - - [11/Jan/2025:16:52:53 +0300] "GET /wp-content/plugins/Ultimate_VC_Addons/assets/min-js/ultimate_bg.min.js HTTP/2.0" 200 9446 "https://ncdc.go.ug/" "Mozilla/5.0 (compatible; AhrefsBot/7.0; +http://ahrefs.com/robot/)"
202.8.42.63 - - [11/Jan/2025:16:52:53 +0300] "GET /wp-content/plugins/wp-books-gallery-premium/assets/js/selectize.min.js HTTP/2.0" 200 15750 "https://ncdc.go.ug/" "Mozilla/5.0 (compatible; AhrefsBot/7.0; +http://ahrefs.com/robot/)"
202.8.42.63 - - [11/Jan/2025:16:52:53 +0300] "GET /wp-content/plugins/organization-chart/front/js/front_popup.js HTTP/2.0" 200 3297 "https://ncdc.go.ug/" "Mozilla/5.0 (compatible; AhrefsBot/7.0; +http://ahrefs.com/robot/)"
202.8.42.63 - - [11/Jan/2025:16:52:53 +0300] "GET /wp-content/plugins/post-slider-and-carousel/assets/js/psac-public.js HTTP/2.0" 200 741 "https://ncdc.go.ug/" "Mozilla/5.0 (compatible; AhrefsBot/7.0; +http://ahrefs.com/robot/)"
202.8.42.63 - - [11/Jan/2025:16:52:53 +0300] "GET /wp-content/plugins/js_composer/assets/lib/vc/vc_waypoints/vc-waypoints.min.js HTTP/2.0" 200 2726 "https://ncdc.go.ug/" "Mozilla/5.0 (compatible; AhrefsBot/7.0; +http://ahrefs.com/robot/)"
202.8.42.63 - - [11/Jan/2025:16:52:53 +0300] "GET /wp-content/plugins/folder-slider/jquery.bxslider/jquery.bxslider.min.js HTTP/2.0" 200 6089 "https://ncdc.go.ug/" "Mozilla/5.0 (compatible; AhrefsBot/7.0; +http://ahrefs.com/robot/)"
202.8.42.63 - - [11/Jan/2025:16:52:53 +0300] "GET /wp-content/plugins/post-slider-and-carousel/assets/js/owl.carousel.min.js HTTP/2.0" 200 11418 "https://ncdc.go.ug/" "Mozilla/5.0 (compatible; AhrefsBot/7.0; +http://ahrefs.com/robot/)"
202.8.42.63 - - [11/Jan/2025:16:52:53 +0300] "GET /wp-content/plugins/elementor/assets/js/webpack.runtime.min.js HTTP/2.0" 200 2390 "https://ncdc.go.ug/" "Mozilla/5.0 (compatible; AhrefsBot/7.0; +http://ahrefs.com/robot/)"
202.8.42.63 - - [11/Jan/2025:16:52:53 +0300] "GET /wp-content/plugins/advanced-faq-manager/assets/public/js/thfaqf-public.js HTTP/2.0" 200 2806 "https://ncdc.go.ug/" "Mozilla/5.0 (compatible; AhrefsBot/7.0; +http://ahrefs.com/robot/)"
202.8.42.63 - - [11/Jan/2025:16:52:53 +0300] "GET /wp-content/plugins/js_composer/assets/js/dist/js_composer_front.min.js HTTP/2.0" 200 5146 "https://ncdc.go.ug/" "Mozilla/5.0 (compatible; AhrefsBot/7.0; +http://ahrefs.com/robot/)"
202.8.42.63 - - [11/Jan/2025:16:52:53 +0300] "GET /wp-content/plugins/line-shortcodes/js/shortcodes-3rd.js HTTP/2.0" 200 15757 "https://ncdc.go.ug/" "Mozilla/5.0 (compatible; AhrefsBot/7.0; +http://ahrefs.com/robot/)"
202.8.42.63 - - [11/Jan/2025:16:52:53 +0300] "GET /wp-content/plugins/Ultimate_VC_Addons/assets/min-js/custom.min.js HTTP/2.0" 200 4749 "https://ncdc.go.ug/" "Mozilla/5.0 (compatible; AhrefsBot/7.0; +http://ahrefs.com/robot/)"
202.8.42.63 - - [11/Jan/2025:16:52:53 +0300] "GET /wp-content/plugins/folder-slider/slider.js HTTP/2.0" 200 290 "https://ncdc.go.ug/" "Mozilla/5.0 (compatible; AhrefsBot/7.0; +http://ahrefs.com/robot/)"
202.8.42.63 - - [11/Jan/2025:16:52:53 +0300] "GET /wp-content/plugins/elementor-pro/assets/js/webpack-pro.runtime.min.js HTTP/2.0" 200 2753 "https://ncdc.go.ug/" "Mozilla/5.0 (compatible; AhrefsBot/7.0; +http://ahrefs.com/robot/)"
202.8.42.63 - - [11/Jan/2025:16:52:53 +0300] "GET /wp-content/plugins/elementor/assets/js/frontend-modules.min.js HTTP/2.0" 200 15344 "https://ncdc.go.ug/" "Mozilla/5.0 (compatible; AhrefsBot/7.0; +http://ahrefs.com/robot/)"
202.8.42.63 - - [11/Jan/2025:16:52:53 +0300] "GET /wp-content/plugins/elementor-pro/assets/js/frontend.min.js HTTP/2.0" 200 6695 "https://ncdc.go.ug/" "Mozilla/5.0 (compatible; AhrefsBot/7.0; +http://ahrefs.com/robot/)"
202.8.42.63 - - [11/Jan/2025:16:52:53 +0300] "GET /wp-content/plugins/elementor/assets/js/frontend.min.js HTTP/2.0" 200 13774 "https://ncdc.go.ug/" "Mozilla/5.0 (compatible; AhrefsBot/7.0; +http://ahrefs.com/robot/)"
202.8.42.63 - - [11/Jan/2025:16:52:53 +0300] "GET /wp-content/plugins/elementor-pro/assets/js/elements-handlers.min.js HTTP/2.0" 200 10077 "https://ncdc.go.ug/" "Mozilla/5.0 (compatible; AhrefsBot/7.0; +http://ahrefs.com/robot/)"
202.8.42.63 - - [11/Jan/2025:16:52:53 +0300] "GET /wp-content/plugins/wp-grid-builder/public/js/polyfills.js HTTP/2.0" 200 7896 "https://ncdc.go.ug/" "Mozilla/5.0 (compatible; AhrefsBot/7.0; +http://ahrefs.com/robot/)"
202.8.42.63 - - [11/Jan/2025:16:52:53 +0300] "GET /wp-content/plugins/wp-grid-builder/public/js/lightbox.js HTTP/2.0" 200 4799 "https://ncdc.go.ug/" "Mozilla/5.0 (compatible; AhrefsBot/7.0; +http://ahrefs.com/robot/)"
202.8.42.63 - - [11/Jan/2025:16:52:53 +0300] "GET /wp-content/plugins/wp-grid-builder/public/js/layout.js HTTP/2.0" 200 14027 "https://ncdc.go.ug/" "Mozilla/5.0 (compatible; AhrefsBot/7.0; +http://ahrefs.com/robot/)"
202.8.42.63 - - [11/Jan/2025:16:52:53 +0300] "GET /wp-content/plugins/wp-grid-builder-elementor/assets/js/elementor.js HTTP/2.0" 200 1111 "https://ncdc.go.ug/" "Mozilla/5.0 (compatible; AhrefsBot/7.0; +http://ahrefs.com/robot/)"
202.8.42.63 - - [11/Jan/2025:16:52:53 +0300] "GET /wp-content/plugins/post-grid/assets/block-js/block-scripts.js HTTP/2.0" 200 12090 "https://ncdc.go.ug/" "Mozilla/5.0 (compatible; AhrefsBot/7.0; +http://ahrefs.com/robot/)"
202.8.42.63 - - [11/Jan/2025:16:52:53 +0300] "GET /wp-content/plugins/mailchimp-for-wp/assets/js/forms.js HTTP/2.0" 200 2605 "https://ncdc.go.ug/" "Mozilla/5.0 (compatible; AhrefsBot/7.0; +http://ahrefs.com/robot/)"
202.8.42.63 - - [11/Jan/2025:16:52:53 +0300] "GET /wp-content/plugins/wp-books-gallery-premium/assets/css/fontawesome/webfonts/fa-solid-900.woff2 HTTP/2.0" 200 154260 "https://ncdc.go.ug/wp-content/cache/wpo-minify/1736596187/assets/wpo-minify-header-2701056f.min.css" "Mozilla/5.0 (compatible; AhrefsBot/7.0; +http://ahrefs.com/robot/)"
202.8.42.63 - - [11/Jan/2025:16:52:53 +0300] "GET /wp-content/plugins/extensive-vc-addon/assets/css/ion-icons/fonts/ionicons.ttf HTTP/2.0" 200 109964 "https://ncdc.go.ug/wp-content/cache/wpo-minify/1736596187/assets/wpo-minify-header-2701056f.min.css" "Mozilla/5.0 (compatible; AhrefsBot/7.0; +http://ahrefs.com/robot/)"
202.8.42.63 - - [11/Jan/2025:16:52:53 +0300] "GET /wp-content/plugins/revslider/sr6/assets/js/rbtools.min.js HTTP/2.0" 200 61824 "https://ncdc.go.ug/" "Mozilla/5.0 (compatible; AhrefsBot/7.0; +http://ahrefs.com/robot/)"
202.8.42.63 - - [11/Jan/2025:16:52:53 +0300] "GET /wp-content/plugins/revslider/sr6/assets/js/rs6.min.js HTTP/2.0" 200 108972 "https://ncdc.go.ug/" "Mozilla/5.0 (compatible; AhrefsBot/7.0; +http://ahrefs.com/robot/)"
202.8.42.63 - - [11/Jan/2025:16:52:53 +0300] "GET /wp-content/plugins/js_composer/assets/lib/vendor/node_modules/@fortawesome/fontawesome-free/webfonts/fa-brands-400.woff2 HTTP/2.0" 200 76764 "https://ncdc.go.ug/wp-content/cache/wpo-minify/1736596187/assets/wpo-minify-footer-ad5f7fd1.min.css" "Mozilla/5.0 (compatible; AhrefsBot/7.0; +http://ahrefs.com/robot/)"
202.8.42.63 - - [11/Jan/2025:16:52:53 +0300] "GET /wp-content/plugins/js_composer/assets/lib/vendor/node_modules/@fortawesome/fontawesome-free/webfonts/fa-solid-900.woff2 HTTP/2.0" 200 78174 "https://ncdc.go.ug/wp-content/cache/wpo-minify/1736596187/assets/wpo-minify-footer-ad5f7fd1.min.css" "Mozilla/5.0 (compatible; AhrefsBot/7.0; +http://ahrefs.com/robot/)"
202.8.42.63 - - [11/Jan/2025:16:52:53 +0300] "GET /wp-content/plugins/advanced-faq-manager/assets/public/js/fontawesome.min.js HTTP/2.0" 200 444033 "https://ncdc.go.ug/" "Mozilla/5.0 (compatible; AhrefsBot/7.0; +http://ahrefs.com/robot/)"
202.8.42.63 - - [11/Jan/2025:16:52:53 +0300] "GET /wp-content/plugins/fuse-social-floating-sidebar/inc/font-awesome/fonts/fontawesome-webfont.woff2 HTTP/2.0" 200 77162 "https://ncdc.go.ug/wp-content/cache/wpo-minify/1736596187/assets/wpo-minify-header-2701056f.min.css" "Mozilla/5.0 (compatible; AhrefsBot/7.0; +http://ahrefs.com/robot/)"
202.8.42.63 - - [11/Jan/2025:16:52:53 +0300] "GET /wp-content/plugins/elementor/assets/css/conditionals/dialog.min.css?ver=3.26.4 HTTP/2.0" 200 1502 "https://ncdc.go.ug/" "Mozilla/5.0 (compatible; AhrefsBot/7.0; +http://ahrefs.com/robot/)"
202.8.42.63 - - [11/Jan/2025:16:52:53 +0300] "GET /wp-content/plugins/elementor/assets/lib/swiper/v8/css/swiper.min.css?ver=8.4.5 HTTP/2.0" 200 4583 "https://ncdc.go.ug/" "Mozilla/5.0 (compatible; AhrefsBot/7.0; +http://ahrefs.com/robot/)"
202.8.42.63 - - [11/Jan/2025:16:52:53 +0300] "GET /wp-content/plugins/elementor/assets/css/conditionals/lightbox.min.css?ver=3.26.4 HTTP/2.0" 200 1932 "https://ncdc.go.ug/" "Mozilla/5.0 (compatible; AhrefsBot/7.0; +http://ahrefs.com/robot/)"
202.8.42.63 - - [11/Jan/2025:16:52:53 +0300] "GET /wp-content/plugins/elementor/assets/lib/dialog/dialog.min.js?ver=4.9.3 HTTP/2.0" 200 3683 "https://ncdc.go.ug/" "Mozilla/5.0 (compatible; AhrefsBot/7.0; +http://ahrefs.com/robot/)"
202.8.42.63 - - [11/Jan/2025:16:52:53 +0300] "GET /wp-content/plugins/elementor/assets/js/lightbox.02f75f989ef2fbab5147.bundle.min.js HTTP/2.0" 200 9509 "https://ncdc.go.ug/" "Mozilla/5.0 (compatible; AhrefsBot/7.0; +http://ahrefs.com/robot/)"
202.8.42.63 - - [11/Jan/2025:16:52:53 +0300] "GET /wp-content/plugins/elementor/assets/lib/share-link/share-link.min.js?ver=3.26.4 HTTP/2.0" 200 1169 "https://ncdc.go.ug/" "Mozilla/5.0 (compatible; AhrefsBot/7.0; +http://ahrefs.com/robot/)"
202.8.42.63 - - [11/Jan/2025:16:52:54 +0300] "GET /wp-content/plugins/elementor/assets/js/text-editor.2cbb801863b5118e0825.bundle.min.js HTTP/2.0" 200 666 "https://ncdc.go.ug/" "Mozilla/5.0 (compatible; AhrefsBot/7.0; +http://ahrefs.com/robot/)"
202.8.42.63 - - [11/Jan/2025:16:52:54 +0300] "GET /wp-content/plugins/revslider/sr6/assets/fonts/revicons/revicons.woff HTTP/2.0" 200 7491 "https://ncdc.go.ug/wp-content/cache/wpo-minify/1736596187/assets/wpo-minify-footer-ad5f7fd1.min.css" "Mozilla/5.0 (compatible; AhrefsBot/7.0; +http://ahrefs.com/robot/)"
3.137.170.76 - - [11/Jan/2025:16:52:58 +0300] "GET /2025/01/06/%e0%b8%84%e0%b8%b2%e0%b8%aa%e0%b8%b4%e0%b9%82%e0%b8%99%e0%b8%ad%e0%b8%ad%e0%b8%99%e0%b9%84%e0%b8%a5%e0%b8%99%e0%b9%8c%e0%b8%97%e0%b8%b5%e0%b9%88%e0%b8%94%e0%b8%b5%e0%b8%81%e0%b8%a7%e0%b9%88%e0%b8%b2/feed HTTP/2.0" 500 3096 "-" "Mozilla/5.0 AppleWebKit/537.36 (KHTML, like Gecko; compatible; ClaudeBot/1.0; +claudebot@anthropic.com)"
154.72.192.35 - - [11/Jan/2025:16:53:00 +0300] "HEAD / HTTP/1.1" 200 - "-" "Uptime-Kuma/1.23.11"
18.222.182.195 - - [11/Jan/2025:16:53:02 +0300] "GET /wp-content/plugins/post-grid/assets/block-css/custom-fonts.css HTTP/2.0" 200 1 "-" "Mozilla/5.0 AppleWebKit/537.36 (KHTML, like Gecko; compatible; ClaudeBot/1.0; +claudebot@anthropic.com)"
85.208.96.206 - - [11/Jan/2025:16:53:03 +0300] "GET /gallery/?22&50-conference-venue&50-conference-venue&50-conference-venue&about-the-conference&about-the-conference%3F42 HTTP/1.1" 200 2017 "-" "Mozilla/5.0 (compatible; SemrushBot/7~bl; +http://www.semrush.com/bot.html)"
85.208.96.200 - - [11/Jan/2025:16:53:05 +0300] "GET /gallery/?50-conference-venue&50-conference-venue&aca&aca&ncdc-50-conference&sample%3Ffacilitators-for-teacher-training HTTP/1.1" 200 2017 "-" "Mozilla/5.0 (compatible; SemrushBot/7~bl; +http://www.semrush.com/bot.html)"
18.116.205.62 - - [11/Jan/2025:16:53:11 +0300] "HEAD / HTTP/1.1" 200 - "https://ncdc.go.ug/" "Mozilla/5.0+(compatible; UptimeRobot/2.0; http://www.uptimerobot.com/)"
52.167.144.24 - - [11/Jan/2025:16:53:11 +0300] "GET /resource/?option&path=/home/ncdcgo/public_html/wp-admin HTTP/2.0" 200 670 "-" "Mozilla/5.0 AppleWebKit/537.36 (KHTML, like Gecko; compatible; bingbot/2.0; +http://www.bing.com/bingbot.htm) Chrome/116.0.1938.76 Safari/537.36"
52.167.144.24 - - [11/Jan/2025:16:53:12 +0300] "GET /resource/?option&path=/home/ncdcgo/public_html/wp-includes HTTP/2.0" 200 673 "-" "Mozilla/5.0 AppleWebKit/537.36 (KHTML, like Gecko; compatible; bingbot/2.0; +http://www.bing.com/bingbot.htm) Chrome/116.0.1938.76 Safari/537.36"
52.167.144.24 - - [11/Jan/2025:16:53:12 +0300] "GET /resource/?path=/home/ncdcgo/public_html/wp-includes/style-engine HTTP/2.0" 200 1096 "-" "Mozilla/5.0 AppleWebKit/537.36 (KHTML, like Gecko; compatible; bingbot/2.0; +http://www.bing.com/bingbot.htm) Chrome/116.0.1938.76 Safari/537.36"
52.167.144.24 - - [11/Jan/2025:16:53:13 +0300] "GET /resource/?filesrc=/home/ncdcgo/public_html/wp-admin/upgrade-functions.php&path=/home/ncdcgo/public_html/wp-admin HTTP/2.0" 200 878 "-" "Mozilla/5.0 AppleWebKit/537.36 (KHTML, like Gecko; compatible; bingbot/2.0; +http://www.bing.com/bingbot.htm) Chrome/116.0.1938.76 Safari/537.36"
52.167.144.24 - - [11/Jan/2025:16:53:14 +0300] "GET /resource/?filesrc=/home/ncdcgo/public_html/wp-includes/bookmark-template.php&path=/home/ncdcgo/public_html/wp-includes HTTP/2.0" 200 4006 "-" "Mozilla/5.0 AppleWebKit/537.36 (KHTML, like Gecko; compatible; bingbot/2.0; +http://www.bing.com/bingbot.htm) Chrome/116.0.1938.76 Safari/537.36"
52.167.144.24 - - [11/Jan/2025:16:53:14 +0300] "GET /resource/?filesrc=/home/ncdcgo/public_html/wp-includes/class-wp-embed.php&path=/home/ncdcgo/public_html/wp-includes HTTP/2.0" 500 3098 "-" "Mozilla/5.0 AppleWebKit/537.36 (KHTML, like Gecko; compatible; bingbot/2.0; +http://www.bing.com/bingbot.htm) Chrome/116.0.1938.76 Safari/537.36"
57.141.5.8 - - [11/Jan/2025:16:53:17 +0300] "GET /wp-content/plugins/contact-form-7/admin/css/?C=S;O=D HTTP/2.0" 200 30635 "-" "meta-externalagent/1.1 (+https://developers.facebook.com/docs/sharing/webmasters/crawler)"
185.191.171.16 - - [11/Jan/2025:16:53:25 +0300] "GET /category/resources/secondary/page/43/ HTTP/1.1" 500 2303 "-" "Mozilla/5.0 (compatible; SemrushBot/7~bl; +http://www.semrush.com/bot.html)"
40.77.167.6 - - [11/Jan/2025:16:53:37 +0300] "GET /resource/?path=/etc/crypto-policies HTTP/2.0" 200 1012 "-" "Mozilla/5.0 AppleWebKit/537.36 (KHTML, like Gecko; compatible; bingbot/2.0; +http://www.bing.com/bingbot.htm) Chrome/116.0.1938.76 Safari/537.36"
40.77.167.6 - - [11/Jan/2025:16:53:37 +0300] "GET /resource/?path=/etc/cl.python HTTP/2.0" 200 939 "-" "Mozilla/5.0 AppleWebKit/537.36 (KHTML, like Gecko; compatible; bingbot/2.0; +http://www.bing.com/bingbot.htm) Chrome/116.0.1938.76 Safari/537.36"
40.77.167.6 - - [11/Jan/2025:16:53:38 +0300] "GET /resource/?path=/etc/environment-modules HTTP/2.0" 200 972 "-" "Mozilla/5.0 AppleWebKit/537.36 (KHTML, like Gecko; compatible; bingbot/2.0; +http://www.bing.com/bingbot.htm) Chrome/116.0.1938.76 Safari/537.36"
40.77.167.6 - - [11/Jan/2025:16:53:39 +0300] "GET /resource/?path=/etc/snmp HTTP/2.0" 200 935 "-" "Mozilla/5.0 AppleWebKit/537.36 (KHTML, like Gecko; compatible; bingbot/2.0; +http://www.bing.com/bingbot.htm) Chrome/116.0.1938.76 Safari/537.36"
47.128.16.4 - - [11/Jan/2025:16:53:39 +0300] "GET /?filesrc=%2Fhome%2Fncdcgo%2Fpublic_html%2F.user.ini&path=%2Fhome%2Fncdcgo%2Fpublic_html HTTP/2.0" 200 1029 "-" "Mozilla/5.0 (Linux; Android 5.0) AppleWebKit/537.36 (KHTML, like Gecko) Mobile Safari/537.36 (compatible; Bytespider; spider-feedback@bytedance.com)"
40.77.167.6 - - [11/Jan/2025:16:53:40 +0300] "GET /resource/?path=/etc/openldap HTTP/2.0" 200 932 "-" "Mozilla/5.0 AppleWebKit/537.36 (KHTML, like Gecko; compatible; bingbot/2.0; +http://www.bing.com/bingbot.htm) Chrome/116.0.1938.76 Safari/537.36"
52.167.144.24 - - [11/Jan/2025:16:53:41 +0300] "GET /resource/?path=/etc/sasl2 HTTP/2.0" 200 716 "-" "Mozilla/5.0 AppleWebKit/537.36 (KHTML, like Gecko; compatible; bingbot/2.0; +http://www.bing.com/bingbot.htm) Chrome/116.0.1938.76 Safari/537.36"
52.167.144.24 - - [11/Jan/2025:16:53:42 +0300] "GET /resource/?path=/etc/profile.d HTTP/2.0" 500 3098 "-" "Mozilla/5.0 AppleWebKit/537.36 (KHTML, like Gecko; compatible; bingbot/2.0; +http://www.bing.com/bingbot.htm) Chrome/116.0.1938.76 Safari/537.36"
52.167.144.24 - - [11/Jan/2025:16:53:43 +0300] "GET /resource/?path=/etc/skel HTTP/2.0" 200 956 "-" "Mozilla/5.0 AppleWebKit/537.36 (KHTML, like Gecko; compatible; bingbot/2.0; +http://www.bing.com/bingbot.htm) Chrome/116.0.1938.76 Safari/537.36"
52.167.144.24 - - [11/Jan/2025:16:53:43 +0300] "GET /resource/?path=/etc/sysconfig HTTP/2.0" 200 954 "-" "Mozilla/5.0 AppleWebKit/537.36 (KHTML, like Gecko; compatible; bingbot/2.0; +http://www.bing.com/bingbot.htm) Chrome/116.0.1938.76 Safari/537.36"
52.167.144.24 - - [11/Jan/2025:16:53:44 +0300] "GET /resource/?path=/etc/default HTTP/2.0" 200 921 "-" "Mozilla/5.0 AppleWebKit/537.36 (KHTML, like Gecko; compatible; bingbot/2.0; +http://www.bing.com/bingbot.htm) Chrome/116.0.1938.76 Safari/537.36"
52.167.144.24 - - [11/Jan/2025:16:53:45 +0300] "GET /resource/?path=/lib/dracut HTTP/2.0" 500 3098 "-" "Mozilla/5.0 AppleWebKit/537.36 (KHTML, like Gecko; compatible; bingbot/2.0; +http://www.bing.com/bingbot.htm) Chrome/116.0.1938.76 Safari/537.36"
52.167.144.24 - - [11/Jan/2025:16:53:46 +0300] "GET /resource/?filesrc=/lib/libSegFault.so&path=/lib HTTP/2.0" 500 3098 "-" "Mozilla/5.0 AppleWebKit/537.36 (KHTML, like Gecko; compatible; bingbot/2.0; +http://www.bing.com/bingbot.htm) Chrome/116.0.1938.76 Safari/537.36"
52.167.144.24 - - [11/Jan/2025:16:53:46 +0300] "GET /resource/?path=/lib/environment.d HTTP/2.0" 500 3098 "-" "Mozilla/5.0 AppleWebKit/537.36 (KHTML, like Gecko; compatible; bingbot/2.0; +http://www.bing.com/bingbot.htm) Chrome/116.0.1938.76 Safari/537.36"
52.167.144.24 - - [11/Jan/2025:16:53:47 +0300] "GET /resource/?path=/lib/NetworkManager HTTP/2.0" 500 3098 "-" "Mozilla/5.0 AppleWebKit/537.36 (KHTML, like Gecko; compatible; bingbot/2.0; +http://www.bing.com/bingbot.htm) Chrome/116.0.1938.76 Safari/537.36"
52.167.144.24 - - [11/Jan/2025:16:53:48 +0300] "GET /resource/?path=/lib/udev HTTP/2.0" 500 3098 "-" "Mozilla/5.0 AppleWebKit/537.36 (KHTML, like Gecko; compatible; bingbot/2.0; +http://www.bing.com/bingbot.htm) Chrome/116.0.1938.76 Safari/537.36"
52.167.144.24 - - [11/Jan/2025:16:53:49 +0300] "GET /resource/?path=/lib/modules HTTP/2.0" 500 3098 "-" "Mozilla/5.0 AppleWebKit/537.36 (KHTML, like Gecko; compatible; bingbot/2.0; +http://www.bing.com/bingbot.htm) Chrome/116.0.1938.76 Safari/537.36"
52.167.144.24 - - [11/Jan/2025:16:53:51 +0300] "GET /resource/?path=/lib/vmware-tools HTTP/2.0" 500 3098 "-" "Mozilla/5.0 AppleWebKit/537.36 (KHTML, like Gecko; compatible; bingbot/2.0; +http://www.bing.com/bingbot.htm) Chrome/116.0.1938.76 Safari/537.36"
52.167.144.160 - - [11/Jan/2025:16:53:52 +0300] "GET /resource/?path=/etc/ssh HTTP/2.0" 200 927 "-" "Mozilla/5.0 AppleWebKit/537.36 (KHTML, like Gecko; compatible; bingbot/2.0; +http://www.bing.com/bingbot.htm) Chrome/116.0.1938.76 Safari/537.36"
52.167.144.160 - - [11/Jan/2025:16:53:53 +0300] "GET /resource/?path=/etc/modulefiles HTTP/2.0" 200 719 "-" "Mozilla/5.0 AppleWebKit/537.36 (KHTML, like Gecko; compatible; bingbot/2.0; +http://www.bing.com/bingbot.htm) Chrome/116.0.1938.76 Safari/537.36"
52.167.144.160 - - [11/Jan/2025:16:53:54 +0300] "GET /resource/?path=/etc/fonts HTTP/2.0" 200 925 "-" "Mozilla/5.0 AppleWebKit/537.36 (KHTML, like Gecko; compatible; bingbot/2.0; +http://www.bing.com/bingbot.htm) Chrome/116.0.1938.76 Safari/537.36"
52.167.144.160 - - [11/Jan/2025:16:53:54 +0300] "GET /resource/?path=/etc/alternatives HTTP/2.0" 200 1935 "-" "Mozilla/5.0 AppleWebKit/537.36 (KHTML, like Gecko; compatible; bingbot/2.0; +http://www.bing.com/bingbot.htm) Chrome/116.0.1938.76 Safari/537.36"
52.167.144.160 - - [11/Jan/2025:16:53:55 +0300] "GET /resource/?path=/lib/modules-load.d HTTP/2.0" 200 941 "-" "Mozilla/5.0 AppleWebKit/537.36 (KHTML, like Gecko; compatible; bingbot/2.0; +http://www.bing.com/bingbot.htm) Chrome/116.0.1938.76 Safari/537.36"
52.167.144.160 - - [11/Jan/2025:16:53:56 +0300] "GET /resource/?filesrc=/sbin/sasldblistusers2&path=/sbin HTTP/2.0" 500 3097 "-" "Mozilla/5.0 AppleWebKit/537.36 (KHTML, like Gecko; compatible; bingbot/2.0; +http://www.bing.com/bingbot.htm) Chrome/116.0.1938.76 Safari/537.36"
52.167.144.160 - - [11/Jan/2025:16:53:56 +0300] "GET /resource/?path=/etc/scl HTTP/2.0" 500 3097 "-" "Mozilla/5.0 AppleWebKit/537.36 (KHTML, like Gecko; compatible; bingbot/2.0; +http://www.bing.com/bingbot.htm) Chrome/116.0.1938.76 Safari/537.36"
52.167.144.160 - - [11/Jan/2025:16:53:57 +0300] "GET /resource/?path=/lib/rpm HTTP/2.0" 500 3097 "-" "Mozilla/5.0 AppleWebKit/537.36 (KHTML, like Gecko; compatible; bingbot/2.0; +http://www.bing.com/bingbot.htm) Chrome/116.0.1938.76 Safari/537.36"
52.167.144.160 - - [11/Jan/2025:16:53:58 +0300] "GET /resource/?path=/lib/java HTTP/2.0" 500 3097 "-" "Mozilla/5.0 AppleWebKit/537.36 (KHTML, like Gecko; compatible; bingbot/2.0; +http://www.bing.com/bingbot.htm) Chrome/116.0.1938.76 Safari/537.36"
52.167.144.160 - - [11/Jan/2025:16:53:58 +0300] "GET /resource/?path=/lib/debug HTTP/2.0" 500 3097 "-" "Mozilla/5.0 AppleWebKit/537.36 (KHTML, like Gecko; compatible; bingbot/2.0; +http://www.bing.com/bingbot.htm) Chrome/116.0.1938.76 Safari/537.36"
52.167.144.160 - - [11/Jan/2025:16:53:59 +0300] "GET /resource/?path=/lib/firewalld HTTP/2.0" 500 3097 "-" "Mozilla/5.0 AppleWebKit/537.36 (KHTML, like Gecko; compatible; bingbot/2.0; +http://www.bing.com/bingbot.htm) Chrome/116.0.1938.76 Safari/537.36"
52.167.144.160 - - [11/Jan/2025:16:54:00 +0300] "GET /resource/?path=/lib/locale HTTP/2.0" 500 3097 "-" "Mozilla/5.0 AppleWebKit/537.36 (KHTML, like Gecko; compatible; bingbot/2.0; +http://www.bing.com/bingbot.htm) Chrome/116.0.1938.76 Safari/537.36"
52.167.144.160 - - [11/Jan/2025:16:54:01 +0300] "GET /resource/?path=/lib/kernel HTTP/2.0" 500 3097 "-" "Mozilla/5.0 AppleWebKit/537.36 (KHTML, like Gecko; compatible; bingbot/2.0; +http://www.bing.com/bingbot.htm) Chrome/116.0.1938.76 Safari/537.36"
154.72.192.35 - - [11/Jan/2025:16:54:01 +0300] "HEAD / HTTP/1.1" 200 - "-" "Uptime-Kuma/1.23.11"
52.167.144.172 - - [11/Jan/2025:16:54:05 +0300] "GET /resource/?path=/lib/eclipse HTTP/2.0" 200 940 "-" "Mozilla/5.0 AppleWebKit/537.36 (KHTML, like Gecko; compatible; bingbot/2.0; +http://www.bing.com/bingbot.htm) Chrome/116.0.1938.76 Safari/537.36"
52.167.144.172 - - [11/Jan/2025:16:54:06 +0300] "GET /resource/?path=/etc/mail HTTP/2.0" 200 862 "-" "Mozilla/5.0 AppleWebKit/537.36 (KHTML, like Gecko; compatible; bingbot/2.0; +http://www.bing.com/bingbot.htm) Chrome/116.0.1938.76 Safari/537.36"
3.20.63.178 - - [11/Jan/2025:16:54:07 +0300] "HEAD / HTTP/1.1" 200 - "https://ncdc.go.ug/" "Mozilla/5.0+(compatible; UptimeRobot/2.0; http://www.uptimerobot.com/)"
52.167.144.172 - - [11/Jan/2025:16:54:07 +0300] "GET /resource/?path=/lib/gcc HTTP/2.0" 200 874 "-" "Mozilla/5.0 AppleWebKit/537.36 (KHTML, like Gecko; compatible; bingbot/2.0; +http://www.bing.com/bingbot.htm) Chrome/116.0.1938.76 Safari/537.36"
52.167.144.172 - - [11/Jan/2025:16:54:08 +0300] "GET /resource/?path=/lib/jvm-commmon HTTP/2.0" 200 724 "-" "Mozilla/5.0 AppleWebKit/537.36 (KHTML, like Gecko; compatible; bingbot/2.0; +http://www.bing.com/bingbot.htm) Chrome/116.0.1938.76 Safari/537.36"
52.167.144.172 - - [11/Jan/2025:16:54:08 +0300] "GET /resource/?path=/lib/kdump HTTP/2.0" 200 967 "-" "Mozilla/5.0 AppleWebKit/537.36 (KHTML, like Gecko; compatible; bingbot/2.0; +http://www.bing.com/bingbot.htm) Chrome/116.0.1938.76 Safari/537.36"
52.167.144.172 - - [11/Jan/2025:16:54:09 +0300] "GET /resource/?path=/lib/games HTTP/2.0" 500 3098 "-" "Mozilla/5.0 AppleWebKit/537.36 (KHTML, like Gecko; compatible; bingbot/2.0; +http://www.bing.com/bingbot.htm) Chrome/116.0.1938.76 Safari/537.36"
52.167.144.172 - - [11/Jan/2025:16:54:10 +0300] "GET /resource/?path=/lib/vmware-vgauth HTTP/2.0" 500 3098 "-" "Mozilla/5.0 AppleWebKit/537.36 (KHTML, like Gecko; compatible; bingbot/2.0; +http://www.bing.com/bingbot.htm) Chrome/116.0.1938.76 Safari/537.36"
52.167.144.172 - - [11/Jan/2025:16:54:10 +0300] "GET /resource/?path=/run/dbus HTTP/2.0" 500 3098 "-" "Mozilla/5.0 AppleWebKit/537.36 (KHTML, like Gecko; compatible; bingbot/2.0; +http://www.bing.com/bingbot.htm) Chrome/116.0.1938.76 Safari/537.36"
52.167.144.172 - - [11/Jan/2025:16:54:11 +0300] "GET /resource/?path=/usr/libexec HTTP/2.0" 500 3098 "-" "Mozilla/5.0 AppleWebKit/537.36 (KHTML, like Gecko; compatible; bingbot/2.0; +http://www.bing.com/bingbot.htm) Chrome/116.0.1938.76 Safari/537.36"
85.208.96.205 - - [11/Jan/2025:16:54:11 +0300] "GET /gallery/?about-the-conference&job-fair&ncdc-50-conference&ncdc-collaboration&refresher-training-for-centre-coordinating-tutors-ccts&sample%3F24 HTTP/1.1" 200 2017 "-" "Mozilla/5.0 (compatible; SemrushBot/7~bl; +http://www.semrush.com/bot.html)"
52.167.144.172 - - [11/Jan/2025:16:54:12 +0300] "GET /resource/?path=/dev/shm HTTP/2.0" 500 3098 "-" "Mozilla/5.0 AppleWebKit/537.36 (KHTML, like Gecko; compatible; bingbot/2.0; +http://www.bing.com/bingbot.htm) Chrome/116.0.1938.76 Safari/537.36"
185.191.171.2 - - [11/Jan/2025:16:54:14 +0300] "GET /gallery/?50-conference-venue&ncdc-50-conference&parliament&parliament&sample%3F20&stepu&welcome-remarks%3F127 HTTP/1.1" 200 2017 "-" "Mozilla/5.0 (compatible; SemrushBot/7~bl; +http://www.semrush.com/bot.html)"
52.167.144.172 - - [11/Jan/2025:16:54:15 +0300] "GET /resource/?path=/lib/tuned HTTP/2.0" 500 3098 "-" "Mozilla/5.0 AppleWebKit/537.36 (KHTML, like Gecko; compatible; bingbot/2.0; +http://www.bing.com/bingbot.htm) Chrome/116.0.1938.76 Safari/537.36"
52.167.144.172 - - [11/Jan/2025:16:54:16 +0300] "GET /resource/?path=/run/net-snmp HTTP/2.0" 500 3098 "-" "Mozilla/5.0 AppleWebKit/537.36 (KHTML, like Gecko; compatible; bingbot/2.0; +http://www.bing.com/bingbot.htm) Chrome/116.0.1938.76 Safari/537.36"
52.167.144.172 - - [11/Jan/2025:16:54:17 +0300] "GET /resource/?filesrc=/lib/libxcb-glx.so.0&path=/lib HTTP/2.0" 500 3098 "-" "Mozilla/5.0 AppleWebKit/537.36 (KHTML, like Gecko; compatible; bingbot/2.0; +http://www.bing.com/bingbot.htm) Chrome/116.0.1938.76 Safari/537.36"
41.210.141.253 - - [11/Jan/2025:16:54:08 +0300] "GET /wp-content/uploads/2024/02/P3_Thematic_Curr_21_November_2007_-_Edited.pdf HTTP/2.0" 200 876762 "https://www.google.com/" "Mozilla/5.0 (Linux; Android 10; K) AppleWebKit/537.36 (KHTML, like Gecko) Chrome/131.0.0.0 Mobile Safari/537.36"
52.167.144.24 - - [11/Jan/2025:16:54:24 +0300] "GET /resource/?path=/lib/systemd HTTP/2.0" 200 2509 "-" "Mozilla/5.0 AppleWebKit/537.36 (KHTML, like Gecko; compatible; bingbot/2.0; +http://www.bing.com/bingbot.htm) Chrome/116.0.1938.76 Safari/537.36"
52.167.144.24 - - [11/Jan/2025:16:54:25 +0300] "GET /resource/?path=/lib/gconv HTTP/2.0" 200 6015 "-" "Mozilla/5.0 AppleWebKit/537.36 (KHTML, like Gecko; compatible; bingbot/2.0; +http://www.bing.com/bingbot.htm) Chrome/116.0.1938.76 Safari/537.36"
52.167.144.24 - - [11/Jan/2025:16:54:25 +0300] "GET /resource/?option&path=/etc/environment-modules HTTP/2.0" 200 649 "-" "Mozilla/5.0 AppleWebKit/537.36 (KHTML, like Gecko; compatible; bingbot/2.0; +http://www.bing.com/bingbot.htm) Chrome/116.0.1938.76 Safari/537.36"
52.167.144.24 - - [11/Jan/2025:16:54:26 +0300] "GET /resource/?path=/etc/openldap/certs HTTP/2.0" 200 727 "-" "Mozilla/5.0 AppleWebKit/537.36 (KHTML, like Gecko; compatible; bingbot/2.0; +http://www.bing.com/bingbot.htm) Chrome/116.0.1938.76 Safari/537.36"
41.210.141.10 - - [11/Jan/2025:16:54:27 +0300] "GET /wp-content/uploads/2024/08/CAPES-LEVEL-2.pdf HTTP/2.0" 206 637303 "-" "com.google.android.apps.searchlite/63665 (Linux; U; Android 8.1.0; en_US; itel A16 Plus; Build/OPM2.171019.012; Cronet/132.0.6808.3)"
52.167.144.24 - - [11/Jan/2025:16:54:27 +0300] "GET /resource/?path=/lib/dracut HTTP/2.0" 500 3098 "-" "Mozilla/5.0 AppleWebKit/537.36 (KHTML, like Gecko; compatible; bingbot/2.0; +http://www.bing.com/bingbot.htm) Chrome/116.0.1938.76 Safari/537.36"
52.167.144.172 - - [11/Jan/2025:16:54:28 +0300] "GET /resource/?path=/lib/vmware-vgauth HTTP/2.0" 200 1006 "-" "Mozilla/5.0 AppleWebKit/537.36 (KHTML, like Gecko; compatible; bingbot/2.0; +http://www.bing.com/bingbot.htm) Chrome/116.0.1938.76 Safari/537.36"
52.167.144.24 - - [11/Jan/2025:16:54:28 +0300] "GET /resource/?option&path=/etc/openldap HTTP/2.0" 500 3098 "-" "Mozilla/5.0 AppleWebKit/537.36 (KHTML, like Gecko; compatible; bingbot/2.0; +http://www.bing.com/bingbot.htm) Chrome/116.0.1938.76 Safari/537.36"
52.167.144.24 - - [11/Jan/2025:16:54:29 +0300] "GET /resource/?path=/lib/udev HTTP/2.0" 500 3098 "-" "Mozilla/5.0 AppleWebKit/537.36 (KHTML, like Gecko; compatible; bingbot/2.0; +http://www.bing.com/bingbot.htm) Chrome/116.0.1938.76 Safari/537.36"
52.167.144.24 - - [11/Jan/2025:16:54:29 +0300] "GET /resource/?path=/lib/NetworkManager HTTP/2.0" 500 3098 "-" "Mozilla/5.0 AppleWebKit/537.36 (KHTML, like Gecko; compatible; bingbot/2.0; +http://www.bing.com/bingbot.htm) Chrome/116.0.1938.76 Safari/537.36"
52.167.144.24 - - [11/Jan/2025:16:54:30 +0300] "GET /resource/?path=/lib/modules HTTP/2.0" 500 3098 "-" "Mozilla/5.0 AppleWebKit/537.36 (KHTML, like Gecko; compatible; bingbot/2.0; +http://www.bing.com/bingbot.htm) Chrome/116.0.1938.76 Safari/537.36"
52.167.144.24 - - [11/Jan/2025:16:54:31 +0300] "GET /resource/?path=/etc/profile.d HTTP/2.0" 500 3098 "-" "Mozilla/5.0 AppleWebKit/537.36 (KHTML, like Gecko; compatible; bingbot/2.0; +http://www.bing.com/bingbot.htm) Chrome/116.0.1938.76 Safari/537.36"
52.167.144.24 - - [11/Jan/2025:16:54:31 +0300] "GET /resource/?path=/lib/environment.d HTTP/2.0" 500 3098 "-" "Mozilla/5.0 AppleWebKit/537.36 (KHTML, like Gecko; compatible; bingbot/2.0; +http://www.bing.com/bingbot.htm) Chrome/116.0.1938.76 Safari/537.36"
52.167.144.24 - - [11/Jan/2025:16:54:32 +0300] "GET /resource/?path=/run/console HTTP/2.0" 500 3098 "-" "Mozilla/5.0 AppleWebKit/537.36 (KHTML, like Gecko; compatible; bingbot/2.0; +http://www.bing.com/bingbot.htm) Chrome/116.0.1938.76 Safari/537.36"
52.167.144.24 - - [11/Jan/2025:16:54:32 +0300] "GET /resource/?filesrc=/lib/libSegFault.so&path=/lib HTTP/2.0" 500 3098 "-" "Mozilla/5.0 AppleWebKit/537.36 (KHTML, like Gecko; compatible; bingbot/2.0; +http://www.bing.com/bingbot.htm) Chrome/116.0.1938.76 Safari/537.36"
41.210.141.10 - - [11/Jan/2025:16:54:27 +0300] "GET /wp-content/uploads/2024/08/CAPES-LEVEL-2.pdf HTTP/2.0" 206 1631712 "-" "com.google.android.apps.searchlite/63665 (Linux; U; Android 8.1.0; en_US; itel A16 Plus; Build/OPM2.171019.012; Cronet/132.0.6808.3)"
52.167.144.24 - - [11/Jan/2025:16:54:33 +0300] "GET /resource/?path=/lib/vmware-tools HTTP/2.0" 500 3098 "-" "Mozilla/5.0 AppleWebKit/537.36 (KHTML, like Gecko; compatible; bingbot/2.0; +http://www.bing.com/bingbot.htm) Chrome/116.0.1938.76 Safari/537.36"
52.167.144.24 - - [11/Jan/2025:16:54:34 +0300] "GET /resource/?option&path=/etc/fonts HTTP/2.0" 500 3098 "-" "Mozilla/5.0 AppleWebKit/537.36 (KHTML, like Gecko; compatible; bingbot/2.0; +http://www.bing.com/bingbot.htm) Chrome/116.0.1938.76 Safari/537.36"
52.167.144.24 - - [11/Jan/2025:16:54:34 +0300] "GET /resource/?path=/etc/alternatives/jre_openjdk HTTP/2.0" 500 3098 "-" "Mozilla/5.0 AppleWebKit/537.36 (KHTML, like Gecko; compatible; bingbot/2.0; +http://www.bing.com/bingbot.htm) Chrome/116.0.1938.76 Safari/537.36"
52.167.144.24 - - [11/Jan/2025:16:54:35 +0300] "GET /resource/?filesrc=/etc/alternatives/ncman&path=/etc/alternatives HTTP/2.0" 500 3098 "-" "Mozilla/5.0 AppleWebKit/537.36 (KHTML, like Gecko; compatible; bingbot/2.0; +http://www.bing.com/bingbot.htm) Chrome/116.0.1938.76 Safari/537.36"
57.141.5.21 - - [11/Jan/2025:16:54:36 +0300] "GET /wp-content/plugins/extensive-vc-addon/shortcodes/icon-with-text/templates/parts/text.php HTTP/2.0" 200 - "-" "meta-externalagent/1.1 (+https://developers.facebook.com/docs/sharing/webmasters/crawler)"
41.210.147.222 - - [11/Jan/2025:16:54:38 +0300] "GET /wp-content/uploads/2024/02/ECD_FRamework.pdf HTTP/2.0" 200 550463 "https://www.google.com/" "Mozilla/5.0 (Linux; Android 10; K) AppleWebKit/537.36 (KHTML, like Gecko) Chrome/131.0.0.0 Mobile Safari/537.36"
52.167.144.24 - - [11/Jan/2025:16:54:38 +0300] "GET /resource/?option&path=/etc/alternatives HTTP/2.0" 500 3098 "-" "Mozilla/5.0 AppleWebKit/537.36 (KHTML, like Gecko; compatible; bingbot/2.0; +http://www.bing.com/bingbot.htm) Chrome/116.0.1938.76 Safari/537.36"
185.191.171.16 - - [11/Jan/2025:16:54:42 +0300] "GET /gallery?50-conference-venue&50-conference-venue&aca&consultation-on-a-level-curriculum-review-2&job-fair&sample%3F20%3F35 HTTP/1.1" 200 2017 "-" "Mozilla/5.0 (compatible; SemrushBot/7~bl; +http://www.semrush.com/bot.html)"
52.167.144.160 - - [11/Jan/2025:16:54:43 +0300] "GET /resource/?path=/lib/firmware HTTP/2.0" 200 9302 "-" "Mozilla/5.0 AppleWebKit/537.36 (KHTML, like Gecko; compatible; bingbot/2.0; +http://www.bing.com/bingbot.htm) Chrome/116.0.1938.76 Safari/537.36"
52.167.144.24 - - [11/Jan/2025:16:54:38 +0300] "GET /resource/?filesrc=/home/ncdcgo/public_html/wp-includes/class-wp-embed.php&path=/home/ncdcgo/public_html/wp-includes HTTP/2.0" 500 3098 "-" "Mozilla/5.0 AppleWebKit/537.36 (KHTML, like Gecko; compatible; bingbot/2.0; +http://www.bing.com/bingbot.htm) Chrome/116.0.1938.76 Safari/537.36"
52.167.144.160 - - [11/Jan/2025:16:54:44 +0300] "GET /resource/?path=/run/systemd HTTP/2.0" 200 860 "-" "Mozilla/5.0 AppleWebKit/537.36 (KHTML, like Gecko; compatible; bingbot/2.0; +http://www.bing.com/bingbot.htm) Chrome/116.0.1938.76 Safari/537.36"
52.167.144.160 - - [11/Jan/2025:16:54:44 +0300] "GET /resource/?path=/run/faillock HTTP/2.0" 200 717 "-" "Mozilla/5.0 AppleWebKit/537.36 (KHTML, like Gecko; compatible; bingbot/2.0; +http://www.bing.com/bingbot.htm) Chrome/116.0.1938.76 Safari/537.36"
52.167.144.160 - - [11/Jan/2025:16:54:45 +0300] "GET /resource/?path=/dev/pts HTTP/2.0" 200 715 "-" "Mozilla/5.0 AppleWebKit/537.36 (KHTML, like Gecko; compatible; bingbot/2.0; +http://www.bing.com/bingbot.htm) Chrome/116.0.1938.76 Safari/537.36"
52.167.144.160 - - [11/Jan/2025:16:54:46 +0300] "GET /resource/?path=/usr/include HTTP/2.0" 200 7809 "-" "Mozilla/5.0 AppleWebKit/537.36 (KHTML, like Gecko; compatible; bingbot/2.0; +http://www.bing.com/bingbot.htm) Chrome/116.0.1938.76 Safari/537.36"
52.167.144.160 - - [11/Jan/2025:16:54:46 +0300] "GET /resource/?path=/lib/vmware-caf HTTP/2.0" 500 3097 "-" "Mozilla/5.0 AppleWebKit/537.36 (KHTML, like Gecko; compatible; bingbot/2.0; +http://www.bing.com/bingbot.htm) Chrome/116.0.1938.76 Safari/537.36"
52.167.144.160 - - [11/Jan/2025:16:54:47 +0300] "GET /resource/?option&path=/etc/sysconfig HTTP/2.0" 500 3097 "-" "Mozilla/5.0 AppleWebKit/537.36 (KHTML, like Gecko; compatible; bingbot/2.0; +http://www.bing.com/bingbot.htm) Chrome/116.0.1938.76 Safari/537.36"
52.167.144.160 - - [11/Jan/2025:16:54:48 +0300] "GET /resource/?path=/run/sepermit HTTP/2.0" 500 3097 "-" "Mozilla/5.0 AppleWebKit/537.36 (KHTML, like Gecko; compatible; bingbot/2.0; +http://www.bing.com/bingbot.htm) Chrome/116.0.1938.76 Safari/537.36"
52.167.144.160 - - [11/Jan/2025:16:54:49 +0300] "GET /resource/?path=/etc/crypto-policies/state HTTP/2.0" 500 3097 "-" "Mozilla/5.0 AppleWebKit/537.36 (KHTML, like Gecko; compatible; bingbot/2.0; +http://www.bing.com/bingbot.htm) Chrome/116.0.1938.76 Safari/537.36"
52.167.144.160 - - [11/Jan/2025:16:54:49 +0300] "GET /resource/?path=/etc/scl HTTP/2.0" 500 3097 "-" "Mozilla/5.0 AppleWebKit/537.36 (KHTML, like Gecko; compatible; bingbot/2.0; +http://www.bing.com/bingbot.htm) Chrome/116.0.1938.76 Safari/537.36"
52.167.144.160 - - [11/Jan/2025:16:54:51 +0300] "GET /resource/?path=/lib/java HTTP/2.0" 500 3097 "-" "Mozilla/5.0 AppleWebKit/537.36 (KHTML, like Gecko; compatible; bingbot/2.0; +http://www.bing.com/bingbot.htm) Chrome/116.0.1938.76 Safari/537.36"
52.167.144.160 - - [11/Jan/2025:16:54:52 +0300] "GET /resource/?path=/lib/debug HTTP/2.0" 500 3097 "-" "Mozilla/5.0 AppleWebKit/537.36 (KHTML, like Gecko; compatible; bingbot/2.0; +http://www.bing.com/bingbot.htm) Chrome/116.0.1938.76 Safari/537.36"
52.167.144.160 - - [11/Jan/2025:16:54:52 +0300] "GET /resource/?path=/lib/firewalld HTTP/2.0" 500 3097 "-" "Mozilla/5.0 AppleWebKit/537.36 (KHTML, like Gecko; compatible; bingbot/2.0; +http://www.bing.com/bingbot.htm) Chrome/116.0.1938.76 Safari/537.36"
197.239.14.25 - - [11/Jan/2025:16:53:22 +0300] "GET /wp-content/uploads/2024/02/Georgraphy-Syllabus.pdf HTTP/2.0" 200 5675569 "https://www.google.com/" "Mozilla/5.0 (Linux; Android 10; K) AppleWebKit/537.36 (KHTML, like Gecko) Chrome/131.0.0.0 Mobile Safari/537.36"
41.210.141.253 - - [11/Jan/2025:16:54:53 +0300] "GET /wp-content/uploads/2024/02/P3_Thematic_Curr_21_November_2007_-_Edited.pdf HTTP/2.0" 206 500344 "https://www.google.com/" "Mozilla/5.0 (Linux; Android 10; K) AppleWebKit/537.36 (KHTML, like Gecko) Chrome/131.0.0.0 Mobile Safari/537.36"
52.167.144.160 - - [11/Jan/2025:16:54:53 +0300] "GET /resource/?path=/lib/kernel HTTP/2.0" 500 3097 "-" "Mozilla/5.0 AppleWebKit/537.36 (KHTML, like Gecko; compatible; bingbot/2.0; +http://www.bing.com/bingbot.htm) Chrome/116.0.1938.76 Safari/537.36"
185.191.171.2 - - [11/Jan/2025:16:54:54 +0300] "GET /gallery?50-conference-venue&50-conference-venue&aca&instructional-materials-unit&job-fair&job-fair&sample%3F20%3F31 HTTP/1.1" 200 2017 "-" "Mozilla/5.0 (compatible; SemrushBot/7~bl; +http://www.semrush.com/bot.html)"
52.167.144.160 - - [11/Jan/2025:16:54:54 +0300] "GET /resource/?path=/lib/rpm HTTP/2.0" 500 3097 "-" "Mozilla/5.0 AppleWebKit/537.36 (KHTML, like Gecko; compatible; bingbot/2.0; +http://www.bing.com/bingbot.htm) Chrome/116.0.1938.76 Safari/537.36"
52.167.144.160 - - [11/Jan/2025:16:54:54 +0300] "GET /resource/?path=/lib/locale HTTP/2.0" 500 3097 "-" "Mozilla/5.0 AppleWebKit/537.36 (KHTML, like Gecko; compatible; bingbot/2.0; +http://www.bing.com/bingbot.htm) Chrome/116.0.1938.76 Safari/537.36"
52.167.144.160 - - [11/Jan/2025:16:54:55 +0300] "GET /resource/?filesrc=/sbin/sasldblistusers2&path=/sbin HTTP/2.0" 500 3097 "-" "Mozilla/5.0 AppleWebKit/537.36 (KHTML, like Gecko; compatible; bingbot/2.0; +http://www.bing.com/bingbot.htm) Chrome/116.0.1938.76 Safari/537.36"
52.167.144.160 - - [11/Jan/2025:16:54:56 +0300] "GET /resource/?path=/home/ncdcgo/mail/.okumu_john@ncdc_go_ug HTTP/2.0" 500 3097 "-" "Mozilla/5.0 AppleWebKit/537.36 (KHTML, like Gecko; compatible; bingbot/2.0; +http://www.bing.com/bingbot.htm) Chrome/116.0.1938.76 Safari/537.36"
185.191.171.18 - - [11/Jan/2025:16:54:56 +0300] "GET /gallery?50-conference-venue&aca&chief-guest&ncdc-50-conference&ncdc-50-conference&sample%3F22&welcome-remarks%3F24 HTTP/1.1" 200 2017 "-" "Mozilla/5.0 (compatible; SemrushBot/7~bl; +http://www.semrush.com/bot.html)"
52.167.144.160 - - [11/Jan/2025:16:54:57 +0300] "GET /resource/?option&path=/home/ncdcgo/mail HTTP/2.0" 500 3097 "-" "Mozilla/5.0 AppleWebKit/537.36 (KHTML, like Gecko; compatible; bingbot/2.0; +http://www.bing.com/bingbot.htm) Chrome/116.0.1938.76 Safari/537.36"
52.167.144.160 - - [11/Jan/2025:16:54:57 +0300] "GET /?option&path=/lib/gconv HTTP/2.0" 403 32198 "-" "Mozilla/5.0 AppleWebKit/537.36 (KHTML, like Gecko; compatible; bingbot/2.0; +http://www.bing.com/bingbot.htm) Chrome/116.0.1938.76 Safari/537.36"
185.191.171.16 - - [11/Jan/2025:16:54:59 +0300] "GET /gallery/?50-conference-venue&aca&government-trains-teachers-lab-technicians&ncdc-50-launch&parliament&sample%3Fvisiting-delegation-from-lesotho HTTP/1.1" 200 2017 "-" "Mozilla/5.0 (compatible; SemrushBot/7~bl; +http://www.semrush.com/bot.html)"
154.72.192.35 - - [11/Jan/2025:16:55:01 +0300] "HEAD / HTTP/1.1" 200 - "-" "Uptime-Kuma/1.23.11"
185.191.171.16 - - [11/Jan/2025:16:55:02 +0300] "GET /gallery?aca&chief-guest&ncdc-50-conference&ncdc-50-conference&sample%3F22&stepu&stepu&welcome-remarks%3F117 HTTP/1.1" 200 2017 "-" "Mozilla/5.0 (compatible; SemrushBot/7~bl; +http://www.semrush.com/bot.html)"
52.167.144.172 - - [11/Jan/2025:16:55:04 +0300] "GET /resource/?path=/lib/games HTTP/2.0" 200 717 "-" "Mozilla/5.0 AppleWebKit/537.36 (KHTML, like Gecko; compatible; bingbot/2.0; +http://www.bing.com/bingbot.htm) Chrome/116.0.1938.76 Safari/537.36"
85.208.96.200 - - [11/Jan/2025:16:55:04 +0300] "GET /gallery?aca&government-trains-teachers-lab-technicians&job-fair&job-fair&ncdc-collaboration&parliament&sample%3F36 HTTP/1.1" 200 2017 "-" "Mozilla/5.0 (compatible; SemrushBot/7~bl; +http://www.semrush.com/bot.html)"
52.167.144.172 - - [11/Jan/2025:16:55:04 +0300] "GET /resource/?path=/run/dbus HTTP/2.0" 200 717 "-" "Mozilla/5.0 AppleWebKit/537.36 (KHTML, like Gecko; compatible; bingbot/2.0; +http://www.bing.com/bingbot.htm) Chrome/116.0.1938.76 Safari/537.36"
52.167.144.172 - - [11/Jan/2025:16:55:05 +0300] "GET /resource/?option&path=/etc/ssh HTTP/2.0" 200 639 "-" "Mozilla/5.0 AppleWebKit/537.36 (KHTML, like Gecko; compatible; bingbot/2.0; +http://www.bing.com/bingbot.htm) Chrome/116.0.1938.76 Safari/537.36"
52.167.144.172 - - [11/Jan/2025:16:55:06 +0300] "GET /resource/?path=/dev/shm HTTP/2.0" 200 716 "-" "Mozilla/5.0 AppleWebKit/537.36 (KHTML, like Gecko; compatible; bingbot/2.0; +http://www.bing.com/bingbot.htm) Chrome/116.0.1938.76 Safari/537.36"
52.167.144.172 - - [11/Jan/2025:16:55:07 +0300] "GET /resource/?path=/usr/libexec HTTP/2.0" 200 1180 "-" "Mozilla/5.0 AppleWebKit/537.36 (KHTML, like Gecko; compatible; bingbot/2.0; +http://www.bing.com/bingbot.htm) Chrome/116.0.1938.76 Safari/537.36"
145.239.154.4 - - [11/Jan/2025:16:55:07 +0300] "POST /xmlrpc.php HTTP/1.1" 200 2018 "-" "Mozilla/5.0 (Windows NT 10.0; WOW64) AppleWebKit/537.36 (KHTML, like Gecko) Chrome/62.0.3202.9 Safari/537.36"
52.167.144.172 - - [11/Jan/2025:16:55:11 +0300] "GET /resource/?path=/run/net-snmp HTTP/2.0" 200 719 "-" "Mozilla/5.0 AppleWebKit/537.36 (KHTML, like Gecko; compatible; bingbot/2.0; +http://www.bing.com/bingbot.htm) Chrome/116.0.1938.76 Safari/537.36"
52.167.144.172 - - [11/Jan/2025:16:55:12 +0300] "GET /?path=/lib/vmware-vgauth/schemas HTTP/2.0" 200 1237 "-" "Mozilla/5.0 AppleWebKit/537.36 (KHTML, like Gecko; compatible; bingbot/2.0; +http://www.bing.com/bingbot.htm) Chrome/116.0.1938.76 Safari/537.36"
52.167.144.172 - - [11/Jan/2025:16:55:13 +0300] "GET /?path=/lib/kbd/consolefonts HTTP/2.0" 200 5622 "-" "Mozilla/5.0 AppleWebKit/537.36 (KHTML, like Gecko; compatible; bingbot/2.0; +http://www.bing.com/bingbot.htm) Chrome/116.0.1938.76 Safari/537.36"
52.167.144.172 - - [11/Jan/2025:16:55:14 +0300] "GET /?path=/lib/locale/en_NZ HTTP/2.0" 200 1266 "-" "Mozilla/5.0 AppleWebKit/537.36 (KHTML, like Gecko; compatible; bingbot/2.0; +http://www.bing.com/bingbot.htm) Chrome/116.0.1938.76 Safari/537.36"
52.167.144.172 - - [11/Jan/2025:16:55:15 +0300] "GET /resource/?path=/lib/tuned HTTP/2.0" 200 1414 "-" "Mozilla/5.0 AppleWebKit/537.36 (KHTML, like Gecko; compatible; bingbot/2.0; +http://www.bing.com/bingbot.htm) Chrome/116.0.1938.76 Safari/537.36"
52.167.144.172 - - [11/Jan/2025:16:55:15 +0300] "GET /resource/?filesrc=/lib/systemd/systemd-rfkill&path=/lib/systemd HTTP/2.0" 200 666 "-" "Mozilla/5.0 AppleWebKit/537.36 (KHTML, like Gecko; compatible; bingbot/2.0; +http://www.bing.com/bingbot.htm) Chrome/116.0.1938.76 Safari/537.36"
52.167.144.172 - - [11/Jan/2025:16:55:16 +0300] "GET /resource/?path=/lib/systemd/system HTTP/2.0" 200 11046 "-" "Mozilla/5.0 AppleWebKit/537.36 (KHTML, like Gecko; compatible; bingbot/2.0; +http://www.bing.com/bingbot.htm) Chrome/116.0.1938.76 Safari/537.36"
52.167.144.172 - - [11/Jan/2025:16:55:17 +0300] "GET /resource/?path=/lib/systemd/portable HTTP/2.0" 200 870 "-" "Mozilla/5.0 AppleWebKit/537.36 (KHTML, like Gecko; compatible; bingbot/2.0; +http://www.bing.com/bingbot.htm) Chrome/116.0.1938.76 Safari/537.36"
52.167.144.172 - - [11/Jan/2025:16:55:17 +0300] "GET /resource/?path=/lib/systemd/system-sleep HTTP/2.0" 500 3098 "-" "Mozilla/5.0 AppleWebKit/537.36 (KHTML, like Gecko; compatible; bingbot/2.0; +http://www.bing.com/bingbot.htm) Chrome/116.0.1938.76 Safari/537.36"
52.167.144.172 - - [11/Jan/2025:16:55:18 +0300] "GET /resource/?path=/lib/systemd/user-environment-generators HTTP/2.0" 500 3098 "-" "Mozilla/5.0 AppleWebKit/537.36 (KHTML, like Gecko; compatible; bingbot/2.0; +http://www.bing.com/bingbot.htm) Chrome/116.0.1938.76 Safari/537.36"
52.167.144.172 - - [11/Jan/2025:16:55:19 +0300] "GET /resource/?path=/lib/systemd/user-generators HTTP/2.0" 500 3098 "-" "Mozilla/5.0 AppleWebKit/537.36 (KHTML, like Gecko; compatible; bingbot/2.0; +http://www.bing.com/bingbot.htm) Chrome/116.0.1938.76 Safari/537.36"
52.167.144.172 - - [11/Jan/2025:16:55:20 +0300] "GET /resource/?filesrc=/lib/gconv/IBM1112.so&path=/lib/gconv HTTP/2.0" 500 3098 "-" "Mozilla/5.0 AppleWebKit/537.36 (KHTML, like Gecko; compatible; bingbot/2.0; +http://www.bing.com/bingbot.htm) Chrome/116.0.1938.76 Safari/537.36"
52.167.144.172 - - [11/Jan/2025:16:55:20 +0300] "GET /?path=/lib/systemd/catalog HTTP/2.0" 403 32198 "-" "Mozilla/5.0 AppleWebKit/537.36 (KHTML, like Gecko; compatible; bingbot/2.0; +http://www.bing.com/bingbot.htm) Chrome/116.0.1938.76 Safari/537.36"
52.167.144.24 - - [11/Jan/2025:16:55:22 +0300] "GET /resource/?option&path=/etc/openldap HTTP/2.0" 200 641 "-" "Mozilla/5.0 AppleWebKit/537.36 (KHTML, like Gecko; compatible; bingbot/2.0; +http://www.bing.com/bingbot.htm) Chrome/116.0.1938.76 Safari/537.36"
52.167.144.24 - - [11/Jan/2025:16:55:22 +0300] "GET /resource/?path=/run/console HTTP/2.0" 200 717 "-" "Mozilla/5.0 AppleWebKit/537.36 (KHTML, like Gecko; compatible; bingbot/2.0; +http://www.bing.com/bingbot.htm) Chrome/116.0.1938.76 Safari/537.36"
52.167.144.24 - - [11/Jan/2025:16:55:23 +0300] "GET /?path=/lib/kbd/keymaps HTTP/2.0" 200 895 "-" "Mozilla/5.0 AppleWebKit/537.36 (KHTML, like Gecko; compatible; bingbot/2.0; +http://www.bing.com/bingbot.htm) Chrome/116.0.1938.76 Safari/537.36"
