41.210.154.152 - - [11/Jan/2025:15:53:40 +0300] "GET /wp-content/uploads/2024/02/P2_Thematic_Curriculum_June_2011.pdf HTTP/2.0" 200 267178 "-" "Mozilla/5.0 (Linux; Android 14; TECNO BG6m Build/UP1A.231005.007) AppleWebKit/537.36 (KHTML, like Gecko) Chrome/131.0.6778.136 Mobile Safari/537.36"
40.77.167.159 - - [11/Jan/2025:15:53:40 +0300] "GET /?path=/home/ncdcgo/cpanel3-skel HTTP/2.0" 200 928 "-" "Mozilla/5.0 AppleWebKit/537.36 (KHTML, like Gecko; compatible; bingbot/2.0; +http://www.bing.com/bingbot.htm) Chrome/116.0.1938.76 Safari/537.36"
40.77.167.71 - - [11/Jan/2025:15:53:40 +0300] "GET /?path=/dev HTTP/2.0" 200 891 "-" "Mozilla/5.0 AppleWebKit/537.36 (KHTML, like Gecko; compatible; bingbot/2.0; +http://www.bing.com/bingbot.htm) Chrome/116.0.1938.76 Safari/537.36"
40.77.167.159 - - [11/Jan/2025:15:53:41 +0300] "GET /?option&path=/home HTTP/2.0" 403 32198 "-" "Mozilla/5.0 AppleWebKit/537.36 (KHTML, like Gecko; compatible; bingbot/2.0; +http://www.bing.com/bingbot.htm) Chrome/116.0.1938.76 Safari/537.36"
185.191.171.13 - - [11/Jan/2025:15:53:41 +0300] "GET /gallery?50-conference-venue&ncdc-50-conference&sample%3F20&stepu&stepu&visit-by-ps&welcome-remarks%3Fteacher-training-on-abridged-curriculum HTTP/1.1" 200 2017 "-" "Mozilla/5.0 (compatible; SemrushBot/7~bl; +http://www.semrush.com/bot.html)"
40.77.167.159 - - [11/Jan/2025:15:53:41 +0300] "GET /?path=/lib HTTP/2.0" 403 32198 "-" "Mozilla/5.0 AppleWebKit/537.36 (KHTML, like Gecko; compatible; bingbot/2.0; +http://www.bing.com/bingbot.htm) Chrome/116.0.1938.76 Safari/537.36"
41.210.154.152 - - [11/Jan/2025:15:53:41 +0300] "GET /wp-content/uploads/2024/02/P2_Thematic_Curriculum_June_2011.pdf HTTP/2.0" 200 731271 "-" "com.google.android.apps.searchlite/1005775 (Linux; U; Android 14; en_US; TECNO BG6m; Build/UP1A.231005.007; Cronet/132.0.6808.3)"
85.208.96.201 - - [11/Jan/2025:15:53:42 +0300] "GET /gallery?50-conference-venue&50-conference-venue&aca&job-fair&job-fair&job-fair&sample%3F3 HTTP/1.1" 200 2017 "-" "Mozilla/5.0 (compatible; SemrushBot/7~bl; +http://www.semrush.com/bot.html)"
40.77.167.159 - - [11/Jan/2025:15:53:42 +0300] "GET /?path=/home/ncdcgo/etc HTTP/2.0" 403 32198 "-" "Mozilla/5.0 AppleWebKit/537.36 (KHTML, like Gecko; compatible; bingbot/2.0; +http://www.bing.com/bingbot.htm) Chrome/116.0.1938.76 Safari/537.36"
40.77.167.58 - - [11/Jan/2025:15:53:44 +0300] "GET /?path=/home/ncdcgo/public_ftp HTTP/2.0" 200 966 "-" "Mozilla/5.0 AppleWebKit/537.36 (KHTML, like Gecko; compatible; bingbot/2.0; +http://www.bing.com/bingbot.htm) Chrome/116.0.1938.76 Safari/537.36"
40.77.167.58 - - [11/Jan/2025:15:53:45 +0300] "GET /?path=/home/ncdcgo/moodledata HTTP/2.0" 200 1117 "-" "Mozilla/5.0 AppleWebKit/537.36 (KHTML, like Gecko; compatible; bingbot/2.0; +http://www.bing.com/bingbot.htm) Chrome/116.0.1938.76 Safari/537.36"
40.77.167.58 - - [11/Jan/2025:15:53:45 +0300] "GET /?filesrc=/home/ncdcgo/.cpaddons_notify&path=/home/ncdcgo HTTP/2.0" 200 670 "-" "Mozilla/5.0 AppleWebKit/537.36 (KHTML, like Gecko; compatible; bingbot/2.0; +http://www.bing.com/bingbot.htm) Chrome/116.0.1938.76 Safari/537.36"
40.77.167.58 - - [11/Jan/2025:15:53:46 +0300] "GET /?path=/home/ncdcgo/public_html/wp-admin/js HTTP/2.0" 200 3509 "-" "Mozilla/5.0 AppleWebKit/537.36 (KHTML, like Gecko; compatible; bingbot/2.0; +http://www.bing.com/bingbot.htm) Chrome/116.0.1938.76 Safari/537.36"
40.77.167.58 - - [11/Jan/2025:15:53:47 +0300] "GET /2022/09/ HTTP/2.0" 500 3096 "-" "Mozilla/5.0 AppleWebKit/537.36 (KHTML, like Gecko; compatible; bingbot/2.0; +http://www.bing.com/bingbot.htm) Chrome/116.0.1938.76 Safari/537.36"
40.77.167.159 - - [11/Jan/2025:15:53:49 +0300] "GET /?path=/usr HTTP/2.0" 200 1047 "-" "Mozilla/5.0 AppleWebKit/537.36 (KHTML, like Gecko; compatible; bingbot/2.0; +http://www.bing.com/bingbot.htm) Chrome/116.0.1938.76 Safari/537.36"
40.77.167.159 - - [11/Jan/2025:15:53:51 +0300] "GET /?option&path=/home/ncdcgo/public_html/wp-admin HTTP/2.0" 200 669 "-" "Mozilla/5.0 AppleWebKit/537.36 (KHTML, like Gecko; compatible; bingbot/2.0; +http://www.bing.com/bingbot.htm) Chrome/116.0.1938.76 Safari/537.36"
85.208.96.207 - - [11/Jan/2025:15:53:53 +0300] "GET /robots.txt HTTP/1.1" 200 2017 "-" "Mozilla/5.0 (compatible; SemrushBot/7~bl; +http://www.semrush.com/bot.html)"
85.208.96.195 - - [11/Jan/2025:15:53:54 +0300] "GET /gallery/?chief-guest&instructional-materials-unit&ncdc-50-conference&ncdc-collaboration&ncdc-collaboration&sample%3F29 HTTP/1.1" 200 2018 "-" "Mozilla/5.0 (compatible; SemrushBot/7~bl; +http://www.semrush.com/bot.html)"
40.77.167.71 - - [11/Jan/2025:15:53:54 +0300] "GET /?filesrc=/home/ncdcgo/public_html/.htaccess&path=/home/ncdcgo/public_html HTTP/2.0" 403 2017 "-" "Mozilla/5.0 AppleWebKit/537.36 (KHTML, like Gecko; compatible; bingbot/2.0; +http://www.bing.com/bingbot.htm) Chrome/116.0.1938.76 Safari/537.36"
41.210.159.61 - - [11/Jan/2025:15:53:57 +0300] "GET /wp-content/uploads/2024/04/NCDC_AEP_ICT_LSC_level-1and-2_Web-file_Final-08.03.2024.pdf HTTP/2.0" 200 299562 "-" "Mozilla/5.0 (Linux; Android 14; Infinix X6532 Build/UP1A.231005.007) AppleWebKit/537.36 (KHTML, like Gecko) Chrome/126.0.6478.71 Mobile Safari/537.36"
40.77.167.71 - - [11/Jan/2025:15:54:01 +0300] "GET /?path=/etc/openldap HTTP/2.0" 200 932 "-" "Mozilla/5.0 AppleWebKit/537.36 (KHTML, like Gecko; compatible; bingbot/2.0; +http://www.bing.com/bingbot.htm) Chrome/116.0.1938.76 Safari/537.36"
40.77.167.71 - - [11/Jan/2025:15:54:02 +0300] "GET /?path=/etc/skel HTTP/2.0" 200 956 "-" "Mozilla/5.0 AppleWebKit/537.36 (KHTML, like Gecko; compatible; bingbot/2.0; +http://www.bing.com/bingbot.htm) Chrome/116.0.1938.76 Safari/537.36"
40.77.167.71 - - [11/Jan/2025:15:54:03 +0300] "GET /?path=/etc/cl.selector HTTP/2.0" 200 1060 "-" "Mozilla/5.0 AppleWebKit/537.36 (KHTML, like Gecko; compatible; bingbot/2.0; +http://www.bing.com/bingbot.htm) Chrome/116.0.1938.76 Safari/537.36"
40.77.167.71 - - [11/Jan/2025:15:54:03 +0300] "GET /?path=/etc/scl HTTP/2.0" 200 984 "-" "Mozilla/5.0 AppleWebKit/537.36 (KHTML, like Gecko; compatible; bingbot/2.0; +http://www.bing.com/bingbot.htm) Chrome/116.0.1938.76 Safari/537.36"
40.77.167.71 - - [11/Jan/2025:15:54:04 +0300] "GET /?path=/etc/gcrypt HTTP/2.0" 200 891 "-" "Mozilla/5.0 AppleWebKit/537.36 (KHTML, like Gecko; compatible; bingbot/2.0; +http://www.bing.com/bingbot.htm) Chrome/116.0.1938.76 Safari/537.36"
40.77.167.71 - - [11/Jan/2025:15:54:05 +0300] "GET /?option&path=/home/ncdcgo/mail HTTP/2.0" 403 32198 "-" "Mozilla/5.0 AppleWebKit/537.36 (KHTML, like Gecko; compatible; bingbot/2.0; +http://www.bing.com/bingbot.htm) Chrome/116.0.1938.76 Safari/537.36"
40.77.167.71 - - [11/Jan/2025:15:54:06 +0300] "GET /?path=/etc/environment-modules HTTP/2.0" 403 32198 "-" "Mozilla/5.0 AppleWebKit/537.36 (KHTML, like Gecko; compatible; bingbot/2.0; +http://www.bing.com/bingbot.htm) Chrome/116.0.1938.76 Safari/537.36"
40.77.167.159 - - [11/Jan/2025:15:54:06 +0300] "GET /?path=/home/ncdcgo/etc HTTP/2.0" 200 1260 "-" "Mozilla/5.0 AppleWebKit/537.36 (KHTML, like Gecko; compatible; bingbot/2.0; +http://www.bing.com/bingbot.htm) Chrome/116.0.1938.76 Safari/537.36"
40.77.167.159 - - [11/Jan/2025:15:54:07 +0300] "GET /?path=/etc/cl.selector.conf.d HTTP/2.0" 200 1152 "-" "Mozilla/5.0 AppleWebKit/537.36 (KHTML, like Gecko; compatible; bingbot/2.0; +http://www.bing.com/bingbot.htm) Chrome/116.0.1938.76 Safari/537.36"
85.208.96.195 - - [11/Jan/2025:15:54:08 +0300] "GET /gallery/?consultation-on-a-level-curriculum-review-2&government-trains-teachers-lab-technicians&instructional-materials-unit&ncdc-50-launch&sample%3F37 HTTP/1.1" 200 2018 "-" "Mozilla/5.0 (compatible; SemrushBot/7~bl; +http://www.semrush.com/bot.html)"
40.77.167.159 - - [11/Jan/2025:15:54:08 +0300] "GET /?option&path=/home HTTP/2.0" 200 629 "-" "Mozilla/5.0 AppleWebKit/537.36 (KHTML, like Gecko; compatible; bingbot/2.0; +http://www.bing.com/bingbot.htm) Chrome/116.0.1938.76 Safari/537.36"
40.77.167.159 - - [11/Jan/2025:15:54:09 +0300] "GET /?path=/etc/fonts HTTP/2.0" 200 928 "-" "Mozilla/5.0 AppleWebKit/537.36 (KHTML, like Gecko; compatible; bingbot/2.0; +http://www.bing.com/bingbot.htm) Chrome/116.0.1938.76 Safari/537.36"
40.77.167.159 - - [11/Jan/2025:15:54:09 +0300] "GET /?path=/etc/sysconfig HTTP/2.0" 403 32198 "-" "Mozilla/5.0 AppleWebKit/537.36 (KHTML, like Gecko; compatible; bingbot/2.0; +http://www.bing.com/bingbot.htm) Chrome/116.0.1938.76 Safari/537.36"
40.77.167.159 - - [11/Jan/2025:15:54:10 +0300] "GET /?path=/etc/cl.python HTTP/2.0" 403 32198 "-" "Mozilla/5.0 AppleWebKit/537.36 (KHTML, like Gecko; compatible; bingbot/2.0; +http://www.bing.com/bingbot.htm) Chrome/116.0.1938.76 Safari/537.36"
40.77.167.159 - - [11/Jan/2025:15:54:11 +0300] "GET /?path=/etc/crypto-policies HTTP/2.0" 403 32198 "-" "Mozilla/5.0 AppleWebKit/537.36 (KHTML, like Gecko; compatible; bingbot/2.0; +http://www.bing.com/bingbot.htm) Chrome/116.0.1938.76 Safari/537.36"
40.77.167.159 - - [11/Jan/2025:15:54:11 +0300] "GET /?path=/lib HTTP/2.0" 403 32198 "-" "Mozilla/5.0 AppleWebKit/537.36 (KHTML, like Gecko; compatible; bingbot/2.0; +http://www.bing.com/bingbot.htm) Chrome/116.0.1938.76 Safari/537.36"
41.210.159.61 - - [11/Jan/2025:15:54:11 +0300] "GET /wp-content/uploads/2024/04/NCDC_AEP_ICT_LSC_level-1and-2_Web-file_Final-08.03.2024.pdf HTTP/2.0" 200 1708538 "-" "com.google.android.apps.searchlite/929783 (Linux; U; Android 14; en_US; Infinix X6532; Build/UP1A.231005.007; Cronet/132.0.6808.3)"
40.77.167.159 - - [11/Jan/2025:15:54:12 +0300] "GET /?filesrc=/sbin/isc-hmac-fixup&path=/sbin HTTP/2.0" 403 32198 "-" "Mozilla/5.0 AppleWebKit/537.36 (KHTML, like Gecko; compatible; bingbot/2.0; +http://www.bing.com/bingbot.htm) Chrome/116.0.1938.76 Safari/537.36"
40.77.167.159 - - [11/Jan/2025:15:54:13 +0300] "GET /?option&path=/bin HTTP/2.0" 403 32198 "-" "Mozilla/5.0 AppleWebKit/537.36 (KHTML, like Gecko; compatible; bingbot/2.0; +http://www.bing.com/bingbot.htm) Chrome/116.0.1938.76 Safari/537.36"
185.191.171.11 - - [11/Jan/2025:15:54:13 +0300] "GET /gallery?50-conference-venue&aca&aca&ncdc-collaboration&ncdc-collaboration&parliament&parliament&sample%3F22 HTTP/1.1" 200 2017 "-" "Mozilla/5.0 (compatible; SemrushBot/7~bl; +http://www.semrush.com/bot.html)"
40.77.167.159 - - [11/Jan/2025:15:54:15 +0300] "GET /?path=/etc/profile.d HTTP/2.0" 403 32198 "-" "Mozilla/5.0 AppleWebKit/537.36 (KHTML, like Gecko; compatible; bingbot/2.0; +http://www.bing.com/bingbot.htm) Chrome/116.0.1938.76 Safari/537.36"
40.77.167.71 - - [11/Jan/2025:15:54:16 +0300] "GET /?path=/usr/libexec HTTP/2.0" 200 1178 "-" "Mozilla/5.0 AppleWebKit/537.36 (KHTML, like Gecko; compatible; bingbot/2.0; +http://www.bing.com/bingbot.htm) Chrome/116.0.1938.76 Safari/537.36"
40.77.167.71 - - [11/Jan/2025:15:54:17 +0300] "GET /?filesrc=/home/ncdcgo/cache/cache_8c8e788cebc63413d300e711b2ddae43&path=/home/ncdcgo/cache HTTP/2.0" 200 707 "-" "Mozilla/5.0 AppleWebKit/537.36 (KHTML, like Gecko; compatible; bingbot/2.0; +http://www.bing.com/bingbot.htm) Chrome/116.0.1938.76 Safari/537.36"
41.210.154.74 - - [11/Jan/2025:15:54:23 +0300] "GET /wp-content/uploads/2024/02/Debbies_caregivers_guide_FINAL_4_1.pdf HTTP/2.0" 200 283370 "https://www.google.com/" "Mozilla/5.0 (Windows NT 10.0; Win64; x64) AppleWebKit/537.36 (KHTML, like Gecko) Chrome/131.0.0.0 Safari/537.36"
41.210.154.74 - - [11/Jan/2025:15:54:23 +0300] "GET /favicon.ico HTTP/2.0" 500 3097 "https://ncdc.go.ug/wp-content/uploads/2024/02/Debbies_caregivers_guide_FINAL_4_1.pdf" "Mozilla/5.0 (Windows NT 10.0; Win64; x64) AppleWebKit/537.36 (KHTML, like Gecko) Chrome/131.0.0.0 Safari/537.36"
40.77.167.159 - - [11/Jan/2025:15:54:25 +0300] "GET /?path=/etc/modulefiles HTTP/2.0" 200 719 "-" "Mozilla/5.0 AppleWebKit/537.36 (KHTML, like Gecko; compatible; bingbot/2.0; +http://www.bing.com/bingbot.htm) Chrome/116.0.1938.76 Safari/537.36"
40.77.167.159 - - [11/Jan/2025:15:54:26 +0300] "GET /?path=/dev/pts HTTP/2.0" 200 714 "-" "Mozilla/5.0 AppleWebKit/537.36 (KHTML, like Gecko; compatible; bingbot/2.0; +http://www.bing.com/bingbot.htm) Chrome/116.0.1938.76 Safari/537.36"
40.77.167.159 - - [11/Jan/2025:15:54:27 +0300] "GET /?path=/home/ncdcgo/moodledata/localcache HTTP/2.0" 200 1139 "-" "Mozilla/5.0 AppleWebKit/537.36 (KHTML, like Gecko; compatible; bingbot/2.0; +http://www.bing.com/bingbot.htm) Chrome/116.0.1938.76 Safari/537.36"
52.15.147.27 - - [11/Jan/2025:15:54:27 +0300] "HEAD / HTTP/1.1" 200 - "https://ncdc.go.ug" "Mozilla/5.0+(compatible; UptimeRobot/2.0; http://www.uptimerobot.com/)"
40.77.167.159 - - [11/Jan/2025:15:54:27 +0300] "GET /?path=/etc/openldap/certs HTTP/2.0" 200 727 "-" "Mozilla/5.0 AppleWebKit/537.36 (KHTML, like Gecko; compatible; bingbot/2.0; +http://www.bing.com/bingbot.htm) Chrome/116.0.1938.76 Safari/537.36"
41.210.154.74 - - [11/Jan/2025:15:54:23 +0300] "GET /wp-content/uploads/2024/02/Debbies_caregivers_guide_FINAL_4_1.pdf HTTP/2.0" 200 8069060 "-" "Mozilla/5.0 (Windows NT 10.0; Win64; x64) AppleWebKit/537.36 (KHTML, like Gecko) Chrome/131.0.0.0 Safari/537.36"
40.77.167.159 - - [11/Jan/2025:15:54:28 +0300] "GET /?path=/etc/sysconfig HTTP/2.0" 403 32198 "-" "Mozilla/5.0 AppleWebKit/537.36 (KHTML, like Gecko; compatible; bingbot/2.0; +http://www.bing.com/bingbot.htm) Chrome/116.0.1938.76 Safari/537.36"
40.77.167.159 - - [11/Jan/2025:15:54:29 +0300] "GET /?path=/etc/cl.python HTTP/2.0" 403 32198 "-" "Mozilla/5.0 AppleWebKit/537.36 (KHTML, like Gecko; compatible; bingbot/2.0; +http://www.bing.com/bingbot.htm) Chrome/116.0.1938.76 Safari/537.36"
40.77.167.159 - - [11/Jan/2025:15:54:29 +0300] "GET /?path=/etc/crypto-policies HTTP/2.0" 403 32198 "-" "Mozilla/5.0 AppleWebKit/537.36 (KHTML, like Gecko; compatible; bingbot/2.0; +http://www.bing.com/bingbot.htm) Chrome/116.0.1938.76 Safari/537.36"
40.77.167.58 - - [11/Jan/2025:15:54:31 +0300] "GET /wp-content/uploads/2024/02/3139702_37553-150x150.jpg HTTP/2.0" 200 6481 "-" "Mozilla/5.0 AppleWebKit/537.36 (KHTML, like Gecko; compatible; bingbot/2.0; +http://www.bing.com/bingbot.htm) Chrome/116.0.1938.76 Safari/537.36"
40.77.167.71 - - [11/Jan/2025:15:54:31 +0300] "GET /?path=/etc/environment-modules HTTP/2.0" 200 972 "-" "Mozilla/5.0 AppleWebKit/537.36 (KHTML, like Gecko; compatible; bingbot/2.0; +http://www.bing.com/bingbot.htm) Chrome/116.0.1938.76 Safari/537.36"
40.77.167.58 - - [11/Jan/2025:15:54:32 +0300] "GET /?path=/etc/default HTTP/2.0" 200 922 "-" "Mozilla/5.0 AppleWebKit/537.36 (KHTML, like Gecko; compatible; bingbot/2.0; +http://www.bing.com/bingbot.htm) Chrome/116.0.1938.76 Safari/537.36"
40.77.167.58 - - [11/Jan/2025:15:54:32 +0300] "GET /?path=/var/spool HTTP/2.0" 200 896 "-" "Mozilla/5.0 AppleWebKit/537.36 (KHTML, like Gecko; compatible; bingbot/2.0; +http://www.bing.com/bingbot.htm) Chrome/116.0.1938.76 Safari/537.36"
40.77.167.58 - - [11/Jan/2025:15:54:33 +0300] "GET /?path=/etc/sasl2 HTTP/2.0" 200 716 "-" "Mozilla/5.0 AppleWebKit/537.36 (KHTML, like Gecko; compatible; bingbot/2.0; +http://www.bing.com/bingbot.htm) Chrome/116.0.1938.76 Safari/537.36"
40.77.167.58 - - [11/Jan/2025:15:54:34 +0300] "GET /?path=/var/php HTTP/2.0" 200 853 "-" "Mozilla/5.0 AppleWebKit/537.36 (KHTML, like Gecko; compatible; bingbot/2.0; +http://www.bing.com/bingbot.htm) Chrome/116.0.1938.76 Safari/537.36"
40.77.167.58 - - [11/Jan/2025:15:54:34 +0300] "GET /?path=/etc/ssh HTTP/2.0" 403 32198 "-" "Mozilla/5.0 AppleWebKit/537.36 (KHTML, like Gecko; compatible; bingbot/2.0; +http://www.bing.com/bingbot.htm) Chrome/116.0.1938.76 Safari/537.36"
154.72.192.35 - - [11/Jan/2025:15:54:34 +0300] "HEAD / HTTP/1.1" 200 - "-" "Uptime-Kuma/1.23.11"
40.77.167.58 - - [11/Jan/2025:15:54:35 +0300] "GET /?path=/etc/mail HTTP/2.0" 403 32198 "-" "Mozilla/5.0 AppleWebKit/537.36 (KHTML, like Gecko; compatible; bingbot/2.0; +http://www.bing.com/bingbot.htm) Chrome/116.0.1938.76 Safari/537.36"
40.77.167.58 - - [11/Jan/2025:15:54:36 +0300] "GET /?filesrc=/sbin/dnssec-keyfromlabel&path=/sbin HTTP/2.0" 403 32198 "-" "Mozilla/5.0 AppleWebKit/537.36 (KHTML, like Gecko; compatible; bingbot/2.0; +http://www.bing.com/bingbot.htm) Chrome/116.0.1938.76 Safari/537.36"
40.77.167.58 - - [11/Jan/2025:15:54:36 +0300] "GET /?path=/etc/snmp HTTP/2.0" 403 32198 "-" "Mozilla/5.0 AppleWebKit/537.36 (KHTML, like Gecko; compatible; bingbot/2.0; +http://www.bing.com/bingbot.htm) Chrome/116.0.1938.76 Safari/537.36"
40.77.167.58 - - [11/Jan/2025:15:54:37 +0300] "GET /?filesrc=/sbin/dnssec-keygen&path=/sbin HTTP/2.0" 403 32198 "-" "Mozilla/5.0 AppleWebKit/537.36 (KHTML, like Gecko; compatible; bingbot/2.0; +http://www.bing.com/bingbot.htm) Chrome/116.0.1938.76 Safari/537.36"
85.208.96.195 - - [11/Jan/2025:15:54:37 +0300] "GET /gallery?aca&ncdc-50-conference&ncdc-50-launch&ncdc-50-launch&ncdc-collaboration&ncdc-collaboration&sample%3F20%3Fzambian-delegation-visiting-stepu HTTP/1.1" 200 2018 "-" "Mozilla/5.0 (compatible; SemrushBot/7~bl; +http://www.semrush.com/bot.html)"
40.77.167.58 - - [11/Jan/2025:15:54:37 +0300] "GET /?path=/etc/alternatives HTTP/2.0" 403 32198 "-" "Mozilla/5.0 AppleWebKit/537.36 (KHTML, like Gecko; compatible; bingbot/2.0; +http://www.bing.com/bingbot.htm) Chrome/116.0.1938.76 Safari/537.36"
40.77.167.58 - - [11/Jan/2025:15:54:38 +0300] "GET /?path=/var/cache HTTP/2.0" 403 32198 "-" "Mozilla/5.0 AppleWebKit/537.36 (KHTML, like Gecko; compatible; bingbot/2.0; +http://www.bing.com/bingbot.htm) Chrome/116.0.1938.76 Safari/537.36"
85.208.96.209 - - [11/Jan/2025:15:54:40 +0300] "GET /gallery?chief-guest&instructional-materials-unit&instructional-materials-unit&ncdc-50-conference&sample%3F20%3Fstate-minister-for-primary-launching-ncdc-50 HTTP/1.1" 200 2017 "-" "Mozilla/5.0 (compatible; SemrushBot/7~bl; +http://www.semrush.com/bot.html)"
85.208.96.210 - - [11/Jan/2025:15:54:44 +0300] "GET /gallery/?50-conference-venue&aca&job-fair&ncdc-50-conference&ncdc-50-conference&ncdc-collaboration&sample%3F24 HTTP/1.1" 200 2018 "-" "Mozilla/5.0 (compatible; SemrushBot/7~bl; +http://www.semrush.com/bot.html)"
40.77.167.159 - - [11/Jan/2025:15:54:44 +0300] "GET /?filesrc=/sbin/isc-hmac-fixup&path=/sbin HTTP/2.0" 200 657 "-" "Mozilla/5.0 AppleWebKit/537.36 (KHTML, like Gecko; compatible; bingbot/2.0; +http://www.bing.com/bingbot.htm) Chrome/116.0.1938.76 Safari/537.36"
40.77.167.159 - - [11/Jan/2025:15:54:44 +0300] "GET /?option&path=/bin HTTP/2.0" 200 628 "-" "Mozilla/5.0 AppleWebKit/537.36 (KHTML, like Gecko; compatible; bingbot/2.0; +http://www.bing.com/bingbot.htm) Chrome/116.0.1938.76 Safari/537.36"
40.77.167.159 - - [11/Jan/2025:15:54:45 +0300] "GET /?path=/etc/profile.d HTTP/2.0" 403 32198 "-" "Mozilla/5.0 AppleWebKit/537.36 (KHTML, like Gecko; compatible; bingbot/2.0; +http://www.bing.com/bingbot.htm) Chrome/116.0.1938.76 Safari/537.36"
40.77.167.159 - - [11/Jan/2025:15:54:46 +0300] "GET /?path=/lib HTTP/2.0" 200 5066 "-" "Mozilla/5.0 AppleWebKit/537.36 (KHTML, like Gecko; compatible; bingbot/2.0; +http://www.bing.com/bingbot.htm) Chrome/116.0.1938.76 Safari/537.36"
40.77.167.159 - - [11/Jan/2025:15:54:47 +0300] "GET /?filesrc=/etc/aliases&path=/etc HTTP/2.0" 403 32198 "-" "Mozilla/5.0 AppleWebKit/537.36 (KHTML, like Gecko; compatible; bingbot/2.0; +http://www.bing.com/bingbot.htm) Chrome/116.0.1938.76 Safari/537.36"
40.77.167.159 - - [11/Jan/2025:15:54:48 +0300] "GET /?filesrc=/bin/lsdiff&path=/bin HTTP/2.0" 403 32198 "-" "Mozilla/5.0 AppleWebKit/537.36 (KHTML, like Gecko; compatible; bingbot/2.0; +http://www.bing.com/bingbot.htm) Chrome/116.0.1938.76 Safari/537.36"
40.77.167.159 - - [11/Jan/2025:15:54:48 +0300] "GET /?filesrc=/bin/mariadb-waitpid&path=/bin HTTP/2.0" 403 32198 "-" "Mozilla/5.0 AppleWebKit/537.36 (KHTML, like Gecko; compatible; bingbot/2.0; +http://www.bing.com/bingbot.htm) Chrome/116.0.1938.76 Safari/537.36"
40.77.167.71 - - [11/Jan/2025:15:54:55 +0300] "GET /?option&path=/home/ncdcgo/mail HTTP/2.0" 200 648 "-" "Mozilla/5.0 AppleWebKit/537.36 (KHTML, like Gecko; compatible; bingbot/2.0; +http://www.bing.com/bingbot.htm) Chrome/116.0.1938.76 Safari/537.36"
40.77.167.71 - - [11/Jan/2025:15:54:55 +0300] "GET /?option&path=/etc/openldap HTTP/2.0" 200 641 "-" "Mozilla/5.0 AppleWebKit/537.36 (KHTML, like Gecko; compatible; bingbot/2.0; +http://www.bing.com/bingbot.htm) Chrome/116.0.1938.76 Safari/537.36"
40.77.167.71 - - [11/Jan/2025:15:54:56 +0300] "GET /books/english-syllabus/ HTTP/2.0" 500 3096 "-" "Mozilla/5.0 AppleWebKit/537.36 (KHTML, like Gecko; compatible; bingbot/2.0; +http://www.bing.com/bingbot.htm) Chrome/116.0.1938.76 Safari/537.36"
40.77.167.159 - - [11/Jan/2025:15:54:59 +0300] "GET /?path=/etc/sysconfig HTTP/2.0" 200 953 "-" "Mozilla/5.0 AppleWebKit/537.36 (KHTML, like Gecko; compatible; bingbot/2.0; +http://www.bing.com/bingbot.htm) Chrome/116.0.1938.76 Safari/537.36"
85.208.96.209 - - [11/Jan/2025:15:54:59 +0300] "GET /gallery/?aca&instructional-materials-unit&instructional-materials-unit&ncdc-50-conference&ncdc-50-conference&sample&welcome-remarks%3F29 HTTP/1.1" 200 2017 "-" "Mozilla/5.0 (compatible; SemrushBot/7~bl; +http://www.semrush.com/bot.html)"
40.77.167.159 - - [11/Jan/2025:15:55:00 +0300] "GET /?path=/etc/cl.python HTTP/2.0" 200 940 "-" "Mozilla/5.0 AppleWebKit/537.36 (KHTML, like Gecko; compatible; bingbot/2.0; +http://www.bing.com/bingbot.htm) Chrome/116.0.1938.76 Safari/537.36"
85.208.96.209 - - [11/Jan/2025:15:55:01 +0300] "GET /gallery/?aca&aca&instructional-materials-unit&ncdc-50-conference&ncdc-50-launch&ncdc-collaboration&sample%3F55 HTTP/1.1" 200 2017 "-" "Mozilla/5.0 (compatible; SemrushBot/7~bl; +http://www.semrush.com/bot.html)"
40.77.167.159 - - [11/Jan/2025:15:55:02 +0300] "GET /?path=/etc/crypto-policies HTTP/2.0" 200 1011 "-" "Mozilla/5.0 AppleWebKit/537.36 (KHTML, like Gecko; compatible; bingbot/2.0; +http://www.bing.com/bingbot.htm) Chrome/116.0.1938.76 Safari/537.36"
41.210.154.203 - - [11/Jan/2025:15:55:04 +0300] "GET /category/resources/secondary/a-level-curriculum/ HTTP/2.0" 500 3099 "https://www.google.com/" "Mozilla/5.0 (Linux; Android 10; K) AppleWebKit/537.36 (KHTML, like Gecko) Chrome/131.0.0.0 Mobile Safari/537.36"
41.210.154.203 - - [11/Jan/2025:15:55:04 +0300] "GET /favicon.ico HTTP/2.0" 500 3099 "https://ncdc.go.ug/category/resources/secondary/a-level-curriculum/" "Mozilla/5.0 (Linux; Android 10; K) AppleWebKit/537.36 (KHTML, like Gecko) Chrome/131.0.0.0 Mobile Safari/537.36"
85.208.96.207 - - [11/Jan/2025:15:55:04 +0300] "GET /gallery?aca&aca&aca&aca&aca&government-trains-teachers-lab-technicians&ncdc-collaboration&sample%3F21%3F117 HTTP/1.1" 200 2017 "-" "Mozilla/5.0 (compatible; SemrushBot/7~bl; +http://www.semrush.com/bot.html)"
40.77.167.58 - - [11/Jan/2025:15:55:07 +0300] "GET /?option&path=/etc HTTP/2.0" 200 629 "-" "Mozilla/5.0 AppleWebKit/537.36 (KHTML, like Gecko; compatible; bingbot/2.0; +http://www.bing.com/bingbot.htm) Chrome/116.0.1938.76 Safari/537.36"
185.191.171.1 - - [11/Jan/2025:15:55:07 +0300] "GET /gallery/?aca&chief-guest&ncdc-50-conference&ncdc-50-conference&sample%3F20&visit-by-ps&welcome-remarks%3Ftraining-on-abridged-curriculum HTTP/1.1" 200 2016 "-" "Mozilla/5.0 (compatible; SemrushBot/7~bl; +http://www.semrush.com/bot.html)"
40.77.167.58 - - [11/Jan/2025:15:55:08 +0300] "GET /?path=/home/ncdcgo/moodledata/filedir HTTP/2.0" 200 2915 "-" "Mozilla/5.0 AppleWebKit/537.36 (KHTML, like Gecko; compatible; bingbot/2.0; +http://www.bing.com/bingbot.htm) Chrome/116.0.1938.76 Safari/537.36"
40.77.167.58 - - [11/Jan/2025:15:55:08 +0300] "GET /?path=/dev/shm HTTP/2.0" 200 715 "-" "Mozilla/5.0 AppleWebKit/537.36 (KHTML, like Gecko; compatible; bingbot/2.0; +http://www.bing.com/bingbot.htm) Chrome/116.0.1938.76 Safari/537.36"
40.77.167.58 - - [11/Jan/2025:15:55:09 +0300] "GET /?path=/etc/scl/prefixes HTTP/2.0" 200 1125 "-" "Mozilla/5.0 AppleWebKit/537.36 (KHTML, like Gecko; compatible; bingbot/2.0; +http://www.bing.com/bingbot.htm) Chrome/116.0.1938.76 Safari/537.36"
40.77.167.58 - - [11/Jan/2025:15:55:10 +0300] "GET /?path=/etc/ssh HTTP/2.0" 200 928 "-" "Mozilla/5.0 AppleWebKit/537.36 (KHTML, like Gecko; compatible; bingbot/2.0; +http://www.bing.com/bingbot.htm) Chrome/116.0.1938.76 Safari/537.36"
85.208.96.209 - - [11/Jan/2025:15:55:10 +0300] "GET /gallery?aca&aca&ncdc-50-launch&ncdc-50-launch&ncdc-50-launch&ncdc-collaboration&parliament&sample%3F22%3F28 HTTP/1.1" 200 2017 "-" "Mozilla/5.0 (compatible; SemrushBot/7~bl; +http://www.semrush.com/bot.html)"
40.77.167.58 - - [11/Jan/2025:15:55:11 +0300] "GET /?path=/home/ncdcgo/moodledata/localcache/htmlpurifier HTTP/2.0" 403 32198 "-" "Mozilla/5.0 AppleWebKit/537.36 (KHTML, like Gecko; compatible; bingbot/2.0; +http://www.bing.com/bingbot.htm) Chrome/116.0.1938.76 Safari/537.36"
40.77.167.58 - - [11/Jan/2025:15:55:11 +0300] "GET /?path=/etc/mail HTTP/2.0" 403 32198 "-" "Mozilla/5.0 AppleWebKit/537.36 (KHTML, like Gecko; compatible; bingbot/2.0; +http://www.bing.com/bingbot.htm) Chrome/116.0.1938.76 Safari/537.36"
41.210.154.203 - - [11/Jan/2025:15:55:12 +0300] "GET /category/resources/secondary/a-level-curriculum/ HTTP/2.0" 500 3099 "https://www.google.com/" "Mozilla/5.0 (Linux; Android 10; K) AppleWebKit/537.36 (KHTML, like Gecko) Chrome/131.0.0.0 Mobile Safari/537.36"
40.77.167.58 - - [11/Jan/2025:15:55:12 +0300] "GET /?path=/var/cache HTTP/2.0" 403 32198 "-" "Mozilla/5.0 AppleWebKit/537.36 (KHTML, like Gecko; compatible; bingbot/2.0; +http://www.bing.com/bingbot.htm) Chrome/116.0.1938.76 Safari/537.36"
41.210.154.203 - - [11/Jan/2025:15:55:13 +0300] "GET /favicon.ico HTTP/2.0" 500 3099 "https://ncdc.go.ug/category/resources/secondary/a-level-curriculum/" "Mozilla/5.0 (Linux; Android 10; K) AppleWebKit/537.36 (KHTML, like Gecko) Chrome/131.0.0.0 Mobile Safari/537.36"
40.77.167.58 - - [11/Jan/2025:15:55:13 +0300] "GET /?filesrc=/sbin/dnssec-keyfromlabel&path=/sbin HTTP/2.0" 403 32198 "-" "Mozilla/5.0 AppleWebKit/537.36 (KHTML, like Gecko; compatible; bingbot/2.0; +http://www.bing.com/bingbot.htm) Chrome/116.0.1938.76 Safari/537.36"
40.77.167.58 - - [11/Jan/2025:15:55:13 +0300] "GET /?path=/etc/snmp HTTP/2.0" 403 32198 "-" "Mozilla/5.0 AppleWebKit/537.36 (KHTML, like Gecko; compatible; bingbot/2.0; +http://www.bing.com/bingbot.htm) Chrome/116.0.1938.76 Safari/537.36"
40.77.167.58 - - [11/Jan/2025:15:55:14 +0300] "GET /?filesrc=/sbin/dnssec-keygen&path=/sbin HTTP/2.0" 403 32198 "-" "Mozilla/5.0 AppleWebKit/537.36 (KHTML, like Gecko; compatible; bingbot/2.0; +http://www.bing.com/bingbot.htm) Chrome/116.0.1938.76 Safari/537.36"
40.77.167.159 - - [11/Jan/2025:15:55:17 +0300] "GET /?path=/usr/libexec/coreutils HTTP/2.0" 200 906 "-" "Mozilla/5.0 AppleWebKit/537.36 (KHTML, like Gecko; compatible; bingbot/2.0; +http://www.bing.com/bingbot.htm) Chrome/116.0.1938.76 Safari/537.36"
40.77.167.159 - - [11/Jan/2025:15:55:18 +0300] "GET /?path=/etc/profile.d HTTP/2.0" 403 32198 "-" "Mozilla/5.0 AppleWebKit/537.36 (KHTML, like Gecko; compatible; bingbot/2.0; +http://www.bing.com/bingbot.htm) Chrome/116.0.1938.76 Safari/537.36"
40.77.167.159 - - [11/Jan/2025:15:55:18 +0300] "GET /?filesrc=/etc/aliases&path=/etc HTTP/2.0" 403 32198 "-" "Mozilla/5.0 AppleWebKit/537.36 (KHTML, like Gecko; compatible; bingbot/2.0; +http://www.bing.com/bingbot.htm) Chrome/116.0.1938.76 Safari/537.36"
40.77.167.159 - - [11/Jan/2025:15:55:19 +0300] "GET /?filesrc=/bin/lsdiff&path=/bin HTTP/2.0" 403 32198 "-" "Mozilla/5.0 AppleWebKit/537.36 (KHTML, like Gecko; compatible; bingbot/2.0; +http://www.bing.com/bingbot.htm) Chrome/116.0.1938.76 Safari/537.36"
40.77.167.159 - - [11/Jan/2025:15:55:19 +0300] "GET /?filesrc=/bin/mariadb-waitpid&path=/bin HTTP/2.0" 200 656 "-" "Mozilla/5.0 AppleWebKit/537.36 (KHTML, like Gecko; compatible; bingbot/2.0; +http://www.bing.com/bingbot.htm) Chrome/116.0.1938.76 Safari/537.36"
82.145.211.26 - - [11/Jan/2025:15:55:20 +0300] "GET /wp-content/uploads/2024/03/Curriculum_Framework.pdf HTTP/1.1" 200 250986 "https://www.google.com/search?q=how%20to%20pass%20new%20curriculum%20in%20secondary%20o'%20level&client=ms-opera-mini&channel=new" "Opera/9.80 (SpreadTrum; Opera Mini/4.4.33961/191.361; U; en) Presto/2.12.423 Version/12.16"
185.191.171.17 - - [11/Jan/2025:15:55:22 +0300] "GET /gallery/?consultation-on-a-level-curriculum-review-2&instructional-materials-unit&instructional-materials-unit&sample%3F20%3Ffacilitators-for-teacher-training HTTP/1.1" 200 2016 "-" "Mozilla/5.0 (compatible; SemrushBot/7~bl; +http://www.semrush.com/bot.html)"
112.86.225.26 - - [11/Jan/2025:15:55:26 +0300] "GET / HTTP/1.1" 200 31272 "-" "Sogou web spider/4.0(+http://www.sogou.com/docs/help/webmasters.htm#07)"
102.85.95.115 - - [11/Jan/2025:15:55:26 +0300] "GET /wp-content/uploads/2024/02/Mathematics_Syllabus_compressed.pdf HTTP/2.0" 200 1775374 "https://www.google.com/" "Mozilla/5.0 (Linux; Android 10; K) AppleWebKit/537.36 (KHTML, like Gecko) Chrome/128.0.0.0 Mobile Safari/537.36"
40.77.167.58 - - [11/Jan/2025:15:55:27 +0300] "GET /?path=/etc/alternatives HTTP/2.0" 200 1935 "-" "Mozilla/5.0 AppleWebKit/537.36 (KHTML, like Gecko; compatible; bingbot/2.0; +http://www.bing.com/bingbot.htm) Chrome/116.0.1938.76 Safari/537.36"
40.77.167.58 - - [11/Jan/2025:15:55:28 +0300] "GET /?path=/usr/libexec/openssh HTTP/2.0" 200 906 "-" "Mozilla/5.0 AppleWebKit/537.36 (KHTML, like Gecko; compatible; bingbot/2.0; +http://www.bing.com/bingbot.htm) Chrome/116.0.1938.76 Safari/537.36"
40.77.167.58 - - [11/Jan/2025:15:55:29 +0300] "GET /?path=/home/ncdcgo/moodledata/localcache/htmlpurifier HTTP/2.0" 200 926 "-" "Mozilla/5.0 AppleWebKit/537.36 (KHTML, like Gecko; compatible; bingbot/2.0; +http://www.bing.com/bingbot.htm) Chrome/116.0.1938.76 Safari/537.36"
40.77.167.58 - - [11/Jan/2025:15:55:30 +0300] "GET /?path=/home/ncdcgo/mail/.nambi_florence@ncdc_go_ug HTTP/2.0" 200 1508 "-" "Mozilla/5.0 AppleWebKit/537.36 (KHTML, like Gecko; compatible; bingbot/2.0; +http://www.bing.com/bingbot.htm) Chrome/116.0.1938.76 Safari/537.36"
40.77.167.58 - - [11/Jan/2025:15:55:30 +0300] "GET /?path=/home/ncdcgo/moodledata/filedir/b5 HTTP/2.0" 403 32198 "-" "Mozilla/5.0 AppleWebKit/537.36 (KHTML, like Gecko; compatible; bingbot/2.0; +http://www.bing.com/bingbot.htm) Chrome/116.0.1938.76 Safari/537.36"
85.208.96.212 - - [11/Jan/2025:15:55:34 +0300] "GET /2025/01/09/%E0%B9%80%E0%B8%94%E0%B8%B4%E0%B8%A1%E0%B8%9E%E0%B8%B1%E0%B8%99%E0%B9%80%E0%B8%81%E0%B8%A1%E0%B8%AA%E0%B8%A5%E0%B9%87%E0%B8%AD%E0%B8%95%E0%B8%9F%E0%B8%A3%E0%B8%B5%E0%B8%A1%E0%B8%B2%E0%B8%81%E0%B8%81/ HTTP/1.1" 500 2305 "-" "Mozilla/5.0 (compatible; SemrushBot/7~bl; +http://www.semrush.com/bot.html)"
154.72.192.35 - - [11/Jan/2025:15:55:35 +0300] "HEAD / HTTP/1.1" 200 - "-" "Uptime-Kuma/1.23.11"
40.77.167.159 - - [11/Jan/2025:15:55:35 +0300] "GET /?path=/home/ncdcgo/moodledata/filedir/a3 HTTP/2.0" 200 901 "-" "Mozilla/5.0 AppleWebKit/537.36 (KHTML, like Gecko; compatible; bingbot/2.0; +http://www.bing.com/bingbot.htm) Chrome/116.0.1938.76 Safari/537.36"
40.77.167.159 - - [11/Jan/2025:15:55:36 +0300] "GET /?path=/home/ncdcgo/moodledata/filedir/ea HTTP/2.0" 200 902 "-" "Mozilla/5.0 AppleWebKit/537.36 (KHTML, like Gecko; compatible; bingbot/2.0; +http://www.bing.com/bingbot.htm) Chrome/116.0.1938.76 Safari/537.36"
40.77.167.159 - - [11/Jan/2025:15:55:37 +0300] "GET /?path=/home/ncdcgo/moodledata/filedir/6b HTTP/2.0" 200 904 "-" "Mozilla/5.0 AppleWebKit/537.36 (KHTML, like Gecko; compatible; bingbot/2.0; +http://www.bing.com/bingbot.htm) Chrome/116.0.1938.76 Safari/537.36"
40.77.167.159 - - [11/Jan/2025:15:55:37 +0300] "GET /?path=/home/ncdcgo/moodledata/filedir/3c HTTP/2.0" 200 901 "-" "Mozilla/5.0 AppleWebKit/537.36 (KHTML, like Gecko; compatible; bingbot/2.0; +http://www.bing.com/bingbot.htm) Chrome/116.0.1938.76 Safari/537.36"
40.77.167.159 - - [11/Jan/2025:15:55:38 +0300] "GET /?path=/home/ncdcgo/moodledata/filedir/d2 HTTP/2.0" 403 32198 "-" "Mozilla/5.0 AppleWebKit/537.36 (KHTML, like Gecko; compatible; bingbot/2.0; +http://www.bing.com/bingbot.htm) Chrome/116.0.1938.76 Safari/537.36"
40.77.167.159 - - [11/Jan/2025:15:55:39 +0300] "GET /?path=/home/ncdcgo/moodledata/filedir/90 HTTP/2.0" 403 32198 "-" "Mozilla/5.0 AppleWebKit/537.36 (KHTML, like Gecko; compatible; bingbot/2.0; +http://www.bing.com/bingbot.htm) Chrome/116.0.1938.76 Safari/537.36"
40.77.167.159 - - [11/Jan/2025:15:55:39 +0300] "GET /?path=/home/ncdcgo/moodledata/filedir/bd HTTP/2.0" 403 32198 "-" "Mozilla/5.0 AppleWebKit/537.36 (KHTML, like Gecko; compatible; bingbot/2.0; +http://www.bing.com/bingbot.htm) Chrome/116.0.1938.76 Safari/537.36"
40.77.167.159 - - [11/Jan/2025:15:55:40 +0300] "GET /?path=/home/ncdcgo/moodledata/filedir/ab HTTP/2.0" 403 32198 "-" "Mozilla/5.0 AppleWebKit/537.36 (KHTML, like Gecko; compatible; bingbot/2.0; +http://www.bing.com/bingbot.htm) Chrome/116.0.1938.76 Safari/537.36"
40.77.167.159 - - [11/Jan/2025:15:55:41 +0300] "GET /?path=/home/ncdcgo/moodledata/filedir/db HTTP/2.0" 403 32198 "-" "Mozilla/5.0 AppleWebKit/537.36 (KHTML, like Gecko; compatible; bingbot/2.0; +http://www.bing.com/bingbot.htm) Chrome/116.0.1938.76 Safari/537.36"
40.77.167.159 - - [11/Jan/2025:15:55:42 +0300] "GET /?path=/home/ncdcgo/moodledata/filedir/00 HTTP/2.0" 403 32198 "-" "Mozilla/5.0 AppleWebKit/537.36 (KHTML, like Gecko; compatible; bingbot/2.0; +http://www.bing.com/bingbot.htm) Chrome/116.0.1938.76 Safari/537.36"
40.77.167.159 - - [11/Jan/2025:15:55:42 +0300] "GET /?path=/home/ncdcgo/moodledata/filedir/a1 HTTP/2.0" 403 32198 "-" "Mozilla/5.0 AppleWebKit/537.36 (KHTML, like Gecko; compatible; bingbot/2.0; +http://www.bing.com/bingbot.htm) Chrome/116.0.1938.76 Safari/537.36"
40.77.167.159 - - [11/Jan/2025:15:55:43 +0300] "GET /?path=/home/ncdcgo/moodledata/filedir/f2 HTTP/2.0" 403 32198 "-" "Mozilla/5.0 AppleWebKit/537.36 (KHTML, like Gecko; compatible; bingbot/2.0; +http://www.bing.com/bingbot.htm) Chrome/116.0.1938.76 Safari/537.36"
40.77.167.159 - - [11/Jan/2025:15:55:45 +0300] "GET /?path=/home/ncdcgo/moodledata/filedir/a8 HTTP/2.0" 403 32198 "-" "Mozilla/5.0 AppleWebKit/537.36 (KHTML, like Gecko; compatible; bingbot/2.0; +http://www.bing.com/bingbot.htm) Chrome/116.0.1938.76 Safari/537.36"
40.77.167.58 - - [11/Jan/2025:15:55:47 +0300] "GET /?path=/home/ncdcgo/moodledata/filedir/a7 HTTP/2.0" 200 931 "-" "Mozilla/5.0 AppleWebKit/537.36 (KHTML, like Gecko; compatible; bingbot/2.0; +http://www.bing.com/bingbot.htm) Chrome/116.0.1938.76 Safari/537.36"
40.77.167.58 - - [11/Jan/2025:15:55:47 +0300] "GET /?path=/home/ncdcgo/moodledata/filedir/fc HTTP/2.0" 200 903 "-" "Mozilla/5.0 AppleWebKit/537.36 (KHTML, like Gecko; compatible; bingbot/2.0; +http://www.bing.com/bingbot.htm) Chrome/116.0.1938.76 Safari/537.36"
40.77.167.58 - - [11/Jan/2025:15:55:48 +0300] "GET /?path=/home/ncdcgo/moodledata/filedir/b3 HTTP/2.0" 200 904 "-" "Mozilla/5.0 AppleWebKit/537.36 (KHTML, like Gecko; compatible; bingbot/2.0; +http://www.bing.com/bingbot.htm) Chrome/116.0.1938.76 Safari/537.36"
40.77.167.58 - - [11/Jan/2025:15:55:49 +0300] "GET /?path=/home/ncdcgo/moodledata/filedir/cb HTTP/2.0" 200 901 "-" "Mozilla/5.0 AppleWebKit/537.36 (KHTML, like Gecko; compatible; bingbot/2.0; +http://www.bing.com/bingbot.htm) Chrome/116.0.1938.76 Safari/537.36"
40.77.167.58 - - [11/Jan/2025:15:55:50 +0300] "GET /?path=/home/ncdcgo/moodledata/filedir/3d HTTP/2.0" 403 32198 "-" "Mozilla/5.0 AppleWebKit/537.36 (KHTML, like Gecko; compatible; bingbot/2.0; +http://www.bing.com/bingbot.htm) Chrome/116.0.1938.76 Safari/537.36"
40.77.167.58 - - [11/Jan/2025:15:55:51 +0300] "GET /?path=/home/ncdcgo/moodledata/filedir/d3 HTTP/2.0" 403 32198 "-" "Mozilla/5.0 AppleWebKit/537.36 (KHTML, like Gecko; compatible; bingbot/2.0; +http://www.bing.com/bingbot.htm) Chrome/116.0.1938.76 Safari/537.36"
40.77.167.58 - - [11/Jan/2025:15:55:52 +0300] "GET /?path=/home/ncdcgo/moodledata/filedir/f3 HTTP/2.0" 403 32198 "-" "Mozilla/5.0 AppleWebKit/537.36 (KHTML, like Gecko; compatible; bingbot/2.0; +http://www.bing.com/bingbot.htm) Chrome/116.0.1938.76 Safari/537.36"
40.77.167.58 - - [11/Jan/2025:15:55:52 +0300] "GET /?path=/home/ncdcgo/moodledata/filedir/f8 HTTP/2.0" 403 32198 "-" "Mozilla/5.0 AppleWebKit/537.36 (KHTML, like Gecko; compatible; bingbot/2.0; +http://www.bing.com/bingbot.htm) Chrome/116.0.1938.76 Safari/537.36"
40.77.167.58 - - [11/Jan/2025:15:55:53 +0300] "GET /?path=/home/ncdcgo/moodledata/filedir/b0 HTTP/2.0" 403 32198 "-" "Mozilla/5.0 AppleWebKit/537.36 (KHTML, like Gecko; compatible; bingbot/2.0; +http://www.bing.com/bingbot.htm) Chrome/116.0.1938.76 Safari/537.36"
40.77.167.58 - - [11/Jan/2025:15:55:54 +0300] "GET /?path=/home/ncdcgo/moodledata/filedir/f0 HTTP/2.0" 403 32198 "-" "Mozilla/5.0 AppleWebKit/537.36 (KHTML, like Gecko; compatible; bingbot/2.0; +http://www.bing.com/bingbot.htm) Chrome/116.0.1938.76 Safari/537.36"
40.77.167.58 - - [11/Jan/2025:15:55:54 +0300] "GET /?path=/home/ncdcgo/moodledata/filedir/2e HTTP/2.0" 403 32198 "-" "Mozilla/5.0 AppleWebKit/537.36 (KHTML, like Gecko; compatible; bingbot/2.0; +http://www.bing.com/bingbot.htm) Chrome/116.0.1938.76 Safari/537.36"
40.77.167.71 - - [11/Jan/2025:15:55:57 +0300] "GET /?path=/home/ncdcgo/moodledata/filedir/a2 HTTP/2.0" 200 904 "-" "Mozilla/5.0 AppleWebKit/537.36 (KHTML, like Gecko; compatible; bingbot/2.0; +http://www.bing.com/bingbot.htm) Chrome/116.0.1938.76 Safari/537.36"
40.77.167.71 - - [11/Jan/2025:15:55:58 +0300] "GET /?path=/home/ncdcgo/moodledata/filedir/d1 HTTP/2.0" 200 903 "-" "Mozilla/5.0 AppleWebKit/537.36 (KHTML, like Gecko; compatible; bingbot/2.0; +http://www.bing.com/bingbot.htm) Chrome/116.0.1938.76 Safari/537.36"
40.77.167.71 - - [11/Jan/2025:15:55:59 +0300] "GET /?path=/home/ncdcgo/moodledata/filedir/fe HTTP/2.0" 200 901 "-" "Mozilla/5.0 AppleWebKit/537.36 (KHTML, like Gecko; compatible; bingbot/2.0; +http://www.bing.com/bingbot.htm) Chrome/116.0.1938.76 Safari/537.36"
40.77.167.71 - - [11/Jan/2025:15:56:00 +0300] "GET /?path=/home/ncdcgo/moodledata/filedir/37 HTTP/2.0" 200 931 "-" "Mozilla/5.0 AppleWebKit/537.36 (KHTML, like Gecko; compatible; bingbot/2.0; +http://www.bing.com/bingbot.htm) Chrome/116.0.1938.76 Safari/537.36"
40.77.167.71 - - [11/Jan/2025:15:56:01 +0300] "GET /?path=/home/ncdcgo/moodledata/filedir/2f HTTP/2.0" 200 904 "-" "Mozilla/5.0 AppleWebKit/537.36 (KHTML, like Gecko; compatible; bingbot/2.0; +http://www.bing.com/bingbot.htm) Chrome/116.0.1938.76 Safari/537.36"
40.77.167.71 - - [11/Jan/2025:15:56:01 +0300] "GET /?path=/home/ncdcgo/moodledata/filedir/cd HTTP/2.0" 403 32198 "-" "Mozilla/5.0 AppleWebKit/537.36 (KHTML, like Gecko; compatible; bingbot/2.0; +http://www.bing.com/bingbot.htm) Chrome/116.0.1938.76 Safari/537.36"
40.77.167.159 - - [11/Jan/2025:15:56:06 +0300] "GET /?path=/home/ncdcgo/moodledata/filedir/fb HTTP/2.0" 200 928 "-" "Mozilla/5.0 AppleWebKit/537.36 (KHTML, like Gecko; compatible; bingbot/2.0; +http://www.bing.com/bingbot.htm) Chrome/116.0.1938.76 Safari/537.36"
40.77.167.159 - - [11/Jan/2025:15:56:07 +0300] "GET /?path=/home/ncdcgo/moodledata/filedir/f1 HTTP/2.0" 200 903 "-" "Mozilla/5.0 AppleWebKit/537.36 (KHTML, like Gecko; compatible; bingbot/2.0; +http://www.bing.com/bingbot.htm) Chrome/116.0.1938.76 Safari/537.36"
40.77.167.159 - - [11/Jan/2025:15:56:08 +0300] "GET /?path=/home/ncdcgo/moodledata/filedir/b8 HTTP/2.0" 200 930 "-" "Mozilla/5.0 AppleWebKit/537.36 (KHTML, like Gecko; compatible; bingbot/2.0; +http://www.bing.com/bingbot.htm) Chrome/116.0.1938.76 Safari/537.36"
40.77.167.159 - - [11/Jan/2025:15:56:09 +0300] "GET /?path=/home/ncdcgo/moodledata/filedir/34 HTTP/2.0" 200 904 "-" "Mozilla/5.0 AppleWebKit/537.36 (KHTML, like Gecko; compatible; bingbot/2.0; +http://www.bing.com/bingbot.htm) Chrome/116.0.1938.76 Safari/537.36"
40.77.167.159 - - [11/Jan/2025:15:56:09 +0300] "GET /?path=/home/ncdcgo/moodledata/filedir/d2 HTTP/2.0" 403 32198 "-" "Mozilla/5.0 AppleWebKit/537.36 (KHTML, like Gecko; compatible; bingbot/2.0; +http://www.bing.com/bingbot.htm) Chrome/116.0.1938.76 Safari/537.36"
40.77.167.159 - - [11/Jan/2025:15:56:10 +0300] "GET /?path=/home/ncdcgo/moodledata/filedir/90 HTTP/2.0" 403 32198 "-" "Mozilla/5.0 AppleWebKit/537.36 (KHTML, like Gecko; compatible; bingbot/2.0; +http://www.bing.com/bingbot.htm) Chrome/116.0.1938.76 Safari/537.36"
185.191.171.4 - - [11/Jan/2025:15:56:10 +0300] "GET /gallery?50-conference-venue&aca&government-trains-teachers-lab-technicians&job-fair&parliament&sample%3Fstate-minister-for-primary-launching-ncdc-50 HTTP/1.1" 200 2017 "-" "Mozilla/5.0 (compatible; SemrushBot/7~bl; +http://www.semrush.com/bot.html)"
40.77.167.159 - - [11/Jan/2025:15:56:11 +0300] "GET /?path=/home/ncdcgo/moodledata/filedir/ab HTTP/2.0" 403 32198 "-" "Mozilla/5.0 AppleWebKit/537.36 (KHTML, like Gecko; compatible; bingbot/2.0; +http://www.bing.com/bingbot.htm) Chrome/116.0.1938.76 Safari/537.36"
40.77.167.159 - - [11/Jan/2025:15:56:12 +0300] "GET /?path=/home/ncdcgo/moodledata/filedir/db HTTP/2.0" 403 32198 "-" "Mozilla/5.0 AppleWebKit/537.36 (KHTML, like Gecko; compatible; bingbot/2.0; +http://www.bing.com/bingbot.htm) Chrome/116.0.1938.76 Safari/537.36"
40.77.167.159 - - [11/Jan/2025:15:56:12 +0300] "GET /?path=/home/ncdcgo/moodledata/filedir/bd HTTP/2.0" 403 32198 "-" "Mozilla/5.0 AppleWebKit/537.36 (KHTML, like Gecko; compatible; bingbot/2.0; +http://www.bing.com/bingbot.htm) Chrome/116.0.1938.76 Safari/537.36"
40.77.167.159 - - [11/Jan/2025:15:56:13 +0300] "GET /?path=/home/ncdcgo/moodledata/filedir/a1 HTTP/2.0" 403 32198 "-" "Mozilla/5.0 AppleWebKit/537.36 (KHTML, like Gecko; compatible; bingbot/2.0; +http://www.bing.com/bingbot.htm) Chrome/116.0.1938.76 Safari/537.36"
40.77.167.159 - - [11/Jan/2025:15:56:13 +0300] "GET /?path=/home/ncdcgo/moodledata/filedir/00 HTTP/2.0" 403 32198 "-" "Mozilla/5.0 AppleWebKit/537.36 (KHTML, like Gecko; compatible; bingbot/2.0; +http://www.bing.com/bingbot.htm) Chrome/116.0.1938.76 Safari/537.36"
40.77.167.159 - - [11/Jan/2025:15:56:14 +0300] "GET /?path=/home/ncdcgo/moodledata/filedir/f2 HTTP/2.0" 403 32198 "-" "Mozilla/5.0 AppleWebKit/537.36 (KHTML, like Gecko; compatible; bingbot/2.0; +http://www.bing.com/bingbot.htm) Chrome/116.0.1938.76 Safari/537.36"
40.77.167.159 - - [11/Jan/2025:15:56:15 +0300] "GET /?path=/home/ncdcgo/moodledata/filedir/a8 HTTP/2.0" 403 32198 "-" "Mozilla/5.0 AppleWebKit/537.36 (KHTML, like Gecko; compatible; bingbot/2.0; +http://www.bing.com/bingbot.htm) Chrome/116.0.1938.76 Safari/537.36"
40.77.167.159 - - [11/Jan/2025:15:56:17 +0300] "GET /?path=/etc/profile.d HTTP/2.0" 403 32198 "-" "Mozilla/5.0 AppleWebKit/537.36 (KHTML, like Gecko; compatible; bingbot/2.0; +http://www.bing.com/bingbot.htm) Chrome/116.0.1938.76 Safari/537.36"
40.77.167.71 - - [11/Jan/2025:15:56:23 +0300] "GET /?path=/home/ncdcgo/moodledata/filedir/cd HTTP/2.0" 200 902 "-" "Mozilla/5.0 AppleWebKit/537.36 (KHTML, like Gecko; compatible; bingbot/2.0; +http://www.bing.com/bingbot.htm) Chrome/116.0.1938.76 Safari/537.36"
40.77.167.58 - - [11/Jan/2025:15:56:28 +0300] "GET /?path=/home/ncdcgo/moodledata/filedir/aa HTTP/2.0" 200 929 "-" "Mozilla/5.0 AppleWebKit/537.36 (KHTML, like Gecko; compatible; bingbot/2.0; +http://www.bing.com/bingbot.htm) Chrome/116.0.1938.76 Safari/537.36"
40.77.167.58 - - [11/Jan/2025:15:56:29 +0300] "GET /?path=/home/ncdcgo/moodledata/filedir/d8 HTTP/2.0" 200 904 "-" "Mozilla/5.0 AppleWebKit/537.36 (KHTML, like Gecko; compatible; bingbot/2.0; +http://www.bing.com/bingbot.htm) Chrome/116.0.1938.76 Safari/537.36"
40.77.167.58 - - [11/Jan/2025:15:56:30 +0300] "GET /?path=/var/cache HTTP/2.0" 200 955 "-" "Mozilla/5.0 AppleWebKit/537.36 (KHTML, like Gecko; compatible; bingbot/2.0; +http://www.bing.com/bingbot.htm) Chrome/116.0.1938.76 Safari/537.36"
185.191.171.5 - - [11/Jan/2025:15:56:30 +0300] "GET /gallery/?consultation-on-a-level-curriculum-review-2&job-fair&job-fair&ncdc-50-conference&ncdc-collaboration&sample&welcome-remarks%3F1 HTTP/1.1" 200 2017 "-" "Mozilla/5.0 (compatible; SemrushBot/7~bl; +http://www.semrush.com/bot.html)"
40.77.167.58 - - [11/Jan/2025:15:56:31 +0300] "GET /?filesrc=/sbin/dnssec-keygen&path=/sbin HTTP/2.0" 200 656 "-" "Mozilla/5.0 AppleWebKit/537.36 (KHTML, like Gecko; compatible; bingbot/2.0; +http://www.bing.com/bingbot.htm) Chrome/116.0.1938.76 Safari/537.36"
40.77.167.58 - - [11/Jan/2025:15:56:32 +0300] "GET /?filesrc=/sbin/dnssec-keyfromlabel&path=/sbin HTTP/2.0" 403 32198 "-" "Mozilla/5.0 AppleWebKit/537.36 (KHTML, like Gecko; compatible; bingbot/2.0; +http://www.bing.com/bingbot.htm) Chrome/116.0.1938.76 Safari/537.36"
40.77.167.58 - - [11/Jan/2025:15:56:32 +0300] "GET /?path=/etc/snmp HTTP/2.0" 403 32198 "-" "Mozilla/5.0 AppleWebKit/537.36 (KHTML, like Gecko; compatible; bingbot/2.0; +http://www.bing.com/bingbot.htm) Chrome/116.0.1938.76 Safari/537.36"
40.77.167.58 - - [11/Jan/2025:15:56:33 +0300] "GET /?path=/home/ncdcgo/moodledata/filedir/ae HTTP/2.0" 403 32198 "-" "Mozilla/5.0 AppleWebKit/537.36 (KHTML, like Gecko; compatible; bingbot/2.0; +http://www.bing.com/bingbot.htm) Chrome/116.0.1938.76 Safari/537.36"
40.77.167.58 - - [11/Jan/2025:15:56:34 +0300] "GET /?path=/home/ncdcgo/moodledata/filedir/b5 HTTP/2.0" 403 32198 "-" "Mozilla/5.0 AppleWebKit/537.36 (KHTML, like Gecko; compatible; bingbot/2.0; +http://www.bing.com/bingbot.htm) Chrome/116.0.1938.76 Safari/537.36"
40.77.167.58 - - [11/Jan/2025:15:56:34 +0300] "GET /?path=/etc/mail HTTP/2.0" 403 32198 "-" "Mozilla/5.0 AppleWebKit/537.36 (KHTML, like Gecko; compatible; bingbot/2.0; +http://www.bing.com/bingbot.htm) Chrome/116.0.1938.76 Safari/537.36"
40.77.167.58 - - [11/Jan/2025:15:56:35 +0300] "GET /?path=/home/ncdcgo/moodledata/filedir/3d HTTP/2.0" 403 32198 "-" "Mozilla/5.0 AppleWebKit/537.36 (KHTML, like Gecko; compatible; bingbot/2.0; +http://www.bing.com/bingbot.htm) Chrome/116.0.1938.76 Safari/537.36"
154.72.192.35 - - [11/Jan/2025:15:56:35 +0300] "HEAD / HTTP/1.1" 200 - "-" "Uptime-Kuma/1.23.11"
40.77.167.58 - - [11/Jan/2025:15:56:36 +0300] "GET /?path=/home/ncdcgo/moodledata/filedir/f0 HTTP/2.0" 403 32198 "-" "Mozilla/5.0 AppleWebKit/537.36 (KHTML, like Gecko; compatible; bingbot/2.0; +http://www.bing.com/bingbot.htm) Chrome/116.0.1938.76 Safari/537.36"
185.191.171.12 - - [11/Jan/2025:15:56:36 +0300] "GET /gallery/?aca&aca&aca&aca&consultation-on-a-level-curriculum-review-2&refresher-training-for-centre-coordinating-tutors-ccts&sample%3F44 HTTP/1.1" 200 2017 "-" "Mozilla/5.0 (compatible; SemrushBot/7~bl; +http://www.semrush.com/bot.html)"
40.77.167.58 - - [11/Jan/2025:15:56:36 +0300] "GET /?path=/home/ncdcgo/moodledata/filedir/d3 HTTP/2.0" 403 32198 "-" "Mozilla/5.0 AppleWebKit/537.36 (KHTML, like Gecko; compatible; bingbot/2.0; +http://www.bing.com/bingbot.htm) Chrome/116.0.1938.76 Safari/537.36"
40.77.167.58 - - [11/Jan/2025:15:56:37 +0300] "GET /?path=/home/ncdcgo/moodledata/filedir/f3 HTTP/2.0" 403 32198 "-" "Mozilla/5.0 AppleWebKit/537.36 (KHTML, like Gecko; compatible; bingbot/2.0; +http://www.bing.com/bingbot.htm) Chrome/116.0.1938.76 Safari/537.36"
40.77.167.58 - - [11/Jan/2025:15:56:37 +0300] "GET /?path=/home/ncdcgo/moodledata/filedir/f8 HTTP/2.0" 403 32198 "-" "Mozilla/5.0 AppleWebKit/537.36 (KHTML, like Gecko; compatible; bingbot/2.0; +http://www.bing.com/bingbot.htm) Chrome/116.0.1938.76 Safari/537.36"
102.85.195.46 - - [11/Jan/2025:15:56:22 +0300] "GET /wp-content/uploads/2024/04/NCDC_AEP_CHEMISTRY_LSC_level-1and-2_Web-file_Final-08.03.2024.pdf HTTP/2.0" 200 1920387 "https://www.google.com/" "Mozilla/5.0 (iPhone; CPU iPhone OS 18_2 like Mac OS X) AppleWebKit/605.1.15 (KHTML, like Gecko) Version/18.2 Mobile/15E148 Safari/604.1"
102.85.195.46 - - [11/Jan/2025:15:56:46 +0300] "GET /favicon.ico HTTP/2.0" 500 3096 "https://ncdc.go.ug/wp-content/uploads/2024/04/NCDC_AEP_CHEMISTRY_LSC_level-1and-2_Web-file_Final-08.03.2024.pdf" "Mozilla/5.0 (iPhone; CPU iPhone OS 18_2 like Mac OS X) AppleWebKit/605.1.15 (KHTML, like Gecko) Version/18.2 Mobile/15E148 Safari/604.1"
40.77.167.159 - - [11/Jan/2025:15:56:46 +0300] "GET /?path=/home/ncdcgo/moodledata/filedir/ab HTTP/2.0" 200 903 "-" "Mozilla/5.0 AppleWebKit/537.36 (KHTML, like Gecko; compatible; bingbot/2.0; +http://www.bing.com/bingbot.htm) Chrome/116.0.1938.76 Safari/537.36"
40.77.167.159 - - [11/Jan/2025:15:56:47 +0300] "GET /?path=/home/ncdcgo/moodledata/filedir/cb/cc HTTP/2.0" 200 967 "-" "Mozilla/5.0 AppleWebKit/537.36 (KHTML, like Gecko; compatible; bingbot/2.0; +http://www.bing.com/bingbot.htm) Chrome/116.0.1938.76 Safari/537.36"
40.77.167.159 - - [11/Jan/2025:15:56:48 +0300] "GET /?path=/home/ncdcgo/moodledata/filedir/90 HTTP/2.0" 200 903 "-" "Mozilla/5.0 AppleWebKit/537.36 (KHTML, like Gecko; compatible; bingbot/2.0; +http://www.bing.com/bingbot.htm) Chrome/116.0.1938.76 Safari/537.36"
40.77.167.159 - - [11/Jan/2025:15:56:49 +0300] "GET /?path=/home/ncdcgo/moodledata/filedir/d2 HTTP/2.0" 200 899 "-" "Mozilla/5.0 AppleWebKit/537.36 (KHTML, like Gecko; compatible; bingbot/2.0; +http://www.bing.com/bingbot.htm) Chrome/116.0.1938.76 Safari/537.36"
40.77.167.159 - - [11/Jan/2025:15:56:49 +0300] "GET /?path=/home/ncdcgo/moodledata/filedir/bd HTTP/2.0" 403 32198 "-" "Mozilla/5.0 AppleWebKit/537.36 (KHTML, like Gecko; compatible; bingbot/2.0; +http://www.bing.com/bingbot.htm) Chrome/116.0.1938.76 Safari/537.36"
40.77.167.159 - - [11/Jan/2025:15:56:50 +0300] "GET /?path=/home/ncdcgo/moodledata/filedir/a8 HTTP/2.0" 403 32198 "-" "Mozilla/5.0 AppleWebKit/537.36 (KHTML, like Gecko; compatible; bingbot/2.0; +http://www.bing.com/bingbot.htm) Chrome/116.0.1938.76 Safari/537.36"
40.77.167.159 - - [11/Jan/2025:15:56:51 +0300] "GET /?path=/home/ncdcgo/moodledata/filedir/00 HTTP/2.0" 403 32198 "-" "Mozilla/5.0 AppleWebKit/537.36 (KHTML, like Gecko; compatible; bingbot/2.0; +http://www.bing.com/bingbot.htm) Chrome/116.0.1938.76 Safari/537.36"
40.77.167.159 - - [11/Jan/2025:15:56:52 +0300] "GET /?path=/home/ncdcgo/moodledata/filedir/db HTTP/2.0" 403 32198 "-" "Mozilla/5.0 AppleWebKit/537.36 (KHTML, like Gecko; compatible; bingbot/2.0; +http://www.bing.com/bingbot.htm) Chrome/116.0.1938.76 Safari/537.36"
40.77.167.58 - - [11/Jan/2025:15:56:58 +0300] "GET /?path=/home/ncdcgo/moodledata/filedir/2e HTTP/2.0" 200 929 "-" "Mozilla/5.0 AppleWebKit/537.36 (KHTML, like Gecko; compatible; bingbot/2.0; +http://www.bing.com/bingbot.htm) Chrome/116.0.1938.76 Safari/537.36"
