40.77.167.56 - - [11/Jan/2025:16:23:29 +0300] "GET /resource/?path=/home/ncdcgo/public_html/dbms HTTP/2.0" 200 984 "-" "Mozilla/5.0 AppleWebKit/537.36 (KHTML, like Gecko; compatible; bingbot/2.0; +http://www.bing.com/bingbot.htm) Chrome/116.0.1938.76 Safari/537.36"
40.77.167.56 - - [11/Jan/2025:16:23:30 +0300] "GET /resource/?filesrc=/home/ncdcgo/public_html/.htaccess&path=/home/ncdcgo/public_html HTTP/2.0" 403 2017 "-" "Mozilla/5.0 AppleWebKit/537.36 (KHTML, like Gecko; compatible; bingbot/2.0; +http://www.bing.com/bingbot.htm) Chrome/116.0.1938.76 Safari/537.36"
85.208.96.209 - - [11/Jan/2025:16:23:30 +0300] "GET /gallery?aca&aca&aca&aca&aca&aca&aca&ncdc-50-launch&sample%3Fstate-minister-for-primary-launching-ncdc-50 HTTP/1.1" 200 2017 "-" "Mozilla/5.0 (compatible; SemrushBot/7~bl; +http://www.semrush.com/bot.html)"
40.77.167.56 - - [11/Jan/2025:16:23:30 +0300] "GET /resource/?path=/home/ncdcgo/public_html/store.ncdc.go.ug HTTP/2.0" 500 3096 "-" "Mozilla/5.0 AppleWebKit/537.36 (KHTML, like Gecko; compatible; bingbot/2.0; +http://www.bing.com/bingbot.htm) Chrome/116.0.1938.76 Safari/537.36"
40.77.167.56 - - [11/Jan/2025:16:23:31 +0300] "GET /resource/?filesrc=/home/ncdcgo/public_html/wp-comments-post.php&path=/home/ncdcgo/public_html HTTP/2.0" 500 3096 "-" "Mozilla/5.0 AppleWebKit/537.36 (KHTML, like Gecko; compatible; bingbot/2.0; +http://www.bing.com/bingbot.htm) Chrome/116.0.1938.76 Safari/537.36"
52.167.144.149 - - [11/Jan/2025:16:23:31 +0300] "GET /resource/?path=/var/php HTTP/2.0" 200 853 "-" "Mozilla/5.0 AppleWebKit/537.36 (KHTML, like Gecko; compatible; bingbot/2.0; +http://www.bing.com/bingbot.htm) Chrome/116.0.1938.76 Safari/537.36"
40.77.167.56 - - [11/Jan/2025:16:23:33 +0300] "GET /resource/?filesrc=/home/ncdcgo/public_html/google6af869620fa6b99e.html&path=/home/ncdcgo/public_html HTTP/2.0" 500 3096 "-" "Mozilla/5.0 AppleWebKit/537.36 (KHTML, like Gecko; compatible; bingbot/2.0; +http://www.bing.com/bingbot.htm) Chrome/116.0.1938.76 Safari/537.36"
40.77.167.56 - - [11/Jan/2025:16:23:34 +0300] "GET /resource/?filesrc=/home/ncdcgo/public_html/wp-cron.php&path=/home/ncdcgo/public_html HTTP/2.0" 500 3096 "-" "Mozilla/5.0 AppleWebKit/537.36 (KHTML, like Gecko; compatible; bingbot/2.0; +http://www.bing.com/bingbot.htm) Chrome/116.0.1938.76 Safari/537.36"
40.77.167.56 - - [11/Jan/2025:16:23:34 +0300] "GET /resource/?filesrc=/home/ncdcgo/public_html/wp-config%202.php&path=/home/ncdcgo/public_html HTTP/2.0" 500 3096 "-" "Mozilla/5.0 AppleWebKit/537.36 (KHTML, like Gecko; compatible; bingbot/2.0; +http://www.bing.com/bingbot.htm) Chrome/116.0.1938.76 Safari/537.36"
40.77.167.56 - - [11/Jan/2025:16:23:35 +0300] "GET /resource/?filesrc=/home/ncdcgo/public_html/.user.ini&path=/home/ncdcgo/public_html HTTP/2.0" 500 3096 "-" "Mozilla/5.0 AppleWebKit/537.36 (KHTML, like Gecko; compatible; bingbot/2.0; +http://www.bing.com/bingbot.htm) Chrome/116.0.1938.76 Safari/537.36"
52.15.147.27 - - [11/Jan/2025:16:23:35 +0300] "HEAD / HTTP/1.1" 200 - "https://ncdc.go.ug/" "Mozilla/5.0+(compatible; UptimeRobot/2.0; http://www.uptimerobot.com/)"
40.77.167.56 - - [11/Jan/2025:16:23:36 +0300] "GET /resource/?filesrc=/home/ncdcgo/public_html/index.php&path=/home/ncdcgo/public_html HTTP/2.0" 500 3096 "-" "Mozilla/5.0 AppleWebKit/537.36 (KHTML, like Gecko; compatible; bingbot/2.0; +http://www.bing.com/bingbot.htm) Chrome/116.0.1938.76 Safari/537.36"
40.77.167.56 - - [11/Jan/2025:16:23:38 +0300] "GET /resource/?option&path=/home/ncdcgo HTTP/2.0" 500 3096 "-" "Mozilla/5.0 AppleWebKit/537.36 (KHTML, like Gecko; compatible; bingbot/2.0; +http://www.bing.com/bingbot.htm) Chrome/116.0.1938.76 Safari/537.36"
40.77.167.56 - - [11/Jan/2025:16:23:39 +0300] "GET /resource/?path=/home/ncdcgo/public_ftp HTTP/2.0" 500 3096 "-" "Mozilla/5.0 AppleWebKit/537.36 (KHTML, like Gecko; compatible; bingbot/2.0; +http://www.bing.com/bingbot.htm) Chrome/116.0.1938.76 Safari/537.36"
40.77.167.56 - - [11/Jan/2025:16:23:39 +0300] "GET /resource/?filesrc=/bin/flex&path=/bin HTTP/2.0" 500 3096 "-" "Mozilla/5.0 AppleWebKit/537.36 (KHTML, like Gecko; compatible; bingbot/2.0; +http://www.bing.com/bingbot.htm) Chrome/116.0.1938.76 Safari/537.36"
40.77.167.56 - - [11/Jan/2025:16:23:40 +0300] "GET /resource/?_page=2 HTTP/2.0" 500 3096 "-" "Mozilla/5.0 AppleWebKit/537.36 (KHTML, like Gecko; compatible; bingbot/2.0; +http://www.bing.com/bingbot.htm) Chrome/116.0.1938.76 Safari/537.36"
185.191.171.7 - - [11/Jan/2025:16:23:41 +0300] "GET /gallery/?chief-guest&ncdc-50-conference&ncdc-collaboration&ncdc-collaboration&parliament&sample%3F21%3Fteacher-training-on-abridged-curriculum HTTP/1.1" 200 2017 "-" "Mozilla/5.0 (compatible; SemrushBot/7~bl; +http://www.semrush.com/bot.html)"
51.8.155.51 - - [11/Jan/2025:16:23:41 +0300] "GET /books/p-5-curriculum-set-1/ HTTP/2.0" 500 3095 "-" "Mozilla/5.0 AppleWebKit/537.36 (KHTML, like Gecko); compatible"
51.8.155.48 - - [11/Jan/2025:16:23:41 +0300] "GET /wp-content/uploads/2024/02/P.-5-Curriculum-1.pdf HTTP/2.0" 200 2016293 "-" "Mozilla/5.0 AppleWebKit/537.36 (KHTML, like Gecko); compatible"
51.8.155.58 - - [11/Jan/2025:16:23:43 +0300] "GET /books/p-5-curriculum-set-1/ HTTP/2.0" 500 3095 "-" "Mozilla/5.0 AppleWebKit/537.36 (KHTML, like Gecko); compatible"
51.8.155.62 - - [11/Jan/2025:16:23:44 +0300] "GET /robots.txt HTTP/2.0" 200 2016 "-" "Mozilla/5.0 AppleWebKit/537.36 (KHTML, like Gecko); compatible; ChatGPT-User/1.0; +https://openai.com/bot"
51.8.155.63 - - [11/Jan/2025:16:23:44 +0300] "GET /books/p-5-curriculum-set-1/ HTTP/2.0" 500 3095 "-" "Mozilla/5.0 AppleWebKit/537.36 (KHTML, like Gecko); compatible"
40.77.167.68 - - [11/Jan/2025:16:23:44 +0300] "GET /resource/?filesrc=/home/ncdcgo/public_html/php.ini&path=/home/ncdcgo/public_html HTTP/2.0" 200 1055 "-" "Mozilla/5.0 AppleWebKit/537.36 (KHTML, like Gecko; compatible; bingbot/2.0; +http://www.bing.com/bingbot.htm) Chrome/116.0.1938.76 Safari/537.36"
51.8.155.62 - - [11/Jan/2025:16:23:44 +0300] "GET / HTTP/2.0" 200 31272 "-" "Mozilla/5.0 AppleWebKit/537.36 (KHTML, like Gecko); compatible; ChatGPT-User/1.0; +https://openai.com/bot"
40.77.167.68 - - [11/Jan/2025:16:23:45 +0300] "GET /resource/?path=/home/ncdcgo/public_html/wp-includes HTTP/2.0" 200 8098 "-" "Mozilla/5.0 AppleWebKit/537.36 (KHTML, like Gecko; compatible; bingbot/2.0; +http://www.bing.com/bingbot.htm) Chrome/116.0.1938.76 Safari/537.36"
51.8.155.51 - - [11/Jan/2025:16:23:45 +0300] "GET /books/p-5-curriculum-set-1/ HTTP/2.0" 500 3095 "-" "Mozilla/5.0 AppleWebKit/537.36 (KHTML, like Gecko); compatible"
40.77.167.68 - - [11/Jan/2025:16:23:45 +0300] "GET /resource/?path=/var/cache HTTP/2.0" 200 955 "-" "Mozilla/5.0 AppleWebKit/537.36 (KHTML, like Gecko; compatible; bingbot/2.0; +http://www.bing.com/bingbot.htm) Chrome/116.0.1938.76 Safari/537.36"
40.77.167.68 - - [11/Jan/2025:16:23:46 +0300] "GET /resource/?path=/var/spool HTTP/2.0" 200 897 "-" "Mozilla/5.0 AppleWebKit/537.36 (KHTML, like Gecko; compatible; bingbot/2.0; +http://www.bing.com/bingbot.htm) Chrome/116.0.1938.76 Safari/537.36"
154.72.192.35 - - [11/Jan/2025:16:23:47 +0300] "HEAD / HTTP/1.1" 200 - "-" "Uptime-Kuma/1.23.11"
40.77.167.68 - - [11/Jan/2025:16:23:47 +0300] "GET /resource/?path=/home/ncdcgo/ssl HTTP/2.0" 200 1036 "-" "Mozilla/5.0 AppleWebKit/537.36 (KHTML, like Gecko; compatible; bingbot/2.0; +http://www.bing.com/bingbot.htm) Chrome/116.0.1938.76 Safari/537.36"
20.161.75.221 - - [11/Jan/2025:16:23:47 +0300] "GET /books/ HTTP/2.0" 500 3097 "-" "Mozilla/5.0 AppleWebKit/537.36 (KHTML, like Gecko); compatible; ChatGPT-User/1.0; +https://openai.com/bot"
20.161.75.223 - - [11/Jan/2025:16:23:47 +0300] "GET /books/textbook/ HTTP/2.0" 500 3097 "-" "Mozilla/5.0 AppleWebKit/537.36 (KHTML, like Gecko); compatible; ChatGPT-User/1.0; +https://openai.com/bot"
20.161.75.212 - - [11/Jan/2025:16:23:47 +0300] "GET /books/entrepreneurship-syllabus/ HTTP/2.0" 500 3097 "-" "Mozilla/5.0 AppleWebKit/537.36 (KHTML, like Gecko); compatible; ChatGPT-User/1.0; +https://openai.com/bot"
20.161.75.213 - - [11/Jan/2025:16:23:47 +0300] "GET /books/entreprenuership-uace/ HTTP/2.0" 500 3097 "-" "Mozilla/5.0 AppleWebKit/537.36 (KHTML, like Gecko); compatible; ChatGPT-User/1.0; +https://openai.com/bot"
40.77.167.68 - - [11/Jan/2025:16:23:48 +0300] "GET /resource/?filesrc=/bin/pinky&path=/bin HTTP/2.0" 500 3096 "-" "Mozilla/5.0 AppleWebKit/537.36 (KHTML, like Gecko; compatible; bingbot/2.0; +http://www.bing.com/bingbot.htm) Chrome/116.0.1938.76 Safari/537.36"
20.161.75.223 - - [11/Jan/2025:16:23:47 +0300] "GET /wp-content/uploads/2024/02/Entrepreneurship_Education_A_level_Teachers_Guide_2011.pdf HTTP/2.0" 200 853048 "-" "Mozilla/5.0 AppleWebKit/537.36 (KHTML, like Gecko); compatible"
173.252.79.2 - - [11/Jan/2025:16:23:48 +0300] "GET /2024/11/14/ncdc-retools-420-teachers-ahead-of-kiswahili-roll-out-at-primary/ HTTP/2.0" 500 33362 "-" "meta-externalagent/1.1 (+https://developers.facebook.com/docs/sharing/webmasters/crawler)"
20.161.75.212 - - [11/Jan/2025:16:23:47 +0300] "GET /wp-content/uploads/2024/02/ENTREPRENEURSHIP_SYLLABUS_compressed.pdf HTTP/2.0" 200 1367163 "-" "Mozilla/5.0 AppleWebKit/537.36 (KHTML, like Gecko); compatible; ChatGPT-User/1.0; +https://openai.com/bot"
20.161.75.211 - - [11/Jan/2025:16:23:47 +0300] "GET /wp-content/uploads/2024/02/ARABIC_SYLLABUS_compressed.pdf HTTP/2.0" 200 1326508 "-" "Mozilla/5.0 AppleWebKit/537.36 (KHTML, like Gecko); compatible; ChatGPT-User/1.0; +https://openai.com/bot"
40.77.167.68 - - [11/Jan/2025:16:23:49 +0300] "GET /resource/?path=/home/ncdcgo/etc HTTP/2.0" 500 3096 "-" "Mozilla/5.0 AppleWebKit/537.36 (KHTML, like Gecko; compatible; bingbot/2.0; +http://www.bing.com/bingbot.htm) Chrome/116.0.1938.76 Safari/537.36"
20.161.75.211 - - [11/Jan/2025:16:23:49 +0300] "GET /books/entreprenuership-uace/ HTTP/2.0" 500 3097 "-" "Mozilla/5.0 AppleWebKit/537.36 (KHTML, like Gecko); compatible; ChatGPT-User/1.0; +https://openai.com/bot"
20.161.75.223 - - [11/Jan/2025:16:23:49 +0300] "GET /books/textbook/ HTTP/2.0" 500 3097 "-" "Mozilla/5.0 AppleWebKit/537.36 (KHTML, like Gecko); compatible; ChatGPT-User/1.0; +https://openai.com/bot"
20.161.75.223 - - [11/Jan/2025:16:23:49 +0300] "GET /books/entrepreneurship-syllabus/ HTTP/2.0" 500 3097 "-" "Mozilla/5.0 AppleWebKit/537.36 (KHTML, like Gecko); compatible; ChatGPT-User/1.0; +https://openai.com/bot"
20.161.75.221 - - [11/Jan/2025:16:23:49 +0300] "GET /books/ HTTP/2.0" 500 3097 "-" "Mozilla/5.0 AppleWebKit/537.36 (KHTML, like Gecko); compatible; ChatGPT-User/1.0; +https://openai.com/bot"
40.77.167.68 - - [11/Jan/2025:16:23:50 +0300] "GET /resource/?filesrc=/bin/zipinfo&path=/bin HTTP/2.0" 500 3096 "-" "Mozilla/5.0 AppleWebKit/537.36 (KHTML, like Gecko; compatible; bingbot/2.0; +http://www.bing.com/bingbot.htm) Chrome/116.0.1938.76 Safari/537.36"
85.208.96.208 - - [11/Jan/2025:16:23:50 +0300] "GET /gallery?50-conference-venue&job-fair&job-fair&ncdc-50-conference&ncdc-50-conference&ncdc-50-launch&sample%3F20%3F56 HTTP/1.1" 200 2016 "-" "Mozilla/5.0 (compatible; SemrushBot/7~bl; +http://www.semrush.com/bot.html)"
40.77.167.68 - - [11/Jan/2025:16:23:50 +0300] "GET /resource/?filesrc=/home/ncdcgo/public_html/wp-config.php&path=/home/ncdcgo/public_html HTTP/2.0" 500 3096 "-" "Mozilla/5.0 AppleWebKit/537.36 (KHTML, like Gecko; compatible; bingbot/2.0; +http://www.bing.com/bingbot.htm) Chrome/116.0.1938.76 Safari/537.36"
40.77.167.68 - - [11/Jan/2025:16:23:50 +0300] "GET /resource/?filesrc=/home/ncdcgo/public_html/.DS_Store&path=/home/ncdcgo/public_html HTTP/2.0" 500 3096 "-" "Mozilla/5.0 AppleWebKit/537.36 (KHTML, like Gecko; compatible; bingbot/2.0; +http://www.bing.com/bingbot.htm) Chrome/116.0.1938.76 Safari/537.36"
20.161.75.223 - - [11/Jan/2025:16:23:50 +0300] "GET /books/entreprenuership-uace/ HTTP/2.0" 500 3097 "-" "Mozilla/5.0 AppleWebKit/537.36 (KHTML, like Gecko); compatible; ChatGPT-User/1.0; +https://openai.com/bot"
20.161.75.223 - - [11/Jan/2025:16:23:50 +0300] "GET /books/textbook/ HTTP/2.0" 500 3097 "-" "Mozilla/5.0 AppleWebKit/537.36 (KHTML, like Gecko); compatible; ChatGPT-User/1.0; +https://openai.com/bot"
20.161.75.220 - - [11/Jan/2025:16:23:51 +0300] "GET /books/entrepreneurship-syllabus/ HTTP/2.0" 500 3097 "-" "Mozilla/5.0 AppleWebKit/537.36 (KHTML, like Gecko); compatible; ChatGPT-User/1.0; +https://openai.com/bot"
20.161.75.213 - - [11/Jan/2025:16:23:51 +0300] "GET /books/ HTTP/2.0" 500 3097 "-" "Mozilla/5.0 AppleWebKit/537.36 (KHTML, like Gecko); compatible; ChatGPT-User/1.0; +https://openai.com/bot"
20.161.75.223 - - [11/Jan/2025:16:23:51 +0300] "GET /books/entreprenuership-uace/ HTTP/2.0" 500 3097 "-" "Mozilla/5.0 AppleWebKit/537.36 (KHTML, like Gecko); compatible; ChatGPT-User/1.0; +https://openai.com/bot"
20.161.75.213 - - [11/Jan/2025:16:23:52 +0300] "GET /books/entrepreneurship-syllabus/ HTTP/2.0" 500 3097 "-" "Mozilla/5.0 AppleWebKit/537.36 (KHTML, like Gecko); compatible; ChatGPT-User/1.0; +https://openai.com/bot"
20.161.75.215 - - [11/Jan/2025:16:23:52 +0300] "GET /books/textbook/ HTTP/2.0" 500 3097 "-" "Mozilla/5.0 AppleWebKit/537.36 (KHTML, like Gecko); compatible; ChatGPT-User/1.0; +https://openai.com/bot"
20.161.75.212 - - [11/Jan/2025:16:23:52 +0300] "GET /books/ HTTP/2.0" 500 3097 "-" "Mozilla/5.0 AppleWebKit/537.36 (KHTML, like Gecko); compatible; ChatGPT-User/1.0; +https://openai.com/bot"
40.77.167.56 - - [11/Jan/2025:16:23:53 +0300] "GET /resource/?path=/home/ncdcgo/moodledata HTTP/2.0" 200 1117 "-" "Mozilla/5.0 AppleWebKit/537.36 (KHTML, like Gecko; compatible; bingbot/2.0; +http://www.bing.com/bingbot.htm) Chrome/116.0.1938.76 Safari/537.36"
40.77.167.56 - - [11/Jan/2025:16:23:54 +0300] "GET /resource/?option&path=/home/ncdcgo HTTP/2.0" 200 641 "-" "Mozilla/5.0 AppleWebKit/537.36 (KHTML, like Gecko; compatible; bingbot/2.0; +http://www.bing.com/bingbot.htm) Chrome/116.0.1938.76 Safari/537.36"
40.77.167.56 - - [11/Jan/2025:16:23:55 +0300] "GET /resource/?path=/home/ncdcgo/public_ftp HTTP/2.0" 200 966 "-" "Mozilla/5.0 AppleWebKit/537.36 (KHTML, like Gecko; compatible; bingbot/2.0; +http://www.bing.com/bingbot.htm) Chrome/116.0.1938.76 Safari/537.36"
40.77.167.68 - - [11/Jan/2025:16:24:00 +0300] "GET /resource/?filesrc=/home/ncdcgo/public_html/readme.html&path=/home/ncdcgo/public_html HTTP/2.0" 200 3747 "-" "Mozilla/5.0 AppleWebKit/537.36 (KHTML, like Gecko; compatible; bingbot/2.0; +http://www.bing.com/bingbot.htm) Chrome/116.0.1938.76 Safari/537.36"
52.167.144.149 - - [11/Jan/2025:16:24:04 +0300] "GET /resource/?path=/dev HTTP/2.0" 200 889 "-" "Mozilla/5.0 AppleWebKit/537.36 (KHTML, like Gecko; compatible; bingbot/2.0; +http://www.bing.com/bingbot.htm) Chrome/116.0.1938.76 Safari/537.36"
185.191.171.5 - - [11/Jan/2025:16:24:06 +0300] "GET /gallery/?50-conference-venue&about-the-conference&ncdc-50-conference&ncdc-50-launch&ncdc-collaboration&sample%3F22%3F3 HTTP/1.1" 200 2017 "-" "Mozilla/5.0 (compatible; SemrushBot/7~bl; +http://www.semrush.com/bot.html)"
52.167.144.149 - - [11/Jan/2025:16:24:06 +0300] "GET /resource/?option&path=/ HTTP/2.0" 200 620 "-" "Mozilla/5.0 AppleWebKit/537.36 (KHTML, like Gecko; compatible; bingbot/2.0; +http://www.bing.com/bingbot.htm) Chrome/116.0.1938.76 Safari/537.36"
122.8.182.101 - - [11/Jan/2025:16:24:06 +0300] "GET /?Itemid=6&option=contact HTTP/2.0" 200 655 "https://ncdc.go.ug/?Itemid=6&option=contact" "Mozilla/5.0 (Windows NT 10.0; Win64; x64) AppleWebKit/537.36 (KHTML, like Gecko) Chrome/101.0.4951.67 Safari/537.36"
52.167.144.149 - - [11/Jan/2025:16:24:07 +0300] "GET /resource/?path=/usr HTTP/2.0" 200 1048 "-" "Mozilla/5.0 AppleWebKit/537.36 (KHTML, like Gecko; compatible; bingbot/2.0; +http://www.bing.com/bingbot.htm) Chrome/116.0.1938.76 Safari/537.36"
52.167.144.149 - - [11/Jan/2025:16:24:07 +0300] "GET /resource/?path=/run HTTP/2.0" 200 1190 "-" "Mozilla/5.0 AppleWebKit/537.36 (KHTML, like Gecko; compatible; bingbot/2.0; +http://www.bing.com/bingbot.htm) Chrome/116.0.1938.76 Safari/537.36"
52.167.144.149 - - [11/Jan/2025:16:24:08 +0300] "GET /resource/?filesrc=/bin/flipdiff&path=/bin HTTP/2.0" 200 652 "-" "Mozilla/5.0 AppleWebKit/537.36 (KHTML, like Gecko; compatible; bingbot/2.0; +http://www.bing.com/bingbot.htm) Chrome/116.0.1938.76 Safari/537.36"
40.77.167.56 - - [11/Jan/2025:16:24:08 +0300] "GET /resource/?filesrc=/bin/flex&path=/bin HTTP/2.0" 200 649 "-" "Mozilla/5.0 AppleWebKit/537.36 (KHTML, like Gecko; compatible; bingbot/2.0; +http://www.bing.com/bingbot.htm) Chrome/116.0.1938.76 Safari/537.36"
52.167.144.149 - - [11/Jan/2025:16:24:09 +0300] "GET /resource/?option&path=/bin HTTP/2.0" 500 3096 "-" "Mozilla/5.0 AppleWebKit/537.36 (KHTML, like Gecko; compatible; bingbot/2.0; +http://www.bing.com/bingbot.htm) Chrome/116.0.1938.76 Safari/537.36"
52.167.144.149 - - [11/Jan/2025:16:24:10 +0300] "GET /resource/?path=/home/ncdcgo/cache HTTP/2.0" 500 3096 "-" "Mozilla/5.0 AppleWebKit/537.36 (KHTML, like Gecko; compatible; bingbot/2.0; +http://www.bing.com/bingbot.htm) Chrome/116.0.1938.76 Safari/537.36"
52.167.144.149 - - [11/Jan/2025:16:24:10 +0300] "GET /resource/?path=/home/ncdcgo/mail HTTP/2.0" 500 3096 "-" "Mozilla/5.0 AppleWebKit/537.36 (KHTML, like Gecko; compatible; bingbot/2.0; +http://www.bing.com/bingbot.htm) Chrome/116.0.1938.76 Safari/537.36"
52.167.144.149 - - [11/Jan/2025:16:24:11 +0300] "GET /?path=/lib/locale HTTP/2.0" 403 32198 "-" "Mozilla/5.0 AppleWebKit/537.36 (KHTML, like Gecko; compatible; bingbot/2.0; +http://www.bing.com/bingbot.htm) Chrome/116.0.1938.76 Safari/537.36"
52.167.144.149 - - [11/Jan/2025:16:24:11 +0300] "GET /?path=/lib/dracut HTTP/2.0" 403 32198 "-" "Mozilla/5.0 AppleWebKit/537.36 (KHTML, like Gecko; compatible; bingbot/2.0; +http://www.bing.com/bingbot.htm) Chrome/116.0.1938.76 Safari/537.36"
52.167.144.149 - - [11/Jan/2025:16:24:12 +0300] "GET /?path=/lib/kbd HTTP/2.0" 403 32198 "-" "Mozilla/5.0 AppleWebKit/537.36 (KHTML, like Gecko; compatible; bingbot/2.0; +http://www.bing.com/bingbot.htm) Chrome/116.0.1938.76 Safari/537.36"
52.167.144.149 - - [11/Jan/2025:16:24:13 +0300] "GET /?path=/lib/gconv HTTP/2.0" 403 32198 "-" "Mozilla/5.0 AppleWebKit/537.36 (KHTML, like Gecko; compatible; bingbot/2.0; +http://www.bing.com/bingbot.htm) Chrome/116.0.1938.76 Safari/537.36"
52.167.144.149 - - [11/Jan/2025:16:24:14 +0300] "GET /?path=/lib/vmware-vgauth HTTP/2.0" 403 32198 "-" "Mozilla/5.0 AppleWebKit/537.36 (KHTML, like Gecko; compatible; bingbot/2.0; +http://www.bing.com/bingbot.htm) Chrome/116.0.1938.76 Safari/537.36"
40.77.167.68 - - [11/Jan/2025:16:24:17 +0300] "GET /resource/?path=/home/ncdcgo/etc HTTP/2.0" 200 1260 "-" "Mozilla/5.0 AppleWebKit/537.36 (KHTML, like Gecko; compatible; bingbot/2.0; +http://www.bing.com/bingbot.htm) Chrome/116.0.1938.76 Safari/537.36"
40.77.167.68 - - [11/Jan/2025:16:24:18 +0300] "GET /resource/?filesrc=/bin/zipinfo&path=/bin HTTP/2.0" 200 651 "-" "Mozilla/5.0 AppleWebKit/537.36 (KHTML, like Gecko; compatible; bingbot/2.0; +http://www.bing.com/bingbot.htm) Chrome/116.0.1938.76 Safari/537.36"
40.77.167.68 - - [11/Jan/2025:16:24:19 +0300] "GET /resource/?filesrc=/bin/pinky&path=/bin HTTP/2.0" 200 650 "-" "Mozilla/5.0 AppleWebKit/537.36 (KHTML, like Gecko; compatible; bingbot/2.0; +http://www.bing.com/bingbot.htm) Chrome/116.0.1938.76 Safari/537.36"
40.77.167.68 - - [11/Jan/2025:16:24:19 +0300] "GET /?path=/lib/rpm HTTP/2.0" 200 2592 "-" "Mozilla/5.0 AppleWebKit/537.36 (KHTML, like Gecko; compatible; bingbot/2.0; +http://www.bing.com/bingbot.htm) Chrome/116.0.1938.76 Safari/537.36"
40.77.167.68 - - [11/Jan/2025:16:24:20 +0300] "GET /?path=/lib/fontconfig HTTP/2.0" 200 864 "-" "Mozilla/5.0 AppleWebKit/537.36 (KHTML, like Gecko; compatible; bingbot/2.0; +http://www.bing.com/bingbot.htm) Chrome/116.0.1938.76 Safari/537.36"
85.208.96.201 - - [11/Jan/2025:16:24:20 +0300] "GET /gallery?aca&aca&ncdc-50-launch&ncdc-50-launch&ncdc-50-launch&ncdc-50-launch&ncdc-collaboration&sample%3F129 HTTP/1.1" 200 2017 "-" "Mozilla/5.0 (compatible; SemrushBot/7~bl; +http://www.semrush.com/bot.html)"
40.77.167.68 - - [11/Jan/2025:16:24:20 +0300] "GET /?path=/lib/modprobe.d HTTP/2.0" 200 939 "-" "Mozilla/5.0 AppleWebKit/537.36 (KHTML, like Gecko; compatible; bingbot/2.0; +http://www.bing.com/bingbot.htm) Chrome/116.0.1938.76 Safari/537.36"
40.77.167.68 - - [11/Jan/2025:16:24:21 +0300] "GET /?path=/lib/java HTTP/2.0" 200 927 "-" "Mozilla/5.0 AppleWebKit/537.36 (KHTML, like Gecko; compatible; bingbot/2.0; +http://www.bing.com/bingbot.htm) Chrome/116.0.1938.76 Safari/537.36"
40.77.167.68 - - [11/Jan/2025:16:24:24 +0300] "GET /?path=/lib/firewalld HTTP/2.0" 200 986 "-" "Mozilla/5.0 AppleWebKit/537.36 (KHTML, like Gecko; compatible; bingbot/2.0; +http://www.bing.com/bingbot.htm) Chrome/116.0.1938.76 Safari/537.36"
40.77.167.68 - - [11/Jan/2025:16:24:24 +0300] "GET /?path=/lib/kdump HTTP/2.0" 200 965 "-" "Mozilla/5.0 AppleWebKit/537.36 (KHTML, like Gecko; compatible; bingbot/2.0; +http://www.bing.com/bingbot.htm) Chrome/116.0.1938.76 Safari/537.36"
40.77.167.68 - - [11/Jan/2025:16:24:25 +0300] "GET /?path=/lib/eclipse HTTP/2.0" 200 939 "-" "Mozilla/5.0 AppleWebKit/537.36 (KHTML, like Gecko; compatible; bingbot/2.0; +http://www.bing.com/bingbot.htm) Chrome/116.0.1938.76 Safari/537.36"
197.239.12.132 - - [11/Jan/2025:16:24:25 +0300] "GET /wp-content/uploads/2024/02/SUB_MATHEMATICS_book.pdf HTTP/2.0" 200 2133574 "https://www.google.com/" "Mozilla/5.0 (Linux; Android 10; K) AppleWebKit/537.36 (KHTML, like Gecko) Chrome/126.0.0.0 Mobile Safari/537.36"
40.77.167.68 - - [11/Jan/2025:16:24:26 +0300] "GET /?path=/lib/python3.6 HTTP/2.0" 200 870 "-" "Mozilla/5.0 AppleWebKit/537.36 (KHTML, like Gecko; compatible; bingbot/2.0; +http://www.bing.com/bingbot.htm) Chrome/116.0.1938.76 Safari/537.36"
40.77.167.68 - - [11/Jan/2025:16:24:27 +0300] "GET /?filesrc=/bin/fc-cache-64&path=/bin HTTP/2.0" 403 32198 "-" "Mozilla/5.0 AppleWebKit/537.36 (KHTML, like Gecko; compatible; bingbot/2.0; +http://www.bing.com/bingbot.htm) Chrome/116.0.1938.76 Safari/537.36"
40.77.167.56 - - [11/Jan/2025:16:24:29 +0300] "GET /resource/?filesrc=/home/ncdcgo/public_html/.htaccess&path=/home/ncdcgo/public_html HTTP/2.0" 403 2017 "-" "Mozilla/5.0 AppleWebKit/537.36 (KHTML, like Gecko; compatible; bingbot/2.0; +http://www.bing.com/bingbot.htm) Chrome/116.0.1938.76 Safari/537.36"
40.77.167.68 - - [11/Jan/2025:16:24:30 +0300] "GET /?path=/lib/exim HTTP/2.0" 200 854 "-" "Mozilla/5.0 AppleWebKit/537.36 (KHTML, like Gecko; compatible; bingbot/2.0; +http://www.bing.com/bingbot.htm) Chrome/116.0.1938.76 Safari/537.36"
40.77.167.56 - - [11/Jan/2025:16:24:30 +0300] "GET /?path=/lib/vmware-caf HTTP/2.0" 200 858 "-" "Mozilla/5.0 AppleWebKit/537.36 (KHTML, like Gecko; compatible; bingbot/2.0; +http://www.bing.com/bingbot.htm) Chrome/116.0.1938.76 Safari/537.36"
40.77.167.56 - - [11/Jan/2025:16:24:31 +0300] "GET /?path=/lib/udev HTTP/2.0" 200 1289 "-" "Mozilla/5.0 AppleWebKit/537.36 (KHTML, like Gecko; compatible; bingbot/2.0; +http://www.bing.com/bingbot.htm) Chrome/116.0.1938.76 Safari/537.36"
40.77.167.56 - - [11/Jan/2025:16:24:31 +0300] "GET /?path=/lib/jvm-commmon HTTP/2.0" 200 721 "-" "Mozilla/5.0 AppleWebKit/537.36 (KHTML, like Gecko; compatible; bingbot/2.0; +http://www.bing.com/bingbot.htm) Chrome/116.0.1938.76 Safari/537.36"
40.77.167.56 - - [11/Jan/2025:16:24:32 +0300] "GET /?path=/lib/NetworkManager HTTP/2.0" 200 956 "-" "Mozilla/5.0 AppleWebKit/537.36 (KHTML, like Gecko; compatible; bingbot/2.0; +http://www.bing.com/bingbot.htm) Chrome/116.0.1938.76 Safari/537.36"
40.77.167.56 - - [11/Jan/2025:16:24:33 +0300] "GET /?path=/lib/games HTTP/2.0" 200 717 "-" "Mozilla/5.0 AppleWebKit/537.36 (KHTML, like Gecko; compatible; bingbot/2.0; +http://www.bing.com/bingbot.htm) Chrome/116.0.1938.76 Safari/537.36"
185.191.171.7 - - [11/Jan/2025:16:24:33 +0300] "GET /gallery/?government-trains-teachers-lab-technicians&instructional-materials-unit&ncdc-collaboration&parliament&sample%3Fvisiting-delegation-from-zambia HTTP/1.1" 200 2017 "-" "Mozilla/5.0 (compatible; SemrushBot/7~bl; +http://www.semrush.com/bot.html)"
40.77.167.56 - - [11/Jan/2025:16:24:33 +0300] "GET /?path=/lib/rustlib HTTP/2.0" 403 32198 "-" "Mozilla/5.0 AppleWebKit/537.36 (KHTML, like Gecko; compatible; bingbot/2.0; +http://www.bing.com/bingbot.htm) Chrome/116.0.1938.76 Safari/537.36"
40.77.167.56 - - [11/Jan/2025:16:24:34 +0300] "GET /?path=/lib/modules-load.d HTTP/2.0" 403 32198 "-" "Mozilla/5.0 AppleWebKit/537.36 (KHTML, like Gecko; compatible; bingbot/2.0; +http://www.bing.com/bingbot.htm) Chrome/116.0.1938.76 Safari/537.36"
40.77.167.56 - - [11/Jan/2025:16:24:35 +0300] "GET /?path=/lib/firmware HTTP/2.0" 403 32198 "-" "Mozilla/5.0 AppleWebKit/537.36 (KHTML, like Gecko; compatible; bingbot/2.0; +http://www.bing.com/bingbot.htm) Chrome/116.0.1938.76 Safari/537.36"
40.77.167.56 - - [11/Jan/2025:16:24:35 +0300] "GET /?path=/lib/audit HTTP/2.0" 403 32198 "-" "Mozilla/5.0 AppleWebKit/537.36 (KHTML, like Gecko; compatible; bingbot/2.0; +http://www.bing.com/bingbot.htm) Chrome/116.0.1938.76 Safari/537.36"
40.77.167.56 - - [11/Jan/2025:16:24:36 +0300] "GET /?path=/lib/environment.d HTTP/2.0" 403 32198 "-" "Mozilla/5.0 AppleWebKit/537.36 (KHTML, like Gecko; compatible; bingbot/2.0; +http://www.bing.com/bingbot.htm) Chrome/116.0.1938.76 Safari/537.36"
40.77.167.56 - - [11/Jan/2025:16:24:36 +0300] "GET /?path=/lib/kernel HTTP/2.0" 403 32198 "-" "Mozilla/5.0 AppleWebKit/537.36 (KHTML, like Gecko; compatible; bingbot/2.0; +http://www.bing.com/bingbot.htm) Chrome/116.0.1938.76 Safari/537.36"
40.77.167.56 - - [11/Jan/2025:16:24:37 +0300] "GET /?path=/lib/systemd HTTP/2.0" 403 32198 "-" "Mozilla/5.0 AppleWebKit/537.36 (KHTML, like Gecko; compatible; bingbot/2.0; +http://www.bing.com/bingbot.htm) Chrome/116.0.1938.76 Safari/537.36"
185.191.171.15 - - [11/Jan/2025:16:24:37 +0300] "GET /gallery?aca&job-fair&ncdc-50-conference&ncdc-50-conference&sample%3F22&visit-by-ps&welcome-remarks%3Fteacher-training-on-abridged-curriculum HTTP/1.1" 200 2017 "-" "Mozilla/5.0 (compatible; SemrushBot/7~bl; +http://www.semrush.com/bot.html)"
45.90.120.121 - - [11/Jan/2025:16:24:37 +0300] "GET /books/chemistry-syllabus/ HTTP/2.0" 500 3095 "https://www.google.com/" "Mozilla/5.0 (Linux; Android 10; K) AppleWebKit/537.36 (KHTML, like Gecko) Chrome/131.0.0.0 Mobile Safari/537.36"
40.77.167.56 - - [11/Jan/2025:16:24:37 +0300] "GET /?path=/lib/debug HTTP/2.0" 403 32198 "-" "Mozilla/5.0 AppleWebKit/537.36 (KHTML, like Gecko; compatible; bingbot/2.0; +http://www.bing.com/bingbot.htm) Chrome/116.0.1938.76 Safari/537.36"
40.77.167.56 - - [11/Jan/2025:16:24:38 +0300] "GET /?option&path=/lib HTTP/2.0" 403 32198 "-" "Mozilla/5.0 AppleWebKit/537.36 (KHTML, like Gecko; compatible; bingbot/2.0; +http://www.bing.com/bingbot.htm) Chrome/116.0.1938.76 Safari/537.36"
40.77.167.56 - - [11/Jan/2025:16:24:38 +0300] "GET /resource/?path=/home/ncdcgo/public_html/store.ncdc.go.ug HTTP/2.0" 500 3096 "-" "Mozilla/5.0 AppleWebKit/537.36 (KHTML, like Gecko; compatible; bingbot/2.0; +http://www.bing.com/bingbot.htm) Chrome/116.0.1938.76 Safari/537.36"
40.77.167.56 - - [11/Jan/2025:16:24:39 +0300] "GET /?path=/lib/sse2 HTTP/2.0" 403 32198 "-" "Mozilla/5.0 AppleWebKit/537.36 (KHTML, like Gecko; compatible; bingbot/2.0; +http://www.bing.com/bingbot.htm) Chrome/116.0.1938.76 Safari/537.36"
85.208.96.205 - - [11/Jan/2025:16:24:39 +0300] "GET /gallery/?government-trains-teachers-lab-technicians&ncdc-50-launch&ncdc-50-launch&ncdc-50-launch&sample%3Fstate-minister-for-primary-launching-ncdc-50 HTTP/1.1" 200 2017 "-" "Mozilla/5.0 (compatible; SemrushBot/7~bl; +http://www.semrush.com/bot.html)"
40.77.167.56 - - [11/Jan/2025:16:24:39 +0300] "GET /?filesrc=/home/ncdcgo/etc/ncdcgo.rcube.db.1720644893&path=/home/ncdcgo/etc HTTP/2.0" 403 32198 "-" "Mozilla/5.0 AppleWebKit/537.36 (KHTML, like Gecko; compatible; bingbot/2.0; +http://www.bing.com/bingbot.htm) Chrome/116.0.1938.76 Safari/537.36"
45.90.120.121 - - [11/Jan/2025:16:24:40 +0300] "GET /favicon.ico HTTP/2.0" 500 3095 "https://ncdc.go.ug/books/chemistry-syllabus/" "Mozilla/5.0 (Linux; Android 10; K) AppleWebKit/537.36 (KHTML, like Gecko) Chrome/131.0.0.0 Mobile Safari/537.36"
52.167.144.149 - - [11/Jan/2025:16:24:47 +0300] "GET /?path=/lib/gcc HTTP/2.0" 200 870 "-" "Mozilla/5.0 AppleWebKit/537.36 (KHTML, like Gecko; compatible; bingbot/2.0; +http://www.bing.com/bingbot.htm) Chrome/116.0.1938.76 Safari/537.36"
154.72.192.35 - - [11/Jan/2025:16:24:47 +0300] "HEAD / HTTP/1.1" 200 - "-" "Uptime-Kuma/1.23.11"
52.167.144.149 - - [11/Jan/2025:16:24:47 +0300] "GET /?path=/lib/modules HTTP/2.0" 200 1037 "-" "Mozilla/5.0 AppleWebKit/537.36 (KHTML, like Gecko; compatible; bingbot/2.0; +http://www.bing.com/bingbot.htm) Chrome/116.0.1938.76 Safari/537.36"
52.167.144.149 - - [11/Jan/2025:16:24:48 +0300] "GET /resource/?path=/home/ncdcgo/mail HTTP/2.0" 200 3463 "-" "Mozilla/5.0 AppleWebKit/537.36 (KHTML, like Gecko; compatible; bingbot/2.0; +http://www.bing.com/bingbot.htm) Chrome/116.0.1938.76 Safari/537.36"
52.167.144.149 - - [11/Jan/2025:16:24:49 +0300] "GET /?path=/lib/dracut HTTP/2.0" 200 1184 "-" "Mozilla/5.0 AppleWebKit/537.36 (KHTML, like Gecko; compatible; bingbot/2.0; +http://www.bing.com/bingbot.htm) Chrome/116.0.1938.76 Safari/537.36"
52.167.144.149 - - [11/Jan/2025:16:24:49 +0300] "GET /resource/?path=/home/ncdcgo/cache HTTP/2.0" 200 1250 "-" "Mozilla/5.0 AppleWebKit/537.36 (KHTML, like Gecko; compatible; bingbot/2.0; +http://www.bing.com/bingbot.htm) Chrome/116.0.1938.76 Safari/537.36"
52.167.144.149 - - [11/Jan/2025:16:24:50 +0300] "GET /?path=/lib/tuned HTTP/2.0" 200 1413 "-" "Mozilla/5.0 AppleWebKit/537.36 (KHTML, like Gecko; compatible; bingbot/2.0; +http://www.bing.com/bingbot.htm) Chrome/116.0.1938.76 Safari/537.36"
40.77.167.68 - - [11/Jan/2025:16:24:50 +0300] "GET /resource/?path=/home/ncdcgo/moodledata/filedir HTTP/2.0" 200 2915 "-" "Mozilla/5.0 AppleWebKit/537.36 (KHTML, like Gecko; compatible; bingbot/2.0; +http://www.bing.com/bingbot.htm) Chrome/116.0.1938.76 Safari/537.36"
52.167.144.149 - - [11/Jan/2025:16:24:51 +0300] "GET /?path=/lib/kbd HTTP/2.0" 200 940 "-" "Mozilla/5.0 AppleWebKit/537.36 (KHTML, like Gecko; compatible; bingbot/2.0; +http://www.bing.com/bingbot.htm) Chrome/116.0.1938.76 Safari/537.36"
52.167.144.149 - - [11/Jan/2025:16:24:51 +0300] "GET /?path=/lib/gconv HTTP/2.0" 200 6015 "-" "Mozilla/5.0 AppleWebKit/537.36 (KHTML, like Gecko; compatible; bingbot/2.0; +http://www.bing.com/bingbot.htm) Chrome/116.0.1938.76 Safari/537.36"
52.167.144.149 - - [11/Jan/2025:16:24:52 +0300] "GET /?path=/lib/vmware-tools HTTP/2.0" 403 32198 "-" "Mozilla/5.0 AppleWebKit/537.36 (KHTML, like Gecko; compatible; bingbot/2.0; +http://www.bing.com/bingbot.htm) Chrome/116.0.1938.76 Safari/537.36"
52.167.144.149 - - [11/Jan/2025:16:24:53 +0300] "GET /?path=/lib/firewalld/icmptypes HTTP/2.0" 403 32198 "-" "Mozilla/5.0 AppleWebKit/537.36 (KHTML, like Gecko; compatible; bingbot/2.0; +http://www.bing.com/bingbot.htm) Chrome/116.0.1938.76 Safari/537.36"
52.167.144.149 - - [11/Jan/2025:16:24:53 +0300] "GET /?path=/lib/vmware-vgauth HTTP/2.0" 403 32198 "-" "Mozilla/5.0 AppleWebKit/537.36 (KHTML, like Gecko; compatible; bingbot/2.0; +http://www.bing.com/bingbot.htm) Chrome/116.0.1938.76 Safari/537.36"
52.167.144.149 - - [11/Jan/2025:16:24:54 +0300] "GET /?path=/lib/fontconfig/cache HTTP/2.0" 403 32198 "-" "Mozilla/5.0 AppleWebKit/537.36 (KHTML, like Gecko; compatible; bingbot/2.0; +http://www.bing.com/bingbot.htm) Chrome/116.0.1938.76 Safari/537.36"
52.167.144.149 - - [11/Jan/2025:16:24:55 +0300] "GET /?path=/lib/firewalld/policies HTTP/2.0" 403 32198 "-" "Mozilla/5.0 AppleWebKit/537.36 (KHTML, like Gecko; compatible; bingbot/2.0; +http://www.bing.com/bingbot.htm) Chrome/116.0.1938.76 Safari/537.36"
52.167.144.149 - - [11/Jan/2025:16:24:55 +0300] "GET /?path=/lib/firewalld/helpers HTTP/2.0" 403 32198 "-" "Mozilla/5.0 AppleWebKit/537.36 (KHTML, like Gecko; compatible; bingbot/2.0; +http://www.bing.com/bingbot.htm) Chrome/116.0.1938.76 Safari/537.36"
52.167.144.149 - - [11/Jan/2025:16:24:56 +0300] "GET /resource/?option&path=/bin HTTP/2.0" 500 3096 "-" "Mozilla/5.0 AppleWebKit/537.36 (KHTML, like Gecko; compatible; bingbot/2.0; +http://www.bing.com/bingbot.htm) Chrome/116.0.1938.76 Safari/537.36"
52.15.147.27 - - [11/Jan/2025:16:24:58 +0300] "HEAD / HTTP/1.1" 200 - "https://ncdc.go.ug" "Mozilla/5.0+(compatible; UptimeRobot/2.0; http://www.uptimerobot.com/)"
40.77.167.56 - - [11/Jan/2025:16:25:02 +0300] "GET /?path=/etc/crypto-policies/state HTTP/2.0" 200 948 "-" "Mozilla/5.0 AppleWebKit/537.36 (KHTML, like Gecko; compatible; bingbot/2.0; +http://www.bing.com/bingbot.htm) Chrome/116.0.1938.76 Safari/537.36"
40.77.167.56 - - [11/Jan/2025:16:25:03 +0300] "GET /?path=/lib/firewalld/ipsets HTTP/2.0" 200 901 "-" "Mozilla/5.0 AppleWebKit/537.36 (KHTML, like Gecko; compatible; bingbot/2.0; +http://www.bing.com/bingbot.htm) Chrome/116.0.1938.76 Safari/537.36"
40.77.167.56 - - [11/Jan/2025:16:25:03 +0300] "GET /?path=/lib/firewalld/services HTTP/2.0" 200 5096 "-" "Mozilla/5.0 AppleWebKit/537.36 (KHTML, like Gecko; compatible; bingbot/2.0; +http://www.bing.com/bingbot.htm) Chrome/116.0.1938.76 Safari/537.36"
185.191.171.12 - - [11/Jan/2025:16:25:04 +0300] "GET /gallery/?aca&job-fair&ncdc-50-conference&sample&thanks&thanks&thanks&thanks&welcome-remarks%3F1 HTTP/1.1" 200 2017 "-" "Mozilla/5.0 (compatible; SemrushBot/7~bl; +http://www.semrush.com/bot.html)"
40.77.167.56 - - [11/Jan/2025:16:25:04 +0300] "GET /?path=/lib/firewalld/zones HTTP/2.0" 200 1162 "-" "Mozilla/5.0 AppleWebKit/537.36 (KHTML, like Gecko; compatible; bingbot/2.0; +http://www.bing.com/bingbot.htm) Chrome/116.0.1938.76 Safari/537.36"
40.77.167.56 - - [11/Jan/2025:16:25:05 +0300] "GET /?path=/lib/rustlib HTTP/2.0" 200 879 "-" "Mozilla/5.0 AppleWebKit/537.36 (KHTML, like Gecko; compatible; bingbot/2.0; +http://www.bing.com/bingbot.htm) Chrome/116.0.1938.76 Safari/537.36"
40.77.167.56 - - [11/Jan/2025:16:25:05 +0300] "GET /?path=/lib/eclipse/plugins HTTP/2.0" 403 32198 "-" "Mozilla/5.0 AppleWebKit/537.36 (KHTML, like Gecko; compatible; bingbot/2.0; +http://www.bing.com/bingbot.htm) Chrome/116.0.1938.76 Safari/537.36"
40.77.167.56 - - [11/Jan/2025:16:25:06 +0300] "GET /?path=/lib/firmware HTTP/2.0" 403 32198 "-" "Mozilla/5.0 AppleWebKit/537.36 (KHTML, like Gecko; compatible; bingbot/2.0; +http://www.bing.com/bingbot.htm) Chrome/116.0.1938.76 Safari/537.36"
40.77.167.56 - - [11/Jan/2025:16:25:07 +0300] "GET /?path=/lib/debug HTTP/2.0" 403 32198 "-" "Mozilla/5.0 AppleWebKit/537.36 (KHTML, like Gecko; compatible; bingbot/2.0; +http://www.bing.com/bingbot.htm) Chrome/116.0.1938.76 Safari/537.36"
40.77.167.56 - - [11/Jan/2025:16:25:07 +0300] "GET /?path=/lib/java/jna HTTP/2.0" 403 32198 "-" "Mozilla/5.0 AppleWebKit/537.36 (KHTML, like Gecko; compatible; bingbot/2.0; +http://www.bing.com/bingbot.htm) Chrome/116.0.1938.76 Safari/537.36"
40.77.167.56 - - [11/Jan/2025:16:25:07 +0300] "GET /?path=/lib/audit HTTP/2.0" 403 32198 "-" "Mozilla/5.0 AppleWebKit/537.36 (KHTML, like Gecko; compatible; bingbot/2.0; +http://www.bing.com/bingbot.htm) Chrome/116.0.1938.76 Safari/537.36"
40.77.167.56 - - [11/Jan/2025:16:25:08 +0300] "GET /?path=/lib/environment.d HTTP/2.0" 403 32198 "-" "Mozilla/5.0 AppleWebKit/537.36 (KHTML, like Gecko; compatible; bingbot/2.0; +http://www.bing.com/bingbot.htm) Chrome/116.0.1938.76 Safari/537.36"
40.77.167.56 - - [11/Jan/2025:16:25:08 +0300] "GET /?path=/lib/kernel HTTP/2.0" 403 32198 "-" "Mozilla/5.0 AppleWebKit/537.36 (KHTML, like Gecko; compatible; bingbot/2.0; +http://www.bing.com/bingbot.htm) Chrome/116.0.1938.76 Safari/537.36"
40.77.167.56 - - [11/Jan/2025:16:25:09 +0300] "GET /?path=/lib/modules-load.d HTTP/2.0" 403 32198 "-" "Mozilla/5.0 AppleWebKit/537.36 (KHTML, like Gecko; compatible; bingbot/2.0; +http://www.bing.com/bingbot.htm) Chrome/116.0.1938.76 Safari/537.36"
40.77.167.56 - - [11/Jan/2025:16:25:09 +0300] "GET /?path=/lib/sse2 HTTP/2.0" 403 32198 "-" "Mozilla/5.0 AppleWebKit/537.36 (KHTML, like Gecko; compatible; bingbot/2.0; +http://www.bing.com/bingbot.htm) Chrome/116.0.1938.76 Safari/537.36"
40.77.167.56 - - [11/Jan/2025:16:25:10 +0300] "GET /?path=/lib/systemd HTTP/2.0" 403 32198 "-" "Mozilla/5.0 AppleWebKit/537.36 (KHTML, like Gecko; compatible; bingbot/2.0; +http://www.bing.com/bingbot.htm) Chrome/116.0.1938.76 Safari/537.36"
40.77.167.56 - - [11/Jan/2025:16:25:10 +0300] "GET /?path=/lib/rpm/redhat HTTP/2.0" 403 32198 "-" "Mozilla/5.0 AppleWebKit/537.36 (KHTML, like Gecko; compatible; bingbot/2.0; +http://www.bing.com/bingbot.htm) Chrome/116.0.1938.76 Safari/537.36"
45.90.120.121 - - [11/Jan/2025:16:25:08 +0300] "GET /wp-content/uploads/2024/04/NCDC_AEP_CHEMISTRY_LSC_level-1and-2_Web-file_Final-08.03.2024.pdf HTTP/2.0" 200 1920387 "https://www.google.com/" "Mozilla/5.0 (Linux; Android 10; K) AppleWebKit/537.36 (KHTML, like Gecko) Chrome/131.0.0.0 Mobile Safari/537.36"
40.77.167.56 - - [11/Jan/2025:16:25:11 +0300] "GET /?path=/lib/rpm/platform HTTP/2.0" 403 32198 "-" "Mozilla/5.0 AppleWebKit/537.36 (KHTML, like Gecko; compatible; bingbot/2.0; +http://www.bing.com/bingbot.htm) Chrome/116.0.1938.76 Safari/537.36"
40.77.167.68 - - [11/Jan/2025:16:25:19 +0300] "GET /?path=/lib/NetworkManager/system-connections HTTP/2.0" 200 742 "-" "Mozilla/5.0 AppleWebKit/537.36 (KHTML, like Gecko; compatible; bingbot/2.0; +http://www.bing.com/bingbot.htm) Chrome/116.0.1938.76 Safari/537.36"
40.77.167.68 - - [11/Jan/2025:16:25:19 +0300] "GET /?path=/lib/NetworkManager/VPN HTTP/2.0" 200 733 "-" "Mozilla/5.0 AppleWebKit/537.36 (KHTML, like Gecko; compatible; bingbot/2.0; +http://www.bing.com/bingbot.htm) Chrome/116.0.1938.76 Safari/537.36"
40.77.167.68 - - [11/Jan/2025:16:25:20 +0300] "GET /resource/?path=/home/ncdcgo/moodledata/filedir/d2 HTTP/2.0" 200 900 "-" "Mozilla/5.0 AppleWebKit/537.36 (KHTML, like Gecko; compatible; bingbot/2.0; +http://www.bing.com/bingbot.htm) Chrome/116.0.1938.76 Safari/537.36"
40.77.167.68 - - [11/Jan/2025:16:25:20 +0300] "GET /resource/?path=/home/ncdcgo/moodledata/filedir/ea HTTP/2.0" 200 903 "-" "Mozilla/5.0 AppleWebKit/537.36 (KHTML, like Gecko; compatible; bingbot/2.0; +http://www.bing.com/bingbot.htm) Chrome/116.0.1938.76 Safari/537.36"
40.77.167.68 - - [11/Jan/2025:16:25:21 +0300] "GET /resource/?path=/home/ncdcgo/moodledata/filedir/f8 HTTP/2.0" 200 904 "-" "Mozilla/5.0 AppleWebKit/537.36 (KHTML, like Gecko; compatible; bingbot/2.0; +http://www.bing.com/bingbot.htm) Chrome/116.0.1938.76 Safari/537.36"
40.77.167.68 - - [11/Jan/2025:16:25:23 +0300] "GET /resource/?path=/home/ncdcgo/moodledata/filedir/a1 HTTP/2.0" 200 904 "-" "Mozilla/5.0 AppleWebKit/537.36 (KHTML, like Gecko; compatible; bingbot/2.0; +http://www.bing.com/bingbot.htm) Chrome/116.0.1938.76 Safari/537.36"
40.77.167.68 - - [11/Jan/2025:16:25:24 +0300] "GET /resource/?path=/home/ncdcgo/moodledata/filedir/d3 HTTP/2.0" 200 930 "-" "Mozilla/5.0 AppleWebKit/537.36 (KHTML, like Gecko; compatible; bingbot/2.0; +http://www.bing.com/bingbot.htm) Chrome/116.0.1938.76 Safari/537.36"
40.77.167.68 - - [11/Jan/2025:16:25:25 +0300] "GET /resource/?path=/home/ncdcgo/moodledata/filedir/a2 HTTP/2.0" 200 904 "-" "Mozilla/5.0 AppleWebKit/537.36 (KHTML, like Gecko; compatible; bingbot/2.0; +http://www.bing.com/bingbot.htm) Chrome/116.0.1938.76 Safari/537.36"
40.77.167.68 - - [11/Jan/2025:16:25:25 +0300] "GET /resource/?path=/home/ncdcgo/moodledata/filedir/db HTTP/2.0" 200 899 "-" "Mozilla/5.0 AppleWebKit/537.36 (KHTML, like Gecko; compatible; bingbot/2.0; +http://www.bing.com/bingbot.htm) Chrome/116.0.1938.76 Safari/537.36"
40.77.167.68 - - [11/Jan/2025:16:25:26 +0300] "GET /resource/?path=/home/ncdcgo/moodledata/filedir/aa HTTP/2.0" 500 3096 "-" "Mozilla/5.0 AppleWebKit/537.36 (KHTML, like Gecko; compatible; bingbot/2.0; +http://www.bing.com/bingbot.htm) Chrome/116.0.1938.76 Safari/537.36"
40.77.167.68 - - [11/Jan/2025:16:25:27 +0300] "GET /resource/?path=/home/ncdcgo/moodledata/filedir/2f HTTP/2.0" 500 3096 "-" "Mozilla/5.0 AppleWebKit/537.36 (KHTML, like Gecko; compatible; bingbot/2.0; +http://www.bing.com/bingbot.htm) Chrome/116.0.1938.76 Safari/537.36"
40.77.167.68 - - [11/Jan/2025:16:25:27 +0300] "GET /resource/?path=/home/ncdcgo/moodledata/filedir/bd HTTP/2.0" 500 3096 "-" "Mozilla/5.0 AppleWebKit/537.36 (KHTML, like Gecko; compatible; bingbot/2.0; +http://www.bing.com/bingbot.htm) Chrome/116.0.1938.76 Safari/537.36"
40.77.167.68 - - [11/Jan/2025:16:25:28 +0300] "GET /resource/?path=/home/ncdcgo/moodledata/filedir/f2 HTTP/2.0" 500 3096 "-" "Mozilla/5.0 AppleWebKit/537.36 (KHTML, like Gecko; compatible; bingbot/2.0; +http://www.bing.com/bingbot.htm) Chrome/116.0.1938.76 Safari/537.36"
40.77.167.68 - - [11/Jan/2025:16:25:29 +0300] "GET /resource/?path=/home/ncdcgo/moodledata/filedir/ab HTTP/2.0" 500 3096 "-" "Mozilla/5.0 AppleWebKit/537.36 (KHTML, like Gecko; compatible; bingbot/2.0; +http://www.bing.com/bingbot.htm) Chrome/116.0.1938.76 Safari/537.36"
40.77.167.17 - - [11/Jan/2025:16:25:29 +0300] "GET /wp-content/uploads/2024/09/Global-Pedagogical-Trends-in-Education.pdf HTTP/2.0" 500 3095 "-" "Mozilla/5.0 AppleWebKit/537.36 (KHTML, like Gecko; compatible; bingbot/2.0; +http://www.bing.com/bingbot.htm) Chrome/116.0.1938.76 Safari/537.36"
40.77.167.68 - - [11/Jan/2025:16:25:30 +0300] "GET /?option&path=/lib/firewalld/services HTTP/2.0" 403 32198 "-" "Mozilla/5.0 AppleWebKit/537.36 (KHTML, like Gecko; compatible; bingbot/2.0; +http://www.bing.com/bingbot.htm) Chrome/116.0.1938.76 Safari/537.36"
85.208.96.194 - - [11/Jan/2025:16:25:32 +0300] "GET /gallery?aca&aca&aca&aca&aca&aca&aca&aca&aca&aca&aca&aca&aca&aca&aca&ncdc-collaboration&ncdc-collaboration&sample%3F22%3F39 HTTP/1.1" 200 2018 "-" "Mozilla/5.0 (compatible; SemrushBot/7~bl; +http://www.semrush.com/bot.html)"
52.167.144.162 - - [11/Jan/2025:16:25:33 +0300] "GET /?option&path=/lib HTTP/2.0" 200 629 "-" "Mozilla/5.0 AppleWebKit/537.36 (KHTML, like Gecko; compatible; bingbot/2.0; +http://www.bing.com/bingbot.htm) Chrome/116.0.1938.76 Safari/537.36"
52.167.144.162 - - [11/Jan/2025:16:25:34 +0300] "GET /?path=/lib/udev/hwdb.d HTTP/2.0" 200 1610 "-" "Mozilla/5.0 AppleWebKit/537.36 (KHTML, like Gecko; compatible; bingbot/2.0; +http://www.bing.com/bingbot.htm) Chrome/116.0.1938.76 Safari/537.36"
52.167.144.162 - - [11/Jan/2025:16:25:35 +0300] "GET /?option&path=/etc/alternatives HTTP/2.0" 200 643 "-" "Mozilla/5.0 AppleWebKit/537.36 (KHTML, like Gecko; compatible; bingbot/2.0; +http://www.bing.com/bingbot.htm) Chrome/116.0.1938.76 Safari/537.36"
52.167.144.162 - - [11/Jan/2025:16:25:35 +0300] "GET /?path=/lib/udev/rules.d HTTP/2.0" 200 2786 "-" "Mozilla/5.0 AppleWebKit/537.36 (KHTML, like Gecko; compatible; bingbot/2.0; +http://www.bing.com/bingbot.htm) Chrome/116.0.1938.76 Safari/537.36"
52.167.144.162 - - [11/Jan/2025:16:25:36 +0300] "GET /?path=/lib/python3.6/site-packages HTTP/2.0" 200 2558 "-" "Mozilla/5.0 AppleWebKit/537.36 (KHTML, like Gecko; compatible; bingbot/2.0; +http://www.bing.com/bingbot.htm) Chrome/116.0.1938.76 Safari/537.36"
52.167.144.162 - - [11/Jan/2025:16:25:37 +0300] "GET /?option&path=/etc/ssh HTTP/2.0" 403 32198 "-" "Mozilla/5.0 AppleWebKit/537.36 (KHTML, like Gecko; compatible; bingbot/2.0; +http://www.bing.com/bingbot.htm) Chrome/116.0.1938.76 Safari/537.36"
52.167.144.162 - - [11/Jan/2025:16:25:37 +0300] "GET /resource/?path=/home/ncdcgo/moodledata/filedir/00 HTTP/2.0" 200 903 "-" "Mozilla/5.0 AppleWebKit/537.36 (KHTML, like Gecko; compatible; bingbot/2.0; +http://www.bing.com/bingbot.htm) Chrome/116.0.1938.76 Safari/537.36"
52.167.144.162 - - [11/Jan/2025:16:25:38 +0300] "GET /resource/?path=/home/ncdcgo/moodledata/filedir/a3 HTTP/2.0" 200 898 "-" "Mozilla/5.0 AppleWebKit/537.36 (KHTML, like Gecko; compatible; bingbot/2.0; +http://www.bing.com/bingbot.htm) Chrome/116.0.1938.76 Safari/537.36"
52.167.144.162 - - [11/Jan/2025:16:25:39 +0300] "GET /resource/?path=/home/ncdcgo/moodledata/filedir/6b HTTP/2.0" 200 904 "-" "Mozilla/5.0 AppleWebKit/537.36 (KHTML, like Gecko; compatible; bingbot/2.0; +http://www.bing.com/bingbot.htm) Chrome/116.0.1938.76 Safari/537.36"
52.167.144.162 - - [11/Jan/2025:16:25:39 +0300] "GET /resource/?path=/home/ncdcgo/moodledata/filedir/3c HTTP/2.0" 200 902 "-" "Mozilla/5.0 AppleWebKit/537.36 (KHTML, like Gecko; compatible; bingbot/2.0; +http://www.bing.com/bingbot.htm) Chrome/116.0.1938.76 Safari/537.36"
52.167.144.162 - - [11/Jan/2025:16:25:40 +0300] "GET /resource/?path=/home/ncdcgo/moodledata/filedir/f1 HTTP/2.0" 200 903 "-" "Mozilla/5.0 AppleWebKit/537.36 (KHTML, like Gecko; compatible; bingbot/2.0; +http://www.bing.com/bingbot.htm) Chrome/116.0.1938.76 Safari/537.36"
52.167.144.162 - - [11/Jan/2025:16:25:41 +0300] "GET /resource/?path=/home/ncdcgo/moodledata/filedir/3d HTTP/2.0" 500 3098 "-" "Mozilla/5.0 AppleWebKit/537.36 (KHTML, like Gecko; compatible; bingbot/2.0; +http://www.bing.com/bingbot.htm) Chrome/116.0.1938.76 Safari/537.36"
52.167.144.162 - - [11/Jan/2025:16:25:41 +0300] "GET /resource/?path=/home/ncdcgo/moodledata/filedir/b8 HTTP/2.0" 500 3098 "-" "Mozilla/5.0 AppleWebKit/537.36 (KHTML, like Gecko; compatible; bingbot/2.0; +http://www.bing.com/bingbot.htm) Chrome/116.0.1938.76 Safari/537.36"
45.90.120.121 - - [11/Jan/2025:16:25:36 +0300] "GET /wp-content/uploads/2024/04/NCDC_AEP_CHEMISTRY_LSC_level-1and-2_Web-file_Final-08.03.2024.pdf HTTP/2.0" 206 1308383 "https://www.google.com/" "Mozilla/5.0 (Linux; Android 10; K) AppleWebKit/537.36 (KHTML, like Gecko) Chrome/131.0.0.0 Mobile Safari/537.36"
52.167.144.162 - - [11/Jan/2025:16:25:42 +0300] "GET /resource/?path=/home/ncdcgo/moodledata/filedir/34 HTTP/2.0" 500 3098 "-" "Mozilla/5.0 AppleWebKit/537.36 (KHTML, like Gecko; compatible; bingbot/2.0; +http://www.bing.com/bingbot.htm) Chrome/116.0.1938.76 Safari/537.36"
52.167.144.162 - - [11/Jan/2025:16:25:42 +0300] "GET /resource/?path=/home/ncdcgo/moodledata/filedir/37 HTTP/2.0" 500 3098 "-" "Mozilla/5.0 AppleWebKit/537.36 (KHTML, like Gecko; compatible; bingbot/2.0; +http://www.bing.com/bingbot.htm) Chrome/116.0.1938.76 Safari/537.36"
52.167.144.162 - - [11/Jan/2025:16:25:43 +0300] "GET /resource/?path=/home/ncdcgo/moodledata/filedir/b5 HTTP/2.0" 500 3098 "-" "Mozilla/5.0 AppleWebKit/537.36 (KHTML, like Gecko; compatible; bingbot/2.0; +http://www.bing.com/bingbot.htm) Chrome/116.0.1938.76 Safari/537.36"
52.167.144.162 - - [11/Jan/2025:16:25:44 +0300] "GET /resource/?path=/home/ncdcgo/moodledata/filedir/fb HTTP/2.0" 500 3098 "-" "Mozilla/5.0 AppleWebKit/537.36 (KHTML, like Gecko; compatible; bingbot/2.0; +http://www.bing.com/bingbot.htm) Chrome/116.0.1938.76 Safari/537.36"
52.167.144.162 - - [11/Jan/2025:16:25:44 +0300] "GET /resource/?path=/home/ncdcgo/moodledata/filedir/d1 HTTP/2.0" 500 3098 "-" "Mozilla/5.0 AppleWebKit/537.36 (KHTML, like Gecko; compatible; bingbot/2.0; +http://www.bing.com/bingbot.htm) Chrome/116.0.1938.76 Safari/537.36"
52.167.144.162 - - [11/Jan/2025:16:25:45 +0300] "GET /resource/?path=/home/ncdcgo/moodledata/filedir/fc HTTP/2.0" 500 3098 "-" "Mozilla/5.0 AppleWebKit/537.36 (KHTML, like Gecko; compatible; bingbot/2.0; +http://www.bing.com/bingbot.htm) Chrome/116.0.1938.76 Safari/537.36"
52.167.144.162 - - [11/Jan/2025:16:25:46 +0300] "GET /?path=/lib/eclipse/plugins HTTP/2.0" 403 32198 "-" "Mozilla/5.0 AppleWebKit/537.36 (KHTML, like Gecko; compatible; bingbot/2.0; +http://www.bing.com/bingbot.htm) Chrome/116.0.1938.76 Safari/537.36"
52.167.144.162 - - [11/Jan/2025:16:25:46 +0300] "GET /?path=/lib/rpm/platform HTTP/2.0" 403 32198 "-" "Mozilla/5.0 AppleWebKit/537.36 (KHTML, like Gecko; compatible; bingbot/2.0; +http://www.bing.com/bingbot.htm) Chrome/116.0.1938.76 Safari/537.36"
52.167.144.162 - - [11/Jan/2025:16:25:47 +0300] "GET /?path=/lib/rpm/redhat HTTP/2.0" 403 32198 "-" "Mozilla/5.0 AppleWebKit/537.36 (KHTML, like Gecko; compatible; bingbot/2.0; +http://www.bing.com/bingbot.htm) Chrome/116.0.1938.76 Safari/537.36"
154.72.192.35 - - [11/Jan/2025:16:25:48 +0300] "HEAD / HTTP/1.1" 200 - "-" "Uptime-Kuma/1.23.11"
41.210.159.3 - - [11/Jan/2025:16:25:48 +0300] "GET /wp-content/uploads/2024/02/Mathematics_Syllabus_compressed.pdf HTTP/2.0" 200 1775374 "https://www.google.com/" "Mozilla/5.0 (Linux; Android 10; K) AppleWebKit/537.36 (KHTML, like Gecko) Chrome/131.0.0.0 Mobile Safari/537.36"
85.208.96.194 - - [11/Jan/2025:16:25:49 +0300] "GET /gallery/?50-conference-venue&consultation-on-a-level-curriculum-review-2&job-fair&job-fair&parliament&sample%3F21%3F25 HTTP/1.1" 200 2018 "-" "Mozilla/5.0 (compatible; SemrushBot/7~bl; +http://www.semrush.com/bot.html)"
52.167.144.162 - - [11/Jan/2025:16:25:55 +0300] "GET /?path=/lib/systemd HTTP/2.0" 200 2510 "-" "Mozilla/5.0 AppleWebKit/537.36 (KHTML, like Gecko; compatible; bingbot/2.0; +http://www.bing.com/bingbot.htm) Chrome/116.0.1938.76 Safari/537.36"
52.167.144.162 - - [11/Jan/2025:16:25:56 +0300] "GET /?path=/lib/java/jna HTTP/2.0" 200 894 "-" "Mozilla/5.0 AppleWebKit/537.36 (KHTML, like Gecko; compatible; bingbot/2.0; +http://www.bing.com/bingbot.htm) Chrome/116.0.1938.76 Safari/537.36"
52.167.144.162 - - [11/Jan/2025:16:25:57 +0300] "GET /?path=/lib/audit HTTP/2.0" 200 888 "-" "Mozilla/5.0 AppleWebKit/537.36 (KHTML, like Gecko; compatible; bingbot/2.0; +http://www.bing.com/bingbot.htm) Chrome/116.0.1938.76 Safari/537.36"
52.167.144.162 - - [11/Jan/2025:16:25:57 +0300] "GET /?path=/lib/environment.d HTTP/2.0" 200 894 "-" "Mozilla/5.0 AppleWebKit/537.36 (KHTML, like Gecko; compatible; bingbot/2.0; +http://www.bing.com/bingbot.htm) Chrome/116.0.1938.76 Safari/537.36"
52.167.144.162 - - [11/Jan/2025:16:25:58 +0300] "GET /?path=/lib/kernel HTTP/2.0" 200 860 "-" "Mozilla/5.0 AppleWebKit/537.36 (KHTML, like Gecko; compatible; bingbot/2.0; +http://www.bing.com/bingbot.htm) Chrome/116.0.1938.76 Safari/537.36"
52.167.144.162 - - [11/Jan/2025:16:25:59 +0300] "GET /?path=/lib/debug HTTP/2.0" 403 32198 "-" "Mozilla/5.0 AppleWebKit/537.36 (KHTML, like Gecko; compatible; bingbot/2.0; +http://www.bing.com/bingbot.htm) Chrome/116.0.1938.76 Safari/537.36"
