52.167.144.160 - - [11/Jan/2025:17:02:48 +0300] "GET /resource/?path=/lib/firmware/isci HTTP/2.0" 500 3097 "-" "Mozilla/5.0 AppleWebKit/537.36 (KHTML, like Gecko; compatible; bingbot/2.0; +http://www.bing.com/bingbot.htm) Chrome/116.0.1938.76 Safari/537.36"
52.167.144.160 - - [11/Jan/2025:17:02:49 +0300] "GET /resource/?path=/lib/firmware/brcm HTTP/2.0" 500 3097 "-" "Mozilla/5.0 AppleWebKit/537.36 (KHTML, like Gecko; compatible; bingbot/2.0; +http://www.bing.com/bingbot.htm) Chrome/116.0.1938.76 Safari/537.36"
52.167.144.160 - - [11/Jan/2025:17:02:49 +0300] "GET /resource/?path=/lib/firmware/ath10k HTTP/2.0" 500 3097 "-" "Mozilla/5.0 AppleWebKit/537.36 (KHTML, like Gecko; compatible; bingbot/2.0; +http://www.bing.com/bingbot.htm) Chrome/116.0.1938.76 Safari/537.36"
85.208.96.205 - - [11/Jan/2025:17:02:50 +0300] "GET /gallery?aca&instructional-materials-unit&ncdc-50-conference&parliament&parliament&sample%3F20%3Fdirector-launching-ncdc-50 HTTP/1.1" 200 2017 "-" "Mozilla/5.0 (compatible; SemrushBot/7~bl; +http://www.semrush.com/bot.html)"
52.167.144.160 - - [11/Jan/2025:17:02:50 +0300] "GET /resource/?filesrc=/usr/include/bzlib.h&path=/usr/include HTTP/2.0" 500 3097 "-" "Mozilla/5.0 AppleWebKit/537.36 (KHTML, like Gecko; compatible; bingbot/2.0; +http://www.bing.com/bingbot.htm) Chrome/116.0.1938.76 Safari/537.36"
52.167.144.160 - - [11/Jan/2025:17:02:51 +0300] "GET /resource/?path=/lib/firmware/amd-ucode HTTP/2.0" 500 3097 "-" "Mozilla/5.0 AppleWebKit/537.36 (KHTML, like Gecko; compatible; bingbot/2.0; +http://www.bing.com/bingbot.htm) Chrome/116.0.1938.76 Safari/537.36"
52.167.144.160 - - [11/Jan/2025:17:02:52 +0300] "GET /resource/?filesrc=/lib/gconv/IBM9066.so&path=/lib/gconv HTTP/2.0" 500 3097 "-" "Mozilla/5.0 AppleWebKit/537.36 (KHTML, like Gecko; compatible; bingbot/2.0; +http://www.bing.com/bingbot.htm) Chrome/116.0.1938.76 Safari/537.36"
52.167.144.160 - - [11/Jan/2025:17:02:53 +0300] "GET /?filesrc=/lib/gconv/NATS-SEFI.so&path=/lib/gconv HTTP/2.0" 403 32198 "-" "Mozilla/5.0 AppleWebKit/537.36 (KHTML, like Gecko; compatible; bingbot/2.0; +http://www.bing.com/bingbot.htm) Chrome/116.0.1938.76 Safari/537.36"
52.167.144.218 - - [11/Jan/2025:17:02:55 +0300] "GET /?path=/lib/vmware-tools/libconf HTTP/2.0" 200 909 "-" "Mozilla/5.0 AppleWebKit/537.36 (KHTML, like Gecko; compatible; bingbot/2.0; +http://www.bing.com/bingbot.htm) Chrome/116.0.1938.76 Safari/537.36"
52.167.144.218 - - [11/Jan/2025:17:02:56 +0300] "GET /?path=/lib/systemd/system HTTP/2.0" 200 11046 "-" "Mozilla/5.0 AppleWebKit/537.36 (KHTML, like Gecko; compatible; bingbot/2.0; +http://www.bing.com/bingbot.htm) Chrome/116.0.1938.76 Safari/537.36"
52.167.144.218 - - [11/Jan/2025:17:02:56 +0300] "GET /?filesrc=/lib/systemd/libsystemd-shared-239.so&path=/lib/systemd HTTP/2.0" 200 673 "-" "Mozilla/5.0 AppleWebKit/537.36 (KHTML, like Gecko; compatible; bingbot/2.0; +http://www.bing.com/bingbot.htm) Chrome/116.0.1938.76 Safari/537.36"
52.167.144.218 - - [11/Jan/2025:17:02:57 +0300] "GET /resource/?path=/lib/NetworkManager HTTP/2.0" 200 953 "-" "Mozilla/5.0 AppleWebKit/537.36 (KHTML, like Gecko; compatible; bingbot/2.0; +http://www.bing.com/bingbot.htm) Chrome/116.0.1938.76 Safari/537.36"
52.167.144.218 - - [11/Jan/2025:17:02:58 +0300] "GET /resource/?path=/etc/profile.d HTTP/2.0" 500 3097 "-" "Mozilla/5.0 AppleWebKit/537.36 (KHTML, like Gecko; compatible; bingbot/2.0; +http://www.bing.com/bingbot.htm) Chrome/116.0.1938.76 Safari/537.36"
52.167.144.218 - - [11/Jan/2025:17:02:58 +0300] "GET /resource/?path=/lib/vmware-tools HTTP/2.0" 200 1197 "-" "Mozilla/5.0 AppleWebKit/537.36 (KHTML, like Gecko; compatible; bingbot/2.0; +http://www.bing.com/bingbot.htm) Chrome/116.0.1938.76 Safari/537.36"
52.167.144.218 - - [11/Jan/2025:17:02:59 +0300] "GET /resource/?path=/lib/udev HTTP/2.0" 200 1291 "-" "Mozilla/5.0 AppleWebKit/537.36 (KHTML, like Gecko; compatible; bingbot/2.0; +http://www.bing.com/bingbot.htm) Chrome/116.0.1938.76 Safari/537.36"
52.167.144.218 - - [11/Jan/2025:17:02:59 +0300] "GET /?path=/lib/rpm/platform/armv5tel-linux HTTP/2.0" 200 914 "-" "Mozilla/5.0 AppleWebKit/537.36 (KHTML, like Gecko; compatible; bingbot/2.0; +http://www.bing.com/bingbot.htm) Chrome/116.0.1938.76 Safari/537.36"
85.208.96.194 - - [11/Jan/2025:17:03:00 +0300] "GET /gallery?50-conference-venue&50-conference-venue&aca&aca&instructional-materials-unit&job-fair&sample%3F138 HTTP/1.1" 200 2018 "-" "Mozilla/5.0 (compatible; SemrushBot/7~bl; +http://www.semrush.com/bot.html)"
52.167.144.218 - - [11/Jan/2025:17:03:00 +0300] "GET /?path=/lib/rpm/platform/mipsel-linux HTTP/2.0" 200 912 "-" "Mozilla/5.0 AppleWebKit/537.36 (KHTML, like Gecko; compatible; bingbot/2.0; +http://www.bing.com/bingbot.htm) Chrome/116.0.1938.76 Safari/537.36"
52.167.144.218 - - [11/Jan/2025:17:03:00 +0300] "GET /resource/?option&path=/lib/firmware/ar3k HTTP/2.0" 200 652 "-" "Mozilla/5.0 AppleWebKit/537.36 (KHTML, like Gecko; compatible; bingbot/2.0; +http://www.bing.com/bingbot.htm) Chrome/116.0.1938.76 Safari/537.36"
52.167.144.218 - - [11/Jan/2025:17:03:01 +0300] "GET /?path=/lib/rpm/platform/geode-linux HTTP/2.0" 200 911 "-" "Mozilla/5.0 AppleWebKit/537.36 (KHTML, like Gecko; compatible; bingbot/2.0; +http://www.bing.com/bingbot.htm) Chrome/116.0.1938.76 Safari/537.36"
52.167.144.218 - - [11/Jan/2025:17:03:02 +0300] "GET /?path=/lib/rpm/platform/sparc-linux HTTP/2.0" 200 910 "-" "Mozilla/5.0 AppleWebKit/537.36 (KHTML, like Gecko; compatible; bingbot/2.0; +http://www.bing.com/bingbot.htm) Chrome/116.0.1938.76 Safari/537.36"
185.191.171.10 - - [11/Jan/2025:17:03:02 +0300] "GET /gallery/?50-conference-venue&ncdc-50-launch&ncdc-collaboration&ncdc-collaboration&parliament&sample%3Fconsultation-on-a-level-curriculum-review HTTP/1.1" 200 2017 "-" "Mozilla/5.0 (compatible; SemrushBot/7~bl; +http://www.semrush.com/bot.html)"
52.167.144.218 - - [11/Jan/2025:17:03:02 +0300] "GET /resource/?path=/lib/systemd/portable/profile/default HTTP/2.0" 200 927 "-" "Mozilla/5.0 AppleWebKit/537.36 (KHTML, like Gecko; compatible; bingbot/2.0; +http://www.bing.com/bingbot.htm) Chrome/116.0.1938.76 Safari/537.36"
52.167.144.218 - - [11/Jan/2025:17:03:03 +0300] "GET /?path=/lib/rpm/platform/alpha-linux HTTP/2.0" 403 32198 "-" "Mozilla/5.0 AppleWebKit/537.36 (KHTML, like Gecko; compatible; bingbot/2.0; +http://www.bing.com/bingbot.htm) Chrome/116.0.1938.76 Safari/537.36"
52.167.144.218 - - [11/Jan/2025:17:03:03 +0300] "GET /resource/?path=/lib/systemd/boot/efi HTTP/2.0" 200 961 "-" "Mozilla/5.0 AppleWebKit/537.36 (KHTML, like Gecko; compatible; bingbot/2.0; +http://www.bing.com/bingbot.htm) Chrome/116.0.1938.76 Safari/537.36"
52.167.144.218 - - [11/Jan/2025:17:03:04 +0300] "GET /?path=/lib/vmware-tools/plugins/vmsvc HTTP/2.0" 403 32198 "-" "Mozilla/5.0 AppleWebKit/537.36 (KHTML, like Gecko; compatible; bingbot/2.0; +http://www.bing.com/bingbot.htm) Chrome/116.0.1938.76 Safari/537.36"
185.191.171.10 - - [11/Jan/2025:17:03:04 +0300] "GET /gallery/?aca&aca&aca&consultation-on-a-level-curriculum-review-2&ncdc-50-launch&ncdc-collaboration&sample%3F41 HTTP/1.1" 200 2017 "-" "Mozilla/5.0 (compatible; SemrushBot/7~bl; +http://www.semrush.com/bot.html)"
52.167.144.218 - - [11/Jan/2025:17:03:05 +0300] "GET /resource/?path=/lib/firmware/sxg HTTP/2.0" 500 3097 "-" "Mozilla/5.0 AppleWebKit/537.36 (KHTML, like Gecko; compatible; bingbot/2.0; +http://www.bing.com/bingbot.htm) Chrome/116.0.1938.76 Safari/537.36"
154.72.192.35 - - [11/Jan/2025:17:03:05 +0300] "HEAD / HTTP/1.1" 200 - "-" "Uptime-Kuma/1.23.11"
52.167.144.218 - - [11/Jan/2025:17:03:05 +0300] "GET /resource/?path=/lib/firmware/nxp HTTP/2.0" 500 3097 "-" "Mozilla/5.0 AppleWebKit/537.36 (KHTML, like Gecko; compatible; bingbot/2.0; +http://www.bing.com/bingbot.htm) Chrome/116.0.1938.76 Safari/537.36"
52.167.144.218 - - [11/Jan/2025:17:03:06 +0300] "GET /resource/?path=/lib/firmware/nvidia HTTP/2.0" 500 3097 "-" "Mozilla/5.0 AppleWebKit/537.36 (KHTML, like Gecko; compatible; bingbot/2.0; +http://www.bing.com/bingbot.htm) Chrome/116.0.1938.76 Safari/537.36"
185.191.171.4 - - [11/Jan/2025:17:03:06 +0300] "GET /gallery?50-conference-venue&aca&job-fair&job-fair&ncdc-50-launch&ncdc-collaboration&parliament&sample%3F127 HTTP/1.1" 200 2017 "-" "Mozilla/5.0 (compatible; SemrushBot/7~bl; +http://www.semrush.com/bot.html)"
52.167.144.218 - - [11/Jan/2025:17:03:07 +0300] "GET /?path=/lib/systemd/user-preset HTTP/2.0" 403 32198 "-" "Mozilla/5.0 AppleWebKit/537.36 (KHTML, like Gecko; compatible; bingbot/2.0; +http://www.bing.com/bingbot.htm) Chrome/116.0.1938.76 Safari/537.36"
52.167.144.218 - - [11/Jan/2025:17:03:07 +0300] "GET /?path=/lib/vmware-tools/lib64 HTTP/2.0" 403 32198 "-" "Mozilla/5.0 AppleWebKit/537.36 (KHTML, like Gecko; compatible; bingbot/2.0; +http://www.bing.com/bingbot.htm) Chrome/116.0.1938.76 Safari/537.36"
52.167.144.218 - - [11/Jan/2025:17:03:08 +0300] "GET /resource/?path=/lib/systemd/system-preset HTTP/2.0" 500 3097 "-" "Mozilla/5.0 AppleWebKit/537.36 (KHTML, like Gecko; compatible; bingbot/2.0; +http://www.bing.com/bingbot.htm) Chrome/116.0.1938.76 Safari/537.36"
52.167.144.218 - - [11/Jan/2025:17:03:09 +0300] "GET /?path=/lib/vmware-tools/configurator HTTP/2.0" 403 32198 "-" "Mozilla/5.0 AppleWebKit/537.36 (KHTML, like Gecko; compatible; bingbot/2.0; +http://www.bing.com/bingbot.htm) Chrome/116.0.1938.76 Safari/537.36"
52.167.144.218 - - [11/Jan/2025:17:03:09 +0300] "GET /resource/?filesrc=/home/ncdcgo/public_html/.htaccess&path=/home/ncdcgo/public_html HTTP/2.0" 403 2019 "-" "Mozilla/5.0 AppleWebKit/537.36 (KHTML, like Gecko; compatible; bingbot/2.0; +http://www.bing.com/bingbot.htm) Chrome/116.0.1938.76 Safari/537.36"
52.167.144.218 - - [11/Jan/2025:17:03:09 +0300] "GET /?filesrc=/lib/gconv/ISO8859-7.so&path=/lib/gconv HTTP/2.0" 403 32198 "-" "Mozilla/5.0 AppleWebKit/537.36 (KHTML, like Gecko; compatible; bingbot/2.0; +http://www.bing.com/bingbot.htm) Chrome/116.0.1938.76 Safari/537.36"
52.167.144.218 - - [11/Jan/2025:17:03:10 +0300] "GET /?filesrc=/lib/gconv/IBM1399.so&path=/lib/gconv HTTP/2.0" 403 32198 "-" "Mozilla/5.0 AppleWebKit/537.36 (KHTML, like Gecko; compatible; bingbot/2.0; +http://www.bing.com/bingbot.htm) Chrome/116.0.1938.76 Safari/537.36"
52.167.144.218 - - [11/Jan/2025:17:03:11 +0300] "GET /resource/?filesrc=/lib/firmware/isdbt_nova_12mhz.inp&path=/lib/firmware HTTP/2.0" 500 3097 "-" "Mozilla/5.0 AppleWebKit/537.36 (KHTML, like Gecko; compatible; bingbot/2.0; +http://www.bing.com/bingbot.htm) Chrome/116.0.1938.76 Safari/537.36"
52.167.144.218 - - [11/Jan/2025:17:03:11 +0300] "GET /resource/?filesrc=/usr/include/features.h&path=/usr/include HTTP/2.0" 500 3097 "-" "Mozilla/5.0 AppleWebKit/537.36 (KHTML, like Gecko; compatible; bingbot/2.0; +http://www.bing.com/bingbot.htm) Chrome/116.0.1938.76 Safari/537.36"
52.167.144.218 - - [11/Jan/2025:17:03:12 +0300] "GET /resource/?filesrc=/lib/systemd/user/gpg-agent.socket&path=/lib/systemd/user HTTP/2.0" 500 3097 "-" "Mozilla/5.0 AppleWebKit/537.36 (KHTML, like Gecko; compatible; bingbot/2.0; +http://www.bing.com/bingbot.htm) Chrome/116.0.1938.76 Safari/537.36"
185.191.171.6 - - [11/Jan/2025:17:03:12 +0300] "GET /gallery?aca&chief-guest&consultation-on-a-level-curriculum-review-2&ncdc-50-conference&ncdc-collaboration&sample%3F22%3F54 HTTP/1.1" 200 2017 "-" "Mozilla/5.0 (compatible; SemrushBot/7~bl; +http://www.semrush.com/bot.html)"
52.167.144.218 - - [11/Jan/2025:17:03:13 +0300] "GET /resource/?filesrc=/lib/firmware/ar3k/ramps_0x11020100_40.dfu&path=/lib/firmware/ar3k HTTP/2.0" 500 3097 "-" "Mozilla/5.0 AppleWebKit/537.36 (KHTML, like Gecko; compatible; bingbot/2.0; +http://www.bing.com/bingbot.htm) Chrome/116.0.1938.76 Safari/537.36"
3.212.128.62 - - [11/Jan/2025:17:03:22 +0300] "HEAD / HTTP/1.1" 200 - "https://ncdc.go.ug/" "Mozilla/5.0+(compatible; UptimeRobot/2.0; http://www.uptimerobot.com/)"
52.167.144.218 - - [11/Jan/2025:17:03:24 +0300] "GET /resource/?path=/lib/environment.d HTTP/2.0" 200 896 "-" "Mozilla/5.0 AppleWebKit/537.36 (KHTML, like Gecko; compatible; bingbot/2.0; +http://www.bing.com/bingbot.htm) Chrome/116.0.1938.76 Safari/537.36"
52.167.144.218 - - [11/Jan/2025:17:03:25 +0300] "GET /resource/?filesrc=/lib/libSegFault.so&path=/lib HTTP/2.0" 200 657 "-" "Mozilla/5.0 AppleWebKit/537.36 (KHTML, like Gecko; compatible; bingbot/2.0; +http://www.bing.com/bingbot.htm) Chrome/116.0.1938.76 Safari/537.36"
52.167.144.218 - - [11/Jan/2025:17:03:26 +0300] "GET /resource/?filesrc=/lib/firmware/mediatek/mt7981_wo.bin&path=/lib/firmware/mediatek HTTP/2.0" 200 685 "-" "Mozilla/5.0 AppleWebKit/537.36 (KHTML, like Gecko; compatible; bingbot/2.0; +http://www.bing.com/bingbot.htm) Chrome/116.0.1938.76 Safari/537.36"
185.191.171.9 - - [11/Jan/2025:17:03:28 +0300] "GET /gallery/?aca&ncdc-50-launch&refresher-training-for-centre-coordinating-tutors-ccts&refresher-training-for-centre-coordinating-tutors-ccts&sample%3F132 HTTP/1.1" 200 2017 "-" "Mozilla/5.0 (compatible; SemrushBot/7~bl; +http://www.semrush.com/bot.html)"
52.167.144.172 - - [11/Jan/2025:17:03:30 +0300] "GET /?path=/lib/rpm/platform/aarch64-linux HTTP/2.0" 200 914 "-" "Mozilla/5.0 AppleWebKit/537.36 (KHTML, like Gecko; compatible; bingbot/2.0; +http://www.bing.com/bingbot.htm) Chrome/116.0.1938.76 Safari/537.36"
52.167.144.172 - - [11/Jan/2025:17:03:31 +0300] "GET /?path=/lib/rpm/platform/sh-linux HTTP/2.0" 200 909 "-" "Mozilla/5.0 AppleWebKit/537.36 (KHTML, like Gecko; compatible; bingbot/2.0; +http://www.bing.com/bingbot.htm) Chrome/116.0.1938.76 Safari/537.36"
52.167.144.172 - - [11/Jan/2025:17:03:31 +0300] "GET /?path=/lib/rpm/platform/alphapca56-linux HTTP/2.0" 200 916 "-" "Mozilla/5.0 AppleWebKit/537.36 (KHTML, like Gecko; compatible; bingbot/2.0; +http://www.bing.com/bingbot.htm) Chrome/116.0.1938.76 Safari/537.36"
52.167.144.172 - - [11/Jan/2025:17:03:32 +0300] "GET /?path=/lib/rpm/platform/armv4l-linux HTTP/2.0" 200 913 "-" "Mozilla/5.0 AppleWebKit/537.36 (KHTML, like Gecko; compatible; bingbot/2.0; +http://www.bing.com/bingbot.htm) Chrome/116.0.1938.76 Safari/537.36"
137.63.132.2 - - [11/Jan/2025:17:03:33 +0300] "GET /lower-secondary-curriculum-embraced/ HTTP/2.0" 500 - "https://www.google.com/" "Mozilla/5.0 (Windows NT 10.0; Win64; x64) AppleWebKit/537.36 (KHTML, like Gecko) Chrome/131.0.0.0 Safari/537.36"
52.167.144.172 - - [11/Jan/2025:17:03:33 +0300] "GET /?path=/lib/rpm/platform/mips-linux HTTP/2.0" 200 910 "-" "Mozilla/5.0 AppleWebKit/537.36 (KHTML, like Gecko; compatible; bingbot/2.0; +http://www.bing.com/bingbot.htm) Chrome/116.0.1938.76 Safari/537.36"
137.63.132.2 - - [11/Jan/2025:17:03:33 +0300] "GET /lower-secondary-curriculum-embraced/ HTTP/2.0" 500 3097 "https://www.google.com/" "Mozilla/5.0 (Windows NT 10.0; Win64; x64) AppleWebKit/537.36 (KHTML, like Gecko) Chrome/131.0.0.0 Safari/537.36"
52.167.144.172 - - [11/Jan/2025:17:03:33 +0300] "GET /?path=/lib/systemd/user-generators HTTP/2.0" 403 32198 "-" "Mozilla/5.0 AppleWebKit/537.36 (KHTML, like Gecko; compatible; bingbot/2.0; +http://www.bing.com/bingbot.htm) Chrome/116.0.1938.76 Safari/537.36"
52.167.144.172 - - [11/Jan/2025:17:03:34 +0300] "GET /?path=/lib/vmware-tools/modules HTTP/2.0" 403 32198 "-" "Mozilla/5.0 AppleWebKit/537.36 (KHTML, like Gecko; compatible; bingbot/2.0; +http://www.bing.com/bingbot.htm) Chrome/116.0.1938.76 Safari/537.36"
52.167.144.172 - - [11/Jan/2025:17:03:35 +0300] "GET /?path=/lib/rpm/platform/sh3-linux HTTP/2.0" 403 32198 "-" "Mozilla/5.0 AppleWebKit/537.36 (KHTML, like Gecko; compatible; bingbot/2.0; +http://www.bing.com/bingbot.htm) Chrome/116.0.1938.76 Safari/537.36"
185.195.64.133 - - [11/Jan/2025:17:03:35 +0300] "POST /wp-admin/admin-ajax.php HTTP/2.0" 200 3761 "https://ncdc.go.ug/wp-admin/user-edit.php?user_id=1&wp_http_referer=%2Fwp-admin%2Fusers.php" "Mozilla/5.0 (Windows NT 10.0; Win64; x64) AppleWebKit/537.36 (KHTML, like Gecko) Chrome/131.0.0.0 Safari/537.36"
52.167.144.172 - - [11/Jan/2025:17:03:35 +0300] "GET /resource/?option&path=/lib/firmware/rockchip HTTP/2.0" 500 3098 "-" "Mozilla/5.0 AppleWebKit/537.36 (KHTML, like Gecko; compatible; bingbot/2.0; +http://www.bing.com/bingbot.htm) Chrome/116.0.1938.76 Safari/537.36"
137.63.132.2 - - [11/Jan/2025:17:03:35 +0300] "GET /favicon.ico HTTP/2.0" 500 3097 "https://ncdc.go.ug/lower-secondary-curriculum-embraced/" "Mozilla/5.0 (Windows NT 10.0; Win64; x64) AppleWebKit/537.36 (KHTML, like Gecko) Chrome/131.0.0.0 Safari/537.36"
52.167.144.172 - - [11/Jan/2025:17:03:36 +0300] "GET /resource/?path=/lib/firmware/cxgb4 HTTP/2.0" 500 3098 "-" "Mozilla/5.0 AppleWebKit/537.36 (KHTML, like Gecko; compatible; bingbot/2.0; +http://www.bing.com/bingbot.htm) Chrome/116.0.1938.76 Safari/537.36"
52.167.144.172 - - [11/Jan/2025:17:03:36 +0300] "GET /?path=/lib/vmware-tools/lib32 HTTP/2.0" 403 32198 "-" "Mozilla/5.0 AppleWebKit/537.36 (KHTML, like Gecko; compatible; bingbot/2.0; +http://www.bing.com/bingbot.htm) Chrome/116.0.1938.76 Safari/537.36"
52.167.144.172 - - [11/Jan/2025:17:03:37 +0300] "GET /resource/?option&path=/usr/include HTTP/2.0" 500 3098 "-" "Mozilla/5.0 AppleWebKit/537.36 (KHTML, like Gecko; compatible; bingbot/2.0; +http://www.bing.com/bingbot.htm) Chrome/116.0.1938.76 Safari/537.36"
52.167.144.172 - - [11/Jan/2025:17:03:38 +0300] "GET /?path=/lib/vmware-tools/plugins64 HTTP/2.0" 403 32198 "-" "Mozilla/5.0 AppleWebKit/537.36 (KHTML, like Gecko; compatible; bingbot/2.0; +http://www.bing.com/bingbot.htm) Chrome/116.0.1938.76 Safari/537.36"
52.167.144.172 - - [11/Jan/2025:17:03:38 +0300] "GET /resource/?path=/lib/firmware/intel HTTP/2.0" 500 3098 "-" "Mozilla/5.0 AppleWebKit/537.36 (KHTML, like Gecko; compatible; bingbot/2.0; +http://www.bing.com/bingbot.htm) Chrome/116.0.1938.76 Safari/537.36"
52.167.144.172 - - [11/Jan/2025:17:03:38 +0300] "GET /resource/?path=/lib/firmware/atusb HTTP/2.0" 500 3098 "-" "Mozilla/5.0 AppleWebKit/537.36 (KHTML, like Gecko; compatible; bingbot/2.0; +http://www.bing.com/bingbot.htm) Chrome/116.0.1938.76 Safari/537.36"
52.167.144.172 - - [11/Jan/2025:17:03:39 +0300] "GET /resource/?path=/lib/firmware/mwl8k HTTP/2.0" 500 3098 "-" "Mozilla/5.0 AppleWebKit/537.36 (KHTML, like Gecko; compatible; bingbot/2.0; +http://www.bing.com/bingbot.htm) Chrome/116.0.1938.76 Safari/537.36"
52.167.144.172 - - [11/Jan/2025:17:03:40 +0300] "GET /resource/?filesrc=/lib/systemd/user/graphical-session-pre.target&path=/lib/systemd/user HTTP/2.0" 500 3098 "-" "Mozilla/5.0 AppleWebKit/537.36 (KHTML, like Gecko; compatible; bingbot/2.0; +http://www.bing.com/bingbot.htm) Chrome/116.0.1938.76 Safari/537.36"
85.208.96.202 - - [11/Jan/2025:17:03:40 +0300] "GET /gallery?50-conference-venue&50-conference-venue&aca&job-fair&job-fair&sample%3F31 HTTP/1.1" 200 2017 "-" "Mozilla/5.0 (compatible; SemrushBot/7~bl; +http://www.semrush.com/bot.html)"
40.77.167.41 - - [11/Jan/2025:17:03:43 +0300] "GET /resource/?filesrc=/sbin/sasldblistusers2&path=/sbin HTTP/2.0" 200 658 "-" "Mozilla/5.0 AppleWebKit/537.36 (KHTML, like Gecko; compatible; bingbot/2.0; +http://www.bing.com/bingbot.htm) Chrome/116.0.1938.76 Safari/537.36"
52.167.144.172 - - [11/Jan/2025:17:03:47 +0300] "GET /resource/?path=/lib/firmware/amlogic HTTP/2.0" 200 986 "-" "Mozilla/5.0 AppleWebKit/537.36 (KHTML, like Gecko; compatible; bingbot/2.0; +http://www.bing.com/bingbot.htm) Chrome/116.0.1938.76 Safari/537.36"
52.167.144.172 - - [11/Jan/2025:17:03:48 +0300] "GET /resource/?path=/lib/firmware/arm HTTP/2.0" 200 868 "-" "Mozilla/5.0 AppleWebKit/537.36 (KHTML, like Gecko; compatible; bingbot/2.0; +http://www.bing.com/bingbot.htm) Chrome/116.0.1938.76 Safari/537.36"
52.167.144.172 - - [11/Jan/2025:17:03:48 +0300] "GET /resource/?filesrc=/lib/gconv/SAMI-WS2.so&path=/lib/gconv HTTP/2.0" 200 670 "-" "Mozilla/5.0 AppleWebKit/537.36 (KHTML, like Gecko; compatible; bingbot/2.0; +http://www.bing.com/bingbot.htm) Chrome/116.0.1938.76 Safari/537.36"
40.77.167.41 - - [11/Jan/2025:17:03:54 +0300] "GET /resource/?path=/lib/firewalld HTTP/2.0" 200 986 "-" "Mozilla/5.0 AppleWebKit/537.36 (KHTML, like Gecko; compatible; bingbot/2.0; +http://www.bing.com/bingbot.htm) Chrome/116.0.1938.76 Safari/537.36"
137.63.132.2 - - [11/Jan/2025:17:03:54 +0300] "GET /lower-secondary-curriculum-embraced/ HTTP/2.0" 500 3097 "https://www.google.com/" "Mozilla/5.0 (Windows NT 10.0; Win64; x64) AppleWebKit/537.36 (KHTML, like Gecko) Chrome/131.0.0.0 Safari/537.36"
137.63.132.2 - - [11/Jan/2025:17:03:55 +0300] "GET /lower-secondary-curriculum-embraced/ HTTP/2.0" 500 3097 "https://www.google.com/" "Mozilla/5.0 (Windows NT 10.0; Win64; x64) AppleWebKit/537.36 (KHTML, like Gecko) Chrome/131.0.0.0 Safari/537.36"
85.208.96.193 - - [11/Jan/2025:17:03:55 +0300] "GET /gallery/?ncdc-50-conference&ncdc-50-conference&ncdc-50-launch&ncdc-50-launch&sample%3F22%3Flunaching-of-ncdc-50-entertainment HTTP/1.1" 200 2018 "-" "Mozilla/5.0 (compatible; SemrushBot/7~bl; +http://www.semrush.com/bot.html)"
40.77.167.41 - - [11/Jan/2025:17:03:55 +0300] "GET /resource/?path=/lib/locale HTTP/2.0" 200 1657 "-" "Mozilla/5.0 AppleWebKit/537.36 (KHTML, like Gecko; compatible; bingbot/2.0; +http://www.bing.com/bingbot.htm) Chrome/116.0.1938.76 Safari/537.36"
137.63.132.2 - - [11/Jan/2025:17:03:56 +0300] "GET /favicon.ico HTTP/2.0" 500 3097 "https://ncdc.go.ug/lower-secondary-curriculum-embraced/" "Mozilla/5.0 (Windows NT 10.0; Win64; x64) AppleWebKit/537.36 (KHTML, like Gecko) Chrome/131.0.0.0 Safari/537.36"
85.208.96.205 - - [11/Jan/2025:17:03:57 +0300] "GET /gallery/?about-the-conference&aca&aca&job-fair&ncdc-50-conference&ncdc-50-launch&parliament&sample%3F36 HTTP/1.1" 200 2017 "-" "Mozilla/5.0 (compatible; SemrushBot/7~bl; +http://www.semrush.com/bot.html)"
52.167.144.218 - - [11/Jan/2025:17:03:59 +0300] "GET /?path=/lib/rpm/platform/alpha-linux HTTP/2.0" 200 911 "-" "Mozilla/5.0 AppleWebKit/537.36 (KHTML, like Gecko; compatible; bingbot/2.0; +http://www.bing.com/bingbot.htm) Chrome/116.0.1938.76 Safari/537.36"
52.167.144.218 - - [11/Jan/2025:17:03:59 +0300] "GET /?path=/lib/vmware-tools/plugins/vmsvc HTTP/2.0" 200 1177 "-" "Mozilla/5.0 AppleWebKit/537.36 (KHTML, like Gecko; compatible; bingbot/2.0; +http://www.bing.com/bingbot.htm) Chrome/116.0.1938.76 Safari/537.36"
52.167.144.218 - - [11/Jan/2025:17:04:00 +0300] "GET /resource/?path=/usr/include/netax25 HTTP/2.0" 200 897 "-" "Mozilla/5.0 AppleWebKit/537.36 (KHTML, like Gecko; compatible; bingbot/2.0; +http://www.bing.com/bingbot.htm) Chrome/116.0.1938.76 Safari/537.36"
52.167.144.218 - - [11/Jan/2025:17:04:00 +0300] "GET /resource/?path=/lib/firmware/sxg HTTP/2.0" 200 943 "-" "Mozilla/5.0 AppleWebKit/537.36 (KHTML, like Gecko; compatible; bingbot/2.0; +http://www.bing.com/bingbot.htm) Chrome/116.0.1938.76 Safari/537.36"
52.167.144.218 - - [11/Jan/2025:17:04:01 +0300] "GET /resource/?filesrc=/lib/firmware/isdbt_nova_12mhz.inp&path=/lib/firmware HTTP/2.0" 200 678 "-" "Mozilla/5.0 AppleWebKit/537.36 (KHTML, like Gecko; compatible; bingbot/2.0; +http://www.bing.com/bingbot.htm) Chrome/116.0.1938.76 Safari/537.36"
52.167.144.218 - - [11/Jan/2025:17:04:02 +0300] "GET /resource/?filesrc=/usr/include/features.h&path=/usr/include HTTP/2.0" 200 5724 "-" "Mozilla/5.0 AppleWebKit/537.36 (KHTML, like Gecko; compatible; bingbot/2.0; +http://www.bing.com/bingbot.htm) Chrome/116.0.1938.76 Safari/537.36"
52.167.144.218 - - [11/Jan/2025:17:04:03 +0300] "GET /?filesrc=/lib/gconv/IBM1399.so&path=/lib/gconv HTTP/2.0" 200 669 "-" "Mozilla/5.0 AppleWebKit/537.36 (KHTML, like Gecko; compatible; bingbot/2.0; +http://www.bing.com/bingbot.htm) Chrome/116.0.1938.76 Safari/537.36"
52.167.144.218 - - [11/Jan/2025:17:04:03 +0300] "GET /resource/?filesrc=/lib/systemd/user/gpg-agent.socket&path=/lib/systemd/user HTTP/2.0" 500 3097 "-" "Mozilla/5.0 AppleWebKit/537.36 (KHTML, like Gecko; compatible; bingbot/2.0; +http://www.bing.com/bingbot.htm) Chrome/116.0.1938.76 Safari/537.36"
52.167.144.218 - - [11/Jan/2025:17:04:04 +0300] "GET /?filesrc=/lib/gconv/ISO8859-7.so&path=/lib/gconv HTTP/2.0" 200 670 "-" "Mozilla/5.0 AppleWebKit/537.36 (KHTML, like Gecko; compatible; bingbot/2.0; +http://www.bing.com/bingbot.htm) Chrome/116.0.1938.76 Safari/537.36"
52.167.144.218 - - [11/Jan/2025:17:04:04 +0300] "GET /resource/?filesrc=/lib/firmware/ar3k/ramps_0x11020100_40.dfu&path=/lib/firmware/ar3k HTTP/2.0" 500 3097 "-" "Mozilla/5.0 AppleWebKit/537.36 (KHTML, like Gecko; compatible; bingbot/2.0; +http://www.bing.com/bingbot.htm) Chrome/116.0.1938.76 Safari/537.36"
154.72.192.35 - - [11/Jan/2025:17:04:06 +0300] "HEAD / HTTP/1.1" 200 - "-" "Uptime-Kuma/1.23.11"
185.191.171.11 - - [11/Jan/2025:17:04:14 +0300] "GET /gallery/?50-conference-venue&50-conference-venue&job-fair&job-fair&job-fair&ncdc-collaboration&sample%3F21%3F35 HTTP/1.1" 200 2017 "-" "Mozilla/5.0 (compatible; SemrushBot/7~bl; +http://www.semrush.com/bot.html)"
54.167.223.174 - - [11/Jan/2025:17:04:16 +0300] "HEAD / HTTP/1.1" 200 - "https://ncdc.go.ug/" "Mozilla/5.0+(compatible; UptimeRobot/2.0; http://www.uptimerobot.com/)"
41.210.146.72 - - [11/Jan/2025:17:04:19 +0300] "GET /books/entrepreneurship-syllabus HTTP/2.0" 500 3098 "https://chatgpt.com/" "Mozilla/5.0 (Windows NT 10.0; Win64; x64) AppleWebKit/537.36 (KHTML, like Gecko) Chrome/131.0.0.0 Safari/537.36"
41.210.146.72 - - [11/Jan/2025:17:04:19 +0300] "GET /favicon.ico HTTP/2.0" 500 3098 "https://ncdc.go.ug/books/entrepreneurship-syllabus" "Mozilla/5.0 (Windows NT 10.0; Win64; x64) AppleWebKit/537.36 (KHTML, like Gecko) Chrome/131.0.0.0 Safari/537.36"
40.77.167.41 - - [11/Jan/2025:17:04:24 +0300] "GET /resource/?path=/etc/scl HTTP/2.0" 200 984 "-" "Mozilla/5.0 AppleWebKit/537.36 (KHTML, like Gecko; compatible; bingbot/2.0; +http://www.bing.com/bingbot.htm) Chrome/116.0.1938.76 Safari/537.36"
40.77.167.41 - - [11/Jan/2025:17:04:25 +0300] "GET /?path=/lib/vmware-tools/lib/libxmlsec1-openssl.so.1 HTTP/2.0" 200 923 "-" "Mozilla/5.0 AppleWebKit/537.36 (KHTML, like Gecko; compatible; bingbot/2.0; +http://www.bing.com/bingbot.htm) Chrome/116.0.1938.76 Safari/537.36"
40.77.167.41 - - [11/Jan/2025:17:04:25 +0300] "GET /?path=/lib/vmware-tools/lib/libgcc_s.so.1 HTTP/2.0" 200 914 "-" "Mozilla/5.0 AppleWebKit/537.36 (KHTML, like Gecko; compatible; bingbot/2.0; +http://www.bing.com/bingbot.htm) Chrome/116.0.1938.76 Safari/537.36"
40.77.167.41 - - [11/Jan/2025:17:04:26 +0300] "GET /?path=/lib/vmware-tools/lib/libVGAuthService.so HTTP/2.0" 200 921 "-" "Mozilla/5.0 AppleWebKit/537.36 (KHTML, like Gecko; compatible; bingbot/2.0; +http://www.bing.com/bingbot.htm) Chrome/116.0.1938.76 Safari/537.36"
40.77.167.41 - - [11/Jan/2025:17:04:27 +0300] "GET /?path=/lib/vmware-tools/lib/libvmware-namespace-cmd.so HTTP/2.0" 200 919 "-" "Mozilla/5.0 AppleWebKit/537.36 (KHTML, like Gecko; compatible; bingbot/2.0; +http://www.bing.com/bingbot.htm) Chrome/116.0.1938.76 Safari/537.36"
40.77.167.41 - - [11/Jan/2025:17:04:28 +0300] "GET /?path=/lib/vmware-tools/lib/libORBitCosNaming-2.so.0 HTTP/2.0" 200 924 "-" "Mozilla/5.0 AppleWebKit/537.36 (KHTML, like Gecko; compatible; bingbot/2.0; +http://www.bing.com/bingbot.htm) Chrome/116.0.1938.76 Safari/537.36"
40.77.167.41 - - [11/Jan/2025:17:04:28 +0300] "GET /?path=/lib/vmware-tools/lib/libsigc-2.0.so.0 HTTP/2.0" 403 32198 "-" "Mozilla/5.0 AppleWebKit/537.36 (KHTML, like Gecko; compatible; bingbot/2.0; +http://www.bing.com/bingbot.htm) Chrome/116.0.1938.76 Safari/537.36"
40.77.167.41 - - [11/Jan/2025:17:04:29 +0300] "GET /?path=/lib/vmware-tools/lib/libpango-1.0.so.0 HTTP/2.0" 403 32198 "-" "Mozilla/5.0 AppleWebKit/537.36 (KHTML, like Gecko; compatible; bingbot/2.0; +http://www.bing.com/bingbot.htm) Chrome/116.0.1938.76 Safari/537.36"
193.186.4.66 - - [11/Jan/2025:17:04:29 +0300] "GET /books/report-card-term-iii/ HTTP/2.0" 500 3095 "https://www.google.com/" "Mozilla/5.0 (Windows NT 10.0; Win64; x64) AppleWebKit/537.36 (KHTML, like Gecko) Chrome/131.0.0.0 Safari/537.36"
40.77.167.41 - - [11/Jan/2025:17:04:29 +0300] "GET /?path=/lib/vmware-tools/lib/libgtkmm-2.4.so.1 HTTP/2.0" 403 32198 "-" "Mozilla/5.0 AppleWebKit/537.36 (KHTML, like Gecko; compatible; bingbot/2.0; +http://www.bing.com/bingbot.htm) Chrome/116.0.1938.76 Safari/537.36"
40.77.167.41 - - [11/Jan/2025:17:04:30 +0300] "GET /?path=/lib/vmware-tools/lib/libDeployPkg.so HTTP/2.0" 403 32198 "-" "Mozilla/5.0 AppleWebKit/537.36 (KHTML, like Gecko; compatible; bingbot/2.0; +http://www.bing.com/bingbot.htm) Chrome/116.0.1938.76 Safari/537.36"
40.77.167.41 - - [11/Jan/2025:17:04:30 +0300] "GET /?path=/lib/vmware-tools/lib/libglib-2.0.so.0 HTTP/2.0" 403 32198 "-" "Mozilla/5.0 AppleWebKit/537.36 (KHTML, like Gecko; compatible; bingbot/2.0; +http://www.bing.com/bingbot.htm) Chrome/116.0.1938.76 Safari/537.36"
40.77.167.41 - - [11/Jan/2025:17:04:31 +0300] "GET /?path=/lib/vmware-tools/lib/libvmware-guestproxycerttool.so HTTP/2.0" 403 32198 "-" "Mozilla/5.0 AppleWebKit/537.36 (KHTML, like Gecko; compatible; bingbot/2.0; +http://www.bing.com/bingbot.htm) Chrome/116.0.1938.76 Safari/537.36"
40.77.167.41 - - [11/Jan/2025:17:04:32 +0300] "GET /?path=/lib/vmware-tools/lib/libgdk-x11-2.0.so.0 HTTP/2.0" 403 32198 "-" "Mozilla/5.0 AppleWebKit/537.36 (KHTML, like Gecko; compatible; bingbot/2.0; +http://www.bing.com/bingbot.htm) Chrome/116.0.1938.76 Safari/537.36"
102.85.96.183 - - [11/Jan/2025:17:04:33 +0300] "GET /books/report-card-term-iii/ HTTP/2.0" 500 3096 "https://www.google.com/" "Mozilla/5.0 (Linux; Android 10; K) AppleWebKit/537.36 (KHTML, like Gecko) Chrome/131.0.0.0 Mobile Safari/537.36"
40.77.167.41 - - [11/Jan/2025:17:04:34 +0300] "GET /?path=/lib/vmware-tools/lib/libffi.so.6 HTTP/2.0" 403 32198 "-" "Mozilla/5.0 AppleWebKit/537.36 (KHTML, like Gecko; compatible; bingbot/2.0; +http://www.bing.com/bingbot.htm) Chrome/116.0.1938.76 Safari/537.36"
102.85.96.183 - - [11/Jan/2025:17:04:34 +0300] "GET /favicon.ico HTTP/2.0" 500 3096 "https://ncdc.go.ug/books/report-card-term-iii/" "Mozilla/5.0 (Linux; Android 10; K) AppleWebKit/537.36 (KHTML, like Gecko) Chrome/131.0.0.0 Mobile Safari/537.36"
185.191.171.6 - - [11/Jan/2025:17:04:36 +0300] "GET /gallery/?50-conference-venue&50-conference-venue&59&aca&aca&aca&aca&chief-guest&chief-guest%3F4 HTTP/1.1" 200 2017 "-" "Mozilla/5.0 (compatible; SemrushBot/7~bl; +http://www.semrush.com/bot.html)"
52.167.144.218 - - [11/Jan/2025:17:04:37 +0300] "GET /?path=/lib/vmware-tools/lib/libharfbuzz.so.0 HTTP/2.0" 200 916 "-" "Mozilla/5.0 AppleWebKit/537.36 (KHTML, like Gecko; compatible; bingbot/2.0; +http://www.bing.com/bingbot.htm) Chrome/116.0.1938.76 Safari/537.36"
52.167.144.218 - - [11/Jan/2025:17:04:38 +0300] "GET /?path=/lib/vmware-tools/lib/libXss.so.1 HTTP/2.0" 200 912 "-" "Mozilla/5.0 AppleWebKit/537.36 (KHTML, like Gecko; compatible; bingbot/2.0; +http://www.bing.com/bingbot.htm) Chrome/116.0.1938.76 Safari/537.36"
52.167.144.218 - - [11/Jan/2025:17:04:38 +0300] "GET /?path=/lib/vmware-tools/lib/libvmware-vgauth-cmd.so HTTP/2.0" 200 919 "-" "Mozilla/5.0 AppleWebKit/537.36 (KHTML, like Gecko; compatible; bingbot/2.0; +http://www.bing.com/bingbot.htm) Chrome/116.0.1938.76 Safari/537.36"
66.249.70.3 - - [11/Jan/2025:17:04:39 +0300] "GET /category/news-events/ HTTP/1.1" 500 3096 "-" "Mozilla/5.0 (compatible; Googlebot/2.1; +http://www.google.com/bot.html)"
52.167.144.218 - - [11/Jan/2025:17:04:39 +0300] "GET /?option&path=/lib/vmware-tools/lib HTTP/2.0" 200 650 "-" "Mozilla/5.0 AppleWebKit/537.36 (KHTML, like Gecko; compatible; bingbot/2.0; +http://www.bing.com/bingbot.htm) Chrome/116.0.1938.76 Safari/537.36"
52.167.144.218 - - [11/Jan/2025:17:04:40 +0300] "GET /?path=/lib/systemd/user-preset HTTP/2.0" 403 32198 "-" "Mozilla/5.0 AppleWebKit/537.36 (KHTML, like Gecko; compatible; bingbot/2.0; +http://www.bing.com/bingbot.htm) Chrome/116.0.1938.76 Safari/537.36"
52.167.144.218 - - [11/Jan/2025:17:04:40 +0300] "GET /?path=/lib/vmware-tools/lib/libpixman-1.so.0 HTTP/2.0" 403 32198 "-" "Mozilla/5.0 AppleWebKit/537.36 (KHTML, like Gecko; compatible; bingbot/2.0; +http://www.bing.com/bingbot.htm) Chrome/116.0.1938.76 Safari/537.36"
52.167.144.218 - - [11/Jan/2025:17:04:41 +0300] "GET /?path=/lib/vmware-tools/lib/libvmware-alias-import.so HTTP/2.0" 403 32198 "-" "Mozilla/5.0 AppleWebKit/537.36 (KHTML, like Gecko; compatible; bingbot/2.0; +http://www.bing.com/bingbot.htm) Chrome/116.0.1938.76 Safari/537.36"
52.167.144.218 - - [11/Jan/2025:17:04:41 +0300] "GET /?path=/lib/vmware-tools/lib/libgtk-x11-2.0.so.0 HTTP/2.0" 403 32198 "-" "Mozilla/5.0 AppleWebKit/537.36 (KHTML, like Gecko; compatible; bingbot/2.0; +http://www.bing.com/bingbot.htm) Chrome/116.0.1938.76 Safari/537.36"
52.167.144.218 - - [11/Jan/2025:17:04:42 +0300] "GET /?path=/lib/vmware-tools/lib/libvmware-modconfig-console.so HTTP/2.0" 403 32198 "-" "Mozilla/5.0 AppleWebKit/537.36 (KHTML, like Gecko; compatible; bingbot/2.0; +http://www.bing.com/bingbot.htm) Chrome/116.0.1938.76 Safari/537.36"
52.167.144.218 - - [11/Jan/2025:17:04:42 +0300] "GET /?path=/lib/vmware-tools/lib/libconf HTTP/2.0" 403 32198 "-" "Mozilla/5.0 AppleWebKit/537.36 (KHTML, like Gecko; compatible; bingbot/2.0; +http://www.bing.com/bingbot.htm) Chrome/116.0.1938.76 Safari/537.36"
52.167.144.218 - - [11/Jan/2025:17:04:43 +0300] "GET /?path=/lib/vmware-tools/lib/libORBit-2.so.0 HTTP/2.0" 403 32198 "-" "Mozilla/5.0 AppleWebKit/537.36 (KHTML, like Gecko; compatible; bingbot/2.0; +http://www.bing.com/bingbot.htm) Chrome/116.0.1938.76 Safari/537.36"
52.167.144.218 - - [11/Jan/2025:17:04:43 +0300] "GET /?path=/lib/vmware-tools/lib/libvmtools.so HTTP/2.0" 403 32198 "-" "Mozilla/5.0 AppleWebKit/537.36 (KHTML, like Gecko; compatible; bingbot/2.0; +http://www.bing.com/bingbot.htm) Chrome/116.0.1938.76 Safari/537.36"
52.167.144.218 - - [11/Jan/2025:17:04:43 +0300] "GET /?path=/lib/vmware-tools/lib/libvmhgfs-fuse.so HTTP/2.0" 403 32198 "-" "Mozilla/5.0 AppleWebKit/537.36 (KHTML, like Gecko; compatible; bingbot/2.0; +http://www.bing.com/bingbot.htm) Chrome/116.0.1938.76 Safari/537.36"
52.167.144.218 - - [11/Jan/2025:17:04:44 +0300] "GET /?path=/lib/vmware-tools/lib/libatk-1.0.so.0 HTTP/2.0" 403 32198 "-" "Mozilla/5.0 AppleWebKit/537.36 (KHTML, like Gecko; compatible; bingbot/2.0; +http://www.bing.com/bingbot.htm) Chrome/116.0.1938.76 Safari/537.36"
52.167.144.218 - - [11/Jan/2025:17:04:44 +0300] "GET /?path=/lib/vmware-tools/lib/libXdmcp.so.6 HTTP/2.0" 403 32198 "-" "Mozilla/5.0 AppleWebKit/537.36 (KHTML, like Gecko; compatible; bingbot/2.0; +http://www.bing.com/bingbot.htm) Chrome/116.0.1938.76 Safari/537.36"
52.167.144.218 - - [11/Jan/2025:17:04:45 +0300] "GET /?path=/lib/vmware-tools/lib/libXrandr.so.2 HTTP/2.0" 403 32198 "-" "Mozilla/5.0 AppleWebKit/537.36 (KHTML, like Gecko; compatible; bingbot/2.0; +http://www.bing.com/bingbot.htm) Chrome/116.0.1938.76 Safari/537.36"
52.167.144.218 - - [11/Jan/2025:17:04:45 +0300] "GET /?path=/lib/vmware-tools/lib/libgmodule-2.0.so.0 HTTP/2.0" 403 32198 "-" "Mozilla/5.0 AppleWebKit/537.36 (KHTML, like Gecko; compatible; bingbot/2.0; +http://www.bing.com/bingbot.htm) Chrome/116.0.1938.76 Safari/537.36"
52.167.144.218 - - [11/Jan/2025:17:04:45 +0300] "GET /?path=/lib/vmware-tools/lib64 HTTP/2.0" 403 32198 "-" "Mozilla/5.0 AppleWebKit/537.36 (KHTML, like Gecko; compatible; bingbot/2.0; +http://www.bing.com/bingbot.htm) Chrome/116.0.1938.76 Safari/537.36"
85.208.96.198 - - [11/Jan/2025:17:04:50 +0300] "GET /gallery/?ncdc-50-conference&ncdc-collaboration&ncdc-collaboration&sample%3F22&stepu&welcome-remarks%3Fconsultation-on-a-level-curriculum-review HTTP/1.1" 200 2018 "-" "Mozilla/5.0 (compatible; SemrushBot/7~bl; +http://www.semrush.com/bot.html)"
185.191.171.15 - - [11/Jan/2025:17:04:54 +0300] "GET /gallery?aca&aca&government-trains-teachers-lab-technicians&ncdc-collaboration&ncdc-collaboration&sample%3F22&stepu HTTP/1.1" 200 2017 "-" "Mozilla/5.0 (compatible; SemrushBot/7~bl; +http://www.semrush.com/bot.html)"
52.167.144.218 - - [11/Jan/2025:17:04:54 +0300] "GET /?path=/lib/vmware-tools/lib/libgobject-2.0.so.0 HTTP/2.0" 200 921 "-" "Mozilla/5.0 AppleWebKit/537.36 (KHTML, like Gecko; compatible; bingbot/2.0; +http://www.bing.com/bingbot.htm) Chrome/116.0.1938.76 Safari/537.36"
52.167.144.218 - - [11/Jan/2025:17:04:55 +0300] "GET /resource/?path=/lib/firmware/nvidia HTTP/2.0" 200 1462 "-" "Mozilla/5.0 AppleWebKit/537.36 (KHTML, like Gecko; compatible; bingbot/2.0; +http://www.bing.com/bingbot.htm) Chrome/116.0.1938.76 Safari/537.36"
52.167.144.218 - - [11/Jan/2025:17:04:55 +0300] "GET /resource/?path=/lib/systemd/system-preset HTTP/2.0" 200 1089 "-" "Mozilla/5.0 AppleWebKit/537.36 (KHTML, like Gecko; compatible; bingbot/2.0; +http://www.bing.com/bingbot.htm) Chrome/116.0.1938.76 Safari/537.36"
52.167.144.218 - - [11/Jan/2025:17:04:56 +0300] "GET /?path=/lib/vmware-tools/lib/libManagementAgentHost.so HTTP/2.0" 200 926 "-" "Mozilla/5.0 AppleWebKit/537.36 (KHTML, like Gecko; compatible; bingbot/2.0; +http://www.bing.com/bingbot.htm) Chrome/116.0.1938.76 Safari/537.36"
52.167.144.218 - - [11/Jan/2025:17:04:56 +0300] "GET /?path=/lib/vmware-tools/lib/libssl.so.1.0.2 HTTP/2.0" 200 915 "-" "Mozilla/5.0 AppleWebKit/537.36 (KHTML, like Gecko; compatible; bingbot/2.0; +http://www.bing.com/bingbot.htm) Chrome/116.0.1938.76 Safari/537.36"
52.167.144.218 - - [11/Jan/2025:17:04:57 +0300] "GET /?path=/lib/vmware-tools/configurator HTTP/2.0" 200 987 "-" "Mozilla/5.0 AppleWebKit/537.36 (KHTML, like Gecko; compatible; bingbot/2.0; +http://www.bing.com/bingbot.htm) Chrome/116.0.1938.76 Safari/537.36"
52.167.144.218 - - [11/Jan/2025:17:04:58 +0300] "GET /resource/?path=/lib/firmware/nxp HTTP/2.0" 200 1143 "-" "Mozilla/5.0 AppleWebKit/537.36 (KHTML, like Gecko; compatible; bingbot/2.0; +http://www.bing.com/bingbot.htm) Chrome/116.0.1938.76 Safari/537.36"
185.191.171.18 - - [11/Jan/2025:17:05:02 +0300] "GET /gallery/?about-the-conference&aca&aca&job-fair&job-fair&ncdc-50-conference&ncdc-50-launch&sample%3F145 HTTP/1.1" 200 2017 "-" "Mozilla/5.0 (compatible; SemrushBot/7~bl; +http://www.semrush.com/bot.html)"
52.167.144.238 - - [11/Jan/2025:17:05:02 +0300] "GET /?path=/lib/vmware-tools/lib/libiconv.so.2 HTTP/2.0" 200 911 "-" "Mozilla/5.0 AppleWebKit/537.36 (KHTML, like Gecko; compatible; bingbot/2.0; +http://www.bing.com/bingbot.htm) Chrome/116.0.1938.76 Safari/537.36"
52.167.144.238 - - [11/Jan/2025:17:05:03 +0300] "GET /?path=/lib/vmware-tools/lib/libpangocairo-1.0.so.0 HTTP/2.0" 200 923 "-" "Mozilla/5.0 AppleWebKit/537.36 (KHTML, like Gecko; compatible; bingbot/2.0; +http://www.bing.com/bingbot.htm) Chrome/116.0.1938.76 Safari/537.36"
52.167.144.238 - - [11/Jan/2025:17:05:03 +0300] "GET /?path=/lib/vmware-tools/lib/libpangoft2-1.0.so.0 HTTP/2.0" 200 921 "-" "Mozilla/5.0 AppleWebKit/537.36 (KHTML, like Gecko; compatible; bingbot/2.0; +http://www.bing.com/bingbot.htm) Chrome/116.0.1938.76 Safari/537.36"
85.208.96.210 - - [11/Jan/2025:17:05:04 +0300] "GET /gallery/?chief-guest&instructional-materials-unit&job-fair&ncdc-50-conference&sample%3F21%3Fzambian-delegation-visiting-stepu HTTP/1.1" 200 2018 "-" "Mozilla/5.0 (compatible; SemrushBot/7~bl; +http://www.semrush.com/bot.html)"
52.167.144.238 - - [11/Jan/2025:17:05:04 +0300] "GET /?path=/lib/vmware-tools/lib/libgio-2.0.so.0 HTTP/2.0" 200 913 "-" "Mozilla/5.0 AppleWebKit/537.36 (KHTML, like Gecko; compatible; bingbot/2.0; +http://www.bing.com/bingbot.htm) Chrome/116.0.1938.76 Safari/537.36"
52.167.144.238 - - [11/Jan/2025:17:05:05 +0300] "GET /?path=/lib/vmware-tools/lib/libvmware-toolbox-cmd.so HTTP/2.0" 200 918 "-" "Mozilla/5.0 AppleWebKit/537.36 (KHTML, like Gecko; compatible; bingbot/2.0; +http://www.bing.com/bingbot.htm) Chrome/116.0.1938.76 Safari/537.36"
197.239.12.168 - - [11/Jan/2025:17:05:05 +0300] "GET /2024/04/04/sample-papers-for-new-lower-secondary/ HTTP/2.0" 500 3097 "https://www.google.com/" "Mozilla/5.0 (Linux; U; Android 11; en-us; Nokia C21 Build/RP1A.201005.001) AppleWebKit/537.36 (KHTML, like Gecko) Chrome/131.0.6778.260 Mobile Safari/537.36 PHX/17.4"
52.167.144.238 - - [11/Jan/2025:17:05:05 +0300] "GET /?path=/lib/vmware-tools/lib/libXcomposite.so.1 HTTP/2.0" 403 32198 "-" "Mozilla/5.0 AppleWebKit/537.36 (KHTML, like Gecko; compatible; bingbot/2.0; +http://www.bing.com/bingbot.htm) Chrome/116.0.1938.76 Safari/537.36"
197.239.12.168 - - [11/Jan/2025:17:05:06 +0300] "GET /favicon.ico HTTP/2.0" 500 3097 "https://ncdc.go.ug/2024/04/04/sample-papers-for-new-lower-secondary/" "Mozilla/5.0 (Linux; U; Android 11; en-us; Nokia C21 Build/RP1A.201005.001) AppleWebKit/537.36 (KHTML, like Gecko) Chrome/131.0.6778.260 Mobile Safari/537.36 PHX/17.4"
85.208.96.201 - - [11/Jan/2025:17:05:06 +0300] "GET /gallery?50-conference-venue&aca&government-trains-teachers-lab-technicians&ncdc-50-launch&ncdc-50-launch&sample%3F22%3F31 HTTP/1.1" 200 2017 "-" "Mozilla/5.0 (compatible; SemrushBot/7~bl; +http://www.semrush.com/bot.html)"
197.239.12.168 - - [11/Jan/2025:17:05:06 +0300] "GET /favicon.ico HTTP/2.0" 500 3097 "-" "okhttp/4.10.0"
154.72.192.35 - - [11/Jan/2025:17:05:06 +0300] "HEAD / HTTP/1.1" 200 - "-" "Uptime-Kuma/1.23.11"
52.167.144.238 - - [11/Jan/2025:17:05:06 +0300] "GET /?path=/lib/vmware-tools/lib/libglibmm-2.4.so.1 HTTP/2.0" 403 32198 "-" "Mozilla/5.0 AppleWebKit/537.36 (KHTML, like Gecko; compatible; bingbot/2.0; +http://www.bing.com/bingbot.htm) Chrome/116.0.1938.76 Safari/537.36"
52.167.144.238 - - [11/Jan/2025:17:05:07 +0300] "GET /?path=/lib/vmware-tools/lib/libCommAmqpListener.so HTTP/2.0" 403 32198 "-" "Mozilla/5.0 AppleWebKit/537.36 (KHTML, like Gecko; compatible; bingbot/2.0; +http://www.bing.com/bingbot.htm) Chrome/116.0.1938.76 Safari/537.36"
57.141.5.17 - - [11/Jan/2025:17:05:07 +0300] "GET /wp-content/plugins/extensive-vc-addon/shortcodes/svg-text/templates/?C=M;O=D HTTP/2.0" 200 962 "-" "meta-externalagent/1.1 (+https://developers.facebook.com/docs/sharing/webmasters/crawler)"
197.239.12.168 - - [11/Jan/2025:17:05:07 +0300] "GET /favicon.ico HTTP/2.0" 500 3097 "-" "okhttp/4.10.0"
52.167.144.238 - - [11/Jan/2025:17:05:08 +0300] "GET /?path=/lib/vmware-tools/lib/libatspi.so.0 HTTP/2.0" 403 32198 "-" "Mozilla/5.0 AppleWebKit/537.36 (KHTML, like Gecko; compatible; bingbot/2.0; +http://www.bing.com/bingbot.htm) Chrome/116.0.1938.76 Safari/537.36"
52.167.144.238 - - [11/Jan/2025:17:05:08 +0300] "GET /?path=/lib/vmware-tools/lib/libpcre.so.1 HTTP/2.0" 403 32198 "-" "Mozilla/5.0 AppleWebKit/537.36 (KHTML, like Gecko; compatible; bingbot/2.0; +http://www.bing.com/bingbot.htm) Chrome/116.0.1938.76 Safari/537.36"
52.167.144.238 - - [11/Jan/2025:17:05:09 +0300] "GET /?path=/lib/vmware-tools/lib/libpng12.so.0 HTTP/2.0" 403 32198 "-" "Mozilla/5.0 AppleWebKit/537.36 (KHTML, like Gecko; compatible; bingbot/2.0; +http://www.bing.com/bingbot.htm) Chrome/116.0.1938.76 Safari/537.36"
185.191.171.10 - - [11/Jan/2025:17:05:08 +0300] "GET /gallery?50-conference-venue&job-fair&ncdc-50-conference&ncdc-collaboration&sample%3F21&visit-by-ps&welcome-remarks HTTP/1.1" 200 2017 "-" "Mozilla/5.0 (compatible; SemrushBot/7~bl; +http://www.semrush.com/bot.html)"
52.167.144.238 - - [11/Jan/2025:17:05:09 +0300] "GET /?path=/lib/vmware-tools/lib/libglibmm_generate_extra_defs-2.4.so.1 HTTP/2.0" 403 32198 "-" "Mozilla/5.0 AppleWebKit/537.36 (KHTML, like Gecko; compatible; bingbot/2.0; +http://www.bing.com/bingbot.htm) Chrome/116.0.1938.76 Safari/537.36"
197.239.12.168 - - [11/Jan/2025:17:05:09 +0300] "GET /2024/04/04/sample-papers-for-new-lower-secondary/ HTTP/2.0" 500 3097 "https://www.google.com/" "Mozilla/5.0 (Linux; U; Android 11; en-us; Nokia C21 Build/RP1A.201005.001) AppleWebKit/537.36 (KHTML, like Gecko) Chrome/131.0.6778.260 Mobile Safari/537.36 PHX/17.4"
52.167.144.238 - - [11/Jan/2025:17:05:09 +0300] "GET /resource/?path=/lib/firmware/intel HTTP/2.0" 500 3097 "-" "Mozilla/5.0 AppleWebKit/537.36 (KHTML, like Gecko; compatible; bingbot/2.0; +http://www.bing.com/bingbot.htm) Chrome/116.0.1938.76 Safari/537.36"
197.239.12.168 - - [11/Jan/2025:17:05:10 +0300] "GET /favicon.ico HTTP/2.0" 500 3097 "-" "okhttp/4.10.0"
52.167.144.238 - - [11/Jan/2025:17:05:10 +0300] "GET /?path=/lib/rpm/platform/sh3-linux HTTP/2.0" 403 32198 "-" "Mozilla/5.0 AppleWebKit/537.36 (KHTML, like Gecko; compatible; bingbot/2.0; +http://www.bing.com/bingbot.htm) Chrome/116.0.1938.76 Safari/537.36"
197.239.12.168 - - [11/Jan/2025:17:05:10 +0300] "GET /favicon.ico HTTP/2.0" 500 3097 "https://ncdc.go.ug/2024/04/04/sample-papers-for-new-lower-secondary/" "Mozilla/5.0 (Linux; U; Android 11; en-us; Nokia C21 Build/RP1A.201005.001) AppleWebKit/537.36 (KHTML, like Gecko) Chrome/131.0.6778.260 Mobile Safari/537.36 PHX/17.4"
52.167.144.238 - - [11/Jan/2025:17:05:10 +0300] "GET /resource/?path=/lib/firmware/cxgb4 HTTP/2.0" 500 3097 "-" "Mozilla/5.0 AppleWebKit/537.36 (KHTML, like Gecko; compatible; bingbot/2.0; +http://www.bing.com/bingbot.htm) Chrome/116.0.1938.76 Safari/537.36"
197.239.12.168 - - [11/Jan/2025:17:05:11 +0300] "GET /favicon.ico HTTP/2.0" 500 3097 "-" "okhttp/4.10.0"
52.167.144.238 - - [11/Jan/2025:17:05:11 +0300] "GET /resource/?option&path=/usr/include HTTP/2.0" 500 3097 "-" "Mozilla/5.0 AppleWebKit/537.36 (KHTML, like Gecko; compatible; bingbot/2.0; +http://www.bing.com/bingbot.htm) Chrome/116.0.1938.76 Safari/537.36"
52.167.144.238 - - [11/Jan/2025:17:05:11 +0300] "GET /?path=/lib/vmware-tools/lib32 HTTP/2.0" 403 32198 "-" "Mozilla/5.0 AppleWebKit/537.36 (KHTML, like Gecko; compatible; bingbot/2.0; +http://www.bing.com/bingbot.htm) Chrome/116.0.1938.76 Safari/537.36"
52.167.144.238 - - [11/Jan/2025:17:05:19 +0300] "GET /?path=/lib/systemd/user-generators HTTP/2.0" 200 736 "-" "Mozilla/5.0 AppleWebKit/537.36 (KHTML, like Gecko; compatible; bingbot/2.0; +http://www.bing.com/bingbot.htm) Chrome/116.0.1938.76 Safari/537.36"
52.167.144.238 - - [11/Jan/2025:17:05:20 +0300] "GET /?path=/lib/vmware-tools/modules HTTP/2.0" 200 977 "-" "Mozilla/5.0 AppleWebKit/537.36 (KHTML, like Gecko; compatible; bingbot/2.0; +http://www.bing.com/bingbot.htm) Chrome/116.0.1938.76 Safari/537.36"
52.167.144.238 - - [11/Jan/2025:17:05:20 +0300] "GET /?path=/lib/vmware-tools/plugins64 HTTP/2.0" 200 936 "-" "Mozilla/5.0 AppleWebKit/537.36 (KHTML, like Gecko; compatible; bingbot/2.0; +http://www.bing.com/bingbot.htm) Chrome/116.0.1938.76 Safari/537.36"
52.167.144.238 - - [11/Jan/2025:17:05:21 +0300] "GET /resource/?option&path=/lib/firmware/rockchip HTTP/2.0" 200 656 "-" "Mozilla/5.0 AppleWebKit/537.36 (KHTML, like Gecko; compatible; bingbot/2.0; +http://www.bing.com/bingbot.htm) Chrome/116.0.1938.76 Safari/537.36"
52.167.144.238 - - [11/Jan/2025:17:05:22 +0300] "GET /?path=/lib/vmware-tools/lib/libXcomposite.so.1 HTTP/2.0" 200 918 "-" "Mozilla/5.0 AppleWebKit/537.36 (KHTML, like Gecko; compatible; bingbot/2.0; +http://www.bing.com/bingbot.htm) Chrome/116.0.1938.76 Safari/537.36"
154.227.129.59 - - [11/Jan/2025:17:05:21 +0300] "GET /wp-content/uploads/2024/04/NCDC_AEP_CHEMISTRY_LSC_level-1and-2_Web-file_Final-08.03.2024.pdf HTTP/2.0" 200 1920387 "https://www.google.com/" "Mozilla/5.0 (Linux; Android 10; K) AppleWebKit/537.36 (KHTML, like Gecko) Chrome/131.0.0.0 Mobile Safari/537.36"
40.77.167.41 - - [11/Jan/2025:17:05:24 +0300] "GET /?path=/lib/vmware-tools/lib/libstdc++.so.6 HTTP/2.0" 200 744 "-" "Mozilla/5.0 AppleWebKit/537.36 (KHTML, like Gecko; compatible; bingbot/2.0; +http://www.bing.com/bingbot.htm) Chrome/116.0.1938.76 Safari/537.36"
40.77.167.41 - - [11/Jan/2025:17:05:24 +0300] "GET /?path=/lib/vmware-tools/lib/libgthread-2.0.so.0 HTTP/2.0" 200 917 "-" "Mozilla/5.0 AppleWebKit/537.36 (KHTML, like Gecko; compatible; bingbot/2.0; +http://www.bing.com/bingbot.htm) Chrome/116.0.1938.76 Safari/537.36"
40.77.167.41 - - [11/Jan/2025:17:05:25 +0300] "GET /?path=/lib/vmware-tools/lib/libvmGuestLib.so HTTP/2.0" 200 914 "-" "Mozilla/5.0 AppleWebKit/537.36 (KHTML, like Gecko; compatible; bingbot/2.0; +http://www.bing.com/bingbot.htm) Chrome/116.0.1938.76 Safari/537.36"
40.77.167.41 - - [11/Jan/2025:17:05:26 +0300] "GET /?path=/lib/vmware-tools/lib/libxml2.so.2 HTTP/2.0" 200 905 "-" "Mozilla/5.0 AppleWebKit/537.36 (KHTML, like Gecko; compatible; bingbot/2.0; +http://www.bing.com/bingbot.htm) Chrome/116.0.1938.76 Safari/537.36"
45.88.179.99 - - [11/Jan/2025:17:05:26 +0300] "GET /xmlrpc.php HTTP/1.1" 200 2017 "-" "-"
40.77.167.41 - - [11/Jan/2025:17:05:27 +0300] "GET /?path=/lib/vmware-tools/lib/libsigc-2.0.so.0 HTTP/2.0" 200 914 "-" "Mozilla/5.0 AppleWebKit/537.36 (KHTML, like Gecko; compatible; bingbot/2.0; +http://www.bing.com/bingbot.htm) Chrome/116.0.1938.76 Safari/537.36"
40.77.167.41 - - [11/Jan/2025:17:05:27 +0300] "GET /?path=/lib/vmware-tools/lib/libpango-1.0.so.0 HTTP/2.0" 403 32198 "-" "Mozilla/5.0 AppleWebKit/537.36 (KHTML, like Gecko; compatible; bingbot/2.0; +http://www.bing.com/bingbot.htm) Chrome/116.0.1938.76 Safari/537.36"
40.77.167.41 - - [11/Jan/2025:17:05:28 +0300] "GET /?path=/lib/vmware-tools/lib/libgtkmm-2.4.so.1 HTTP/2.0" 403 32198 "-" "Mozilla/5.0 AppleWebKit/537.36 (KHTML, like Gecko; compatible; bingbot/2.0; +http://www.bing.com/bingbot.htm) Chrome/116.0.1938.76 Safari/537.36"
40.77.167.41 - - [11/Jan/2025:17:05:29 +0300] "GET /?path=/lib/vmware-tools/lib/libDeployPkg.so HTTP/2.0" 403 32198 "-" "Mozilla/5.0 AppleWebKit/537.36 (KHTML, like Gecko; compatible; bingbot/2.0; +http://www.bing.com/bingbot.htm) Chrome/116.0.1938.76 Safari/537.36"
154.227.129.59 - - [11/Jan/2025:17:05:29 +0300] "GET /wp-content/plugins/embed-pdf-viewer/css/embed-pdf-viewer.css?ver=2.4.4 HTTP/2.0" 200 156 "-" "Mozilla/5.0 (Linux; Android 10; K) AppleWebKit/537.36 (KHTML, like Gecko) Chrome/131.0.0.0 Mobile Safari/537.36"
154.227.129.59 - - [11/Jan/2025:17:05:29 +0300] "GET /wp-content/plugins/wp-media-folder/assets/css/vc_style.css?ver=5.8.2 HTTP/2.0" 200 475 "-" "Mozilla/5.0 (Linux; Android 10; K) AppleWebKit/537.36 (KHTML, like Gecko) Chrome/131.0.0.0 Mobile Safari/537.36"
154.227.129.59 - - [11/Jan/2025:17:05:29 +0300] "GET /books/s-1-s-2-chemistry/ HTTP/2.0" 500 3099 "https://www.google.com/" "Mozilla/5.0 (Linux; Android 10; K) AppleWebKit/537.36 (KHTML, like Gecko) Chrome/131.0.0.0 Mobile Safari/537.36"
