185.191.171.12 - - [11/Jan/2025:19:30:32 +0300] "GET /gallery/?ncdc-50-conference&ncdc-50-conference&ncdc-50-conference&sample%3F22&stepu&thanks&welcome-remarks%3F38 HTTP/1.1" 200 2017 "-" "Mozilla/5.0 (compatible; SemrushBot/7~bl; +http://www.semrush.com/bot.html)"
85.208.96.196 - - [11/Jan/2025:19:30:38 +0300] "GET /gallery/?50-conference-venue&50-conference-venue&about-the-conference&about-the-conference&chief-guest&ncdc-50-launch HTTP/1.1" 200 2018 "-" "Mozilla/5.0 (compatible; SemrushBot/7~bl; +http://www.semrush.com/bot.html)"
95.163.255.223 - - [11/Jan/2025:19:30:39 +0300] "GET /download/file/fid/78 HTTP/1.1" 500 3099 "-" "Mozilla/5.0 (compatible; Linux x86_64; Mail.RU_Bot/2.0; +https://help.mail.ru/webmaster/indexing/robots)"
85.208.96.210 - - [11/Jan/2025:19:30:48 +0300] "GET /gallery/?ncdc-50-conference&ncdc-50-conference&ncdc-50-conference&parliament&refresher-training-for-centre-coordinating-tutors-ccts&sample%3F35 HTTP/1.1" 200 2018 "-" "Mozilla/5.0 (compatible; SemrushBot/7~bl; +http://www.semrush.com/bot.html)"
209.38.95.204 - - [11/Jan/2025:19:30:48 +0300] "GET /wp-content/uploads/2024/03/NCDC-Mathematics-Sample-Assessment-Items-S.1-S.2-2022.jpg HTTP/2.0" 200 45951 "https://myactivity.google.com/" "Mozilla/5.0 (Linux; Android 10; TECNO CD7 Build/QP1A.190711.020; wv) AppleWebKit/537.36 (KHTML, like Gecko) Version/4.0 Chrome/131.0.6778.201 Mobile Safari/537.36 OcIdWebView ({\"os\":\"Android\",\"osVersion\":\"29\",\"app\":\"com.google.android.gms\",\"appVersion\":\"244738000\",\"style\":2,\"callingAppId\":\"com.google.android.googlequicksearchbox\",\"isDarkTheme\":true})"
54.167.223.174 - - [11/Jan/2025:19:30:51 +0300] "HEAD / HTTP/1.1" 200 - "https://ncdc.go.ug/" "Mozilla/5.0+(compatible; UptimeRobot/2.0; http://www.uptimerobot.com/)"
185.191.171.4 - - [11/Jan/2025:19:31:02 +0300] "GET /gallery/?50-conference-venue&chief-guest&ncdc-50-conference&ncdc-50-conference&ncdc-collaboration&sample%3F21%3Ftraining-on-abridged-curriculum HTTP/1.1" 200 2017 "-" "Mozilla/5.0 (compatible; SemrushBot/7~bl; +http://www.semrush.com/bot.html)"
154.72.192.35 - - [11/Jan/2025:19:31:17 +0300] "HEAD / HTTP/1.1" 200 - "-" "Uptime-Kuma/1.23.11"
159.89.47.149 - - [11/Jan/2025:19:31:21 +0300] "POST /wp-login.php HTTP/1.1" 200 30638 "-" "Mozilla/5.0"
85.208.96.193 - - [11/Jan/2025:19:31:33 +0300] "GET /gallery/?chief-guest&ncdc-50-conference&ncdc-50-conference&parliament&sample%3F22%3Fconsultation-on-a-level-curriculum-review HTTP/1.1" 200 2018 "-" "Mozilla/5.0 (compatible; SemrushBot/7~bl; +http://www.semrush.com/bot.html)"
52.167.144.213 - - [11/Jan/2025:19:31:48 +0300] "GET /2025/page/47/ HTTP/2.0" 500 3099 "-" "Mozilla/5.0 AppleWebKit/537.36 (KHTML, like Gecko; compatible; bingbot/2.0; +http://www.bing.com/bingbot.htm) Chrome/116.0.1938.76 Safari/537.36"
54.167.223.174 - - [11/Jan/2025:19:31:51 +0300] "HEAD / HTTP/1.1" 200 - "https://ncdc.go.ug/" "Mozilla/5.0+(compatible; UptimeRobot/2.0; http://www.uptimerobot.com/)"
185.191.171.17 - - [11/Jan/2025:19:31:53 +0300] "GET /index.php/gallery?50-conference-venue&50-conference-venue&50-conference-venue&50-conference-venue&aca&aca&chief-guest%3Fvisiting-delegation-from-zambia HTTP/1.1" 200 2016 "-" "Mozilla/5.0 (compatible; SemrushBot/7~bl; +http://www.semrush.com/bot.html)"
18.97.14.91 - - [11/Jan/2025:19:31:56 +0300] "GET /robots.txt HTTP/2.0" 200 2016 "-" "CCBot/2.0 (https://commoncrawl.org/faq/)"
18.97.14.91 - - [11/Jan/2025:19:31:56 +0300] "GET /wp-content/uploads/2024/08/INTEGRATED-SCIENCE-LEVEL-2-and-3.pdf HTTP/2.0" 200 1107159 "-" "CCBot/2.0 (https://commoncrawl.org/faq/)"
85.208.96.196 - - [11/Jan/2025:19:32:00 +0300] "GET /gallery/?50-conference-venue&50-conference-venue&50-conference-venue&50-conference-venue&government-trains-teachers-lab-technicians&sample%3F36 HTTP/1.1" 200 2018 "-" "Mozilla/5.0 (compatible; SemrushBot/7~bl; +http://www.semrush.com/bot.html)"
51.158.253.114 - - [11/Jan/2025:19:32:02 +0300] "GET /wp-content/plugins/revslider/sr6/assets/fonts/revicons/revicons.woff HTTP/2.0" 200 7491 "https://ncdc.go.ug/wp-content/cache/wpo-minify/1736596187/assets/wpo-minify-footer-ad5f7fd1.min.css" "Mozilla/5.0 (Windows NT 10.0; Win64; x64) AppleWebKit/537.36 (KHTML, like Gecko) Chrome/131.0.0.0 Safari/537.36"
51.158.253.114 - - [11/Jan/2025:19:32:02 +0300] "GET /wp-content/plugins/revslider/sr6/assets/assets/loader.gif HTTP/2.0" 200 2545 "https://ncdc.go.ug/wp-content/cache/wpo-minify/1736596187/assets/wpo-minify-footer-ad5f7fd1.min.css" "Mozilla/5.0 (Windows NT 10.0; Win64; x64) AppleWebKit/537.36 (KHTML, like Gecko) Chrome/131.0.0.0 Safari/537.36"
51.158.253.114 - - [11/Jan/2025:19:32:02 +0300] "GET /wp-content/uploads/2024/04/border.png HTTP/2.0" 200 8117 "https://ncdc.go.ug/" "Mozilla/5.0 (Windows NT 10.0; Win64; x64) AppleWebKit/537.36 (KHTML, like Gecko) Chrome/131.0.0.0 Safari/537.36"
51.158.253.114 - - [11/Jan/2025:19:32:02 +0300] "GET /wp-content/uploads/2024/06/Button.png HTTP/2.0" 200 1738 "https://ncdc.go.ug/" "Mozilla/5.0 (Windows NT 10.0; Win64; x64) AppleWebKit/537.36 (KHTML, like Gecko) Chrome/131.0.0.0 Safari/537.36"
51.158.253.114 - - [11/Jan/2025:19:32:02 +0300] "GET /wp-content/uploads/2024/06/Asset-12@4x_-2.png HTTP/2.0" 200 9127 "https://ncdc.go.ug/" "Mozilla/5.0 (Windows NT 10.0; Win64; x64) AppleWebKit/537.36 (KHTML, like Gecko) Chrome/131.0.0.0 Safari/537.36"
51.158.253.114 - - [11/Jan/2025:19:32:02 +0300] "GET /wp-content/uploads/2024/04/Asset-5@4x-100-scaled.jpg HTTP/2.0" 200 194126 "https://ncdc.go.ug/" "Mozilla/5.0 (Windows NT 10.0; Win64; x64) AppleWebKit/537.36 (KHTML, like Gecko) Chrome/131.0.0.0 Safari/537.36"
51.158.253.114 - - [11/Jan/2025:19:32:02 +0300] "GET /wp-content/uploads/2024/06/Asset-15@4x_.png HTTP/2.0" 200 125045 "https://ncdc.go.ug/" "Mozilla/5.0 (Windows NT 10.0; Win64; x64) AppleWebKit/537.36 (KHTML, like Gecko) Chrome/131.0.0.0 Safari/537.36"
51.158.253.114 - - [11/Jan/2025:19:32:02 +0300] "GET /wp-content/uploads/2024/06/Asset-12@4x_.png HTTP/2.0" 200 6759 "https://ncdc.go.ug/" "Mozilla/5.0 (Windows NT 10.0; Win64; x64) AppleWebKit/537.36 (KHTML, like Gecko) Chrome/131.0.0.0 Safari/537.36"
51.158.253.114 - - [11/Jan/2025:19:32:06 +0300] "GET /wp-content/uploads/2024/01/SliderStrip.png HTTP/2.0" 200 18639 "https://ncdc.go.ug/" "Mozilla/5.0 (Windows NT 10.0; Win64; x64) AppleWebKit/537.36 (KHTML, like Gecko) Chrome/131.0.0.0 Safari/537.36"
51.158.253.114 - - [11/Jan/2025:19:32:06 +0300] "GET /wp-content/uploads/2024/06/Asset-16@4x_.png HTTP/2.0" 200 8294 "https://ncdc.go.ug/" "Mozilla/5.0 (Windows NT 10.0; Win64; x64) AppleWebKit/537.36 (KHTML, like Gecko) Chrome/131.0.0.0 Safari/537.36"
51.158.253.114 - - [11/Jan/2025:19:32:06 +0300] "GET /wp-content/uploads/2024/06/Asset-14@4x_.png HTTP/2.0" 200 263396 "https://ncdc.go.ug/" "Mozilla/5.0 (Windows NT 10.0; Win64; x64) AppleWebKit/537.36 (KHTML, like Gecko) Chrome/131.0.0.0 Safari/537.36"
51.158.253.114 - - [11/Jan/2025:19:32:06 +0300] "GET /wp-content/uploads/2024/05/IMG_5496-transformed-2048x1365.jpeg HTTP/2.0" 200 568533 "https://ncdc.go.ug/" "Mozilla/5.0 (Windows NT 10.0; Win64; x64) AppleWebKit/537.36 (KHTML, like Gecko) Chrome/131.0.0.0 Safari/537.36"
185.191.171.18 - - [11/Jan/2025:19:32:08 +0300] "GET /gallery?50-conference-venue&50-conference-venue&job-fair&ncdc-50-conference&ncdc-50-conference&parliament&sample%3F21%3Fncdc-50-group-photo HTTP/1.1" 200 2017 "-" "Mozilla/5.0 (compatible; SemrushBot/7~bl; +http://www.semrush.com/bot.html)"
51.158.253.114 - - [11/Jan/2025:19:32:09 +0300] "GET /directorates-3/ HTTP/2.0" 500 3098 "https://ncdc.go.ug/" "Mozilla/5.0 (Windows NT 10.0; Win64; x64) AppleWebKit/537.36 (KHTML, like Gecko) Chrome/131.0.0.0 Safari/537.36"
41.210.147.151 - - [11/Jan/2025:19:32:11 +0300] "GET /templates/shaper_wayne_corp/images/favicon.ico HTTP/2.0" 500 3098 "-" "Mozilla/5.0 (Android 11; Mobile; rv:131.0) Gecko/131.0 Firefox/131.0"
41.210.147.151 - - [11/Jan/2025:19:32:11 +0300] "GET /sites/all/themes/omega/omega/apple-touch-icon-precomposed-72x72.png HTTP/2.0" 500 3098 "-" "Mozilla/5.0 (Android 11; Mobile; rv:131.0) Gecko/131.0 Firefox/131.0"
41.210.147.151 - - [11/Jan/2025:19:32:11 +0300] "GET /sites/all/themes/omega/omega/apple-touch-icon-precomposed-114x114.png HTTP/2.0" 500 3098 "-" "Mozilla/5.0 (Android 11; Mobile; rv:131.0) Gecko/131.0 Firefox/131.0"
41.210.147.151 - - [11/Jan/2025:19:32:11 +0300] "GET /templates/shaper_wayne_corp/favicon.ico HTTP/2.0" 500 3098 "-" "Mozilla/5.0 (Android 11; Mobile; rv:131.0) Gecko/131.0 Firefox/131.0"
41.210.147.151 - - [11/Jan/2025:19:32:11 +0300] "GET /sites/all/themes/omega/omega/apple-touch-icon-precomposed-144x144.png HTTP/2.0" 500 3098 "-" "Mozilla/5.0 (Android 11; Mobile; rv:131.0) Gecko/131.0 Firefox/131.0"
41.210.147.151 - - [11/Jan/2025:19:32:11 +0300] "GET /sites/all/themes/omega/omega/apple-touch-icon-precomposed.png HTTP/2.0" 500 3098 "-" "Mozilla/5.0 (Android 11; Mobile; rv:131.0) Gecko/131.0 Firefox/131.0"
51.158.253.114 - - [11/Jan/2025:19:32:13 +0300] "GET /favicon.ico HTTP/2.0" 500 3098 "https://ncdc.go.ug/directorates-3/" "Mozilla/5.0 (Windows NT 10.0; Win64; x64) AppleWebKit/537.36 (KHTML, like Gecko) Chrome/131.0.0.0 Safari/537.36"
41.210.147.151 - - [11/Jan/2025:19:32:17 +0300] "GET /sites/all/themes/omega/omega/apple-touch-icon-precomposed-144x144.png HTTP/2.0" 500 3098 "-" "Mozilla/5.0 (Android 11; Mobile; rv:131.0) Gecko/131.0 Firefox/131.0"
41.210.147.151 - - [11/Jan/2025:19:32:17 +0300] "GET /sites/all/themes/omega/omega/apple-touch-icon-precomposed-114x114.png HTTP/2.0" 500 3098 "-" "Mozilla/5.0 (Android 11; Mobile; rv:131.0) Gecko/131.0 Firefox/131.0"
41.210.147.151 - - [11/Jan/2025:19:32:17 +0300] "GET /sites/all/themes/omega/omega/apple-touch-icon-precomposed-72x72.png HTTP/2.0" 500 3098 "-" "Mozilla/5.0 (Android 11; Mobile; rv:131.0) Gecko/131.0 Firefox/131.0"
41.210.147.151 - - [11/Jan/2025:19:32:17 +0300] "GET /sites/all/themes/omega/omega/apple-touch-icon-precomposed.png HTTP/2.0" 500 3098 "-" "Mozilla/5.0 (Android 11; Mobile; rv:131.0) Gecko/131.0 Firefox/131.0"
41.210.147.151 - - [11/Jan/2025:19:32:18 +0300] "GET /templates/shaper_wayne_corp/favicon.ico HTTP/2.0" 500 3098 "-" "Mozilla/5.0 (Android 11; Mobile; rv:131.0) Gecko/131.0 Firefox/131.0"
41.210.147.151 - - [11/Jan/2025:19:32:18 +0300] "GET /templates/shaper_wayne_corp/images/favicon.ico HTTP/2.0" 500 3098 "-" "Mozilla/5.0 (Android 11; Mobile; rv:131.0) Gecko/131.0 Firefox/131.0"
154.72.192.35 - - [11/Jan/2025:19:32:18 +0300] "HEAD / HTTP/1.1" 200 - "-" "Uptime-Kuma/1.23.11"
41.210.147.151 - - [11/Jan/2025:19:32:21 +0300] "GET /sites/all/themes/omega/omega/apple-touch-icon-precomposed-144x144.png HTTP/2.0" 500 3098 "-" "Mozilla/5.0 (Android 11; Mobile; rv:131.0) Gecko/131.0 Firefox/131.0"
41.210.147.151 - - [11/Jan/2025:19:32:21 +0300] "GET /sites/all/themes/omega/omega/apple-touch-icon-precomposed-114x114.png HTTP/2.0" 500 3098 "-" "Mozilla/5.0 (Android 11; Mobile; rv:131.0) Gecko/131.0 Firefox/131.0"
41.210.147.151 - - [11/Jan/2025:19:32:21 +0300] "GET /sites/all/themes/omega/omega/apple-touch-icon-precomposed-72x72.png HTTP/2.0" 500 3098 "-" "Mozilla/5.0 (Android 11; Mobile; rv:131.0) Gecko/131.0 Firefox/131.0"
41.210.147.151 - - [11/Jan/2025:19:32:21 +0300] "GET /sites/all/themes/omega/omega/apple-touch-icon-precomposed.png HTTP/2.0" 500 3098 "-" "Mozilla/5.0 (Android 11; Mobile; rv:131.0) Gecko/131.0 Firefox/131.0"
41.210.147.151 - - [11/Jan/2025:19:32:21 +0300] "GET /templates/shaper_wayne_corp/images/favicon.ico HTTP/2.0" 500 3098 "-" "Mozilla/5.0 (Android 11; Mobile; rv:131.0) Gecko/131.0 Firefox/131.0"
41.210.147.151 - - [11/Jan/2025:19:32:21 +0300] "GET /templates/shaper_wayne_corp/favicon.ico HTTP/2.0" 500 3098 "-" "Mozilla/5.0 (Android 11; Mobile; rv:131.0) Gecko/131.0 Firefox/131.0"
41.210.147.151 - - [11/Jan/2025:19:32:25 +0300] "GET /sites/all/themes/omega/omega/apple-touch-icon-precomposed-144x144.png HTTP/2.0" 500 3098 "-" "Mozilla/5.0 (Android 11; Mobile; rv:131.0) Gecko/131.0 Firefox/131.0"
41.210.147.151 - - [11/Jan/2025:19:32:25 +0300] "GET /sites/all/themes/omega/omega/apple-touch-icon-precomposed-114x114.png HTTP/2.0" 500 3098 "-" "Mozilla/5.0 (Android 11; Mobile; rv:131.0) Gecko/131.0 Firefox/131.0"
41.210.147.151 - - [11/Jan/2025:19:32:25 +0300] "GET /sites/all/themes/omega/omega/apple-touch-icon-precomposed-72x72.png HTTP/2.0" 500 3098 "-" "Mozilla/5.0 (Android 11; Mobile; rv:131.0) Gecko/131.0 Firefox/131.0"
41.210.147.151 - - [11/Jan/2025:19:32:25 +0300] "GET /sites/all/themes/omega/omega/apple-touch-icon-precomposed.png HTTP/2.0" 500 3098 "-" "Mozilla/5.0 (Android 11; Mobile; rv:131.0) Gecko/131.0 Firefox/131.0"
41.210.147.151 - - [11/Jan/2025:19:32:26 +0300] "GET /templates/shaper_wayne_corp/favicon.ico HTTP/2.0" 500 3098 "-" "Mozilla/5.0 (Android 11; Mobile; rv:131.0) Gecko/131.0 Firefox/131.0"
41.210.147.151 - - [11/Jan/2025:19:32:26 +0300] "GET /templates/shaper_wayne_corp/images/favicon.ico HTTP/2.0" 500 3098 "-" "Mozilla/5.0 (Android 11; Mobile; rv:131.0) Gecko/131.0 Firefox/131.0"
185.191.171.2 - - [11/Jan/2025:19:32:27 +0300] "GET /gallery/?aca&aca&government-trains-teachers-lab-technicians&ncdc-collaboration&ncdc-collaboration&sample&stepu HTTP/1.1" 200 2017 "-" "Mozilla/5.0 (compatible; SemrushBot/7~bl; +http://www.semrush.com/bot.html)"
41.210.147.151 - - [11/Jan/2025:19:32:28 +0300] "GET /sites/all/themes/omega/omega/apple-touch-icon-precomposed-144x144.png HTTP/2.0" 500 3098 "-" "Mozilla/5.0 (Android 11; Mobile; rv:131.0) Gecko/131.0 Firefox/131.0"
41.210.147.151 - - [11/Jan/2025:19:32:28 +0300] "GET /sites/all/themes/omega/omega/apple-touch-icon-precomposed-114x114.png HTTP/2.0" 500 3098 "-" "Mozilla/5.0 (Android 11; Mobile; rv:131.0) Gecko/131.0 Firefox/131.0"
41.210.147.151 - - [11/Jan/2025:19:32:28 +0300] "GET /sites/all/themes/omega/omega/apple-touch-icon-precomposed-72x72.png HTTP/2.0" 500 3098 "-" "Mozilla/5.0 (Android 11; Mobile; rv:131.0) Gecko/131.0 Firefox/131.0"
41.210.147.151 - - [11/Jan/2025:19:32:28 +0300] "GET /sites/all/themes/omega/omega/apple-touch-icon-precomposed.png HTTP/2.0" 500 3098 "-" "Mozilla/5.0 (Android 11; Mobile; rv:131.0) Gecko/131.0 Firefox/131.0"
41.210.147.151 - - [11/Jan/2025:19:32:29 +0300] "GET /templates/shaper_wayne_corp/images/favicon.ico HTTP/2.0" 500 3098 "-" "Mozilla/5.0 (Android 11; Mobile; rv:131.0) Gecko/131.0 Firefox/131.0"
41.210.147.151 - - [11/Jan/2025:19:32:29 +0300] "GET /templates/shaper_wayne_corp/favicon.ico HTTP/2.0" 500 3098 "-" "Mozilla/5.0 (Android 11; Mobile; rv:131.0) Gecko/131.0 Firefox/131.0"
139.59.109.12 - - [11/Jan/2025:19:32:30 +0300] "HEAD / HTTP/2.0" 200 - "-" "downnotifier.com monitoring"
51.158.253.114 - - [11/Jan/2025:19:32:31 +0300] "GET /wp-content/uploads/2024/05/Asset-11@3x.png HTTP/2.0" 200 103454 "https://ncdc.go.ug/" "Mozilla/5.0 (Windows NT 10.0; Win64; x64) AppleWebKit/537.36 (KHTML, like Gecko) Chrome/131.0.0.0 Safari/537.36"
51.158.253.114 - - [11/Jan/2025:19:32:31 +0300] "GET /wp-content/uploads/2024/04/Asset-2@4x-768x172.png HTTP/2.0" 200 10409 "https://ncdc.go.ug/" "Mozilla/5.0 (Windows NT 10.0; Win64; x64) AppleWebKit/537.36 (KHTML, like Gecko) Chrome/131.0.0.0 Safari/537.36"
51.158.253.114 - - [11/Jan/2025:19:32:31 +0300] "GET /wp-content/uploads/2024/04/bottom-border.png HTTP/2.0" 200 962 "https://ncdc.go.ug/" "Mozilla/5.0 (Windows NT 10.0; Win64; x64) AppleWebKit/537.36 (KHTML, like Gecko) Chrome/131.0.0.0 Safari/537.36"
51.158.253.114 - - [11/Jan/2025:19:32:31 +0300] "GET /wp-content/uploads/2024/05/Asset-12@3x.png HTTP/2.0" 200 202517 "https://ncdc.go.ug/" "Mozilla/5.0 (Windows NT 10.0; Win64; x64) AppleWebKit/537.36 (KHTML, like Gecko) Chrome/131.0.0.0 Safari/537.36"
51.158.253.114 - - [11/Jan/2025:19:32:31 +0300] "GET /wp-content/uploads/2024/04/Asset-2@4x.png HTTP/2.0" 200 7483 "https://ncdc.go.ug/" "Mozilla/5.0 (Windows NT 10.0; Win64; x64) AppleWebKit/537.36 (KHTML, like Gecko) Chrome/131.0.0.0 Safari/537.36"
41.210.147.151 - - [11/Jan/2025:19:32:32 +0300] "GET /sites/all/themes/omega/omega/apple-touch-icon-precomposed-144x144.png HTTP/2.0" 500 3098 "-" "Mozilla/5.0 (Android 11; Mobile; rv:131.0) Gecko/131.0 Firefox/131.0"
41.210.147.151 - - [11/Jan/2025:19:32:32 +0300] "GET /sites/all/themes/omega/omega/apple-touch-icon-precomposed-114x114.png HTTP/2.0" 500 3098 "-" "Mozilla/5.0 (Android 11; Mobile; rv:131.0) Gecko/131.0 Firefox/131.0"
41.210.147.151 - - [11/Jan/2025:19:32:32 +0300] "GET /sites/all/themes/omega/omega/apple-touch-icon-precomposed-72x72.png HTTP/2.0" 500 3098 "-" "Mozilla/5.0 (Android 11; Mobile; rv:131.0) Gecko/131.0 Firefox/131.0"
41.210.147.151 - - [11/Jan/2025:19:32:32 +0300] "GET /sites/all/themes/omega/omega/apple-touch-icon-precomposed.png HTTP/2.0" 500 3098 "-" "Mozilla/5.0 (Android 11; Mobile; rv:131.0) Gecko/131.0 Firefox/131.0"
41.210.147.151 - - [11/Jan/2025:19:32:33 +0300] "GET /templates/shaper_wayne_corp/favicon.ico HTTP/2.0" 500 3098 "-" "Mozilla/5.0 (Android 11; Mobile; rv:131.0) Gecko/131.0 Firefox/131.0"
41.210.147.151 - - [11/Jan/2025:19:32:33 +0300] "GET /templates/shaper_wayne_corp/images/favicon.ico HTTP/2.0" 500 3098 "-" "Mozilla/5.0 (Android 11; Mobile; rv:131.0) Gecko/131.0 Firefox/131.0"
185.191.171.2 - - [11/Jan/2025:19:32:36 +0300] "GET /gallery/?job-fair&job-fair&ncdc-50-launch&ncdc-50-launch&ncdc-collaboration&ncdc-collaboration&sample%3F21%3F3 HTTP/1.1" 200 2017 "-" "Mozilla/5.0 (compatible; SemrushBot/7~bl; +http://www.semrush.com/bot.html)"
41.210.147.151 - - [11/Jan/2025:19:32:36 +0300] "GET /templates/shaper_wayne_corp/favicon.ico HTTP/2.0" 500 3098 "-" "Mozilla/5.0 (Android 11; Mobile; rv:131.0) Gecko/131.0 Firefox/131.0"
41.210.147.151 - - [11/Jan/2025:19:32:36 +0300] "GET /templates/shaper_wayne_corp/images/favicon.ico HTTP/2.0" 500 3098 "-" "Mozilla/5.0 (Android 11; Mobile; rv:131.0) Gecko/131.0 Firefox/131.0"
41.210.147.151 - - [11/Jan/2025:19:32:38 +0300] "GET /sites/all/themes/omega/omega/apple-touch-icon-precomposed-144x144.png HTTP/2.0" 500 3098 "-" "Mozilla/5.0 (Android 11; Mobile; rv:131.0) Gecko/131.0 Firefox/131.0"
41.210.147.151 - - [11/Jan/2025:19:32:38 +0300] "GET /sites/all/themes/omega/omega/apple-touch-icon-precomposed-114x114.png HTTP/2.0" 500 3098 "-" "Mozilla/5.0 (Android 11; Mobile; rv:131.0) Gecko/131.0 Firefox/131.0"
41.210.147.151 - - [11/Jan/2025:19:32:38 +0300] "GET /sites/all/themes/omega/omega/apple-touch-icon-precomposed-72x72.png HTTP/2.0" 500 3098 "-" "Mozilla/5.0 (Android 11; Mobile; rv:131.0) Gecko/131.0 Firefox/131.0"
41.210.147.151 - - [11/Jan/2025:19:32:38 +0300] "GET /sites/all/themes/omega/omega/apple-touch-icon-precomposed.png HTTP/2.0" 500 3098 "-" "Mozilla/5.0 (Android 11; Mobile; rv:131.0) Gecko/131.0 Firefox/131.0"
41.210.147.151 - - [11/Jan/2025:19:32:39 +0300] "GET /templates/shaper_wayne_corp/favicon.ico HTTP/2.0" 500 3098 "-" "Mozilla/5.0 (Android 11; Mobile; rv:131.0) Gecko/131.0 Firefox/131.0"
41.210.147.151 - - [11/Jan/2025:19:32:39 +0300] "GET /templates/shaper_wayne_corp/images/favicon.ico HTTP/2.0" 500 3098 "-" "Mozilla/5.0 (Android 11; Mobile; rv:131.0) Gecko/131.0 Firefox/131.0"
51.158.253.114 - - [11/Jan/2025:19:32:40 +0300] "GET /wp-content/uploads/2024/01/website_banner-01-scaled.jpg HTTP/2.0" 200 498006 "https://ncdc.go.ug/" "Mozilla/5.0 (Windows NT 10.0; Win64; x64) AppleWebKit/537.36 (KHTML, like Gecko) Chrome/131.0.0.0 Safari/537.36"
41.210.147.151 - - [11/Jan/2025:19:32:44 +0300] "GET /sites/all/themes/omega/omega/apple-touch-icon-precomposed-144x144.png HTTP/2.0" 500 3098 "-" "Mozilla/5.0 (Android 11; Mobile; rv:131.0) Gecko/131.0 Firefox/131.0"
41.210.147.151 - - [11/Jan/2025:19:32:44 +0300] "GET /sites/all/themes/omega/omega/apple-touch-icon-precomposed-114x114.png HTTP/2.0" 500 3098 "-" "Mozilla/5.0 (Android 11; Mobile; rv:131.0) Gecko/131.0 Firefox/131.0"
41.210.147.151 - - [11/Jan/2025:19:32:44 +0300] "GET /sites/all/themes/omega/omega/apple-touch-icon-precomposed-72x72.png HTTP/2.0" 500 3098 "-" "Mozilla/5.0 (Android 11; Mobile; rv:131.0) Gecko/131.0 Firefox/131.0"
41.210.147.151 - - [11/Jan/2025:19:32:44 +0300] "GET /sites/all/themes/omega/omega/apple-touch-icon-precomposed.png HTTP/2.0" 500 3098 "-" "Mozilla/5.0 (Android 11; Mobile; rv:131.0) Gecko/131.0 Firefox/131.0"
41.210.147.151 - - [11/Jan/2025:19:32:44 +0300] "GET /templates/shaper_wayne_corp/favicon.ico HTTP/2.0" 500 3098 "-" "Mozilla/5.0 (Android 11; Mobile; rv:131.0) Gecko/131.0 Firefox/131.0"
41.210.147.151 - - [11/Jan/2025:19:32:44 +0300] "GET /templates/shaper_wayne_corp/images/favicon.ico HTTP/2.0" 500 3098 "-" "Mozilla/5.0 (Android 11; Mobile; rv:131.0) Gecko/131.0 Firefox/131.0"
95.163.255.210 - - [11/Jan/2025:19:32:48 +0300] "GET /content/status-teaching-and-learning-local-language-upper-primary-uganda HTTP/1.1" 500 3099 "-" "Mozilla/5.0 (compatible; Linux x86_64; Mail.RU_Bot/2.0; +https://help.mail.ru/webmaster/indexing/robots)"
51.158.253.114 - - [11/Jan/2025:19:32:50 +0300] "GET /wp-content/uploads/2024/01/NCDC-hosts-Quality-Education-scaled.jpg HTTP/2.0" 200 467006 "https://ncdc.go.ug/" "Mozilla/5.0 (Windows NT 10.0; Win64; x64) AppleWebKit/537.36 (KHTML, like Gecko) Chrome/131.0.0.0 Safari/537.36"
41.210.147.151 - - [11/Jan/2025:19:32:52 +0300] "GET /sites/all/themes/omega/omega/apple-touch-icon-precomposed-144x144.png HTTP/2.0" 500 3098 "-" "Mozilla/5.0 (Android 11; Mobile; rv:131.0) Gecko/131.0 Firefox/131.0"
41.210.147.151 - - [11/Jan/2025:19:32:52 +0300] "GET /sites/all/themes/omega/omega/apple-touch-icon-precomposed-114x114.png HTTP/2.0" 500 3098 "-" "Mozilla/5.0 (Android 11; Mobile; rv:131.0) Gecko/131.0 Firefox/131.0"
41.210.147.151 - - [11/Jan/2025:19:32:52 +0300] "GET /sites/all/themes/omega/omega/apple-touch-icon-precomposed-72x72.png HTTP/2.0" 500 3098 "-" "Mozilla/5.0 (Android 11; Mobile; rv:131.0) Gecko/131.0 Firefox/131.0"
41.210.147.151 - - [11/Jan/2025:19:32:52 +0300] "GET /sites/all/themes/omega/omega/apple-touch-icon-precomposed.png HTTP/2.0" 500 3098 "-" "Mozilla/5.0 (Android 11; Mobile; rv:131.0) Gecko/131.0 Firefox/131.0"
41.210.147.151 - - [11/Jan/2025:19:32:53 +0300] "GET /templates/shaper_wayne_corp/favicon.ico HTTP/2.0" 500 3098 "-" "Mozilla/5.0 (Android 11; Mobile; rv:131.0) Gecko/131.0 Firefox/131.0"
41.210.147.151 - - [11/Jan/2025:19:32:53 +0300] "GET /templates/shaper_wayne_corp/images/favicon.ico HTTP/2.0" 500 3098 "-" "Mozilla/5.0 (Android 11; Mobile; rv:131.0) Gecko/131.0 Firefox/131.0"
85.208.96.193 - - [11/Jan/2025:19:32:56 +0300] "GET /gallery?ncdc-50-conference&parliament&parliament&sample%3F22&thanks&thanks&visit-by-ps&welcome-remarks%3F28 HTTP/1.1" 200 2018 "-" "Mozilla/5.0 (compatible; SemrushBot/7~bl; +http://www.semrush.com/bot.html)"
41.210.147.151 - - [11/Jan/2025:19:32:57 +0300] "GET /sites/all/themes/omega/omega/apple-touch-icon-precomposed-114x114.png HTTP/2.0" 500 3098 "-" "Mozilla/5.0 (Android 11; Mobile; rv:131.0) Gecko/131.0 Firefox/131.0"
41.210.147.151 - - [11/Jan/2025:19:32:57 +0300] "GET /sites/all/themes/omega/omega/apple-touch-icon-precomposed-144x144.png HTTP/2.0" 500 3098 "-" "Mozilla/5.0 (Android 11; Mobile; rv:131.0) Gecko/131.0 Firefox/131.0"
41.210.147.151 - - [11/Jan/2025:19:32:57 +0300] "GET /sites/all/themes/omega/omega/apple-touch-icon-precomposed-72x72.png HTTP/2.0" 500 3098 "-" "Mozilla/5.0 (Android 11; Mobile; rv:131.0) Gecko/131.0 Firefox/131.0"
41.210.147.151 - - [11/Jan/2025:19:32:57 +0300] "GET /sites/all/themes/omega/omega/apple-touch-icon-precomposed.png HTTP/2.0" 500 3098 "-" "Mozilla/5.0 (Android 11; Mobile; rv:131.0) Gecko/131.0 Firefox/131.0"
41.210.147.151 - - [11/Jan/2025:19:32:58 +0300] "GET /templates/shaper_wayne_corp/favicon.ico HTTP/2.0" 500 3098 "-" "Mozilla/5.0 (Android 11; Mobile; rv:131.0) Gecko/131.0 Firefox/131.0"
41.210.147.151 - - [11/Jan/2025:19:32:58 +0300] "GET /templates/shaper_wayne_corp/images/favicon.ico HTTP/2.0" 500 3098 "-" "Mozilla/5.0 (Android 11; Mobile; rv:131.0) Gecko/131.0 Firefox/131.0"
185.191.171.15 - - [11/Jan/2025:19:32:59 +0300] "GET /gallery/?50-conference-venue&aca&ncdc-50-conference&ncdc-50-launch&ncdc-50-launch&sample%3Fdirector-launching-ncdc-50 HTTP/1.1" 200 2017 "-" "Mozilla/5.0 (compatible; SemrushBot/7~bl; +http://www.semrush.com/bot.html)"
185.191.171.4 - - [11/Jan/2025:19:32:59 +0300] "GET /gallery?50-conference-venue&about-the-conference&ncdc-50-conference&ncdc-50-conference&parliament&sample%3F22%3Finstructional-materials HTTP/1.1" 200 2017 "-" "Mozilla/5.0 (compatible; SemrushBot/7~bl; +http://www.semrush.com/bot.html)"
85.208.96.207 - - [11/Jan/2025:19:33:01 +0300] "GET /gallery/?instructional-materials-unit&ncdc-50-conference&sample%3F20&thanks&thanks&thanks&welcome-remarks%3F26 HTTP/1.1" 200 2017 "-" "Mozilla/5.0 (compatible; SemrushBot/7~bl; +http://www.semrush.com/bot.html)"
185.191.171.10 - - [11/Jan/2025:19:33:07 +0300] "GET /gallery/?aca&ncdc-50-launch&ncdc-50-launch&ncdc-collaboration&parliament&sample%3Fgroup-discussion-in-teacher-training HTTP/1.1" 200 2017 "-" "Mozilla/5.0 (compatible; SemrushBot/7~bl; +http://www.semrush.com/bot.html)"
18.116.205.62 - - [11/Jan/2025:19:33:08 +0300] "HEAD / HTTP/1.1" 200 - "https://ncdc.go.ug" "Mozilla/5.0+(compatible; UptimeRobot/2.0; http://www.uptimerobot.com/)"
197.239.5.190 - - [11/Jan/2025:19:33:10 +0300] "GET /wp-content/uploads/2024/02/P1-Curriculum.pdf HTTP/2.0" 200 1415694 "https://www.google.com/" "Mozilla/5.0 (Linux; Android 10; K) AppleWebKit/537.36 (KHTML, like Gecko) Chrome/131.0.0.0 Mobile Safari/537.36"
41.210.147.151 - - [11/Jan/2025:19:33:11 +0300] "GET /sites/all/themes/omega/omega/apple-touch-icon-precomposed-144x144.png HTTP/2.0" 500 3098 "-" "Mozilla/5.0 (Android 11; Mobile; rv:131.0) Gecko/131.0 Firefox/131.0"
41.210.147.151 - - [11/Jan/2025:19:33:11 +0300] "GET /sites/all/themes/omega/omega/apple-touch-icon-precomposed-114x114.png HTTP/2.0" 500 3098 "-" "Mozilla/5.0 (Android 11; Mobile; rv:131.0) Gecko/131.0 Firefox/131.0"
41.210.147.151 - - [11/Jan/2025:19:33:11 +0300] "GET /sites/all/themes/omega/omega/apple-touch-icon-precomposed-72x72.png HTTP/2.0" 500 3098 "-" "Mozilla/5.0 (Android 11; Mobile; rv:131.0) Gecko/131.0 Firefox/131.0"
41.210.147.151 - - [11/Jan/2025:19:33:11 +0300] "GET /sites/all/themes/omega/omega/apple-touch-icon-precomposed.png HTTP/2.0" 500 3098 "-" "Mozilla/5.0 (Android 11; Mobile; rv:131.0) Gecko/131.0 Firefox/131.0"
41.210.147.151 - - [11/Jan/2025:19:33:12 +0300] "GET /templates/shaper_wayne_corp/favicon.ico HTTP/2.0" 500 3098 "-" "Mozilla/5.0 (Android 11; Mobile; rv:131.0) Gecko/131.0 Firefox/131.0"
41.210.147.151 - - [11/Jan/2025:19:33:12 +0300] "GET /templates/shaper_wayne_corp/images/favicon.ico HTTP/2.0" 500 3098 "-" "Mozilla/5.0 (Android 11; Mobile; rv:131.0) Gecko/131.0 Firefox/131.0"
41.210.147.222 - - [11/Jan/2025:19:33:13 +0300] "GET /wp-content/uploads/2024/03/Curriculum_Framework.pdf HTTP/2.0" 200 3036068 "https://www.google.com/url?q=https://ncdc.go.ug/wp-content/uploads/2024/03/Curriculum_Framework.pdf&sa=U&ved=2ahUKEwjfqfTajO6KAxV3T6QEHd61IkcQFnoECB0QAQ&usg=AOvVaw0zvXh-1eHDHfuETDo4600D" "Mozilla/5.0 (iPhone; CPU iPhone OS 15_8 like Mac OS X) AppleWebKit/605.1.15 (KHTML, like Gecko) GSA/256.2.518341946 Mobile/15E148 Safari/604.1"
41.210.147.151 - - [11/Jan/2025:19:33:15 +0300] "GET /sites/all/themes/omega/omega/apple-touch-icon-precomposed-144x144.png HTTP/2.0" 500 3098 "-" "Mozilla/5.0 (Android 11; Mobile; rv:131.0) Gecko/131.0 Firefox/131.0"
41.210.147.151 - - [11/Jan/2025:19:33:15 +0300] "GET /sites/all/themes/omega/omega/apple-touch-icon-precomposed-72x72.png HTTP/2.0" 500 3098 "-" "Mozilla/5.0 (Android 11; Mobile; rv:131.0) Gecko/131.0 Firefox/131.0"
41.210.147.151 - - [11/Jan/2025:19:33:15 +0300] "GET /sites/all/themes/omega/omega/apple-touch-icon-precomposed-114x114.png HTTP/2.0" 500 3098 "-" "Mozilla/5.0 (Android 11; Mobile; rv:131.0) Gecko/131.0 Firefox/131.0"
41.210.147.151 - - [11/Jan/2025:19:33:15 +0300] "GET /sites/all/themes/omega/omega/apple-touch-icon-precomposed.png HTTP/2.0" 500 3098 "-" "Mozilla/5.0 (Android 11; Mobile; rv:131.0) Gecko/131.0 Firefox/131.0"
41.210.147.151 - - [11/Jan/2025:19:33:16 +0300] "GET /templates/shaper_wayne_corp/favicon.ico HTTP/2.0" 500 3098 "-" "Mozilla/5.0 (Android 11; Mobile; rv:131.0) Gecko/131.0 Firefox/131.0"
41.210.147.151 - - [11/Jan/2025:19:33:16 +0300] "GET /templates/shaper_wayne_corp/images/favicon.ico HTTP/2.0" 500 3098 "-" "Mozilla/5.0 (Android 11; Mobile; rv:131.0) Gecko/131.0 Firefox/131.0"
154.72.192.35 - - [11/Jan/2025:19:33:18 +0300] "HEAD / HTTP/1.1" 200 - "-" "Uptime-Kuma/1.23.11"
41.210.147.151 - - [11/Jan/2025:19:33:20 +0300] "GET /sites/all/themes/omega/omega/apple-touch-icon-precomposed-144x144.png HTTP/2.0" 500 3098 "-" "Mozilla/5.0 (Android 11; Mobile; rv:131.0) Gecko/131.0 Firefox/131.0"
41.210.147.151 - - [11/Jan/2025:19:33:20 +0300] "GET /sites/all/themes/omega/omega/apple-touch-icon-precomposed-114x114.png HTTP/2.0" 500 3098 "-" "Mozilla/5.0 (Android 11; Mobile; rv:131.0) Gecko/131.0 Firefox/131.0"
41.210.147.151 - - [11/Jan/2025:19:33:20 +0300] "GET /sites/all/themes/omega/omega/apple-touch-icon-precomposed-72x72.png HTTP/2.0" 500 3098 "-" "Mozilla/5.0 (Android 11; Mobile; rv:131.0) Gecko/131.0 Firefox/131.0"
41.210.147.151 - - [11/Jan/2025:19:33:20 +0300] "GET /sites/all/themes/omega/omega/apple-touch-icon-precomposed.png HTTP/2.0" 500 3098 "-" "Mozilla/5.0 (Android 11; Mobile; rv:131.0) Gecko/131.0 Firefox/131.0"
41.210.147.151 - - [11/Jan/2025:19:33:21 +0300] "GET /templates/shaper_wayne_corp/favicon.ico HTTP/2.0" 500 3098 "-" "Mozilla/5.0 (Android 11; Mobile; rv:131.0) Gecko/131.0 Firefox/131.0"
41.210.147.151 - - [11/Jan/2025:19:33:21 +0300] "GET /templates/shaper_wayne_corp/images/favicon.ico HTTP/2.0" 500 3098 "-" "Mozilla/5.0 (Android 11; Mobile; rv:131.0) Gecko/131.0 Firefox/131.0"
41.210.147.151 - - [11/Jan/2025:19:33:26 +0300] "GET /sites/all/themes/omega/omega/apple-touch-icon-precomposed-144x144.png HTTP/2.0" 500 3098 "-" "Mozilla/5.0 (Android 11; Mobile; rv:131.0) Gecko/131.0 Firefox/131.0"
41.210.147.151 - - [11/Jan/2025:19:33:26 +0300] "GET /sites/all/themes/omega/omega/apple-touch-icon-precomposed-114x114.png HTTP/2.0" 500 3098 "-" "Mozilla/5.0 (Android 11; Mobile; rv:131.0) Gecko/131.0 Firefox/131.0"
41.210.147.151 - - [11/Jan/2025:19:33:26 +0300] "GET /sites/all/themes/omega/omega/apple-touch-icon-precomposed-72x72.png HTTP/2.0" 500 3098 "-" "Mozilla/5.0 (Android 11; Mobile; rv:131.0) Gecko/131.0 Firefox/131.0"
41.210.147.151 - - [11/Jan/2025:19:33:26 +0300] "GET /sites/all/themes/omega/omega/apple-touch-icon-precomposed.png HTTP/2.0" 500 3098 "-" "Mozilla/5.0 (Android 11; Mobile; rv:131.0) Gecko/131.0 Firefox/131.0"
41.210.147.151 - - [11/Jan/2025:19:33:26 +0300] "GET /templates/shaper_wayne_corp/favicon.ico HTTP/2.0" 500 3098 "-" "Mozilla/5.0 (Android 11; Mobile; rv:131.0) Gecko/131.0 Firefox/131.0"
41.210.147.151 - - [11/Jan/2025:19:33:27 +0300] "GET /templates/shaper_wayne_corp/images/favicon.ico HTTP/2.0" 500 3098 "-" "Mozilla/5.0 (Android 11; Mobile; rv:131.0) Gecko/131.0 Firefox/131.0"
41.210.147.151 - - [11/Jan/2025:19:33:30 +0300] "GET /sites/all/themes/omega/omega/apple-touch-icon-precomposed-144x144.png HTTP/2.0" 500 3098 "-" "Mozilla/5.0 (Android 11; Mobile; rv:131.0) Gecko/131.0 Firefox/131.0"
41.210.147.151 - - [11/Jan/2025:19:33:33 +0300] "GET /sites/all/themes/omega/omega/apple-touch-icon-precomposed-114x114.png HTTP/2.0" 500 3098 "-" "Mozilla/5.0 (Android 11; Mobile; rv:131.0) Gecko/131.0 Firefox/131.0"
41.210.147.151 - - [11/Jan/2025:19:33:34 +0300] "GET /sites/all/themes/omega/omega/apple-touch-icon-precomposed-72x72.png HTTP/2.0" 500 3098 "-" "Mozilla/5.0 (Android 11; Mobile; rv:131.0) Gecko/131.0 Firefox/131.0"
41.210.147.151 - - [11/Jan/2025:19:33:34 +0300] "GET /sites/all/themes/omega/omega/apple-touch-icon-precomposed.png HTTP/2.0" 500 3098 "-" "Mozilla/5.0 (Android 11; Mobile; rv:131.0) Gecko/131.0 Firefox/131.0"
41.210.147.151 - - [11/Jan/2025:19:33:35 +0300] "GET /templates/shaper_wayne_corp/favicon.ico HTTP/2.0" 500 3098 "-" "Mozilla/5.0 (Android 11; Mobile; rv:131.0) Gecko/131.0 Firefox/131.0"
41.210.147.151 - - [11/Jan/2025:19:33:35 +0300] "GET /templates/shaper_wayne_corp/images/favicon.ico HTTP/2.0" 500 3098 "-" "Mozilla/5.0 (Android 11; Mobile; rv:131.0) Gecko/131.0 Firefox/131.0"
85.208.96.202 - - [11/Jan/2025:19:33:35 +0300] "GET /gallery/?50-conference-venue&50-conference-venue&about-the-conference&government-trains-teachers-lab-technicians&ncdc-50-conference&sample%3F24 HTTP/1.1" 200 2017 "-" "Mozilla/5.0 (compatible; SemrushBot/7~bl; +http://www.semrush.com/bot.html)"
185.191.171.7 - - [11/Jan/2025:19:33:43 +0300] "GET /gallery?government-trains-teachers-lab-technicians&instructional-materials-unit&ncdc-collaboration&ncdc-collaboration&sample%3F26 HTTP/1.1" 200 2017 "-" "Mozilla/5.0 (compatible; SemrushBot/7~bl; +http://www.semrush.com/bot.html)"
41.210.147.151 - - [11/Jan/2025:19:33:45 +0300] "GET /templates/shaper_wayne_corp/favicon.ico HTTP/2.0" 500 3098 "-" "Mozilla/5.0 (Android 11; Mobile; rv:131.0) Gecko/131.0 Firefox/131.0"
66.249.70.4 - - [11/Jan/2025:19:33:46 +0300] "GET /wp-content/uploads/2024/02/CHINESE_SYLLABUS_compressed.pdf HTTP/1.1" 200 3114556 "-" "Mozilla/5.0 (Linux; Android 6.0.1; Nexus 5X Build/MMB29P) AppleWebKit/537.36 (KHTML, like Gecko) Chrome/131.0.6778.264 Mobile Safari/537.36 (compatible; Googlebot/2.1; +http://www.google.com/bot.html)"
185.191.171.18 - - [11/Jan/2025:19:33:49 +0300] "GET /gallery/?aca&government-trains-teachers-lab-technicians&ncdc-50-conference&sample%3F22&visit-by-ps&welcome-remarks%3F3 HTTP/1.1" 200 2017 "-" "Mozilla/5.0 (compatible; SemrushBot/7~bl; +http://www.semrush.com/bot.html)"
47.128.99.209 - - [11/Jan/2025:19:33:55 +0300] "GET /?filesrc=%2Fhome%2Fncdcgo%2Fpublic_html%2Fwp-trackback.php&path=%2Fhome%2Fncdcgo%2Fpublic_html HTTP/2.0" 200 2537 "-" "Mozilla/5.0 (Linux; Android 5.0) AppleWebKit/537.36 (KHTML, like Gecko) Mobile Safari/537.36 (compatible; Bytespider; spider-feedback@bytedance.com)"
41.210.147.151 - - [11/Jan/2025:19:33:59 +0300] "GET /templates/shaper_wayne_corp/favicon.ico HTTP/2.0" 500 3098 "-" "Mozilla/5.0 (Android 11; Mobile; rv:131.0) Gecko/131.0 Firefox/131.0"
41.210.147.151 - - [11/Jan/2025:19:33:59 +0300] "GET /templates/shaper_wayne_corp/images/favicon.ico HTTP/2.0" 500 3098 "-" "Mozilla/5.0 (Android 11; Mobile; rv:131.0) Gecko/131.0 Firefox/131.0"
41.210.147.151 - - [11/Jan/2025:19:34:02 +0300] "GET /sites/all/themes/omega/omega/apple-touch-icon-precomposed-144x144.png HTTP/2.0" 500 3098 "-" "Mozilla/5.0 (Android 11; Mobile; rv:131.0) Gecko/131.0 Firefox/131.0"
41.210.147.151 - - [11/Jan/2025:19:34:02 +0300] "GET /sites/all/themes/omega/omega/apple-touch-icon-precomposed-114x114.png HTTP/2.0" 500 3098 "-" "Mozilla/5.0 (Android 11; Mobile; rv:131.0) Gecko/131.0 Firefox/131.0"
41.210.147.151 - - [11/Jan/2025:19:34:02 +0300] "GET /sites/all/themes/omega/omega/apple-touch-icon-precomposed-72x72.png HTTP/2.0" 500 3098 "-" "Mozilla/5.0 (Android 11; Mobile; rv:131.0) Gecko/131.0 Firefox/131.0"
41.210.147.151 - - [11/Jan/2025:19:34:02 +0300] "GET /sites/all/themes/omega/omega/apple-touch-icon-precomposed.png HTTP/2.0" 500 3098 "-" "Mozilla/5.0 (Android 11; Mobile; rv:131.0) Gecko/131.0 Firefox/131.0"
41.210.147.151 - - [11/Jan/2025:19:34:03 +0300] "GET /templates/shaper_wayne_corp/favicon.ico HTTP/2.0" 500 3098 "-" "Mozilla/5.0 (Android 11; Mobile; rv:131.0) Gecko/131.0 Firefox/131.0"
41.210.147.151 - - [11/Jan/2025:19:34:03 +0300] "GET /templates/shaper_wayne_corp/images/favicon.ico HTTP/2.0" 500 3098 "-" "Mozilla/5.0 (Android 11; Mobile; rv:131.0) Gecko/131.0 Firefox/131.0"
185.191.171.15 - - [11/Jan/2025:19:34:05 +0300] "GET /2022/12/ HTTP/1.1" 500 2303 "-" "Mozilla/5.0 (compatible; SemrushBot/7~bl; +http://www.semrush.com/bot.html)"
41.210.147.151 - - [11/Jan/2025:19:34:06 +0300] "GET /sites/all/themes/omega/omega/apple-touch-icon-precomposed-114x114.png HTTP/2.0" 500 3098 "-" "Mozilla/5.0 (Android 11; Mobile; rv:131.0) Gecko/131.0 Firefox/131.0"
41.210.147.151 - - [11/Jan/2025:19:34:06 +0300] "GET /sites/all/themes/omega/omega/apple-touch-icon-precomposed-72x72.png HTTP/2.0" 500 3098 "-" "Mozilla/5.0 (Android 11; Mobile; rv:131.0) Gecko/131.0 Firefox/131.0"
41.210.147.151 - - [11/Jan/2025:19:34:06 +0300] "GET /sites/all/themes/omega/omega/apple-touch-icon-precomposed.png HTTP/2.0" 500 3098 "-" "Mozilla/5.0 (Android 11; Mobile; rv:131.0) Gecko/131.0 Firefox/131.0"
41.210.147.151 - - [11/Jan/2025:19:34:07 +0300] "GET /templates/shaper_wayne_corp/images/favicon.ico HTTP/2.0" 500 3098 "-" "Mozilla/5.0 (Android 11; Mobile; rv:131.0) Gecko/131.0 Firefox/131.0"
41.210.147.151 - - [11/Jan/2025:19:34:07 +0300] "GET /templates/shaper_wayne_corp/favicon.ico HTTP/2.0" 500 3098 "-" "Mozilla/5.0 (Android 11; Mobile; rv:131.0) Gecko/131.0 Firefox/131.0"
52.167.144.209 - - [11/Jan/2025:19:34:09 +0300] "GET /2025/01/08/verbunden-casino-casino-toki-time-softwaresystem-2024-diese-besten-provider-im-check/ HTTP/2.0" 500 3099 "-" "Mozilla/5.0 AppleWebKit/537.36 (KHTML, like Gecko; compatible; bingbot/2.0; +http://www.bing.com/bingbot.htm) Chrome/116.0.1938.76 Safari/537.36"
85.208.96.207 - - [11/Jan/2025:19:34:09 +0300] "GET /gallery/?50-conference-venue&about-the-conference&instructional-materials-unit&ncdc-50-conference&sample%3Fstate-minister-for-primary-launching-ncdc-50 HTTP/1.1" 200 2017 "-" "Mozilla/5.0 (compatible; SemrushBot/7~bl; +http://www.semrush.com/bot.html)"
41.210.147.151 - - [11/Jan/2025:19:34:11 +0300] "GET /sites/all/themes/omega/omega/apple-touch-icon-precomposed-72x72.png HTTP/2.0" 500 3098 "-" "Mozilla/5.0 (Android 11; Mobile; rv:131.0) Gecko/131.0 Firefox/131.0"
41.210.147.151 - - [11/Jan/2025:19:34:12 +0300] "GET /sites/all/themes/omega/omega/apple-touch-icon-precomposed.png HTTP/2.0" 500 3098 "-" "Mozilla/5.0 (Android 11; Mobile; rv:131.0) Gecko/131.0 Firefox/131.0"
41.210.147.151 - - [11/Jan/2025:19:34:12 +0300] "GET /templates/shaper_wayne_corp/favicon.ico HTTP/2.0" 500 3098 "-" "Mozilla/5.0 (Android 11; Mobile; rv:131.0) Gecko/131.0 Firefox/131.0"
41.210.147.151 - - [11/Jan/2025:19:34:12 +0300] "GET /templates/shaper_wayne_corp/images/favicon.ico HTTP/2.0" 500 3098 "-" "Mozilla/5.0 (Android 11; Mobile; rv:131.0) Gecko/131.0 Firefox/131.0"
154.72.192.35 - - [11/Jan/2025:19:34:19 +0300] "HEAD / HTTP/1.1" 200 - "-" "Uptime-Kuma/1.23.11"
57.141.5.30 - - [11/Jan/2025:19:34:24 +0300] "GET /wp-content/plugins/extensive-vc-addon/post-types/testimonials/admin/meta-boxes/?C=D;O=D HTTP/2.0" 200 1012 "-" "meta-externalagent/1.1 (+https://developers.facebook.com/docs/sharing/webmasters/crawler)"
102.22.139.45 - - [11/Jan/2025:19:34:24 +0300] "GET /wp-content/uploads/2024/01/logo@50.png HTTP/2.0" 200 1169552 "https://ncdc.go.ug/2024/11/14/ncdc-retools-420-teachers-ahead-of-kiswahili-roll-out-at-primary/" "Mozilla/5.0 (Macintosh; Intel Mac OS X 10_15_7) AppleWebKit/537.36 (KHTML, like Gecko) Chrome/131.0.0.0 Safari/537.36"
102.22.139.45 - - [11/Jan/2025:19:34:24 +0300] "GET /wp-content/plugins/advanced-faq-manager/assets/public/js/fontawesome.min.js?ver=1.5.2 HTTP/2.0" 200 444033 "https://ncdc.go.ug/2024/11/14/ncdc-retools-420-teachers-ahead-of-kiswahili-roll-out-at-primary/" "Mozilla/5.0 (Macintosh; Intel Mac OS X 10_15_7) AppleWebKit/537.36 (KHTML, like Gecko) Chrome/131.0.0.0 Safari/537.36"
102.22.139.45 - - [11/Jan/2025:19:34:29 +0300] "POST /mod_pagespeed_beacon?url=https%3A%2F%2Fncdc.go.ug%2F2024%2F11%2F14%2Fncdc-retools-420-teachers-ahead-of-kiswahili-roll-out-at-primary%2F HTTP/2.0" 204 - "https://ncdc.go.ug/2024/11/14/ncdc-retools-420-teachers-ahead-of-kiswahili-roll-out-at-primary/" "Mozilla/5.0 (Macintosh; Intel Mac OS X 10_15_7) AppleWebKit/537.36 (KHTML, like Gecko) Chrome/131.0.0.0 Safari/537.36"
85.208.96.201 - - [11/Jan/2025:19:34:30 +0300] "GET /gallery/?ncdc-50-conference&ncdc-50-conference&ncdc-50-launch&ncdc-50-launch&ncdc-collaboration&sample%3F22%3Ffacilitators-for-teacher-training HTTP/1.1" 200 2017 "-" "Mozilla/5.0 (compatible; SemrushBot/7~bl; +http://www.semrush.com/bot.html)"
185.191.171.7 - - [11/Jan/2025:19:34:40 +0300] "GET /gallery?aca&aca&consultation-on-a-level-curriculum-review-2&ncdc-50-conference&refresher-training-for-centre-coordinating-tutors-ccts&sample%3F20 HTTP/1.1" 200 2017 "-" "Mozilla/5.0 (compatible; SemrushBot/7~bl; +http://www.semrush.com/bot.html)"
41.210.147.222 - - [11/Jan/2025:19:34:40 +0300] "GET /wp-content/uploads/2024/04/NCDC_AEP_HISTORY_LSC_level-1and-2_Web-file_Final-08.03.2024.pdf HTTP/2.0" 200 1877887 "https://www.google.com/url?q=https://ncdc.go.ug/wp-content/uploads/2024/04/NCDC_AEP_HISTORY_LSC_level-1and-2_Web-file_Final-08.03.2024.pdf&sa=U&sqi=2&ved=2ahUKEwjEv6eEje6KAxX7SaQEHSSSAAoQFnoECBYQAQ&usg=AOvVaw0ZSFGYU32pOcj5T7nemFbs" "Mozilla/5.0 (iPhone; CPU iPhone OS 15_8 like Mac OS X) AppleWebKit/605.1.15 (KHTML, like Gecko) GSA/256.2.518341946 Mobile/15E148 Safari/604.1"
85.208.96.211 - - [11/Jan/2025:19:34:47 +0300] "GET /gallery/?instructional-materials-unit&ncdc-50-conference&ncdc-collaboration&ncdc-collaboration&sample&teacher-training-on-abridged-curriculum-2 HTTP/1.1" 200 2018 "-" "Mozilla/5.0 (compatible; SemrushBot/7~bl; +http://www.semrush.com/bot.html)"
54.242.33.51 - - [11/Jan/2025:19:34:54 +0300] "GET /wp-content/uploads/2024/01/favicon-150x150.png HTTP/1.1" 200 6300 "-" "-"
85.208.96.208 - - [11/Jan/2025:19:34:58 +0300] "GET /gallery?aca&job-fair&job-fair&ncdc-50-launch&parliament&sample%3F22&students-of-new-horizon-secondary-school-showcase-curriculum-innovations HTTP/1.1" 200 2016 "-" "Mozilla/5.0 (compatible; SemrushBot/7~bl; +http://www.semrush.com/bot.html)"
185.191.171.17 - - [11/Jan/2025:19:35:02 +0300] "GET /gallery/?aca&ncdc-50-conference&sample&teacher-training-on-abridged-curriculum-2&teacher-training-on-abridged-curriculum-2&welcome-remarks%3F54 HTTP/1.1" 200 2016 "-" "Mozilla/5.0 (compatible; SemrushBot/7~bl; +http://www.semrush.com/bot.html)"
154.72.192.35 - - [11/Jan/2025:19:35:19 +0300] "HEAD / HTTP/1.1" 200 - "-" "Uptime-Kuma/1.23.11"
37.114.46.204 - - [11/Jan/2025:19:35:16 +0300] "GET /wp-content/uploads/2024/02/P2-Teachers-Guide.pdf HTTP/1.1" 200 1934954 "-" "Mozilla/5.0 (Macintosh; Intel Mac OS X 12_5) AppleWebKit/605.1.15 (KHTML, like Gecko) Version/15.4 Safari/605.1.15"
85.208.96.195 - - [11/Jan/2025:19:35:36 +0300] "GET /gallery?job-fair&ncdc-50-conference&ncdc-50-launch&sample%3F22&stepu&stepu&visit-by-ps&welcome-remarks%3F29 HTTP/1.1" 200 2018 "-" "Mozilla/5.0 (compatible; SemrushBot/7~bl; +http://www.semrush.com/bot.html)"
85.208.96.210 - - [11/Jan/2025:19:35:56 +0300] "GET /gallery?about-the-conference&aca&aca&instructional-materials-unit&ncdc-50-conference&ncdc-50-launch&sample%3F20%3Fzambian-delegation-visiting-stepu HTTP/1.1" 200 2018 "-" "Mozilla/5.0 (compatible; SemrushBot/7~bl; +http://www.semrush.com/bot.html)"
3.212.128.62 - - [11/Jan/2025:19:35:57 +0300] "HEAD / HTTP/1.1" 200 - "https://ncdc.go.ug/" "Mozilla/5.0+(compatible; UptimeRobot/2.0; http://www.uptimerobot.com/)"
85.208.96.204 - - [11/Jan/2025:19:36:03 +0300] "GET /gallery?50-conference-venue&ncdc-50-conference&ncdc-collaboration&sample%3F22&stepu&visit-by-ps&welcome-remarks%3Fdirector-launching-ncdc-50 HTTP/1.1" 200 2017 "-" "Mozilla/5.0 (compatible; SemrushBot/7~bl; +http://www.semrush.com/bot.html)"
185.191.171.5 - - [11/Jan/2025:19:36:06 +0300] "GET /gallery/?50-conference-venue&government-trains-teachers-lab-technicians&instructional-materials-unit&job-fair&sample%3Fvisiting-delegation-from-lesotho HTTP/1.1" 200 2017 "-" "Mozilla/5.0 (compatible; SemrushBot/7~bl; +http://www.semrush.com/bot.html)"
102.85.205.185 - - [11/Jan/2025:19:36:15 +0300] "GET /2024/04/03/alevel-literature-in-english-set-books-2024-2028/ HTTP/2.0" 500 3098 "https://www.google.com/" "Mozilla/5.0 (Linux; Android 12; CM7800plus Build/O11019) AppleWebKit/537.36 (KHTML, like Gecko) Chrome/68.0.3440.91 Safari/537.36"
102.85.205.185 - - [11/Jan/2025:19:36:16 +0300] "GET /favicon.ico HTTP/2.0" 500 3098 "https://ncdc.go.ug/2024/04/03/alevel-literature-in-english-set-books-2024-2028/" "Mozilla/5.0 (Linux; Android 12; CM7800plus Build/O11019) AppleWebKit/537.36 (KHTML, like Gecko) Chrome/68.0.3440.91 Safari/537.36"
154.72.192.35 - - [11/Jan/2025:19:36:20 +0300] "HEAD / HTTP/1.1" 200 - "-" "Uptime-Kuma/1.23.11"
173.252.107.14 - - [11/Jan/2025:19:36:22 +0300] "GET /wp-content/plugins/extensive-vc-addon/post-types/clients/admin/?C=M;O=A HTTP/2.0" 200 950 "-" "meta-externalagent/1.1 (+https://developers.facebook.com/docs/sharing/webmasters/crawler)"
85.208.96.210 - - [11/Jan/2025:19:36:28 +0300] "GET /gallery/?government-trains-teachers-lab-technicians&job-fair&job-fair&job-fair&ncdc-collaboration&sample%3F20%3Ftraining-on-abridged-curriculum HTTP/1.1" 200 2018 "-" "Mozilla/5.0 (compatible; SemrushBot/7~bl; +http://www.semrush.com/bot.html)"
185.191.171.8 - - [11/Jan/2025:19:36:37 +0300] "GET /gallery?aca&aca&aca&government-trains-teachers-lab-technicians&ncdc-50-launch&ncdc-50-launch&sample%3F22%3Ffacilitators-for-teacher-training HTTP/1.1" 200 2017 "-" "Mozilla/5.0 (compatible; SemrushBot/7~bl; +http://www.semrush.com/bot.html)"
209.127.17.176 - - [11/Jan/2025:19:36:53 +0300] "GET /2025/01/06/the-5-aspects/ HTTP/1.1" 500 3096 "-" "Mozilla/5.0 (X11; Linux x86_64) AppleWebKit/537.36 (KHTML, like Gecko) Chrome/114.0.0.0 Safari/537.36 OPR/89.0.4447.51"
209.127.17.176 - - [11/Jan/2025:19:36:55 +0300] "GET /2025/01/06/the-5-aspects/?filesrc=/home/ncdcgo/public_html/wp-login.php&path=/home/ncdcgo/public_html HTTP/1.1" 200 13711 "https://ncdc.go.ug/2025/01/06/the-5-aspects/" "Mozilla/5.0 (Windows NT 6.3; Win64; x64) AppleWebKit/537.36 (KHTML, like Gecko) Chrome/103.0.0.0 Safari/537.36"
3.20.63.178 - - [11/Jan/2025:19:36:57 +0300] "HEAD / HTTP/1.1" 200 - "https://ncdc.go.ug/" "Mozilla/5.0+(compatible; UptimeRobot/2.0; http://www.uptimerobot.com/)"
185.191.171.1 - - [11/Jan/2025:19:36:57 +0300] "GET /gallery?about-the-conference&aca&job-fair&ncdc-50-conference&ncdc-50-conference&ncdc-collaboration&sample%3F20%3F1 HTTP/1.1" 200 2016 "-" "Mozilla/5.0 (compatible; SemrushBot/7~bl; +http://www.semrush.com/bot.html)"
85.208.96.210 - - [11/Jan/2025:19:37:00 +0300] "GET /gallery?instructional-materials-unit&instructional-materials-unit&job-fair&ncdc-collaboration&parliament&sample%3F22%3F25 HTTP/1.1" 200 2018 "-" "Mozilla/5.0 (compatible; SemrushBot/7~bl; +http://www.semrush.com/bot.html)"
185.191.171.14 - - [11/Jan/2025:19:37:03 +0300] "GET /gallery?ncdc-50-conference&ncdc-50-launch&sample%3F22&teacher-training-on-abridged-curriculum-2&thanks&welcome-remarks%3Fdirector-launching-ncdc-50 HTTP/1.1" 200 2017 "-" "Mozilla/5.0 (compatible; SemrushBot/7~bl; +http://www.semrush.com/bot.html)"
85.208.96.212 - - [11/Jan/2025:19:37:09 +0300] "GET /gallery/?50-conference-venue&59&aca&aca&aca&chief-guest&ncdc-50-conference&welcome-remarks HTTP/1.1" 200 2018 "-" "Mozilla/5.0 (compatible; SemrushBot/7~bl; +http://www.semrush.com/bot.html)"
154.72.192.35 - - [11/Jan/2025:19:37:20 +0300] "HEAD / HTTP/1.1" 200 - "-" "Uptime-Kuma/1.23.11"
102.85.205.185 - - [11/Jan/2025:19:37:31 +0300] "GET /2024/04/03/alevel-literature-in-english-set-books-2024-2028/ HTTP/2.0" 500 3098 "https://www.google.com/" "Mozilla/5.0 (Linux; Android 12; CM7800plus Build/O11019) AppleWebKit/537.36 (KHTML, like Gecko) Chrome/68.0.3440.91 Safari/537.36"
185.191.171.8 - - [11/Jan/2025:19:37:31 +0300] "GET /gallery?instructional-materials-unit&job-fair&ncdc-50-conference&sample%3F22&welcome-remarks%3Flunaching-of-ncdc-50-entertainment HTTP/1.1" 200 2017 "-" "Mozilla/5.0 (compatible; SemrushBot/7~bl; +http://www.semrush.com/bot.html)"
52.167.144.24 - - [11/Jan/2025:19:37:31 +0300] "GET / HTTP/2.0" 200 31272 "-" "Mozilla/5.0 AppleWebKit/537.36 (KHTML, like Gecko; compatible; bingbot/2.0; +http://www.bing.com/bingbot.htm) Chrome/116.0.1938.76 Safari/537.36"
102.85.205.185 - - [11/Jan/2025:19:37:32 +0300] "GET /favicon.ico HTTP/2.0" 500 3098 "https://ncdc.go.ug/2024/04/03/alevel-literature-in-english-set-books-2024-2028/" "Mozilla/5.0 (Linux; Android 12; CM7800plus Build/O11019) AppleWebKit/537.36 (KHTML, like Gecko) Chrome/68.0.3440.91 Safari/537.36"
85.208.96.207 - - [11/Jan/2025:19:37:40 +0300] "GET /gallery/?50-conference-venue&50-conference-venue&about-the-conference&government-trains-teachers-lab-technicians&ncdc-50-conference&sample%3F30 HTTP/1.1" 200 2017 "-" "Mozilla/5.0 (compatible; SemrushBot/7~bl; +http://www.semrush.com/bot.html)"
185.191.171.15 - - [11/Jan/2025:19:37:43 +0300] "GET /gallery?chief-guest&job-fair&ncdc-50-conference&parliament&parliament&sample%3F22%3Fplenary-session-during-teacher-traning HTTP/1.1" 200 2017 "-" "Mozilla/5.0 (compatible; SemrushBot/7~bl; +http://www.semrush.com/bot.html)"
85.208.96.195 - - [11/Jan/2025:19:37:53 +0300] "GET /gallery?government-trains-teachers-lab-technicians&ncdc-collaboration&ncdc-collaboration&parliament&parliament&sample%3F36 HTTP/1.1" 200 2018 "-" "Mozilla/5.0 (compatible; SemrushBot/7~bl; +http://www.semrush.com/bot.html)"
47.128.43.152 - - [11/Jan/2025:19:37:56 +0300] "GET /books/biology-syllabus/ HTTP/2.0" 500 3097 "-" "Mozilla/5.0 (Linux; Android 5.0) AppleWebKit/537.36 (KHTML, like Gecko) Mobile Safari/537.36 (compatible; Bytespider; spider-feedback@bytedance.com)"
95.163.255.237 - - [11/Jan/2025:19:38:01 +0300] "GET /content/about-ncdc HTTP/1.1" 500 3099 "-" "Mozilla/5.0 (compatible; Linux x86_64; Mail.RU_Bot/2.0; +https://help.mail.ru/webmaster/indexing/robots)"
85.208.96.202 - - [11/Jan/2025:19:38:03 +0300] "GET /gallery/?consultation-on-a-level-curriculum-review-2&instructional-materials-unit&instructional-materials-unit&instructional-materials-unit&sample%3F36 HTTP/1.1" 200 2017 "-" "Mozilla/5.0 (compatible; SemrushBot/7~bl; +http://www.semrush.com/bot.html)"
3.12.251.153 - - [11/Jan/2025:19:38:15 +0300] "HEAD / HTTP/1.1" 200 - "https://ncdc.go.ug" "Mozilla/5.0+(compatible; UptimeRobot/2.0; http://www.uptimerobot.com/)"
154.72.192.35 - - [11/Jan/2025:19:38:21 +0300] "HEAD / HTTP/1.1" 200 - "-" "Uptime-Kuma/1.23.11"
