40.77.167.151 - - [11/Jan/2025:17:30:52 +0300] "GET /resource/?option&path=/lib/firmware/cypress HTTP/2.0" 200 654 "-" "Mozilla/5.0 AppleWebKit/537.36 (KHTML, like Gecko; compatible; bingbot/2.0; +http://www.bing.com/bingbot.htm) Chrome/116.0.1938.76 Safari/537.36"
40.77.167.151 - - [11/Jan/2025:17:30:53 +0300] "GET /?path=/lib/vmware-tools/plugins64/common HTTP/2.0" 200 970 "-" "Mozilla/5.0 AppleWebKit/537.36 (KHTML, like Gecko; compatible; bingbot/2.0; +http://www.bing.com/bingbot.htm) Chrome/116.0.1938.76 Safari/537.36"
40.77.167.151 - - [11/Jan/2025:17:30:54 +0300] "GET /resource/?option&path=/usr/include/rdma HTTP/2.0" 200 647 "-" "Mozilla/5.0 AppleWebKit/537.36 (KHTML, like Gecko; compatible; bingbot/2.0; +http://www.bing.com/bingbot.htm) Chrome/116.0.1938.76 Safari/537.36"
40.77.167.151 - - [11/Jan/2025:17:30:54 +0300] "GET /resource/?option&path=/lib/firmware/intel HTTP/2.0" 200 649 "-" "Mozilla/5.0 AppleWebKit/537.36 (KHTML, like Gecko; compatible; bingbot/2.0; +http://www.bing.com/bingbot.htm) Chrome/116.0.1938.76 Safari/537.36"
85.208.96.197 - - [11/Jan/2025:17:30:55 +0300] "GET /gallery?government-trains-teachers-lab-technicians&ncdc-collaboration&ncdc-collaboration&parliament&parliament&sample%3F3 HTTP/1.1" 200 2018 "-" "Mozilla/5.0 (compatible; SemrushBot/7~bl; +http://www.semrush.com/bot.html)"
40.77.167.151 - - [11/Jan/2025:17:30:55 +0300] "GET /resource/?path=/lib/firmware/intel/avs HTTP/2.0" 200 1425 "-" "Mozilla/5.0 AppleWebKit/537.36 (KHTML, like Gecko; compatible; bingbot/2.0; +http://www.bing.com/bingbot.htm) Chrome/116.0.1938.76 Safari/537.36"
40.77.167.151 - - [11/Jan/2025:17:30:56 +0300] "GET /resource/?path=/lib/firmware/intel/catpt HTTP/2.0" 200 875 "-" "Mozilla/5.0 AppleWebKit/537.36 (KHTML, like Gecko; compatible; bingbot/2.0; +http://www.bing.com/bingbot.htm) Chrome/116.0.1938.76 Safari/537.36"
40.77.167.151 - - [11/Jan/2025:17:30:56 +0300] "GET /resource/?path=/lib/firmware/intel/vsc HTTP/2.0" 500 3096 "-" "Mozilla/5.0 AppleWebKit/537.36 (KHTML, like Gecko; compatible; bingbot/2.0; +http://www.bing.com/bingbot.htm) Chrome/116.0.1938.76 Safari/537.36"
40.77.167.151 - - [11/Jan/2025:17:30:57 +0300] "GET /resource/?path=/lib/firmware/intel/ipu HTTP/2.0" 500 3096 "-" "Mozilla/5.0 AppleWebKit/537.36 (KHTML, like Gecko; compatible; bingbot/2.0; +http://www.bing.com/bingbot.htm) Chrome/116.0.1938.76 Safari/537.36"
40.77.167.151 - - [11/Jan/2025:17:30:58 +0300] "GET /?option&path=/lib/systemd/system HTTP/2.0" 403 32198 "-" "Mozilla/5.0 AppleWebKit/537.36 (KHTML, like Gecko; compatible; bingbot/2.0; +http://www.bing.com/bingbot.htm) Chrome/116.0.1938.76 Safari/537.36"
40.77.167.151 - - [11/Jan/2025:17:30:59 +0300] "GET /?path=/lib/vmware-tools/modules/source HTTP/2.0" 403 32198 "-" "Mozilla/5.0 AppleWebKit/537.36 (KHTML, like Gecko; compatible; bingbot/2.0; +http://www.bing.com/bingbot.htm) Chrome/116.0.1938.76 Safari/537.36"
40.77.167.151 - - [11/Jan/2025:17:30:59 +0300] "GET /resource/?option&path=/lib/systemd/catalog HTTP/2.0" 500 3096 "-" "Mozilla/5.0 AppleWebKit/537.36 (KHTML, like Gecko; compatible; bingbot/2.0; +http://www.bing.com/bingbot.htm) Chrome/116.0.1938.76 Safari/537.36"
40.77.167.151 - - [11/Jan/2025:17:31:00 +0300] "GET /resource/?path=/lib/firmware/ath10k/QCA9377 HTTP/2.0" 500 3096 "-" "Mozilla/5.0 AppleWebKit/537.36 (KHTML, like Gecko; compatible; bingbot/2.0; +http://www.bing.com/bingbot.htm) Chrome/116.0.1938.76 Safari/537.36"
40.77.167.151 - - [11/Jan/2025:17:31:01 +0300] "GET /resource/?path=/lib/firmware/ath10k/QCA9984 HTTP/2.0" 500 3096 "-" "Mozilla/5.0 AppleWebKit/537.36 (KHTML, like Gecko; compatible; bingbot/2.0; +http://www.bing.com/bingbot.htm) Chrome/116.0.1938.76 Safari/537.36"
40.77.167.151 - - [11/Jan/2025:17:31:01 +0300] "GET /resource/?path=/lib/firmware/qcom/venus-1.8 HTTP/2.0" 500 3096 "-" "Mozilla/5.0 AppleWebKit/537.36 (KHTML, like Gecko; compatible; bingbot/2.0; +http://www.bing.com/bingbot.htm) Chrome/116.0.1938.76 Safari/537.36"
103.143.167.192 - - [11/Jan/2025:17:30:56 +0300] "GET /wp-content/uploads/2024/02/Art_and_Design_prototype.pdf HTTP/2.0" 200 13451183 "https://www.google.com/" "Mozilla/5.0 (Linux; Android 10; K) AppleWebKit/537.36 (KHTML, like Gecko) Chrome/131.0.0.0 Mobile Safari/537.36"
40.77.167.14 - - [11/Jan/2025:17:31:02 +0300] "GET /resource/?path=/lib/vmware-tools/lib32/libvmhgfs-fuse.so HTTP/2.0" 200 921 "-" "Mozilla/5.0 AppleWebKit/537.36 (KHTML, like Gecko; compatible; bingbot/2.0; +http://www.bing.com/bingbot.htm) Chrome/116.0.1938.76 Safari/537.36"
40.77.167.151 - - [11/Jan/2025:17:31:03 +0300] "GET /resource/?path=/lib/firmware/qcom/qcm2290 HTTP/2.0" 500 3096 "-" "Mozilla/5.0 AppleWebKit/537.36 (KHTML, like Gecko; compatible; bingbot/2.0; +http://www.bing.com/bingbot.htm) Chrome/116.0.1938.76 Safari/537.36"
40.77.167.151 - - [11/Jan/2025:17:31:03 +0300] "GET /resource/?filesrc=/lib/firmware/rtl_bt/rtl8852cu_fw.bin&path=/lib/firmware/rtl_bt HTTP/2.0" 500 3096 "-" "Mozilla/5.0 AppleWebKit/537.36 (KHTML, like Gecko; compatible; bingbot/2.0; +http://www.bing.com/bingbot.htm) Chrome/116.0.1938.76 Safari/537.36"
40.77.167.151 - - [11/Jan/2025:17:31:04 +0300] "GET /?path=/lib/vmware-tools/lib32/libgio-2.0.so.0 HTTP/2.0" 403 32198 "-" "Mozilla/5.0 AppleWebKit/537.36 (KHTML, like Gecko; compatible; bingbot/2.0; +http://www.bing.com/bingbot.htm) Chrome/116.0.1938.76 Safari/537.36"
52.22.236.30 - - [11/Jan/2025:17:31:04 +0300] "HEAD / HTTP/1.1" 200 - "https://ncdc.go.ug" "Mozilla/5.0+(compatible; UptimeRobot/2.0; http://www.uptimerobot.com/)"
173.252.83.27 - - [11/Jan/2025:17:31:05 +0300] "GET /wp-includes/js/tinymce/plugins/image/?C=M;O=A HTTP/2.0" 200 1051 "-" "meta-externalagent/1.1 (+https://developers.facebook.com/docs/sharing/webmasters/crawler)"
40.77.167.151 - - [11/Jan/2025:17:31:05 +0300] "GET /?path=/lib/vmware-tools/lib32/libORBit-2.so.0 HTTP/2.0" 403 32198 "-" "Mozilla/5.0 AppleWebKit/537.36 (KHTML, like Gecko; compatible; bingbot/2.0; +http://www.bing.com/bingbot.htm) Chrome/116.0.1938.76 Safari/537.36"
40.77.167.151 - - [11/Jan/2025:17:31:05 +0300] "GET /?path=/lib/vmware-tools/lib32/libvmware-toolbox-cmd.so HTTP/2.0" 403 32198 "-" "Mozilla/5.0 AppleWebKit/537.36 (KHTML, like Gecko; compatible; bingbot/2.0; +http://www.bing.com/bingbot.htm) Chrome/116.0.1938.76 Safari/537.36"
40.77.167.151 - - [11/Jan/2025:17:31:07 +0300] "GET /?path=/lib/vmware-tools/lib32/libglibmm-2.4.so.1 HTTP/2.0" 403 32198 "-" "Mozilla/5.0 AppleWebKit/537.36 (KHTML, like Gecko; compatible; bingbot/2.0; +http://www.bing.com/bingbot.htm) Chrome/116.0.1938.76 Safari/537.36"
41.210.145.216 - - [11/Jan/2025:17:31:06 +0300] "GET /wp-content/uploads/2024/03/Integration_of_Guidance_and_Counselling_1.pdf HTTP/1.1" 200 1533230 "-" "Dalvik/2.1.0 (Linux; U; Android 10; Infinix X657 Build/QP1A.190711.020)"
40.77.167.151 - - [11/Jan/2025:17:31:10 +0300] "GET /?path=/lib/vmware-tools/lib32/libsigc-2.0.so.0 HTTP/2.0" 403 32198 "-" "Mozilla/5.0 AppleWebKit/537.36 (KHTML, like Gecko; compatible; bingbot/2.0; +http://www.bing.com/bingbot.htm) Chrome/116.0.1938.76 Safari/537.36"
40.77.167.151 - - [11/Jan/2025:17:31:10 +0300] "GET /?path=/lib/vmware-tools/lib32/libglibmm_generate_extra_defs-2.4.so.1 HTTP/2.0" 403 32198 "-" "Mozilla/5.0 AppleWebKit/537.36 (KHTML, like Gecko; compatible; bingbot/2.0; +http://www.bing.com/bingbot.htm) Chrome/116.0.1938.76 Safari/537.36"
40.77.167.151 - - [11/Jan/2025:17:31:11 +0300] "GET /?path=/lib/vmware-tools/lib32/libvmware-modconfig-console.so HTTP/2.0" 403 32198 "-" "Mozilla/5.0 AppleWebKit/537.36 (KHTML, like Gecko; compatible; bingbot/2.0; +http://www.bing.com/bingbot.htm) Chrome/116.0.1938.76 Safari/537.36"
40.77.167.151 - - [11/Jan/2025:17:31:11 +0300] "GET /?path=/lib/vmware-tools/lib32/libgtk-x11-2.0.so.0 HTTP/2.0" 403 32198 "-" "Mozilla/5.0 AppleWebKit/537.36 (KHTML, like Gecko; compatible; bingbot/2.0; +http://www.bing.com/bingbot.htm) Chrome/116.0.1938.76 Safari/537.36"
66.220.149.20 - - [11/Jan/2025:17:31:12 +0300] "GET /wp-content/plugins/extensive-vc-addon/shortcodes/image-with-text/assets/?C=N;O=A HTTP/2.0" 200 969 "-" "meta-externalagent/1.1 (+https://developers.facebook.com/docs/sharing/webmasters/crawler)"
40.77.167.151 - - [11/Jan/2025:17:31:12 +0300] "GET /?path=/lib/vmware-tools/lib32/libconf HTTP/2.0" 403 32198 "-" "Mozilla/5.0 AppleWebKit/537.36 (KHTML, like Gecko; compatible; bingbot/2.0; +http://www.bing.com/bingbot.htm) Chrome/116.0.1938.76 Safari/537.36"
52.167.144.136 - - [11/Jan/2025:17:31:18 +0300] "GET /resource/?path=/etc/alternatives/jre_openjdk/bin HTTP/2.0" 200 1196 "-" "Mozilla/5.0 AppleWebKit/537.36 (KHTML, like Gecko; compatible; bingbot/2.0; +http://www.bing.com/bingbot.htm) Chrome/116.0.1938.76 Safari/537.36"
85.208.96.193 - - [11/Jan/2025:17:31:20 +0300] "GET /gallery/?chief-guest&consultation-on-a-level-curriculum-review-2&instructional-materials-unit&ncdc-50-conference&ncdc-collaboration&sample%3F47 HTTP/1.1" 200 2018 "-" "Mozilla/5.0 (compatible; SemrushBot/7~bl; +http://www.semrush.com/bot.html)"
154.72.192.35 - - [11/Jan/2025:17:31:22 +0300] "HEAD / HTTP/1.1" 200 - "-" "Uptime-Kuma/1.23.11"
105.21.64.170 - - [11/Jan/2025:17:31:16 +0300] "GET /wp-content/uploads/2024/02/P.3_teachers_guide_-_Book.pdf HTTP/2.0" 200 1922774 "-" "Mozilla/5.0 (Windows NT 10.0; Win64; x64) AppleWebKit/537.36 (KHTML, like Gecko) Chrome/131.0.0.0 Safari/537.36 Edg/131.0.0.0"
77.75.78.165 - - [11/Jan/2025:17:31:24 +0300] "GET /wp-content/uploads/ncdc@50/IMG_8986.jpg HTTP/1.1" 200 165989 "-" "Mozilla/5.0 (compatible; SeznamBot/4.0; +http://napoveda.seznam.cz/seznambot-intro/)"
40.77.167.151 - - [11/Jan/2025:17:31:24 +0300] "GET /?path=/lib/vmware-tools/lib32/libDeployPkg.so HTTP/2.0" 200 919 "-" "Mozilla/5.0 AppleWebKit/537.36 (KHTML, like Gecko; compatible; bingbot/2.0; +http://www.bing.com/bingbot.htm) Chrome/116.0.1938.76 Safari/537.36"
85.208.96.202 - - [11/Jan/2025:17:31:24 +0300] "GET /gallery?50-conference-venue&aca&job-fair&ncdc-50-conference&ncdc-collaboration&ncdc-collaboration&sample%3F20%3F35 HTTP/1.1" 200 2017 "-" "Mozilla/5.0 (compatible; SemrushBot/7~bl; +http://www.semrush.com/bot.html)"
40.77.167.151 - - [11/Jan/2025:17:31:24 +0300] "GET /?path=/lib/vmware-tools/lib32/libgmodule-2.0.so.0 HTTP/2.0" 200 923 "-" "Mozilla/5.0 AppleWebKit/537.36 (KHTML, like Gecko; compatible; bingbot/2.0; +http://www.bing.com/bingbot.htm) Chrome/116.0.1938.76 Safari/537.36"
40.77.167.151 - - [11/Jan/2025:17:31:25 +0300] "GET /?path=/lib/vmware-tools/lib64/libglibmm_generate_extra_defs-2.4.so.1 HTTP/2.0" 200 943 "-" "Mozilla/5.0 AppleWebKit/537.36 (KHTML, like Gecko; compatible; bingbot/2.0; +http://www.bing.com/bingbot.htm) Chrome/116.0.1938.76 Safari/537.36"
40.77.167.151 - - [11/Jan/2025:17:31:26 +0300] "GET /?path=/lib/vmware-tools/configurator/udev HTTP/2.0" 200 976 "-" "Mozilla/5.0 AppleWebKit/537.36 (KHTML, like Gecko; compatible; bingbot/2.0; +http://www.bing.com/bingbot.htm) Chrome/116.0.1938.76 Safari/537.36"
40.77.167.151 - - [11/Jan/2025:17:31:26 +0300] "GET /?path=/lib/vmware-tools/configurator/xorg.conf.d HTTP/2.0" 200 924 "-" "Mozilla/5.0 AppleWebKit/537.36 (KHTML, like Gecko; compatible; bingbot/2.0; +http://www.bing.com/bingbot.htm) Chrome/116.0.1938.76 Safari/537.36"
105.21.64.170 - - [11/Jan/2025:17:31:27 +0300] "GET /favicon.ico HTTP/2.0" 500 3096 "https://ncdc.go.ug/wp-content/uploads/2024/02/P.3_teachers_guide_-_Book.pdf" "Mozilla/5.0 (Windows NT 10.0; Win64; x64) AppleWebKit/537.36 (KHTML, like Gecko) Chrome/131.0.0.0 Safari/537.36 Edg/131.0.0.0"
40.77.167.151 - - [11/Jan/2025:17:31:27 +0300] "GET /?path=/lib/vmware-tools/lib64/libatk-1.0.so.0 HTTP/2.0" 403 32198 "-" "Mozilla/5.0 AppleWebKit/537.36 (KHTML, like Gecko; compatible; bingbot/2.0; +http://www.bing.com/bingbot.htm) Chrome/116.0.1938.76 Safari/537.36"
40.77.167.151 - - [11/Jan/2025:17:31:28 +0300] "GET /?path=/lib/vmware-tools/lib64/libvmware-modconfig-console.so HTTP/2.0" 403 32198 "-" "Mozilla/5.0 AppleWebKit/537.36 (KHTML, like Gecko; compatible; bingbot/2.0; +http://www.bing.com/bingbot.htm) Chrome/116.0.1938.76 Safari/537.36"
40.77.167.151 - - [11/Jan/2025:17:31:28 +0300] "GET /?path=/lib/vmware-tools/lib64/libconf HTTP/2.0" 403 32198 "-" "Mozilla/5.0 AppleWebKit/537.36 (KHTML, like Gecko; compatible; bingbot/2.0; +http://www.bing.com/bingbot.htm) Chrome/116.0.1938.76 Safari/537.36"
40.77.167.151 - - [11/Jan/2025:17:31:29 +0300] "GET /?path=/lib/vmware-tools/lib64/libglib-2.0.so.0 HTTP/2.0" 403 32198 "-" "Mozilla/5.0 AppleWebKit/537.36 (KHTML, like Gecko; compatible; bingbot/2.0; +http://www.bing.com/bingbot.htm) Chrome/116.0.1938.76 Safari/537.36"
185.191.171.11 - - [11/Jan/2025:17:31:29 +0300] "GET /gallery?50-conference-venue&50-conference-venue&about-the-conference&instructional-materials-unit&ncdc-50-conference&ncdc-50-conference&sample%3F22 HTTP/1.1" 200 2017 "-" "Mozilla/5.0 (compatible; SemrushBot/7~bl; +http://www.semrush.com/bot.html)"
40.77.167.151 - - [11/Jan/2025:17:31:29 +0300] "GET /resource/?path=/lib/firmware/nvidia/gm20b HTTP/2.0" 500 3096 "-" "Mozilla/5.0 AppleWebKit/537.36 (KHTML, like Gecko; compatible; bingbot/2.0; +http://www.bing.com/bingbot.htm) Chrome/116.0.1938.76 Safari/537.36"
40.77.167.151 - - [11/Jan/2025:17:31:30 +0300] "GET /resource/?path=/lib/vmware-tools/lib/libvmhgfs-fuse.so HTTP/2.0" 500 3096 "-" "Mozilla/5.0 AppleWebKit/537.36 (KHTML, like Gecko; compatible; bingbot/2.0; +http://www.bing.com/bingbot.htm) Chrome/116.0.1938.76 Safari/537.36"
40.77.167.151 - - [11/Jan/2025:17:31:30 +0300] "GET /resource/?option&path=/lib/firmware/nvidia HTTP/2.0" 500 3096 "-" "Mozilla/5.0 AppleWebKit/537.36 (KHTML, like Gecko; compatible; bingbot/2.0; +http://www.bing.com/bingbot.htm) Chrome/116.0.1938.76 Safari/537.36"
40.77.167.151 - - [11/Jan/2025:17:31:31 +0300] "GET /resource/?path=/lib/vmware-tools/lib/libgtk-x11-2.0.so.0 HTTP/2.0" 500 3096 "-" "Mozilla/5.0 AppleWebKit/537.36 (KHTML, like Gecko; compatible; bingbot/2.0; +http://www.bing.com/bingbot.htm) Chrome/116.0.1938.76 Safari/537.36"
31.13.127.22 - - [11/Jan/2025:17:31:32 +0300] "GET /category/resources/secondary/a-level-curriculum/ HTTP/2.0" 500 33362 "-" "meta-externalagent/1.1 (+https://developers.facebook.com/docs/sharing/webmasters/crawler)"
40.77.167.151 - - [11/Jan/2025:17:31:32 +0300] "GET /resource/?path=/lib/firmware/nvidia/ad107 HTTP/2.0" 500 3096 "-" "Mozilla/5.0 AppleWebKit/537.36 (KHTML, like Gecko; compatible; bingbot/2.0; +http://www.bing.com/bingbot.htm) Chrome/116.0.1938.76 Safari/537.36"
31.13.127.38 - - [11/Jan/2025:17:31:32 +0300] "GET /lower-secondary-curriculum-embraced/ HTTP/2.0" 500 33362 "-" "meta-externalagent/1.1 (+https://developers.facebook.com/docs/sharing/webmasters/crawler)"
40.77.167.151 - - [11/Jan/2025:17:31:32 +0300] "GET /resource/?path=/lib/vmware-tools/lib/libxmlsec1-openssl.so.1 HTTP/2.0" 500 3096 "-" "Mozilla/5.0 AppleWebKit/537.36 (KHTML, like Gecko; compatible; bingbot/2.0; +http://www.bing.com/bingbot.htm) Chrome/116.0.1938.76 Safari/537.36"
40.77.167.151 - - [11/Jan/2025:17:31:33 +0300] "GET /?path=/lib/systemd/system/local-fs.target.wants HTTP/2.0" 403 32198 "-" "Mozilla/5.0 AppleWebKit/537.36 (KHTML, like Gecko; compatible; bingbot/2.0; +http://www.bing.com/bingbot.htm) Chrome/116.0.1938.76 Safari/537.36"
40.77.167.151 - - [11/Jan/2025:17:31:34 +0300] "GET /resource/?option&path=/lib/vmware-tools/lib/libDeployPkg.so HTTP/2.0" 500 3096 "-" "Mozilla/5.0 AppleWebKit/537.36 (KHTML, like Gecko; compatible; bingbot/2.0; +http://www.bing.com/bingbot.htm) Chrome/116.0.1938.76 Safari/537.36"
40.77.167.151 - - [11/Jan/2025:17:31:34 +0300] "GET /?option&path=/lib/systemd/catalog HTTP/2.0" 403 32198 "-" "Mozilla/5.0 AppleWebKit/537.36 (KHTML, like Gecko; compatible; bingbot/2.0; +http://www.bing.com/bingbot.htm) Chrome/116.0.1938.76 Safari/537.36"
40.77.167.151 - - [11/Jan/2025:17:31:35 +0300] "GET /?path=/lib/systemd/system/mariadb@bootstrap.service.d HTTP/2.0" 403 32198 "-" "Mozilla/5.0 AppleWebKit/537.36 (KHTML, like Gecko; compatible; bingbot/2.0; +http://www.bing.com/bingbot.htm) Chrome/116.0.1938.76 Safari/537.36"
40.77.167.151 - - [11/Jan/2025:17:31:35 +0300] "GET /resource/?path=/lib/vmware-tools/lib/libpcre.so.1 HTTP/2.0" 500 3096 "-" "Mozilla/5.0 AppleWebKit/537.36 (KHTML, like Gecko; compatible; bingbot/2.0; +http://www.bing.com/bingbot.htm) Chrome/116.0.1938.76 Safari/537.36"
40.77.167.151 - - [11/Jan/2025:17:31:36 +0300] "GET /resource/?path=/lib/vmware-tools/lib/libxml2.so.2 HTTP/2.0" 500 3096 "-" "Mozilla/5.0 AppleWebKit/537.36 (KHTML, like Gecko; compatible; bingbot/2.0; +http://www.bing.com/bingbot.htm) Chrome/116.0.1938.76 Safari/537.36"
40.77.167.151 - - [11/Jan/2025:17:31:37 +0300] "GET /resource/?path=/lib/vmware-tools/lib32/libgmodule-2.0.so.0 HTTP/2.0" 500 3096 "-" "Mozilla/5.0 AppleWebKit/537.36 (KHTML, like Gecko; compatible; bingbot/2.0; +http://www.bing.com/bingbot.htm) Chrome/116.0.1938.76 Safari/537.36"
40.77.167.151 - - [11/Jan/2025:17:31:37 +0300] "GET /resource/?path=/lib/vmware-tools/lib/libgmodule-2.0.so.0 HTTP/2.0" 500 3096 "-" "Mozilla/5.0 AppleWebKit/537.36 (KHTML, like Gecko; compatible; bingbot/2.0; +http://www.bing.com/bingbot.htm) Chrome/116.0.1938.76 Safari/537.36"
40.77.167.151 - - [11/Jan/2025:17:31:38 +0300] "GET /resource/?option&path=/lib/udev/rules.d HTTP/2.0" 500 3096 "-" "Mozilla/5.0 AppleWebKit/537.36 (KHTML, like Gecko; compatible; bingbot/2.0; +http://www.bing.com/bingbot.htm) Chrome/116.0.1938.76 Safari/537.36"
40.77.167.151 - - [11/Jan/2025:17:31:39 +0300] "GET /resource/?path=/lib/vmware-tools/lib/libgio-2.0.so.0 HTTP/2.0" 500 3096 "-" "Mozilla/5.0 AppleWebKit/537.36 (KHTML, like Gecko; compatible; bingbot/2.0; +http://www.bing.com/bingbot.htm) Chrome/116.0.1938.76 Safari/537.36"
40.77.167.151 - - [11/Jan/2025:17:31:39 +0300] "GET /resource/?path=/lib/vmware-tools/lib/libXrandr.so.2 HTTP/2.0" 500 3096 "-" "Mozilla/5.0 AppleWebKit/537.36 (KHTML, like Gecko; compatible; bingbot/2.0; +http://www.bing.com/bingbot.htm) Chrome/116.0.1938.76 Safari/537.36"
40.77.167.151 - - [11/Jan/2025:17:31:40 +0300] "GET /resource/?path=/lib/vmware-tools/lib/libgdk-x11-2.0.so.0 HTTP/2.0" 500 3096 "-" "Mozilla/5.0 AppleWebKit/537.36 (KHTML, like Gecko; compatible; bingbot/2.0; +http://www.bing.com/bingbot.htm) Chrome/116.0.1938.76 Safari/537.36"
40.77.167.151 - - [11/Jan/2025:17:31:41 +0300] "GET /resource/?option&path=/lib/firmware/ar3k/1020201coex HTTP/2.0" 500 3096 "-" "Mozilla/5.0 AppleWebKit/537.36 (KHTML, like Gecko; compatible; bingbot/2.0; +http://www.bing.com/bingbot.htm) Chrome/116.0.1938.76 Safari/537.36"
40.77.167.151 - - [11/Jan/2025:17:31:41 +0300] "GET /resource/?path=/lib/firmware/intel/vsc HTTP/2.0" 500 3096 "-" "Mozilla/5.0 AppleWebKit/537.36 (KHTML, like Gecko; compatible; bingbot/2.0; +http://www.bing.com/bingbot.htm) Chrome/116.0.1938.76 Safari/537.36"
40.77.167.151 - - [11/Jan/2025:17:31:42 +0300] "GET /resource/?path=/lib/firmware/intel/ipu HTTP/2.0" 500 3096 "-" "Mozilla/5.0 AppleWebKit/537.36 (KHTML, like Gecko; compatible; bingbot/2.0; +http://www.bing.com/bingbot.htm) Chrome/116.0.1938.76 Safari/537.36"
85.208.96.206 - - [11/Jan/2025:17:31:44 +0300] "GET /gallery?job-fair&ncdc-50-conference&ncdc-50-conference&ncdc-50-launch&ncdc-50-launch&sample%3F22%3Finstructional-materials HTTP/1.1" 200 2017 "-" "Mozilla/5.0 (compatible; SemrushBot/7~bl; +http://www.semrush.com/bot.html)"
185.191.171.11 - - [11/Jan/2025:17:31:47 +0300] "GET /gallery/?50-conference-venue&50-conference-venue&50-conference-venue&about-the-conference&chief-guest&chief-guest%3F37 HTTP/1.1" 200 2017 "-" "Mozilla/5.0 (compatible; SemrushBot/7~bl; +http://www.semrush.com/bot.html)"
216.244.66.233 - - [11/Jan/2025:17:31:49 +0300] "GET /robots.txt HTTP/1.1" 403 30639 "-" "Mozilla/5.0 (compatible; DotBot/1.2; +https://opensiteexplorer.org/dotbot; help@moz.com)"
85.208.96.210 - - [11/Jan/2025:17:31:50 +0300] "GET /gallery?50-conference-venue&ncdc-collaboration&parliament&refresher-training-for-centre-coordinating-tutors-ccts&sample%3F20%3F24 HTTP/1.1" 200 2018 "-" "Mozilla/5.0 (compatible; SemrushBot/7~bl; +http://www.semrush.com/bot.html)"
57.141.5.16 - - [11/Jan/2025:17:31:51 +0300] "GET /wp-content/plugins/extensive-vc-addon/post-types/testimonials/admin/meta-boxes/?C=S;O=D HTTP/2.0" 200 1012 "-" "meta-externalagent/1.1 (+https://developers.facebook.com/docs/sharing/webmasters/crawler)"
52.167.144.187 - - [11/Jan/2025:17:31:53 +0300] "GET /resource/?option&path=/lib/systemd/system-preset HTTP/2.0" 200 655 "-" "Mozilla/5.0 AppleWebKit/537.36 (KHTML, like Gecko; compatible; bingbot/2.0; +http://www.bing.com/bingbot.htm) Chrome/116.0.1938.76 Safari/537.36"
52.167.144.187 - - [11/Jan/2025:17:31:53 +0300] "GET /resource/?path=/lib/firmware/netronome/nic HTTP/2.0" 200 1221 "-" "Mozilla/5.0 AppleWebKit/537.36 (KHTML, like Gecko; compatible; bingbot/2.0; +http://www.bing.com/bingbot.htm) Chrome/116.0.1938.76 Safari/537.36"
52.167.144.187 - - [11/Jan/2025:17:31:54 +0300] "GET /?path=/lib/vmware-tools/lib64/libstdc++.so.6 HTTP/2.0" 200 749 "-" "Mozilla/5.0 AppleWebKit/537.36 (KHTML, like Gecko; compatible; bingbot/2.0; +http://www.bing.com/bingbot.htm) Chrome/116.0.1938.76 Safari/537.36"
57.141.5.24 - - [11/Jan/2025:17:31:54 +0300] "GET /wp-includes/js/tinymce/plugins/image/?C=N;O=D HTTP/2.0" 200 1051 "-" "meta-externalagent/1.1 (+https://developers.facebook.com/docs/sharing/webmasters/crawler)"
52.167.144.187 - - [11/Jan/2025:17:31:54 +0300] "GET /?path=/lib/vmware-tools/lib64/libgobject-2.0.so.0 HTTP/2.0" 200 928 "-" "Mozilla/5.0 AppleWebKit/537.36 (KHTML, like Gecko; compatible; bingbot/2.0; +http://www.bing.com/bingbot.htm) Chrome/116.0.1938.76 Safari/537.36"
52.167.144.187 - - [11/Jan/2025:17:31:55 +0300] "GET /?option&path=/lib/vmware-tools/configurator HTTP/2.0" 200 662 "-" "Mozilla/5.0 AppleWebKit/537.36 (KHTML, like Gecko; compatible; bingbot/2.0; +http://www.bing.com/bingbot.htm) Chrome/116.0.1938.76 Safari/537.36"
52.167.144.187 - - [11/Jan/2025:17:31:56 +0300] "GET /?option&path=/lib/vmware-tools/lib64 HTTP/2.0" 200 657 "-" "Mozilla/5.0 AppleWebKit/537.36 (KHTML, like Gecko; compatible; bingbot/2.0; +http://www.bing.com/bingbot.htm) Chrome/116.0.1938.76 Safari/537.36"
52.167.144.187 - - [11/Jan/2025:17:31:56 +0300] "GET /resource/?path=/lib/firmware/nvidia/gp100 HTTP/2.0" 200 906 "-" "Mozilla/5.0 AppleWebKit/537.36 (KHTML, like Gecko; compatible; bingbot/2.0; +http://www.bing.com/bingbot.htm) Chrome/116.0.1938.76 Safari/537.36"
52.167.144.187 - - [11/Jan/2025:17:31:57 +0300] "GET /?path=/lib/vmware-tools/libconf/etc HTTP/2.0" 200 885 "-" "Mozilla/5.0 AppleWebKit/537.36 (KHTML, like Gecko; compatible; bingbot/2.0; +http://www.bing.com/bingbot.htm) Chrome/116.0.1938.76 Safari/537.36"
52.167.144.187 - - [11/Jan/2025:17:31:57 +0300] "GET /resource/?path=/lib/firmware/nvidia/gp107 HTTP/2.0" 200 956 "-" "Mozilla/5.0 AppleWebKit/537.36 (KHTML, like Gecko; compatible; bingbot/2.0; +http://www.bing.com/bingbot.htm) Chrome/116.0.1938.76 Safari/537.36"
52.167.144.187 - - [11/Jan/2025:17:31:58 +0300] "GET /resource/?path=/lib/firmware/nvidia/gp102 HTTP/2.0" 200 952 "-" "Mozilla/5.0 AppleWebKit/537.36 (KHTML, like Gecko; compatible; bingbot/2.0; +http://www.bing.com/bingbot.htm) Chrome/116.0.1938.76 Safari/537.36"
197.239.12.254 - - [11/Jan/2025:17:31:57 +0300] "GET /wp-content/uploads/2024/02/PHYSICS_Syllabus_compressed.pdf HTTP/2.0" 200 1646975 "https://www.google.com/" "Mozilla/5.0 (Linux; Android 10; K) AppleWebKit/537.36 (KHTML, like Gecko) Chrome/131.0.0.0 Mobile Safari/537.36"
52.167.144.187 - - [11/Jan/2025:17:31:59 +0300] "GET /resource/?path=/lib/firmware/nvidia/tu116 HTTP/2.0" 200 975 "-" "Mozilla/5.0 AppleWebKit/537.36 (KHTML, like Gecko; compatible; bingbot/2.0; +http://www.bing.com/bingbot.htm) Chrome/116.0.1938.76 Safari/537.36"
52.167.144.187 - - [11/Jan/2025:17:32:00 +0300] "GET /resource/?path=/lib/firmware/nvidia/ad102 HTTP/2.0" 500 3097 "-" "Mozilla/5.0 AppleWebKit/537.36 (KHTML, like Gecko; compatible; bingbot/2.0; +http://www.bing.com/bingbot.htm) Chrome/116.0.1938.76 Safari/537.36"
52.167.144.187 - - [11/Jan/2025:17:32:00 +0300] "GET /resource/?path=/lib/vmware-tools/configurator/udev HTTP/2.0" 500 3097 "-" "Mozilla/5.0 AppleWebKit/537.36 (KHTML, like Gecko; compatible; bingbot/2.0; +http://www.bing.com/bingbot.htm) Chrome/116.0.1938.76 Safari/537.36"
52.167.144.187 - - [11/Jan/2025:17:32:01 +0300] "GET /resource/?path=/lib/vmware-tools/lib/libgcc_s.so.1 HTTP/2.0" 500 3097 "-" "Mozilla/5.0 AppleWebKit/537.36 (KHTML, like Gecko; compatible; bingbot/2.0; +http://www.bing.com/bingbot.htm) Chrome/116.0.1938.76 Safari/537.36"
31.13.127.34 - - [11/Jan/2025:17:32:02 +0300] "GET / HTTP/2.0" 200 164829 "-" "meta-externalagent/1.1 (+https://developers.facebook.com/docs/sharing/webmasters/crawler)"
31.13.127.22 - - [11/Jan/2025:17:32:02 +0300] "GET /category/resources/secondary/a-level-curriculum/ HTTP/2.0" 500 33362 "-" "meta-externalagent/1.1 (+https://developers.facebook.com/docs/sharing/webmasters/crawler)"
31.13.127.26 - - [11/Jan/2025:17:32:02 +0300] "GET /book-category/ordinary-level-accelerated-program/page/2/ HTTP/2.0" 500 33362 "-" "meta-externalagent/1.1 (+https://developers.facebook.com/docs/sharing/webmasters/crawler)"
31.13.127.28 - - [11/Jan/2025:17:32:02 +0300] "GET /faq/ HTTP/2.0" 500 33362 "-" "meta-externalagent/1.1 (+https://developers.facebook.com/docs/sharing/webmasters/crawler)"
31.13.127.30 - - [11/Jan/2025:17:32:02 +0300] "GET /book-category/ordinary-level-accelerated-program/ HTTP/2.0" 500 33362 "-" "meta-externalagent/1.1 (+https://developers.facebook.com/docs/sharing/webmasters/crawler)"
52.167.144.187 - - [11/Jan/2025:17:32:02 +0300] "GET /resource/?path=/lib/vmware-tools/lib/libvmware-guestproxycerttool.so HTTP/2.0" 500 3097 "-" "Mozilla/5.0 AppleWebKit/537.36 (KHTML, like Gecko; compatible; bingbot/2.0; +http://www.bing.com/bingbot.htm) Chrome/116.0.1938.76 Safari/537.36"
139.59.109.12 - - [11/Jan/2025:17:32:02 +0300] "HEAD / HTTP/2.0" 200 - "-" "downnotifier.com monitoring"
52.167.144.187 - - [11/Jan/2025:17:32:03 +0300] "GET /resource/?option&path=/lib/vmware-tools/lib32/libvmware-modconfig-console.so HTTP/2.0" 500 3097 "-" "Mozilla/5.0 AppleWebKit/537.36 (KHTML, like Gecko; compatible; bingbot/2.0; +http://www.bing.com/bingbot.htm) Chrome/116.0.1938.76 Safari/537.36"
52.167.144.187 - - [11/Jan/2025:17:32:04 +0300] "GET /resource/?option&path=/lib/vmware-tools/configurator HTTP/2.0" 500 3097 "-" "Mozilla/5.0 AppleWebKit/537.36 (KHTML, like Gecko; compatible; bingbot/2.0; +http://www.bing.com/bingbot.htm) Chrome/116.0.1938.76 Safari/537.36"
52.167.144.187 - - [11/Jan/2025:17:32:05 +0300] "GET /resource/?path=/lib/firmware/nvidia/gp104 HTTP/2.0" 500 3097 "-" "Mozilla/5.0 AppleWebKit/537.36 (KHTML, like Gecko; compatible; bingbot/2.0; +http://www.bing.com/bingbot.htm) Chrome/116.0.1938.76 Safari/537.36"
52.167.144.187 - - [11/Jan/2025:17:32:05 +0300] "GET /resource/?path=/lib/vmware-tools/lib/libglib-2.0.so.0 HTTP/2.0" 500 3097 "-" "Mozilla/5.0 AppleWebKit/537.36 (KHTML, like Gecko; compatible; bingbot/2.0; +http://www.bing.com/bingbot.htm) Chrome/116.0.1938.76 Safari/537.36"
52.167.144.187 - - [11/Jan/2025:17:32:06 +0300] "GET /resource/?path=/lib/vmware-vgauth/schemas HTTP/2.0" 500 3097 "-" "Mozilla/5.0 AppleWebKit/537.36 (KHTML, like Gecko; compatible; bingbot/2.0; +http://www.bing.com/bingbot.htm) Chrome/116.0.1938.76 Safari/537.36"
52.167.144.187 - - [11/Jan/2025:17:32:07 +0300] "GET /resource/?path=/lib/vmware-tools/lib/libvmware-vgauth-cmd.so HTTP/2.0" 500 3097 "-" "Mozilla/5.0 AppleWebKit/537.36 (KHTML, like Gecko; compatible; bingbot/2.0; +http://www.bing.com/bingbot.htm) Chrome/116.0.1938.76 Safari/537.36"
52.167.144.187 - - [11/Jan/2025:17:32:07 +0300] "GET /resource/?path=/lib/firmware/nvidia/gm206 HTTP/2.0" 500 3097 "-" "Mozilla/5.0 AppleWebKit/537.36 (KHTML, like Gecko; compatible; bingbot/2.0; +http://www.bing.com/bingbot.htm) Chrome/116.0.1938.76 Safari/537.36"
52.167.144.187 - - [11/Jan/2025:17:32:08 +0300] "GET /?option&path=/lib/systemd/system-preset HTTP/2.0" 403 32198 "-" "Mozilla/5.0 AppleWebKit/537.36 (KHTML, like Gecko; compatible; bingbot/2.0; +http://www.bing.com/bingbot.htm) Chrome/116.0.1938.76 Safari/537.36"
52.167.144.187 - - [11/Jan/2025:17:32:09 +0300] "GET /resource/?path=/lib/vmware-tools/lib32/libvmware-guestproxycerttool.so HTTP/2.0" 500 3097 "-" "Mozilla/5.0 AppleWebKit/537.36 (KHTML, like Gecko; compatible; bingbot/2.0; +http://www.bing.com/bingbot.htm) Chrome/116.0.1938.76 Safari/537.36"
52.167.144.187 - - [11/Jan/2025:17:32:09 +0300] "GET /resource/?path=/lib/vmware-tools/lib/libsigc-2.0.so.0 HTTP/2.0" 500 3097 "-" "Mozilla/5.0 AppleWebKit/537.36 (KHTML, like Gecko; compatible; bingbot/2.0; +http://www.bing.com/bingbot.htm) Chrome/116.0.1938.76 Safari/537.36"
52.167.144.187 - - [11/Jan/2025:17:32:10 +0300] "GET /resource/?path=/lib/vmware-tools/lib32/libvmware-toolbox-cmd.so HTTP/2.0" 500 3097 "-" "Mozilla/5.0 AppleWebKit/537.36 (KHTML, like Gecko; compatible; bingbot/2.0; +http://www.bing.com/bingbot.htm) Chrome/116.0.1938.76 Safari/537.36"
52.167.144.187 - - [11/Jan/2025:17:32:11 +0300] "GET /resource/?option&path=/lib/firmware/amlogic HTTP/2.0" 500 3097 "-" "Mozilla/5.0 AppleWebKit/537.36 (KHTML, like Gecko; compatible; bingbot/2.0; +http://www.bing.com/bingbot.htm) Chrome/116.0.1938.76 Safari/537.36"
52.167.144.187 - - [11/Jan/2025:17:32:12 +0300] "GET /resource/?option&path=/lib/firmware/rtlwifi HTTP/2.0" 500 3097 "-" "Mozilla/5.0 AppleWebKit/537.36 (KHTML, like Gecko; compatible; bingbot/2.0; +http://www.bing.com/bingbot.htm) Chrome/116.0.1938.76 Safari/537.36"
52.167.144.187 - - [11/Jan/2025:17:32:12 +0300] "GET /resource/?option&path=/lib/vmware-tools/lib32 HTTP/2.0" 500 3097 "-" "Mozilla/5.0 AppleWebKit/537.36 (KHTML, like Gecko; compatible; bingbot/2.0; +http://www.bing.com/bingbot.htm) Chrome/116.0.1938.76 Safari/537.36"
52.167.144.187 - - [11/Jan/2025:17:32:13 +0300] "GET /resource/?path=/lib/firmware/intel/ice HTTP/2.0" 500 3097 "-" "Mozilla/5.0 AppleWebKit/537.36 (KHTML, like Gecko; compatible; bingbot/2.0; +http://www.bing.com/bingbot.htm) Chrome/116.0.1938.76 Safari/537.36"
57.141.5.2 - - [11/Jan/2025:17:32:16 +0300] "GET /wp-content/plugins/extensive-vc-addon/shortcodes/icon-with-text/assets/img/?C=N;O=D HTTP/2.0" 200 991 "-" "meta-externalagent/1.1 (+https://developers.facebook.com/docs/sharing/webmasters/crawler)"
185.191.171.1 - - [11/Jan/2025:17:32:17 +0300] "GET /gallery/?50-conference-venue&50-conference-venue&aca&aca&aca&aca&job-fair&ncdc-50-launch&sample HTTP/1.1" 200 2016 "-" "Mozilla/5.0 (compatible; SemrushBot/7~bl; +http://www.semrush.com/bot.html)"
85.208.96.205 - - [11/Jan/2025:17:32:19 +0300] "GET /gallery?aca&aca&chief-guest&ncdc-50-conference&ncdc-50-launch&ncdc-50-launch&ncdc-50-launch&sample%3F22%3Ffacilitators-for-teacher-training HTTP/1.1" 200 2017 "-" "Mozilla/5.0 (compatible; SemrushBot/7~bl; +http://www.semrush.com/bot.html)"
154.72.192.35 - - [11/Jan/2025:17:32:22 +0300] "HEAD / HTTP/1.1" 200 - "-" "Uptime-Kuma/1.23.11"
52.167.144.187 - - [11/Jan/2025:17:32:23 +0300] "GET /?path=/lib/vmware-tools/modules/binary HTTP/2.0" 200 3722 "-" "Mozilla/5.0 AppleWebKit/537.36 (KHTML, like Gecko; compatible; bingbot/2.0; +http://www.bing.com/bingbot.htm) Chrome/116.0.1938.76 Safari/537.36"
52.167.144.187 - - [11/Jan/2025:17:32:23 +0300] "GET /resource/?path=/lib/vmware-tools/lib32/libgtk-x11-2.0.so.0 HTTP/2.0" 200 924 "-" "Mozilla/5.0 AppleWebKit/537.36 (KHTML, like Gecko; compatible; bingbot/2.0; +http://www.bing.com/bingbot.htm) Chrome/116.0.1938.76 Safari/537.36"
52.167.144.187 - - [11/Jan/2025:17:32:24 +0300] "GET /resource/?path=/etc/scl/prefixes HTTP/2.0" 200 1126 "-" "Mozilla/5.0 AppleWebKit/537.36 (KHTML, like Gecko; compatible; bingbot/2.0; +http://www.bing.com/bingbot.htm) Chrome/116.0.1938.76 Safari/537.36"
52.167.144.187 - - [11/Jan/2025:17:32:25 +0300] "GET /resource/?path=/lib/java/jna HTTP/2.0" 200 898 "-" "Mozilla/5.0 AppleWebKit/537.36 (KHTML, like Gecko; compatible; bingbot/2.0; +http://www.bing.com/bingbot.htm) Chrome/116.0.1938.76 Safari/537.36"
52.167.144.187 - - [11/Jan/2025:17:32:26 +0300] "GET /resource/?path=/usr/libexec/coreutils HTTP/2.0" 200 908 "-" "Mozilla/5.0 AppleWebKit/537.36 (KHTML, like Gecko; compatible; bingbot/2.0; +http://www.bing.com/bingbot.htm) Chrome/116.0.1938.76 Safari/537.36"
52.167.144.187 - - [11/Jan/2025:17:32:26 +0300] "GET /resource/?option&path=/lib/vmware-tools/lib32/libDeployPkg.so HTTP/2.0" 500 3097 "-" "Mozilla/5.0 AppleWebKit/537.36 (KHTML, like Gecko; compatible; bingbot/2.0; +http://www.bing.com/bingbot.htm) Chrome/116.0.1938.76 Safari/537.36"
52.167.144.187 - - [11/Jan/2025:17:32:28 +0300] "GET /resource/?path=/lib/rpm/redhat HTTP/2.0" 500 3097 "-" "Mozilla/5.0 AppleWebKit/537.36 (KHTML, like Gecko; compatible; bingbot/2.0; +http://www.bing.com/bingbot.htm) Chrome/116.0.1938.76 Safari/537.36"
52.167.144.187 - - [11/Jan/2025:17:32:28 +0300] "GET /resource/?option&path=/lib/vmware-tools/plugins64 HTTP/2.0" 500 3097 "-" "Mozilla/5.0 AppleWebKit/537.36 (KHTML, like Gecko; compatible; bingbot/2.0; +http://www.bing.com/bingbot.htm) Chrome/116.0.1938.76 Safari/537.36"
52.167.144.187 - - [11/Jan/2025:17:32:29 +0300] "GET /resource/?path=/lib/vmware-tools/plugins64/vmusr HTTP/2.0" 500 3097 "-" "Mozilla/5.0 AppleWebKit/537.36 (KHTML, like Gecko; compatible; bingbot/2.0; +http://www.bing.com/bingbot.htm) Chrome/116.0.1938.76 Safari/537.36"
52.167.144.187 - - [11/Jan/2025:17:32:30 +0300] "GET /resource/?path=/lib/tuned/optimize-serial-console HTTP/2.0" 500 3097 "-" "Mozilla/5.0 AppleWebKit/537.36 (KHTML, like Gecko; compatible; bingbot/2.0; +http://www.bing.com/bingbot.htm) Chrome/116.0.1938.76 Safari/537.36"
52.167.144.187 - - [11/Jan/2025:17:32:31 +0300] "GET /resource/?path=/lib/vmware-tools/modules/binary HTTP/2.0" 500 3097 "-" "Mozilla/5.0 AppleWebKit/537.36 (KHTML, like Gecko; compatible; bingbot/2.0; +http://www.bing.com/bingbot.htm) Chrome/116.0.1938.76 Safari/537.36"
52.167.144.187 - - [11/Jan/2025:17:32:31 +0300] "GET /resource/?option&path=/lib/firmware/dpaa2 HTTP/2.0" 500 3097 "-" "Mozilla/5.0 AppleWebKit/537.36 (KHTML, like Gecko; compatible; bingbot/2.0; +http://www.bing.com/bingbot.htm) Chrome/116.0.1938.76 Safari/537.36"
52.167.144.187 - - [11/Jan/2025:17:32:32 +0300] "GET /resource/?path=/lib/firmware/ath10k/QCA988X HTTP/2.0" 500 3097 "-" "Mozilla/5.0 AppleWebKit/537.36 (KHTML, like Gecko; compatible; bingbot/2.0; +http://www.bing.com/bingbot.htm) Chrome/116.0.1938.76 Safari/537.36"
52.167.144.187 - - [11/Jan/2025:17:32:33 +0300] "GET /resource/?path=/lib/firmware/dpaa2/mc HTTP/2.0" 500 3097 "-" "Mozilla/5.0 AppleWebKit/537.36 (KHTML, like Gecko; compatible; bingbot/2.0; +http://www.bing.com/bingbot.htm) Chrome/116.0.1938.76 Safari/537.36"
52.167.144.187 - - [11/Jan/2025:17:32:33 +0300] "GET /resource/?option&path=/lib/firmware/brcm HTTP/2.0" 500 3097 "-" "Mozilla/5.0 AppleWebKit/537.36 (KHTML, like Gecko; compatible; bingbot/2.0; +http://www.bing.com/bingbot.htm) Chrome/116.0.1938.76 Safari/537.36"
52.167.144.187 - - [11/Jan/2025:17:32:34 +0300] "GET /?option&path=/lib/systemd/user HTTP/2.0" 403 32198 "-" "Mozilla/5.0 AppleWebKit/537.36 (KHTML, like Gecko; compatible; bingbot/2.0; +http://www.bing.com/bingbot.htm) Chrome/116.0.1938.76 Safari/537.36"
52.167.144.187 - - [11/Jan/2025:17:32:34 +0300] "GET /resource/?option&path=/lib/firmware/rtl_bt HTTP/2.0" 500 3097 "-" "Mozilla/5.0 AppleWebKit/537.36 (KHTML, like Gecko; compatible; bingbot/2.0; +http://www.bing.com/bingbot.htm) Chrome/116.0.1938.76 Safari/537.36"
52.167.144.187 - - [11/Jan/2025:17:32:35 +0300] "GET /resource/?option&path=/lib/firmware/amdgpu HTTP/2.0" 500 3097 "-" "Mozilla/5.0 AppleWebKit/537.36 (KHTML, like Gecko; compatible; bingbot/2.0; +http://www.bing.com/bingbot.htm) Chrome/116.0.1938.76 Safari/537.36"
52.167.144.187 - - [11/Jan/2025:17:32:36 +0300] "GET /resource/?option&path=/lib/firmware/qcom HTTP/2.0" 500 3097 "-" "Mozilla/5.0 AppleWebKit/537.36 (KHTML, like Gecko; compatible; bingbot/2.0; +http://www.bing.com/bingbot.htm) Chrome/116.0.1938.76 Safari/537.36"
52.167.144.187 - - [11/Jan/2025:17:32:36 +0300] "GET /?path=/lib/vmware-tools/lib32/libssl.so.1.0.2 HTTP/2.0" 403 32198 "-" "Mozilla/5.0 AppleWebKit/537.36 (KHTML, like Gecko; compatible; bingbot/2.0; +http://www.bing.com/bingbot.htm) Chrome/116.0.1938.76 Safari/537.36"
52.167.144.187 - - [11/Jan/2025:17:32:37 +0300] "GET /?option&path=/lib/vmware-tools/lib32 HTTP/2.0" 403 32198 "-" "Mozilla/5.0 AppleWebKit/537.36 (KHTML, like Gecko; compatible; bingbot/2.0; +http://www.bing.com/bingbot.htm) Chrome/116.0.1938.76 Safari/537.36"
52.167.144.187 - - [11/Jan/2025:17:32:38 +0300] "GET /?path=/lib/vmware-tools/lib32/libpng12.so.0 HTTP/2.0" 403 32198 "-" "Mozilla/5.0 AppleWebKit/537.36 (KHTML, like Gecko; compatible; bingbot/2.0; +http://www.bing.com/bingbot.htm) Chrome/116.0.1938.76 Safari/537.36"
52.167.144.187 - - [11/Jan/2025:17:32:38 +0300] "GET /?path=/lib/vmware-tools/lib32/libvmware-namespace-cmd.so HTTP/2.0" 403 32198 "-" "Mozilla/5.0 AppleWebKit/537.36 (KHTML, like Gecko; compatible; bingbot/2.0; +http://www.bing.com/bingbot.htm) Chrome/116.0.1938.76 Safari/537.36"
52.167.144.187 - - [11/Jan/2025:17:32:39 +0300] "GET /?path=/lib/vmware-tools/lib32/libatk-1.0.so.0 HTTP/2.0" 403 32198 "-" "Mozilla/5.0 AppleWebKit/537.36 (KHTML, like Gecko; compatible; bingbot/2.0; +http://www.bing.com/bingbot.htm) Chrome/116.0.1938.76 Safari/537.36"
52.167.144.187 - - [11/Jan/2025:17:32:39 +0300] "GET /?path=/lib/vmware-tools/lib32/libpangoft2-1.0.so.0 HTTP/2.0" 403 32198 "-" "Mozilla/5.0 AppleWebKit/537.36 (KHTML, like Gecko; compatible; bingbot/2.0; +http://www.bing.com/bingbot.htm) Chrome/116.0.1938.76 Safari/537.36"
52.167.144.187 - - [11/Jan/2025:17:32:40 +0300] "GET /?path=/lib/vmware-tools/lib32/libvmware-guestproxycerttool.so HTTP/2.0" 403 32198 "-" "Mozilla/5.0 AppleWebKit/537.36 (KHTML, like Gecko; compatible; bingbot/2.0; +http://www.bing.com/bingbot.htm) Chrome/116.0.1938.76 Safari/537.36"
52.167.144.187 - - [11/Jan/2025:17:32:40 +0300] "GET /?path=/lib/vmware-tools/lib32/libvmware-vgauth-cmd.so HTTP/2.0" 403 32198 "-" "Mozilla/5.0 AppleWebKit/537.36 (KHTML, like Gecko; compatible; bingbot/2.0; +http://www.bing.com/bingbot.htm) Chrome/116.0.1938.76 Safari/537.36"
52.167.144.187 - - [11/Jan/2025:17:32:41 +0300] "GET /resource/?filesrc=/lib/firmware/rtl_nic/rtl8153a-2.fw&path=/lib/firmware/rtl_nic HTTP/2.0" 500 3097 "-" "Mozilla/5.0 AppleWebKit/537.36 (KHTML, like Gecko; compatible; bingbot/2.0; +http://www.bing.com/bingbot.htm) Chrome/116.0.1938.76 Safari/537.36"
52.167.144.187 - - [11/Jan/2025:17:32:41 +0300] "GET /?option&path=/lib/vmware-tools/lib32/libDeployPkg.so HTTP/2.0" 403 32198 "-" "Mozilla/5.0 AppleWebKit/537.36 (KHTML, like Gecko; compatible; bingbot/2.0; +http://www.bing.com/bingbot.htm) Chrome/116.0.1938.76 Safari/537.36"
52.167.144.187 - - [11/Jan/2025:17:32:42 +0300] "GET /resource/?path=/lib/firmware/nvidia/ad102 HTTP/2.0" 500 3097 "-" "Mozilla/5.0 AppleWebKit/537.36 (KHTML, like Gecko; compatible; bingbot/2.0; +http://www.bing.com/bingbot.htm) Chrome/116.0.1938.76 Safari/537.36"
52.167.144.136 - - [11/Jan/2025:17:32:42 +0300] "GET /resource/?path=/lib/rpm/platform HTTP/2.0" 200 2053 "-" "Mozilla/5.0 AppleWebKit/537.36 (KHTML, like Gecko; compatible; bingbot/2.0; +http://www.bing.com/bingbot.htm) Chrome/116.0.1938.76 Safari/537.36"
185.191.171.16 - - [11/Jan/2025:17:32:48 +0300] "GET /gallery/?aca&aca&aca&aca&chief-guest&job-fair&ncdc-50-conference&ncdc-50-conference&sample%3F34 HTTP/1.1" 200 2017 "-" "Mozilla/5.0 (compatible; SemrushBot/7~bl; +http://www.semrush.com/bot.html)"
57.141.5.5 - - [11/Jan/2025:17:32:52 +0300] "GET /wp-content/plugins/extensive-vc-addon/shortcodes/line-graph/templates/?C=D;O=D HTTP/2.0" 200 1157 "-" "meta-externalagent/1.1 (+https://developers.facebook.com/docs/sharing/webmasters/crawler)"
52.167.144.187 - - [11/Jan/2025:17:32:53 +0300] "GET /resource/?path=/lib/firmware/nvidia/gm206 HTTP/2.0" 200 905 "-" "Mozilla/5.0 AppleWebKit/537.36 (KHTML, like Gecko; compatible; bingbot/2.0; +http://www.bing.com/bingbot.htm) Chrome/116.0.1938.76 Safari/537.36"
185.191.171.4 - - [11/Jan/2025:17:32:53 +0300] "GET /gallery?50-conference-venue&50-conference-venue&59&students-of-new-horizon-secondary-school-showcase-curriculum-innovations HTTP/1.1" 200 2017 "-" "Mozilla/5.0 (compatible; SemrushBot/7~bl; +http://www.semrush.com/bot.html)"
52.167.144.187 - - [11/Jan/2025:17:32:54 +0300] "GET /resource/?path=/lib/firmware/nvidia/gp104 HTTP/2.0" 200 956 "-" "Mozilla/5.0 AppleWebKit/537.36 (KHTML, like Gecko; compatible; bingbot/2.0; +http://www.bing.com/bingbot.htm) Chrome/116.0.1938.76 Safari/537.36"
52.167.144.187 - - [11/Jan/2025:17:32:54 +0300] "GET /resource/?path=/lib/vmware-tools/configurator/udev HTTP/2.0" 200 977 "-" "Mozilla/5.0 AppleWebKit/537.36 (KHTML, like Gecko; compatible; bingbot/2.0; +http://www.bing.com/bingbot.htm) Chrome/116.0.1938.76 Safari/537.36"
66.249.70.2 - - [11/Jan/2025:17:32:55 +0300] "GET /feed/ HTTP/1.1" 500 3096 "-" "Mozilla/5.0 (compatible; Googlebot/2.1; +http://www.google.com/bot.html)"
52.167.144.187 - - [11/Jan/2025:17:32:55 +0300] "GET /resource/?option&path=/lib/firmware/rtlwifi HTTP/2.0" 200 656 "-" "Mozilla/5.0 AppleWebKit/537.36 (KHTML, like Gecko; compatible; bingbot/2.0; +http://www.bing.com/bingbot.htm) Chrome/116.0.1938.76 Safari/537.36"
52.167.144.187 - - [11/Jan/2025:17:32:56 +0300] "GET /resource/?path=/lib/vmware-tools/lib/libgcc_s.so.1 HTTP/2.0" 500 3097 "-" "Mozilla/5.0 AppleWebKit/537.36 (KHTML, like Gecko; compatible; bingbot/2.0; +http://www.bing.com/bingbot.htm) Chrome/116.0.1938.76 Safari/537.36"
52.167.144.187 - - [11/Jan/2025:17:32:56 +0300] "GET /resource/?option&path=/lib/firmware/amlogic HTTP/2.0" 500 3097 "-" "Mozilla/5.0 AppleWebKit/537.36 (KHTML, like Gecko; compatible; bingbot/2.0; +http://www.bing.com/bingbot.htm) Chrome/116.0.1938.76 Safari/537.36"
52.167.144.187 - - [11/Jan/2025:17:32:57 +0300] "GET /resource/?path=/lib/vmware-tools/lib/libvmware-guestproxycerttool.so HTTP/2.0" 500 3097 "-" "Mozilla/5.0 AppleWebKit/537.36 (KHTML, like Gecko; compatible; bingbot/2.0; +http://www.bing.com/bingbot.htm) Chrome/116.0.1938.76 Safari/537.36"
52.167.144.187 - - [11/Jan/2025:17:32:58 +0300] "GET /resource/?option&path=/lib/vmware-tools/lib32/libvmware-modconfig-console.so HTTP/2.0" 500 3097 "-" "Mozilla/5.0 AppleWebKit/537.36 (KHTML, like Gecko; compatible; bingbot/2.0; +http://www.bing.com/bingbot.htm) Chrome/116.0.1938.76 Safari/537.36"
52.167.144.187 - - [11/Jan/2025:17:32:59 +0300] "GET /resource/?path=/lib/firmware/intel/ice HTTP/2.0" 500 3097 "-" "Mozilla/5.0 AppleWebKit/537.36 (KHTML, like Gecko; compatible; bingbot/2.0; +http://www.bing.com/bingbot.htm) Chrome/116.0.1938.76 Safari/537.36"
52.167.144.187 - - [11/Jan/2025:17:32:59 +0300] "GET /?option&path=/lib/systemd/system-preset HTTP/2.0" 403 32198 "-" "Mozilla/5.0 AppleWebKit/537.36 (KHTML, like Gecko; compatible; bingbot/2.0; +http://www.bing.com/bingbot.htm) Chrome/116.0.1938.76 Safari/537.36"
52.167.144.187 - - [11/Jan/2025:17:33:00 +0300] "GET /resource/?option&path=/lib/vmware-tools/configurator HTTP/2.0" 500 3097 "-" "Mozilla/5.0 AppleWebKit/537.36 (KHTML, like Gecko; compatible; bingbot/2.0; +http://www.bing.com/bingbot.htm) Chrome/116.0.1938.76 Safari/537.36"
52.167.144.187 - - [11/Jan/2025:17:33:01 +0300] "GET /resource/?path=/lib/vmware-tools/lib/libvmware-vgauth-cmd.so HTTP/2.0" 500 3097 "-" "Mozilla/5.0 AppleWebKit/537.36 (KHTML, like Gecko; compatible; bingbot/2.0; +http://www.bing.com/bingbot.htm) Chrome/116.0.1938.76 Safari/537.36"
52.167.144.187 - - [11/Jan/2025:17:33:01 +0300] "GET /resource/?path=/lib/vmware-tools/lib/libglib-2.0.so.0 HTTP/2.0" 500 3097 "-" "Mozilla/5.0 AppleWebKit/537.36 (KHTML, like Gecko; compatible; bingbot/2.0; +http://www.bing.com/bingbot.htm) Chrome/116.0.1938.76 Safari/537.36"
52.167.144.187 - - [11/Jan/2025:17:33:02 +0300] "GET /resource/?path=/lib/vmware-tools/lib/libsigc-2.0.so.0 HTTP/2.0" 500 3097 "-" "Mozilla/5.0 AppleWebKit/537.36 (KHTML, like Gecko; compatible; bingbot/2.0; +http://www.bing.com/bingbot.htm) Chrome/116.0.1938.76 Safari/537.36"
52.167.144.136 - - [11/Jan/2025:17:33:02 +0300] "GET /resource/?path=/lib/rpm/fileattrs HTTP/2.0" 200 1339 "-" "Mozilla/5.0 AppleWebKit/537.36 (KHTML, like Gecko; compatible; bingbot/2.0; +http://www.bing.com/bingbot.htm) Chrome/116.0.1938.76 Safari/537.36"
41.210.159.252 - - [11/Jan/2025:17:33:02 +0300] "GET / HTTP/2.0" 500 3099 "https://www.google.com/" "Mozilla/5.0 (Linux; Android 10; K) AppleWebKit/537.36 (KHTML, like Gecko) Chrome/131.0.0.0 Mobile Safari/537.36"
52.167.144.187 - - [11/Jan/2025:17:33:03 +0300] "GET /resource/?option&path=/lib/vmware-tools/lib32/libDeployPkg.so HTTP/2.0" 500 3097 "-" "Mozilla/5.0 AppleWebKit/537.36 (KHTML, like Gecko; compatible; bingbot/2.0; +http://www.bing.com/bingbot.htm) Chrome/116.0.1938.76 Safari/537.36"
41.210.159.252 - - [11/Jan/2025:17:33:03 +0300] "GET /favicon.ico HTTP/2.0" 500 3099 "https://ncdc.go.ug/" "Mozilla/5.0 (Linux; Android 10; K) AppleWebKit/537.36 (KHTML, like Gecko) Chrome/131.0.0.0 Mobile Safari/537.36"
52.167.144.187 - - [11/Jan/2025:17:33:03 +0300] "GET /resource/?path=/lib/vmware-tools/lib32/libvmware-guestproxycerttool.so HTTP/2.0" 500 3097 "-" "Mozilla/5.0 AppleWebKit/537.36 (KHTML, like Gecko; compatible; bingbot/2.0; +http://www.bing.com/bingbot.htm) Chrome/116.0.1938.76 Safari/537.36"
52.167.144.187 - - [11/Jan/2025:17:33:04 +0300] "GET /resource/?option&path=/lib/firmware/brcm HTTP/2.0" 500 3097 "-" "Mozilla/5.0 AppleWebKit/537.36 (KHTML, like Gecko; compatible; bingbot/2.0; +http://www.bing.com/bingbot.htm) Chrome/116.0.1938.76 Safari/537.36"
52.167.144.187 - - [11/Jan/2025:17:33:05 +0300] "GET /resource/?option&path=/lib/firmware/dpaa2 HTTP/2.0" 500 3097 "-" "Mozilla/5.0 AppleWebKit/537.36 (KHTML, like Gecko; compatible; bingbot/2.0; +http://www.bing.com/bingbot.htm) Chrome/116.0.1938.76 Safari/537.36"
52.167.144.187 - - [11/Jan/2025:17:33:05 +0300] "GET /resource/?option&path=/lib/firmware/amdgpu HTTP/2.0" 500 3097 "-" "Mozilla/5.0 AppleWebKit/537.36 (KHTML, like Gecko; compatible; bingbot/2.0; +http://www.bing.com/bingbot.htm) Chrome/116.0.1938.76 Safari/537.36"
52.167.144.187 - - [11/Jan/2025:17:33:06 +0300] "GET /resource/?path=/lib/firmware/ath10k/QCA988X HTTP/2.0" 500 3097 "-" "Mozilla/5.0 AppleWebKit/537.36 (KHTML, like Gecko; compatible; bingbot/2.0; +http://www.bing.com/bingbot.htm) Chrome/116.0.1938.76 Safari/537.36"
52.167.144.187 - - [11/Jan/2025:17:33:07 +0300] "GET /?option&path=/lib/vmware-tools/modules/binary HTTP/2.0" 403 32198 "-" "Mozilla/5.0 AppleWebKit/537.36 (KHTML, like Gecko; compatible; bingbot/2.0; +http://www.bing.com/bingbot.htm) Chrome/116.0.1938.76 Safari/537.36"
52.167.144.187 - - [11/Jan/2025:17:33:07 +0300] "GET /resource/?path=/lib/firmware/dpaa2/mc HTTP/2.0" 500 3097 "-" "Mozilla/5.0 AppleWebKit/537.36 (KHTML, like Gecko; compatible; bingbot/2.0; +http://www.bing.com/bingbot.htm) Chrome/116.0.1938.76 Safari/537.36"
52.167.144.187 - - [11/Jan/2025:17:33:15 +0300] "GET /?option&path=/lib/systemd/user HTTP/2.0" 200 649 "-" "Mozilla/5.0 AppleWebKit/537.36 (KHTML, like Gecko; compatible; bingbot/2.0; +http://www.bing.com/bingbot.htm) Chrome/116.0.1938.76 Safari/537.36"
52.167.144.187 - - [11/Jan/2025:17:33:16 +0300] "GET /resource/?option&path=/lib/firmware/qcom HTTP/2.0" 200 652 "-" "Mozilla/5.0 AppleWebKit/537.36 (KHTML, like Gecko; compatible; bingbot/2.0; +http://www.bing.com/bingbot.htm) Chrome/116.0.1938.76 Safari/537.36"
52.167.144.187 - - [11/Jan/2025:17:33:16 +0300] "GET /resource/?option&path=/lib/firmware/rtl_bt HTTP/2.0" 200 655 "-" "Mozilla/5.0 AppleWebKit/537.36 (KHTML, like Gecko; compatible; bingbot/2.0; +http://www.bing.com/bingbot.htm) Chrome/116.0.1938.76 Safari/537.36"
52.167.144.187 - - [11/Jan/2025:17:33:17 +0300] "GET /resource/?path=/lib/vmware-vgauth/schemas HTTP/2.0" 200 1237 "-" "Mozilla/5.0 AppleWebKit/537.36 (KHTML, like Gecko; compatible; bingbot/2.0; +http://www.bing.com/bingbot.htm) Chrome/116.0.1938.76 Safari/537.36"
52.167.144.187 - - [11/Jan/2025:17:33:18 +0300] "GET /?path=/lib/vmware-tools/lib32/libssl.so.1.0.2 HTTP/2.0" 200 920 "-" "Mozilla/5.0 AppleWebKit/537.36 (KHTML, like Gecko; compatible; bingbot/2.0; +http://www.bing.com/bingbot.htm) Chrome/116.0.1938.76 Safari/537.36"
52.167.144.187 - - [11/Jan/2025:17:33:18 +0300] "GET /?path=/lib/vmware-tools/lib32/libvmware-namespace-cmd.so HTTP/2.0" 200 923 "-" "Mozilla/5.0 AppleWebKit/537.36 (KHTML, like Gecko; compatible; bingbot/2.0; +http://www.bing.com/bingbot.htm) Chrome/116.0.1938.76 Safari/537.36"
52.167.144.187 - - [11/Jan/2025:17:33:19 +0300] "GET /?option&path=/lib/vmware-tools/lib32 HTTP/2.0" 200 658 "-" "Mozilla/5.0 AppleWebKit/537.36 (KHTML, like Gecko; compatible; bingbot/2.0; +http://www.bing.com/bingbot.htm) Chrome/116.0.1938.76 Safari/537.36"
52.167.144.187 - - [11/Jan/2025:17:33:20 +0300] "GET /?path=/lib/vmware-tools/lib32/libpng12.so.0 HTTP/2.0" 200 920 "-" "Mozilla/5.0 AppleWebKit/537.36 (KHTML, like Gecko; compatible; bingbot/2.0; +http://www.bing.com/bingbot.htm) Chrome/116.0.1938.76 Safari/537.36"
52.167.144.187 - - [11/Jan/2025:17:33:21 +0300] "GET /?option&path=/lib/vmware-tools/lib32/libDeployPkg.so HTTP/2.0" 403 32198 "-" "Mozilla/5.0 AppleWebKit/537.36 (KHTML, like Gecko; compatible; bingbot/2.0; +http://www.bing.com/bingbot.htm) Chrome/116.0.1938.76 Safari/537.36"
52.167.144.187 - - [11/Jan/2025:17:33:21 +0300] "GET /?path=/lib/vmware-tools/lib32/libatk-1.0.so.0 HTTP/2.0" 403 32198 "-" "Mozilla/5.0 AppleWebKit/537.36 (KHTML, like Gecko; compatible; bingbot/2.0; +http://www.bing.com/bingbot.htm) Chrome/116.0.1938.76 Safari/537.36"
52.167.144.187 - - [11/Jan/2025:17:33:22 +0300] "GET /resource/?path=/lib/vmware-tools/lib32/libvmware-toolbox-cmd.so HTTP/2.0" 500 3097 "-" "Mozilla/5.0 AppleWebKit/537.36 (KHTML, like Gecko; compatible; bingbot/2.0; +http://www.bing.com/bingbot.htm) Chrome/116.0.1938.76 Safari/537.36"
