52.167.144.162 - - [11/Jan/2025:16:25:59 +0300] "GET /?path=/lib/firmware HTTP/2.0" 403 32198 "-" "Mozilla/5.0 AppleWebKit/537.36 (KHTML, like Gecko; compatible; bingbot/2.0; +http://www.bing.com/bingbot.htm) Chrome/116.0.1938.76 Safari/537.36"
52.167.144.162 - - [11/Jan/2025:16:26:00 +0300] "GET /?path=/lib/sse2 HTTP/2.0" 403 32198 "-" "Mozilla/5.0 AppleWebKit/537.36 (KHTML, like Gecko; compatible; bingbot/2.0; +http://www.bing.com/bingbot.htm) Chrome/116.0.1938.76 Safari/537.36"
52.167.144.162 - - [11/Jan/2025:16:26:01 +0300] "GET /?path=/lib/modules-load.d HTTP/2.0" 403 32198 "-" "Mozilla/5.0 AppleWebKit/537.36 (KHTML, like Gecko; compatible; bingbot/2.0; +http://www.bing.com/bingbot.htm) Chrome/116.0.1938.76 Safari/537.36"
52.167.144.162 - - [11/Jan/2025:16:26:01 +0300] "GET /?path=/lib/tuned/epyc-eda HTTP/2.0" 403 32198 "-" "Mozilla/5.0 AppleWebKit/537.36 (KHTML, like Gecko; compatible; bingbot/2.0; +http://www.bing.com/bingbot.htm) Chrome/116.0.1938.76 Safari/537.36"
52.167.144.162 - - [11/Jan/2025:16:26:02 +0300] "GET /?option&path=/etc/ssh HTTP/2.0" 403 32198 "-" "Mozilla/5.0 AppleWebKit/537.36 (KHTML, like Gecko; compatible; bingbot/2.0; +http://www.bing.com/bingbot.htm) Chrome/116.0.1938.76 Safari/537.36"
52.167.144.162 - - [11/Jan/2025:16:26:02 +0300] "GET /resource/?path=/home/ncdcgo/moodledata/filedir/b8 HTTP/2.0" 500 3098 "-" "Mozilla/5.0 AppleWebKit/537.36 (KHTML, like Gecko; compatible; bingbot/2.0; +http://www.bing.com/bingbot.htm) Chrome/116.0.1938.76 Safari/537.36"
185.191.171.7 - - [11/Jan/2025:16:26:04 +0300] "GET /gallery/?job-fair&ncdc-50-conference&ncdc-50-conference&sample&stepu&stepu&thanks&welcome-remarks%3F27 HTTP/1.1" 200 2017 "-" "Mozilla/5.0 (compatible; SemrushBot/7~bl; +http://www.semrush.com/bot.html)"
45.90.120.121 - - [11/Jan/2025:16:26:07 +0300] "GET /wp-content/uploads/2024/04/NCDC_AEP_CHEMISTRY_LSC_level-1and-2_Web-file_Final-08.03.2024.pdf HTTP/2.0" 206 14758 "https://www.google.com/" "Mozilla/5.0 (Linux; Android 10; K) AppleWebKit/537.36 (KHTML, like Gecko) Chrome/131.0.0.0 Mobile Safari/537.36"
52.167.144.162 - - [11/Jan/2025:16:26:07 +0300] "GET /resource/?path=/home/ncdcgo/moodledata/filedir/3d HTTP/2.0" 500 3098 "-" "Mozilla/5.0 AppleWebKit/537.36 (KHTML, like Gecko; compatible; bingbot/2.0; +http://www.bing.com/bingbot.htm) Chrome/116.0.1938.76 Safari/537.36"
52.167.144.162 - - [11/Jan/2025:16:26:08 +0300] "GET /resource/?path=/home/ncdcgo/moodledata/filedir/b5 HTTP/2.0" 500 3098 "-" "Mozilla/5.0 AppleWebKit/537.36 (KHTML, like Gecko; compatible; bingbot/2.0; +http://www.bing.com/bingbot.htm) Chrome/116.0.1938.76 Safari/537.36"
52.167.144.162 - - [11/Jan/2025:16:26:08 +0300] "GET /resource/?path=/home/ncdcgo/public_html/store.ncdc.go.ug HTTP/2.0" 500 3098 "-" "Mozilla/5.0 AppleWebKit/537.36 (KHTML, like Gecko; compatible; bingbot/2.0; +http://www.bing.com/bingbot.htm) Chrome/116.0.1938.76 Safari/537.36"
52.167.144.162 - - [11/Jan/2025:16:26:09 +0300] "GET /resource/?path=/home/ncdcgo/moodledata/filedir/34 HTTP/2.0" 500 3098 "-" "Mozilla/5.0 AppleWebKit/537.36 (KHTML, like Gecko; compatible; bingbot/2.0; +http://www.bing.com/bingbot.htm) Chrome/116.0.1938.76 Safari/537.36"
52.167.144.162 - - [11/Jan/2025:16:26:09 +0300] "GET /resource/?path=/home/ncdcgo/moodledata/filedir/37 HTTP/2.0" 500 3098 "-" "Mozilla/5.0 AppleWebKit/537.36 (KHTML, like Gecko; compatible; bingbot/2.0; +http://www.bing.com/bingbot.htm) Chrome/116.0.1938.76 Safari/537.36"
52.167.144.162 - - [11/Jan/2025:16:26:11 +0300] "GET /resource/?path=/home/ncdcgo/moodledata/filedir/fc HTTP/2.0" 500 3098 "-" "Mozilla/5.0 AppleWebKit/537.36 (KHTML, like Gecko; compatible; bingbot/2.0; +http://www.bing.com/bingbot.htm) Chrome/116.0.1938.76 Safari/537.36"
52.167.144.162 - - [11/Jan/2025:16:26:12 +0300] "GET /resource/?path=/home/ncdcgo/moodledata/filedir/fb HTTP/2.0" 500 3098 "-" "Mozilla/5.0 AppleWebKit/537.36 (KHTML, like Gecko; compatible; bingbot/2.0; +http://www.bing.com/bingbot.htm) Chrome/116.0.1938.76 Safari/537.36"
52.167.144.162 - - [11/Jan/2025:16:26:12 +0300] "GET /resource/?path=/home/ncdcgo/moodledata/filedir/d1 HTTP/2.0" 500 3098 "-" "Mozilla/5.0 AppleWebKit/537.36 (KHTML, like Gecko; compatible; bingbot/2.0; +http://www.bing.com/bingbot.htm) Chrome/116.0.1938.76 Safari/537.36"
52.167.144.162 - - [11/Jan/2025:16:26:13 +0300] "GET /resource/?option&path=/home/ncdcgo/moodledata/filedir/a3 HTTP/2.0" 500 3098 "-" "Mozilla/5.0 AppleWebKit/537.36 (KHTML, like Gecko; compatible; bingbot/2.0; +http://www.bing.com/bingbot.htm) Chrome/116.0.1938.76 Safari/537.36"
52.167.144.162 - - [11/Jan/2025:16:26:14 +0300] "GET /resource/?filesrc=/home/ncdcgo/public_html/.htaccess&path=/home/ncdcgo/public_html HTTP/2.0" 403 2018 "-" "Mozilla/5.0 AppleWebKit/537.36 (KHTML, like Gecko; compatible; bingbot/2.0; +http://www.bing.com/bingbot.htm) Chrome/116.0.1938.76 Safari/537.36"
52.167.144.162 - - [11/Jan/2025:16:26:14 +0300] "GET /?path=/lib/rpm/redhat HTTP/2.0" 403 32198 "-" "Mozilla/5.0 AppleWebKit/537.36 (KHTML, like Gecko; compatible; bingbot/2.0; +http://www.bing.com/bingbot.htm) Chrome/116.0.1938.76 Safari/537.36"
52.167.144.162 - - [11/Jan/2025:16:26:15 +0300] "GET /?path=/lib/rpm/platform HTTP/2.0" 403 32198 "-" "Mozilla/5.0 AppleWebKit/537.36 (KHTML, like Gecko; compatible; bingbot/2.0; +http://www.bing.com/bingbot.htm) Chrome/116.0.1938.76 Safari/537.36"
185.191.171.15 - - [11/Jan/2025:16:26:19 +0300] "GET /gallery/?19&50-conference-venue&aca&aca&aca&aca&aca&aca&aca&aca&chief-guest%3F32 HTTP/1.1" 200 2017 "-" "Mozilla/5.0 (compatible; SemrushBot/7~bl; +http://www.semrush.com/bot.html)"
52.167.144.162 - - [11/Jan/2025:16:26:22 +0300] "GET /?path=/lib/eclipse/plugins HTTP/2.0" 200 728 "-" "Mozilla/5.0 AppleWebKit/537.36 (KHTML, like Gecko; compatible; bingbot/2.0; +http://www.bing.com/bingbot.htm) Chrome/116.0.1938.76 Safari/537.36"
52.167.144.162 - - [11/Jan/2025:16:26:22 +0300] "GET /?path=/lib/tuned/epyc-eda HTTP/2.0" 200 899 "-" "Mozilla/5.0 AppleWebKit/537.36 (KHTML, like Gecko; compatible; bingbot/2.0; +http://www.bing.com/bingbot.htm) Chrome/116.0.1938.76 Safari/537.36"
52.167.144.162 - - [11/Jan/2025:16:26:23 +0300] "GET /?filesrc=/lib/libxcb-shm.so.0.0.0&path=/lib HTTP/2.0" 200 658 "-" "Mozilla/5.0 AppleWebKit/537.36 (KHTML, like Gecko; compatible; bingbot/2.0; +http://www.bing.com/bingbot.htm) Chrome/116.0.1938.76 Safari/537.36"
52.167.144.162 - - [11/Jan/2025:16:26:24 +0300] "GET /?filesrc=/home/ncdcgo/etc/ncdcgo.rcube.db.1720644893&path=/home/ncdcgo/etc HTTP/2.0" 200 684 "-" "Mozilla/5.0 AppleWebKit/537.36 (KHTML, like Gecko; compatible; bingbot/2.0; +http://www.bing.com/bingbot.htm) Chrome/116.0.1938.76 Safari/537.36"
40.77.167.68 - - [11/Jan/2025:16:26:24 +0300] "GET /resource/?path=/home/ncdcgo/moodledata/filedir/fe HTTP/2.0" 200 902 "-" "Mozilla/5.0 AppleWebKit/537.36 (KHTML, like Gecko; compatible; bingbot/2.0; +http://www.bing.com/bingbot.htm) Chrome/116.0.1938.76 Safari/537.36"
52.167.144.162 - - [11/Jan/2025:16:26:24 +0300] "GET /2025/01/08/sinful-dragon-wilds-comprehend-the-2024-review-of-so-it-on-the-web-slot-game/ HTTP/2.0" 500 3098 "-" "Mozilla/5.0 AppleWebKit/537.36 (KHTML, like Gecko; compatible; bingbot/2.0; +http://www.bing.com/bingbot.htm) Chrome/116.0.1938.76 Safari/537.36"
40.77.167.68 - - [11/Jan/2025:16:26:25 +0300] "GET /resource/?path=/home/ncdcgo/moodledata/filedir/f0 HTTP/2.0" 200 903 "-" "Mozilla/5.0 AppleWebKit/537.36 (KHTML, like Gecko; compatible; bingbot/2.0; +http://www.bing.com/bingbot.htm) Chrome/116.0.1938.76 Safari/537.36"
40.77.167.68 - - [11/Jan/2025:16:26:25 +0300] "GET /?path=/lib/tuned/optimize-serial-console HTTP/2.0" 200 910 "-" "Mozilla/5.0 AppleWebKit/537.36 (KHTML, like Gecko; compatible; bingbot/2.0; +http://www.bing.com/bingbot.htm) Chrome/116.0.1938.76 Safari/537.36"
40.77.167.68 - - [11/Jan/2025:16:26:26 +0300] "GET /resource/?path=/home/ncdcgo/moodledata/filedir/cd HTTP/2.0" 200 902 "-" "Mozilla/5.0 AppleWebKit/537.36 (KHTML, like Gecko; compatible; bingbot/2.0; +http://www.bing.com/bingbot.htm) Chrome/116.0.1938.76 Safari/537.36"
85.208.96.193 - - [11/Jan/2025:16:26:26 +0300] "GET /gallery/?government-trains-teachers-lab-technicians&parliament&parliament&parliament&sample%3F20%3Fdirector-launching-ncdc-50 HTTP/1.1" 200 2018 "-" "Mozilla/5.0 (compatible; SemrushBot/7~bl; +http://www.semrush.com/bot.html)"
40.77.167.68 - - [11/Jan/2025:16:26:27 +0300] "GET /?path=/lib/tuned/network-latency HTTP/2.0" 200 905 "-" "Mozilla/5.0 AppleWebKit/537.36 (KHTML, like Gecko; compatible; bingbot/2.0; +http://www.bing.com/bingbot.htm) Chrome/116.0.1938.76 Safari/537.36"
52.167.144.162 - - [11/Jan/2025:16:26:27 +0300] "GET /resource/?path=/home/ncdcgo/moodledata/filedir/b8 HTTP/2.0" 200 930 "-" "Mozilla/5.0 AppleWebKit/537.36 (KHTML, like Gecko; compatible; bingbot/2.0; +http://www.bing.com/bingbot.htm) Chrome/116.0.1938.76 Safari/537.36"
40.77.167.68 - - [11/Jan/2025:16:26:28 +0300] "GET /resource/?path=/home/ncdcgo/moodledata/filedir/aa HTTP/2.0" 200 929 "-" "Mozilla/5.0 AppleWebKit/537.36 (KHTML, like Gecko; compatible; bingbot/2.0; +http://www.bing.com/bingbot.htm) Chrome/116.0.1938.76 Safari/537.36"
40.77.167.68 - - [11/Jan/2025:16:26:28 +0300] "GET /resource/?path=/home/ncdcgo/moodledata/filedir/bd HTTP/2.0" 200 903 "-" "Mozilla/5.0 AppleWebKit/537.36 (KHTML, like Gecko; compatible; bingbot/2.0; +http://www.bing.com/bingbot.htm) Chrome/116.0.1938.76 Safari/537.36"
66.249.93.230 - - [11/Jan/2025:16:26:28 +0300] "GET /sites/all/themes/national/logo.png HTTP/1.1" 500 3098 "-" "Mozilla/5.0 (Windows NT 5.1; rv:11.0) Gecko Firefox/11.0 (via ggpht.com GoogleImageProxy)"
20.161.75.212 - - [11/Jan/2025:16:26:28 +0300] "GET /books/textbook/ HTTP/2.0" 500 3097 "-" "Mozilla/5.0 AppleWebKit/537.36 (KHTML, like Gecko); compatible; ChatGPT-User/1.0; +https://openai.com/bot"
20.161.75.223 - - [11/Jan/2025:16:26:28 +0300] "GET /books/entrepreneurship-syllabus/ HTTP/2.0" 500 3097 "-" "Mozilla/5.0 AppleWebKit/537.36 (KHTML, like Gecko); compatible; ChatGPT-User/1.0; +https://openai.com/bot"
20.161.75.209 - - [11/Jan/2025:16:26:28 +0300] "GET /wp-content/uploads/2024/02/NCDC_-_Advanced_Entreprenuership_2011.pdf HTTP/2.0" 200 609049 "-" "Mozilla/5.0 AppleWebKit/537.36 (KHTML, like Gecko); compatible; ChatGPT-User/1.0; +https://openai.com/bot"
20.161.75.223 - - [11/Jan/2025:16:26:29 +0300] "GET / HTTP/2.0" 200 31136 "-" "Mozilla/5.0 AppleWebKit/537.36 (KHTML, like Gecko); compatible; ChatGPT-User/1.0; +https://openai.com/bot"
40.77.167.68 - - [11/Jan/2025:16:26:29 +0300] "GET /?option&path=/lib/firewalld/services HTTP/2.0" 200 655 "-" "Mozilla/5.0 AppleWebKit/537.36 (KHTML, like Gecko; compatible; bingbot/2.0; +http://www.bing.com/bingbot.htm) Chrome/116.0.1938.76 Safari/537.36"
20.161.75.210 - - [11/Jan/2025:16:26:28 +0300] "GET /wp-content/uploads/2024/02/LATIN_SYLLABUS_compressed.pdf HTTP/2.0" 200 1333998 "-" "Mozilla/5.0 AppleWebKit/537.36 (KHTML, like Gecko); compatible"
20.161.75.220 - - [11/Jan/2025:16:26:30 +0300] "GET /books/textbook/ HTTP/2.0" 500 3097 "-" "Mozilla/5.0 AppleWebKit/537.36 (KHTML, like Gecko); compatible; ChatGPT-User/1.0; +https://openai.com/bot"
20.161.75.213 - - [11/Jan/2025:16:26:30 +0300] "GET /books/entrepreneurship-syllabus/ HTTP/2.0" 500 3097 "-" "Mozilla/5.0 AppleWebKit/537.36 (KHTML, like Gecko); compatible; ChatGPT-User/1.0; +https://openai.com/bot"
40.77.167.68 - - [11/Jan/2025:16:26:30 +0300] "GET /resource/?path=/home/ncdcgo/moodledata/filedir/ab HTTP/2.0" 200 903 "-" "Mozilla/5.0 AppleWebKit/537.36 (KHTML, like Gecko; compatible; bingbot/2.0; +http://www.bing.com/bingbot.htm) Chrome/116.0.1938.76 Safari/537.36"
20.161.75.216 - - [11/Jan/2025:16:26:28 +0300] "GET /wp-content/uploads/2024/03/Curriculum_Framework.pdf HTTP/2.0" 200 3036068 "-" "Mozilla/5.0 AppleWebKit/537.36 (KHTML, like Gecko); compatible; ChatGPT-User/1.0; +https://openai.com/bot"
40.77.167.68 - - [11/Jan/2025:16:26:30 +0300] "GET /resource/?path=/home/ncdcgo/moodledata/filedir/2f HTTP/2.0" 200 904 "-" "Mozilla/5.0 AppleWebKit/537.36 (KHTML, like Gecko; compatible; bingbot/2.0; +http://www.bing.com/bingbot.htm) Chrome/116.0.1938.76 Safari/537.36"
20.161.75.211 - - [11/Jan/2025:16:26:31 +0300] "GET /books/textbook/ HTTP/2.0" 500 3097 "-" "Mozilla/5.0 AppleWebKit/537.36 (KHTML, like Gecko); compatible; ChatGPT-User/1.0; +https://openai.com/bot"
20.161.75.221 - - [11/Jan/2025:16:26:31 +0300] "GET /books/entrepreneurship-syllabus/ HTTP/2.0" 500 3097 "-" "Mozilla/5.0 AppleWebKit/537.36 (KHTML, like Gecko); compatible; ChatGPT-User/1.0; +https://openai.com/bot"
40.77.167.68 - - [11/Jan/2025:16:26:31 +0300] "GET /?path=/lib/tuned/throughput-performance HTTP/2.0" 200 910 "-" "Mozilla/5.0 AppleWebKit/537.36 (KHTML, like Gecko; compatible; bingbot/2.0; +http://www.bing.com/bingbot.htm) Chrome/116.0.1938.76 Safari/537.36"
20.161.75.221 - - [11/Jan/2025:16:26:31 +0300] "GET /books/textbook/ HTTP/2.0" 500 3097 "-" "Mozilla/5.0 AppleWebKit/537.36 (KHTML, like Gecko); compatible; ChatGPT-User/1.0; +https://openai.com/bot"
20.161.75.221 - - [11/Jan/2025:16:26:31 +0300] "GET /books/entrepreneurship-syllabus/ HTTP/2.0" 500 3097 "-" "Mozilla/5.0 AppleWebKit/537.36 (KHTML, like Gecko); compatible; ChatGPT-User/1.0; +https://openai.com/bot"
85.208.96.209 - - [11/Jan/2025:16:26:32 +0300] "GET /gallery?aca&ncdc-50-conference&ncdc-50-conference&parliament&sample%3F21&thanks&visit-by-ps&welcome-remarks HTTP/1.1" 200 2017 "-" "Mozilla/5.0 (compatible; SemrushBot/7~bl; +http://www.semrush.com/bot.html)"
40.77.167.68 - - [11/Jan/2025:16:26:32 +0300] "GET /?path=/lib/tuned/latency-performance HTTP/2.0" 200 907 "-" "Mozilla/5.0 AppleWebKit/537.36 (KHTML, like Gecko; compatible; bingbot/2.0; +http://www.bing.com/bingbot.htm) Chrome/116.0.1938.76 Safari/537.36"
40.77.167.68 - - [11/Jan/2025:16:26:33 +0300] "GET /resource/?path=/home/ncdcgo/moodledata/filedir/f2 HTTP/2.0" 200 902 "-" "Mozilla/5.0 AppleWebKit/537.36 (KHTML, like Gecko; compatible; bingbot/2.0; +http://www.bing.com/bingbot.htm) Chrome/116.0.1938.76 Safari/537.36"
40.77.167.68 - - [11/Jan/2025:16:26:33 +0300] "GET /?filesrc=/bin/fc-cache-64&path=/bin HTTP/2.0" 200 655 "-" "Mozilla/5.0 AppleWebKit/537.36 (KHTML, like Gecko; compatible; bingbot/2.0; +http://www.bing.com/bingbot.htm) Chrome/116.0.1938.76 Safari/537.36"
40.77.167.68 - - [11/Jan/2025:16:26:34 +0300] "GET /?filesrc=/lib/firewalld/services/kdeconnect.xml&path=/lib/firewalld/services HTTP/2.0" 200 838 "-" "Mozilla/5.0 AppleWebKit/537.36 (KHTML, like Gecko; compatible; bingbot/2.0; +http://www.bing.com/bingbot.htm) Chrome/116.0.1938.76 Safari/537.36"
170.64.150.82 - - [11/Jan/2025:16:26:34 +0300] "GET /books/s-1-s-2-physics-assess/ HTTP/2.0" 500 3096 "https://www.google.com/" "Mozilla/5.0 (Linux; Android 10; K) AppleWebKit/537.36 (KHTML, like Gecko) Chrome/131.0.0.0 Mobile Safari/537.36"
170.64.150.82 - - [11/Jan/2025:16:26:36 +0300] "GET /favicon.ico HTTP/2.0" 500 3096 "https://ncdc.go.ug/books/s-1-s-2-physics-assess/" "Mozilla/5.0 (Linux; Android 10; K) AppleWebKit/537.36 (KHTML, like Gecko) Chrome/131.0.0.0 Mobile Safari/537.36"
40.77.167.68 - - [11/Jan/2025:16:26:39 +0300] "GET /?option&path=/home/ncdcgo/public_html/wp-includes HTTP/2.0" 200 673 "-" "Mozilla/5.0 AppleWebKit/537.36 (KHTML, like Gecko; compatible; bingbot/2.0; +http://www.bing.com/bingbot.htm) Chrome/116.0.1938.76 Safari/537.36"
41.210.143.36 - - [11/Jan/2025:16:26:16 +0300] "GET /wp-content/uploads/2024/02/Biology_Syllabus_compressed.pdf HTTP/1.1" 200 1500429 "-" "AndroidDownloadManager/9 (Linux; U; Android 9; itel W5005 Build/PPR1.180610.011)"
40.77.167.68 - - [11/Jan/2025:16:26:40 +0300] "GET /?filesrc=/lib/firewalld/services/audit.xml&path=/lib/firewalld/services HTTP/2.0" 200 874 "-" "Mozilla/5.0 AppleWebKit/537.36 (KHTML, like Gecko; compatible; bingbot/2.0; +http://www.bing.com/bingbot.htm) Chrome/116.0.1938.76 Safari/537.36"
52.167.144.149 - - [11/Jan/2025:16:26:44 +0300] "GET /?path=/lib/rpm/fileattrs HTTP/2.0" 200 1339 "-" "Mozilla/5.0 AppleWebKit/537.36 (KHTML, like Gecko; compatible; bingbot/2.0; +http://www.bing.com/bingbot.htm) Chrome/116.0.1938.76 Safari/537.36"
52.167.144.149 - - [11/Jan/2025:16:26:44 +0300] "GET /?path=/etc/alternatives/jre_openjdk HTTP/2.0" 200 1075 "-" "Mozilla/5.0 AppleWebKit/537.36 (KHTML, like Gecko; compatible; bingbot/2.0; +http://www.bing.com/bingbot.htm) Chrome/116.0.1938.76 Safari/537.36"
52.167.144.149 - - [11/Jan/2025:16:26:45 +0300] "GET /?path=/lib/locale HTTP/2.0" 200 1658 "-" "Mozilla/5.0 AppleWebKit/537.36 (KHTML, like Gecko; compatible; bingbot/2.0; +http://www.bing.com/bingbot.htm) Chrome/116.0.1938.76 Safari/537.36"
52.167.144.149 - - [11/Jan/2025:16:26:46 +0300] "GET /?path=/lib/firewalld/policies HTTP/2.0" 200 915 "-" "Mozilla/5.0 AppleWebKit/537.36 (KHTML, like Gecko; compatible; bingbot/2.0; +http://www.bing.com/bingbot.htm) Chrome/116.0.1938.76 Safari/537.36"
52.167.144.149 - - [11/Jan/2025:16:26:46 +0300] "GET /?path=/lib/firewalld/icmptypes HTTP/2.0" 403 32198 "-" "Mozilla/5.0 AppleWebKit/537.36 (KHTML, like Gecko; compatible; bingbot/2.0; +http://www.bing.com/bingbot.htm) Chrome/116.0.1938.76 Safari/537.36"
52.167.144.149 - - [11/Jan/2025:16:26:47 +0300] "GET /?path=/lib/firewalld/helpers HTTP/2.0" 403 32198 "-" "Mozilla/5.0 AppleWebKit/537.36 (KHTML, like Gecko; compatible; bingbot/2.0; +http://www.bing.com/bingbot.htm) Chrome/116.0.1938.76 Safari/537.36"
52.167.144.149 - - [11/Jan/2025:16:26:48 +0300] "GET /?path=/lib/fontconfig/cache HTTP/2.0" 403 32198 "-" "Mozilla/5.0 AppleWebKit/537.36 (KHTML, like Gecko; compatible; bingbot/2.0; +http://www.bing.com/bingbot.htm) Chrome/116.0.1938.76 Safari/537.36"
154.72.192.35 - - [11/Jan/2025:16:26:48 +0300] "HEAD / HTTP/1.1" 200 - "-" "Uptime-Kuma/1.23.11"
52.167.144.149 - - [11/Jan/2025:16:26:48 +0300] "GET /resource/?path=/home/ncdcgo/moodledata/filedir/b3 HTTP/2.0" 500 3096 "-" "Mozilla/5.0 AppleWebKit/537.36 (KHTML, like Gecko; compatible; bingbot/2.0; +http://www.bing.com/bingbot.htm) Chrome/116.0.1938.76 Safari/537.36"
52.167.144.149 - - [11/Jan/2025:16:26:49 +0300] "GET /resource/?path=/home/ncdcgo/moodledata/filedir/cb HTTP/2.0" 500 3096 "-" "Mozilla/5.0 AppleWebKit/537.36 (KHTML, like Gecko; compatible; bingbot/2.0; +http://www.bing.com/bingbot.htm) Chrome/116.0.1938.76 Safari/537.36"
52.167.144.149 - - [11/Jan/2025:16:26:50 +0300] "GET /resource/?path=/home/ncdcgo/moodledata/filedir/d8 HTTP/2.0" 500 3096 "-" "Mozilla/5.0 AppleWebKit/537.36 (KHTML, like Gecko; compatible; bingbot/2.0; +http://www.bing.com/bingbot.htm) Chrome/116.0.1938.76 Safari/537.36"
52.167.144.149 - - [11/Jan/2025:16:26:50 +0300] "GET /resource/?path=/home/ncdcgo/moodledata/filedir/a8 HTTP/2.0" 500 3096 "-" "Mozilla/5.0 AppleWebKit/537.36 (KHTML, like Gecko; compatible; bingbot/2.0; +http://www.bing.com/bingbot.htm) Chrome/116.0.1938.76 Safari/537.36"
52.167.144.149 - - [11/Jan/2025:16:26:51 +0300] "GET /resource/?path=/home/ncdcgo/moodledata/filedir/a7 HTTP/2.0" 500 3096 "-" "Mozilla/5.0 AppleWebKit/537.36 (KHTML, like Gecko; compatible; bingbot/2.0; +http://www.bing.com/bingbot.htm) Chrome/116.0.1938.76 Safari/537.36"
52.167.144.149 - - [11/Jan/2025:16:26:51 +0300] "GET /resource/?path=/home/ncdcgo/moodledata/filedir/f3 HTTP/2.0" 500 3096 "-" "Mozilla/5.0 AppleWebKit/537.36 (KHTML, like Gecko; compatible; bingbot/2.0; +http://www.bing.com/bingbot.htm) Chrome/116.0.1938.76 Safari/537.36"
52.167.144.149 - - [11/Jan/2025:16:26:52 +0300] "GET /resource/?path=/home/ncdcgo/moodledata/filedir/ae HTTP/2.0" 500 3096 "-" "Mozilla/5.0 AppleWebKit/537.36 (KHTML, like Gecko; compatible; bingbot/2.0; +http://www.bing.com/bingbot.htm) Chrome/116.0.1938.76 Safari/537.36"
52.167.144.149 - - [11/Jan/2025:16:26:53 +0300] "GET /?path=/lib/vmware-vgauth HTTP/2.0" 403 32198 "-" "Mozilla/5.0 AppleWebKit/537.36 (KHTML, like Gecko; compatible; bingbot/2.0; +http://www.bing.com/bingbot.htm) Chrome/116.0.1938.76 Safari/537.36"
52.167.144.149 - - [11/Jan/2025:16:26:53 +0300] "GET /?path=/lib/vmware-tools HTTP/2.0" 403 32198 "-" "Mozilla/5.0 AppleWebKit/537.36 (KHTML, like Gecko; compatible; bingbot/2.0; +http://www.bing.com/bingbot.htm) Chrome/116.0.1938.76 Safari/537.36"
52.167.144.149 - - [11/Jan/2025:16:26:54 +0300] "GET /resource/?option&path=/bin HTTP/2.0" 500 3096 "-" "Mozilla/5.0 AppleWebKit/537.36 (KHTML, like Gecko; compatible; bingbot/2.0; +http://www.bing.com/bingbot.htm) Chrome/116.0.1938.76 Safari/537.36"
52.167.144.149 - - [11/Jan/2025:16:26:54 +0300] "GET /?path=/lib/tuned/cloudlinux-vz HTTP/2.0" 403 32198 "-" "Mozilla/5.0 AppleWebKit/537.36 (KHTML, like Gecko; compatible; bingbot/2.0; +http://www.bing.com/bingbot.htm) Chrome/116.0.1938.76 Safari/537.36"
52.167.144.149 - - [11/Jan/2025:16:26:55 +0300] "GET /?path=/lib/tuned/desktop HTTP/2.0" 403 32198 "-" "Mozilla/5.0 AppleWebKit/537.36 (KHTML, like Gecko; compatible; bingbot/2.0; +http://www.bing.com/bingbot.htm) Chrome/116.0.1938.76 Safari/537.36"
52.167.144.149 - - [11/Jan/2025:16:26:56 +0300] "GET /?path=/lib/tuned/cloudlinux-latency-performance HTTP/2.0" 403 32198 "-" "Mozilla/5.0 AppleWebKit/537.36 (KHTML, like Gecko; compatible; bingbot/2.0; +http://www.bing.com/bingbot.htm) Chrome/116.0.1938.76 Safari/537.36"
52.167.144.149 - - [11/Jan/2025:16:26:56 +0300] "GET /?path=/lib/tuned/hpc-compute HTTP/2.0" 403 32198 "-" "Mozilla/5.0 AppleWebKit/537.36 (KHTML, like Gecko; compatible; bingbot/2.0; +http://www.bing.com/bingbot.htm) Chrome/116.0.1938.76 Safari/537.36"
52.167.144.149 - - [11/Jan/2025:16:26:57 +0300] "GET /?option&path=/home/ncdcgo/moodledata/filedir/f3 HTTP/2.0" 403 32198 "-" "Mozilla/5.0 AppleWebKit/537.36 (KHTML, like Gecko; compatible; bingbot/2.0; +http://www.bing.com/bingbot.htm) Chrome/116.0.1938.76 Safari/537.36"
52.167.144.149 - - [11/Jan/2025:16:26:57 +0300] "GET /?option&path=/lib/tuned/optimize-serial-console HTTP/2.0" 403 32198 "-" "Mozilla/5.0 AppleWebKit/537.36 (KHTML, like Gecko; compatible; bingbot/2.0; +http://www.bing.com/bingbot.htm) Chrome/116.0.1938.76 Safari/537.36"
52.167.144.149 - - [11/Jan/2025:16:26:58 +0300] "GET /resource/?filesrc=/home/ncdcgo/public_html/wp-activate.php&path=/home/ncdcgo/public_html HTTP/2.0" 500 3096 "-" "Mozilla/5.0 AppleWebKit/537.36 (KHTML, like Gecko; compatible; bingbot/2.0; +http://www.bing.com/bingbot.htm) Chrome/116.0.1938.76 Safari/537.36"
185.191.171.13 - - [11/Jan/2025:16:26:58 +0300] "GET /gallery/?about-the-conference&aca&aca&aca&chief-guest&chief-guest&chief-guest&chief-guest%3F137 HTTP/1.1" 200 2017 "-" "Mozilla/5.0 (compatible; SemrushBot/7~bl; +http://www.semrush.com/bot.html)"
52.167.144.149 - - [11/Jan/2025:16:26:58 +0300] "GET /resource/?filesrc=/home/ncdcgo/public_html/phpinfo.php&path=/home/ncdcgo/public_html HTTP/2.0" 500 3096 "-" "Mozilla/5.0 AppleWebKit/537.36 (KHTML, like Gecko; compatible; bingbot/2.0; +http://www.bing.com/bingbot.htm) Chrome/116.0.1938.76 Safari/537.36"
52.167.144.149 - - [11/Jan/2025:16:26:59 +0300] "GET /resource/?filesrc=/home/ncdcgo/public_html/wp-settings.php&path=/home/ncdcgo/public_html HTTP/2.0" 500 3096 "-" "Mozilla/5.0 AppleWebKit/537.36 (KHTML, like Gecko; compatible; bingbot/2.0; +http://www.bing.com/bingbot.htm) Chrome/116.0.1938.76 Safari/537.36"
52.167.144.149 - - [11/Jan/2025:16:27:00 +0300] "GET /resource/?filesrc=/home/ncdcgo/public_html/wp-signup.php&path=/home/ncdcgo/public_html HTTP/2.0" 500 3096 "-" "Mozilla/5.0 AppleWebKit/537.36 (KHTML, like Gecko; compatible; bingbot/2.0; +http://www.bing.com/bingbot.htm) Chrome/116.0.1938.76 Safari/537.36"
52.167.144.149 - - [11/Jan/2025:16:27:00 +0300] "GET /resource/?filesrc=/home/ncdcgo/public_html/wp-trackback.php&path=/home/ncdcgo/public_html HTTP/2.0" 500 3096 "-" "Mozilla/5.0 AppleWebKit/537.36 (KHTML, like Gecko; compatible; bingbot/2.0; +http://www.bing.com/bingbot.htm) Chrome/116.0.1938.76 Safari/537.36"
52.167.144.149 - - [11/Jan/2025:16:27:01 +0300] "GET /?filesrc=/bin/expand&path=/bin HTTP/2.0" 403 32198 "-" "Mozilla/5.0 AppleWebKit/537.36 (KHTML, like Gecko; compatible; bingbot/2.0; +http://www.bing.com/bingbot.htm) Chrome/116.0.1938.76 Safari/537.36"
52.167.144.149 - - [11/Jan/2025:16:27:01 +0300] "GET /?filesrc=/bin/bzcmp&path=/bin HTTP/2.0" 403 32198 "-" "Mozilla/5.0 AppleWebKit/537.36 (KHTML, like Gecko; compatible; bingbot/2.0; +http://www.bing.com/bingbot.htm) Chrome/116.0.1938.76 Safari/537.36"
85.208.96.210 - - [11/Jan/2025:16:27:14 +0300] "GET /gallery/?aca&ncdc-50-conference&sample&teacher-training-on-abridged-curriculum-2&teacher-training-on-abridged-curriculum-2&welcome-remarks%3F50 HTTP/1.1" 200 2018 "-" "Mozilla/5.0 (compatible; SemrushBot/7~bl; +http://www.semrush.com/bot.html)"
52.167.144.162 - - [11/Jan/2025:16:27:14 +0300] "GET /resource/?option&path=/home/ncdcgo/moodledata/filedir/a3 HTTP/2.0" 200 671 "-" "Mozilla/5.0 AppleWebKit/537.36 (KHTML, like Gecko; compatible; bingbot/2.0; +http://www.bing.com/bingbot.htm) Chrome/116.0.1938.76 Safari/537.36"
52.167.144.162 - - [11/Jan/2025:16:27:15 +0300] "GET /?option&path=/etc/ssh HTTP/2.0" 200 637 "-" "Mozilla/5.0 AppleWebKit/537.36 (KHTML, like Gecko; compatible; bingbot/2.0; +http://www.bing.com/bingbot.htm) Chrome/116.0.1938.76 Safari/537.36"
52.167.144.162 - - [11/Jan/2025:16:27:16 +0300] "GET /resource/?path=/home/ncdcgo/moodledata/filedir/3d HTTP/2.0" 200 949 "-" "Mozilla/5.0 AppleWebKit/537.36 (KHTML, like Gecko; compatible; bingbot/2.0; +http://www.bing.com/bingbot.htm) Chrome/116.0.1938.76 Safari/537.36"
52.167.144.162 - - [11/Jan/2025:16:27:17 +0300] "GET /resource/?path=/home/ncdcgo/moodledata/filedir/34 HTTP/2.0" 200 904 "-" "Mozilla/5.0 AppleWebKit/537.36 (KHTML, like Gecko; compatible; bingbot/2.0; +http://www.bing.com/bingbot.htm) Chrome/116.0.1938.76 Safari/537.36"
52.167.144.162 - - [11/Jan/2025:16:27:17 +0300] "GET /resource/?path=/home/ncdcgo/moodledata/filedir/b5 HTTP/2.0" 200 927 "-" "Mozilla/5.0 AppleWebKit/537.36 (KHTML, like Gecko; compatible; bingbot/2.0; +http://www.bing.com/bingbot.htm) Chrome/116.0.1938.76 Safari/537.36"
52.167.144.162 - - [11/Jan/2025:16:27:18 +0300] "GET /resource/?path=/home/ncdcgo/moodledata/filedir/fc HTTP/2.0" 200 903 "-" "Mozilla/5.0 AppleWebKit/537.36 (KHTML, like Gecko; compatible; bingbot/2.0; +http://www.bing.com/bingbot.htm) Chrome/116.0.1938.76 Safari/537.36"
52.167.144.162 - - [11/Jan/2025:16:27:19 +0300] "GET /resource/?path=/home/ncdcgo/moodledata/filedir/37 HTTP/2.0" 500 3098 "-" "Mozilla/5.0 AppleWebKit/537.36 (KHTML, like Gecko; compatible; bingbot/2.0; +http://www.bing.com/bingbot.htm) Chrome/116.0.1938.76 Safari/537.36"
52.167.144.162 - - [11/Jan/2025:16:27:19 +0300] "GET /?path=/lib/sse2 HTTP/2.0" 200 716 "-" "Mozilla/5.0 AppleWebKit/537.36 (KHTML, like Gecko; compatible; bingbot/2.0; +http://www.bing.com/bingbot.htm) Chrome/116.0.1938.76 Safari/537.36"
52.167.144.162 - - [11/Jan/2025:16:27:20 +0300] "GET /resource/?path=/home/ncdcgo/moodledata/filedir/fb HTTP/2.0" 500 3098 "-" "Mozilla/5.0 AppleWebKit/537.36 (KHTML, like Gecko; compatible; bingbot/2.0; +http://www.bing.com/bingbot.htm) Chrome/116.0.1938.76 Safari/537.36"
52.167.144.162 - - [11/Jan/2025:16:27:21 +0300] "GET /?path=/lib/firmware HTTP/2.0" 403 32198 "-" "Mozilla/5.0 AppleWebKit/537.36 (KHTML, like Gecko; compatible; bingbot/2.0; +http://www.bing.com/bingbot.htm) Chrome/116.0.1938.76 Safari/537.36"
52.167.144.162 - - [11/Jan/2025:16:27:21 +0300] "GET /resource/?path=/home/ncdcgo/moodledata/filedir/d1 HTTP/2.0" 500 3098 "-" "Mozilla/5.0 AppleWebKit/537.36 (KHTML, like Gecko; compatible; bingbot/2.0; +http://www.bing.com/bingbot.htm) Chrome/116.0.1938.76 Safari/537.36"
52.167.144.162 - - [11/Jan/2025:16:27:22 +0300] "GET /?path=/lib/modules-load.d HTTP/2.0" 403 32198 "-" "Mozilla/5.0 AppleWebKit/537.36 (KHTML, like Gecko; compatible; bingbot/2.0; +http://www.bing.com/bingbot.htm) Chrome/116.0.1938.76 Safari/537.36"
52.167.144.162 - - [11/Jan/2025:16:27:22 +0300] "GET /?path=/lib/rpm/platform HTTP/2.0" 403 32198 "-" "Mozilla/5.0 AppleWebKit/537.36 (KHTML, like Gecko; compatible; bingbot/2.0; +http://www.bing.com/bingbot.htm) Chrome/116.0.1938.76 Safari/537.36"
52.167.144.162 - - [11/Jan/2025:16:27:23 +0300] "GET /resource/?option&path=/home/ncdcgo/moodledata/filedir/fe HTTP/2.0" 500 3098 "-" "Mozilla/5.0 AppleWebKit/537.36 (KHTML, like Gecko; compatible; bingbot/2.0; +http://www.bing.com/bingbot.htm) Chrome/116.0.1938.76 Safari/537.36"
52.167.144.162 - - [11/Jan/2025:16:27:24 +0300] "GET /?path=/lib/debug HTTP/2.0" 403 32198 "-" "Mozilla/5.0 AppleWebKit/537.36 (KHTML, like Gecko; compatible; bingbot/2.0; +http://www.bing.com/bingbot.htm) Chrome/116.0.1938.76 Safari/537.36"
52.167.144.162 - - [11/Jan/2025:16:27:24 +0300] "GET /?path=/lib/rpm/redhat HTTP/2.0" 403 32198 "-" "Mozilla/5.0 AppleWebKit/537.36 (KHTML, like Gecko; compatible; bingbot/2.0; +http://www.bing.com/bingbot.htm) Chrome/116.0.1938.76 Safari/537.36"
40.77.167.68 - - [11/Jan/2025:16:27:30 +0300] "GET /?path=/etc/alternatives/jre_openjdk/bin HTTP/2.0" 200 1194 "-" "Mozilla/5.0 AppleWebKit/537.36 (KHTML, like Gecko; compatible; bingbot/2.0; +http://www.bing.com/bingbot.htm) Chrome/116.0.1938.76 Safari/537.36"
40.77.167.68 - - [11/Jan/2025:16:27:30 +0300] "GET /?path=/etc/alternatives/jre_openjdk/lib HTTP/2.0" 200 1755 "-" "Mozilla/5.0 AppleWebKit/537.36 (KHTML, like Gecko; compatible; bingbot/2.0; +http://www.bing.com/bingbot.htm) Chrome/116.0.1938.76 Safari/537.36"
85.208.96.208 - - [11/Jan/2025:16:27:33 +0300] "GET /gallery/?50-conference-venue&50-conference-venue&50-conference-venue&ncdc-50-conference&ncdc-50-conference&sample%3F40 HTTP/1.1" 200 2016 "-" "Mozilla/5.0 (compatible; SemrushBot/7~bl; +http://www.semrush.com/bot.html)"
52.167.144.149 - - [11/Jan/2025:16:27:35 +0300] "GET /resource/?path=/home/ncdcgo/moodledata/filedir/cb HTTP/2.0" 200 902 "-" "Mozilla/5.0 AppleWebKit/537.36 (KHTML, like Gecko; compatible; bingbot/2.0; +http://www.bing.com/bingbot.htm) Chrome/116.0.1938.76 Safari/537.36"
52.167.144.149 - - [11/Jan/2025:16:27:36 +0300] "GET /resource/?path=/home/ncdcgo/moodledata/filedir/d8 HTTP/2.0" 200 904 "-" "Mozilla/5.0 AppleWebKit/537.36 (KHTML, like Gecko; compatible; bingbot/2.0; +http://www.bing.com/bingbot.htm) Chrome/116.0.1938.76 Safari/537.36"
85.208.96.206 - - [11/Jan/2025:16:27:36 +0300] "GET /gallery?50-conference-venue&aca&ncdc-50-conference&parliament&sample%3F20&stepu&thanks&welcome-remarks%3F48 HTTP/1.1" 200 2017 "-" "Mozilla/5.0 (compatible; SemrushBot/7~bl; +http://www.semrush.com/bot.html)"
52.167.144.149 - - [11/Jan/2025:16:27:36 +0300] "GET /resource/?path=/home/ncdcgo/moodledata/filedir/a8 HTTP/2.0" 200 904 "-" "Mozilla/5.0 AppleWebKit/537.36 (KHTML, like Gecko; compatible; bingbot/2.0; +http://www.bing.com/bingbot.htm) Chrome/116.0.1938.76 Safari/537.36"
41.210.143.36 - - [11/Jan/2025:16:26:51 +0300] "GET /wp-content/uploads/2024/02/Georgraphy-Syllabus.pdf HTTP/1.1" 200 5862187 "-" "AndroidDownloadManager/9 (Linux; U; Android 9; itel W5005 Build/PPR1.180610.011)"
52.167.144.149 - - [11/Jan/2025:16:27:37 +0300] "GET /resource/?path=/home/ncdcgo/moodledata/filedir/b3 HTTP/2.0" 200 904 "-" "Mozilla/5.0 AppleWebKit/537.36 (KHTML, like Gecko; compatible; bingbot/2.0; +http://www.bing.com/bingbot.htm) Chrome/116.0.1938.76 Safari/537.36"
52.167.144.149 - - [11/Jan/2025:16:27:38 +0300] "GET /resource/?path=/home/ncdcgo/moodledata/filedir/ae HTTP/2.0" 200 897 "-" "Mozilla/5.0 AppleWebKit/537.36 (KHTML, like Gecko; compatible; bingbot/2.0; +http://www.bing.com/bingbot.htm) Chrome/116.0.1938.76 Safari/537.36"
52.167.144.149 - - [11/Jan/2025:16:27:39 +0300] "GET /resource/?path=/home/ncdcgo/moodledata/filedir/a7 HTTP/2.0" 500 3096 "-" "Mozilla/5.0 AppleWebKit/537.36 (KHTML, like Gecko; compatible; bingbot/2.0; +http://www.bing.com/bingbot.htm) Chrome/116.0.1938.76 Safari/537.36"
52.167.144.149 - - [11/Jan/2025:16:27:39 +0300] "GET /resource/?path=/home/ncdcgo/moodledata/filedir/f3 HTTP/2.0" 500 3096 "-" "Mozilla/5.0 AppleWebKit/537.36 (KHTML, like Gecko; compatible; bingbot/2.0; +http://www.bing.com/bingbot.htm) Chrome/116.0.1938.76 Safari/537.36"
185.191.171.12 - - [11/Jan/2025:16:27:40 +0300] "GET /gallery/?aca&job-fair&ncdc-50-conference&sample&stepu&thanks&thanks&thanks&welcome-remarks%3F37 HTTP/1.1" 200 2017 "-" "Mozilla/5.0 (compatible; SemrushBot/7~bl; +http://www.semrush.com/bot.html)"
52.167.144.149 - - [11/Jan/2025:16:27:40 +0300] "GET /?path=/lib/tuned/cloudlinux-vz HTTP/2.0" 403 32198 "-" "Mozilla/5.0 AppleWebKit/537.36 (KHTML, like Gecko; compatible; bingbot/2.0; +http://www.bing.com/bingbot.htm) Chrome/116.0.1938.76 Safari/537.36"
52.167.144.149 - - [11/Jan/2025:16:27:41 +0300] "GET /?path=/lib/firewalld/icmptypes HTTP/2.0" 403 32198 "-" "Mozilla/5.0 AppleWebKit/537.36 (KHTML, like Gecko; compatible; bingbot/2.0; +http://www.bing.com/bingbot.htm) Chrome/116.0.1938.76 Safari/537.36"
52.167.144.149 - - [11/Jan/2025:16:27:41 +0300] "GET /?path=/lib/tuned/hpc-compute HTTP/2.0" 403 32198 "-" "Mozilla/5.0 AppleWebKit/537.36 (KHTML, like Gecko; compatible; bingbot/2.0; +http://www.bing.com/bingbot.htm) Chrome/116.0.1938.76 Safari/537.36"
52.167.144.149 - - [11/Jan/2025:16:27:42 +0300] "GET /?option&path=/home/ncdcgo/moodledata/filedir/f3 HTTP/2.0" 403 32198 "-" "Mozilla/5.0 AppleWebKit/537.36 (KHTML, like Gecko; compatible; bingbot/2.0; +http://www.bing.com/bingbot.htm) Chrome/116.0.1938.76 Safari/537.36"
52.167.144.149 - - [11/Jan/2025:16:27:42 +0300] "GET /?path=/lib/tuned/cloudlinux-latency-performance HTTP/2.0" 403 32198 "-" "Mozilla/5.0 AppleWebKit/537.36 (KHTML, like Gecko; compatible; bingbot/2.0; +http://www.bing.com/bingbot.htm) Chrome/116.0.1938.76 Safari/537.36"
52.167.144.149 - - [11/Jan/2025:16:27:43 +0300] "GET /?option&path=/lib/tuned/optimize-serial-console HTTP/2.0" 403 32198 "-" "Mozilla/5.0 AppleWebKit/537.36 (KHTML, like Gecko; compatible; bingbot/2.0; +http://www.bing.com/bingbot.htm) Chrome/116.0.1938.76 Safari/537.36"
185.191.171.7 - - [11/Jan/2025:16:27:43 +0300] "GET /gallery?50-conference-venue&50-conference-venue&about-the-conference&about-the-conference&aca&chief-guest&ncdc-50-conference&welcome-remarks HTTP/1.1" 200 2017 "-" "Mozilla/5.0 (compatible; SemrushBot/7~bl; +http://www.semrush.com/bot.html)"
52.167.144.149 - - [11/Jan/2025:16:27:43 +0300] "GET /?path=/lib/fontconfig/cache HTTP/2.0" 403 32198 "-" "Mozilla/5.0 AppleWebKit/537.36 (KHTML, like Gecko; compatible; bingbot/2.0; +http://www.bing.com/bingbot.htm) Chrome/116.0.1938.76 Safari/537.36"
52.167.144.149 - - [11/Jan/2025:16:27:44 +0300] "GET /?path=/lib/vmware-tools HTTP/2.0" 403 32198 "-" "Mozilla/5.0 AppleWebKit/537.36 (KHTML, like Gecko; compatible; bingbot/2.0; +http://www.bing.com/bingbot.htm) Chrome/116.0.1938.76 Safari/537.36"
52.167.144.149 - - [11/Jan/2025:16:27:44 +0300] "GET /?path=/lib/firewalld/helpers HTTP/2.0" 403 32198 "-" "Mozilla/5.0 AppleWebKit/537.36 (KHTML, like Gecko; compatible; bingbot/2.0; +http://www.bing.com/bingbot.htm) Chrome/116.0.1938.76 Safari/537.36"
52.167.144.149 - - [11/Jan/2025:16:27:45 +0300] "GET /?path=/lib/tuned/desktop HTTP/2.0" 403 32198 "-" "Mozilla/5.0 AppleWebKit/537.36 (KHTML, like Gecko; compatible; bingbot/2.0; +http://www.bing.com/bingbot.htm) Chrome/116.0.1938.76 Safari/537.36"
52.167.144.149 - - [11/Jan/2025:16:27:45 +0300] "GET /resource/?option&path=/bin HTTP/2.0" 500 3096 "-" "Mozilla/5.0 AppleWebKit/537.36 (KHTML, like Gecko; compatible; bingbot/2.0; +http://www.bing.com/bingbot.htm) Chrome/116.0.1938.76 Safari/537.36"
52.167.144.149 - - [11/Jan/2025:16:27:46 +0300] "GET /?path=/lib/vmware-vgauth HTTP/2.0" 403 32198 "-" "Mozilla/5.0 AppleWebKit/537.36 (KHTML, like Gecko; compatible; bingbot/2.0; +http://www.bing.com/bingbot.htm) Chrome/116.0.1938.76 Safari/537.36"
52.22.236.30 - - [11/Jan/2025:16:27:46 +0300] "HEAD / HTTP/1.1" 200 - "https://ncdc.go.ug/" "Mozilla/5.0+(compatible; UptimeRobot/2.0; http://www.uptimerobot.com/)"
52.167.144.149 - - [11/Jan/2025:16:27:47 +0300] "GET /?filesrc=/lib/rpm/pythondeps.sh&path=/lib/rpm HTTP/2.0" 403 32198 "-" "Mozilla/5.0 AppleWebKit/537.36 (KHTML, like Gecko; compatible; bingbot/2.0; +http://www.bing.com/bingbot.htm) Chrome/116.0.1938.76 Safari/537.36"
52.167.144.149 - - [11/Jan/2025:16:27:47 +0300] "GET /?filesrc=/lib/firewalld/services/wbem-https.xml&path=/lib/firewalld/services HTTP/2.0" 403 32198 "-" "Mozilla/5.0 AppleWebKit/537.36 (KHTML, like Gecko; compatible; bingbot/2.0; +http://www.bing.com/bingbot.htm) Chrome/116.0.1938.76 Safari/537.36"
185.191.171.15 - - [11/Jan/2025:16:27:48 +0300] "GET /gallery?50-conference-venue&job-fair&job-fair&job-fair&ncdc-collaboration&sample%3F20%3Flunaching-of-ncdc-50-entertainment HTTP/1.1" 200 2017 "-" "Mozilla/5.0 (compatible; SemrushBot/7~bl; +http://www.semrush.com/bot.html)"
52.167.144.149 - - [11/Jan/2025:16:27:48 +0300] "GET /?option&path=/lib/udev/hwdb.d HTTP/2.0" 403 32198 "-" "Mozilla/5.0 AppleWebKit/537.36 (KHTML, like Gecko; compatible; bingbot/2.0; +http://www.bing.com/bingbot.htm) Chrome/116.0.1938.76 Safari/537.36"
154.72.192.35 - - [11/Jan/2025:16:27:49 +0300] "HEAD / HTTP/1.1" 200 - "-" "Uptime-Kuma/1.23.11"
170.64.150.82 - - [11/Jan/2025:16:27:48 +0300] "GET /wp-content/uploads/2024/04/NCDC_AEP_PHYSICS_LSC_level-1and-2.pdf_Web-file-Final-08.03.2024.pdf HTTP/2.0" 200 1981282 "https://www.google.com/" "Mozilla/5.0 (Linux; Android 10; K) AppleWebKit/537.36 (KHTML, like Gecko) Chrome/131.0.0.0 Mobile Safari/537.36"
52.167.144.149 - - [11/Jan/2025:16:27:51 +0300] "GET /?filesrc=/bin/bzcmp&path=/bin HTTP/2.0" 403 32198 "-" "Mozilla/5.0 AppleWebKit/537.36 (KHTML, like Gecko; compatible; bingbot/2.0; +http://www.bing.com/bingbot.htm) Chrome/116.0.1938.76 Safari/537.36"
52.167.144.162 - - [11/Jan/2025:16:27:57 +0300] "GET /resource/?option&path=/home/ncdcgo/moodledata/filedir/fe HTTP/2.0" 200 669 "-" "Mozilla/5.0 AppleWebKit/537.36 (KHTML, like Gecko; compatible; bingbot/2.0; +http://www.bing.com/bingbot.htm) Chrome/116.0.1938.76 Safari/537.36"
52.167.144.149 - - [11/Jan/2025:16:28:02 +0300] "GET /resource/?path=/home/ncdcgo/moodledata/filedir/f3 HTTP/2.0" 200 900 "-" "Mozilla/5.0 AppleWebKit/537.36 (KHTML, like Gecko; compatible; bingbot/2.0; +http://www.bing.com/bingbot.htm) Chrome/116.0.1938.76 Safari/537.36"
52.167.144.149 - - [11/Jan/2025:16:28:02 +0300] "GET /?filesrc=/bin/expand&path=/bin HTTP/2.0" 200 650 "-" "Mozilla/5.0 AppleWebKit/537.36 (KHTML, like Gecko; compatible; bingbot/2.0; +http://www.bing.com/bingbot.htm) Chrome/116.0.1938.76 Safari/537.36"
185.191.171.8 - - [11/Jan/2025:16:28:07 +0300] "GET /gallery?50-conference-venue&ncdc-collaboration&refresher-training-for-centre-coordinating-tutors-ccts&sample%3F20&teacher-training-on-abridged-curriculum-2 HTTP/1.1" 200 2017 "-" "Mozilla/5.0 (compatible; SemrushBot/7~bl; +http://www.semrush.com/bot.html)"
185.191.171.5 - - [11/Jan/2025:16:28:09 +0300] "GET /gallery/?50-conference-venue&about-the-conference&ncdc-50-conference&ncdc-50-launch&ncdc-collaboration&sample%3Fvisiting-delegation-from-zambia HTTP/1.1" 200 2017 "-" "Mozilla/5.0 (compatible; SemrushBot/7~bl; +http://www.semrush.com/bot.html)"
52.167.144.162 - - [11/Jan/2025:16:28:10 +0300] "GET /resource/?path=/home/ncdcgo/moodledata/filedir/fb HTTP/2.0" 200 929 "-" "Mozilla/5.0 AppleWebKit/537.36 (KHTML, like Gecko; compatible; bingbot/2.0; +http://www.bing.com/bingbot.htm) Chrome/116.0.1938.76 Safari/537.36"
52.167.144.162 - - [11/Jan/2025:16:28:11 +0300] "GET /resource/?path=/home/ncdcgo/moodledata/filedir/37 HTTP/2.0" 200 930 "-" "Mozilla/5.0 AppleWebKit/537.36 (KHTML, like Gecko; compatible; bingbot/2.0; +http://www.bing.com/bingbot.htm) Chrome/116.0.1938.76 Safari/537.36"
52.167.144.162 - - [11/Jan/2025:16:28:12 +0300] "GET /resource/?path=/home/ncdcgo/moodledata/filedir/d1 HTTP/2.0" 200 903 "-" "Mozilla/5.0 AppleWebKit/537.36 (KHTML, like Gecko; compatible; bingbot/2.0; +http://www.bing.com/bingbot.htm) Chrome/116.0.1938.76 Safari/537.36"
52.167.144.149 - - [11/Jan/2025:16:28:13 +0300] "GET /?path=/lib/tuned/cloudlinux-vz HTTP/2.0" 200 905 "-" "Mozilla/5.0 AppleWebKit/537.36 (KHTML, like Gecko; compatible; bingbot/2.0; +http://www.bing.com/bingbot.htm) Chrome/116.0.1938.76 Safari/537.36"
52.167.144.149 - - [11/Jan/2025:16:28:14 +0300] "GET /?path=/lib/tuned/cloudlinux-latency-performance HTTP/2.0" 200 916 "-" "Mozilla/5.0 AppleWebKit/537.36 (KHTML, like Gecko; compatible; bingbot/2.0; +http://www.bing.com/bingbot.htm) Chrome/116.0.1938.76 Safari/537.36"
52.167.144.149 - - [11/Jan/2025:16:28:15 +0300] "GET /resource/?path=/home/ncdcgo/moodledata/filedir/a7 HTTP/2.0" 200 931 "-" "Mozilla/5.0 AppleWebKit/537.36 (KHTML, like Gecko; compatible; bingbot/2.0; +http://www.bing.com/bingbot.htm) Chrome/116.0.1938.76 Safari/537.36"
52.167.144.149 - - [11/Jan/2025:16:28:15 +0300] "GET /?option&path=/home/ncdcgo/moodledata/filedir/f3 HTTP/2.0" 200 671 "-" "Mozilla/5.0 AppleWebKit/537.36 (KHTML, like Gecko; compatible; bingbot/2.0; +http://www.bing.com/bingbot.htm) Chrome/116.0.1938.76 Safari/537.36"
52.167.144.149 - - [11/Jan/2025:16:28:16 +0300] "GET /?path=/lib/tuned/hpc-compute HTTP/2.0" 200 899 "-" "Mozilla/5.0 AppleWebKit/537.36 (KHTML, like Gecko; compatible; bingbot/2.0; +http://www.bing.com/bingbot.htm) Chrome/116.0.1938.76 Safari/537.36"
41.210.159.180 - - [11/Jan/2025:16:28:13 +0300] "GET /wp-content/uploads/2024/02/Art_and_Design_prototype.pdf HTTP/1.1" 200 13451183 "-" "Dalvik/2.1.0 (Linux; U; Android 11; SM-T295 Build/RP1A.200720.012)"
52.167.144.149 - - [11/Jan/2025:16:28:16 +0300] "GET /?option&path=/lib/tuned/optimize-serial-console HTTP/2.0" 200 663 "-" "Mozilla/5.0 AppleWebKit/537.36 (KHTML, like Gecko; compatible; bingbot/2.0; +http://www.bing.com/bingbot.htm) Chrome/116.0.1938.76 Safari/537.36"
52.167.144.149 - - [11/Jan/2025:16:28:17 +0300] "GET /?option&path=/lib/udev/hwdb.d HTTP/2.0" 403 32198 "-" "Mozilla/5.0 AppleWebKit/537.36 (KHTML, like Gecko; compatible; bingbot/2.0; +http://www.bing.com/bingbot.htm) Chrome/116.0.1938.76 Safari/537.36"
52.167.144.149 - - [11/Jan/2025:16:28:22 +0300] "GET /?filesrc=/lib/firewalld/services/wbem-https.xml&path=/lib/firewalld/services HTTP/2.0" 200 886 "-" "Mozilla/5.0 AppleWebKit/537.36 (KHTML, like Gecko; compatible; bingbot/2.0; +http://www.bing.com/bingbot.htm) Chrome/116.0.1938.76 Safari/537.36"
52.167.144.149 - - [11/Jan/2025:16:28:23 +0300] "GET /?filesrc=/lib/rpm/pythondeps.sh&path=/lib/rpm HTTP/2.0" 200 1043 "-" "Mozilla/5.0 AppleWebKit/537.36 (KHTML, like Gecko; compatible; bingbot/2.0; +http://www.bing.com/bingbot.htm) Chrome/116.0.1938.76 Safari/537.36"
85.208.96.209 - - [11/Jan/2025:16:28:25 +0300] "GET /gallery/?50-conference-venue&59&about-the-conference&aca&chief-guest&chief-guest&chief-guest%3F40 HTTP/1.1" 200 2017 "-" "Mozilla/5.0 (compatible; SemrushBot/7~bl; +http://www.semrush.com/bot.html)"
52.167.144.149 - - [11/Jan/2025:16:28:31 +0300] "GET /?path=/lib/firewalld/icmptypes HTTP/2.0" 200 2198 "-" "Mozilla/5.0 AppleWebKit/537.36 (KHTML, like Gecko; compatible; bingbot/2.0; +http://www.bing.com/bingbot.htm) Chrome/116.0.1938.76 Safari/537.36"
52.167.144.149 - - [11/Jan/2025:16:28:32 +0300] "GET /?path=/lib/tuned/desktop HTTP/2.0" 200 899 "-" "Mozilla/5.0 AppleWebKit/537.36 (KHTML, like Gecko; compatible; bingbot/2.0; +http://www.bing.com/bingbot.htm) Chrome/116.0.1938.76 Safari/537.36"
52.167.144.149 - - [11/Jan/2025:16:28:33 +0300] "GET /?path=/lib/fontconfig/cache HTTP/2.0" 200 1341 "-" "Mozilla/5.0 AppleWebKit/537.36 (KHTML, like Gecko; compatible; bingbot/2.0; +http://www.bing.com/bingbot.htm) Chrome/116.0.1938.76 Safari/537.36"
185.191.171.15 - - [11/Jan/2025:16:28:39 +0300] "GET /gallery/?instructional-materials-unit&job-fair&ncdc-50-launch&parliament&parliament&parliament&sample%3F21%3F5 HTTP/1.1" 200 2017 "-" "Mozilla/5.0 (compatible; SemrushBot/7~bl; +http://www.semrush.com/bot.html)"
52.22.236.30 - - [11/Jan/2025:16:28:41 +0300] "HEAD / HTTP/1.1" 200 - "https://ncdc.go.ug/" "Mozilla/5.0+(compatible; UptimeRobot/2.0; http://www.uptimerobot.com/)"
52.167.144.149 - - [11/Jan/2025:16:28:42 +0300] "GET /?path=/lib/firewalld/helpers HTTP/2.0" 200 1225 "-" "Mozilla/5.0 AppleWebKit/537.36 (KHTML, like Gecko; compatible; bingbot/2.0; +http://www.bing.com/bingbot.htm) Chrome/116.0.1938.76 Safari/537.36"
52.167.144.149 - - [11/Jan/2025:16:28:42 +0300] "GET /?path=/lib/vmware-tools HTTP/2.0" 200 1195 "-" "Mozilla/5.0 AppleWebKit/537.36 (KHTML, like Gecko; compatible; bingbot/2.0; +http://www.bing.com/bingbot.htm) Chrome/116.0.1938.76 Safari/537.36"
154.72.192.35 - - [11/Jan/2025:16:28:49 +0300] "HEAD / HTTP/1.1" 200 - "-" "Uptime-Kuma/1.23.11"
52.167.144.162 - - [11/Jan/2025:16:28:50 +0300] "GET /resource/?filesrc=/home/ncdcgo/public_html/.htaccess&path=/home/ncdcgo/public_html HTTP/2.0" 403 2018 "-" "Mozilla/5.0 AppleWebKit/537.36 (KHTML, like Gecko; compatible; bingbot/2.0; +http://www.bing.com/bingbot.htm) Chrome/116.0.1938.76 Safari/537.36"
52.167.144.162 - - [11/Jan/2025:16:28:51 +0300] "GET /?path=/lib/rpm/redhat HTTP/2.0" 200 1397 "-" "Mozilla/5.0 AppleWebKit/537.36 (KHTML, like Gecko; compatible; bingbot/2.0; +http://www.bing.com/bingbot.htm) Chrome/116.0.1938.76 Safari/537.36"
52.167.144.162 - - [11/Jan/2025:16:28:52 +0300] "GET /?path=/lib/firmware HTTP/2.0" 200 9302 "-" "Mozilla/5.0 AppleWebKit/537.36 (KHTML, like Gecko; compatible; bingbot/2.0; +http://www.bing.com/bingbot.htm) Chrome/116.0.1938.76 Safari/537.36"
52.167.144.162 - - [11/Jan/2025:16:28:53 +0300] "GET /?path=/lib/debug HTTP/2.0" 200 965 "-" "Mozilla/5.0 AppleWebKit/537.36 (KHTML, like Gecko; compatible; bingbot/2.0; +http://www.bing.com/bingbot.htm) Chrome/116.0.1938.76 Safari/537.36"
185.191.171.9 - - [11/Jan/2025:16:28:53 +0300] "GET /gallery?aca&aca&ncdc-50-conference&sample&stepu&stepu&teacher-training-on-abridged-curriculum-2&welcome-remarks%3F127 HTTP/1.1" 200 2017 "-" "Mozilla/5.0 (compatible; SemrushBot/7~bl; +http://www.semrush.com/bot.html)"
185.191.171.15 - - [11/Jan/2025:16:28:56 +0300] "GET /gallery/?50-conference-venue&50-conference-venue&50-conference-venue&ncdc-50-launch&parliament&sample%3F22%3Flunaching-of-ncdc-50-entertainment HTTP/1.1" 200 2017 "-" "Mozilla/5.0 (compatible; SemrushBot/7~bl; +http://www.semrush.com/bot.html)"
85.208.96.209 - - [11/Jan/2025:16:28:58 +0300] "GET /gallery/?instructional-materials-unit&instructional-materials-unit&ncdc-50-launch&parliament&parliament&sample%3Ftraining-on-abridged-curriculum HTTP/1.1" 200 2017 "-" "Mozilla/5.0 (compatible; SemrushBot/7~bl; +http://www.semrush.com/bot.html)"
52.167.144.162 - - [11/Jan/2025:16:29:02 +0300] "GET /?path=/lib/rpm/platform HTTP/2.0" 200 2051 "-" "Mozilla/5.0 AppleWebKit/537.36 (KHTML, like Gecko; compatible; bingbot/2.0; +http://www.bing.com/bingbot.htm) Chrome/116.0.1938.76 Safari/537.36"
52.167.144.162 - - [11/Jan/2025:16:29:02 +0300] "GET /resource/?path=/home/ncdcgo/public_html/store.ncdc.go.ug HTTP/2.0" 200 993 "-" "Mozilla/5.0 AppleWebKit/537.36 (KHTML, like Gecko; compatible; bingbot/2.0; +http://www.bing.com/bingbot.htm) Chrome/116.0.1938.76 Safari/537.36"
185.191.171.17 - - [11/Jan/2025:16:29:03 +0300] "GET /gallery?50-conference-venue&50-conference-venue&job-fair&job-fair&job-fair&sample%3F20%3Fzambian-delegation-visiting-stepu HTTP/1.1" 200 2016 "-" "Mozilla/5.0 (compatible; SemrushBot/7~bl; +http://www.semrush.com/bot.html)"
52.167.144.162 - - [11/Jan/2025:16:29:03 +0300] "GET /?path=/lib/modules-load.d HTTP/2.0" 200 941 "-" "Mozilla/5.0 AppleWebKit/537.36 (KHTML, like Gecko; compatible; bingbot/2.0; +http://www.bing.com/bingbot.htm) Chrome/116.0.1938.76 Safari/537.36"
52.167.144.149 - - [11/Jan/2025:16:29:05 +0300] "GET /resource/?option&path=/bin HTTP/2.0" 200 629 "-" "Mozilla/5.0 AppleWebKit/537.36 (KHTML, like Gecko; compatible; bingbot/2.0; +http://www.bing.com/bingbot.htm) Chrome/116.0.1938.76 Safari/537.36"
52.167.144.149 - - [11/Jan/2025:16:29:08 +0300] "GET /?path=/lib/vmware-vgauth HTTP/2.0" 200 1005 "-" "Mozilla/5.0 AppleWebKit/537.36 (KHTML, like Gecko; compatible; bingbot/2.0; +http://www.bing.com/bingbot.htm) Chrome/116.0.1938.76 Safari/537.36"
102.85.233.17 - - [11/Jan/2025:16:29:17 +0300] "GET /category/resources/secondary/a-level-curriculum/ HTTP/2.0" 500 3096 "https://www.google.com/" "Mozilla/5.0 (Linux; Android 10; K) AppleWebKit/537.36 (KHTML, like Gecko) Chrome/131.0.0.0 Mobile Safari/537.36"
102.85.233.17 - - [11/Jan/2025:16:29:18 +0300] "GET /favicon.ico HTTP/2.0" 500 3096 "https://ncdc.go.ug/category/resources/secondary/a-level-curriculum/" "Mozilla/5.0 (Linux; Android 10; K) AppleWebKit/537.36 (KHTML, like Gecko) Chrome/131.0.0.0 Mobile Safari/537.36"
102.85.119.39 - - [11/Jan/2025:16:29:34 +0300] "GET /2024/04/03/alevel-literature-in-english-set-books-2024-2028/ HTTP/2.0" 500 3096 "-" "Mozilla/5.0 (Linux; Android 11; TECNO KG5j Build/RP1A.200720.011) AppleWebKit/537.36 (KHTML, like Gecko) Chrome/131.0.6778.260 Mobile Safari/537.36"
102.85.119.39 - - [11/Jan/2025:16:29:35 +0300] "GET /favicon.ico HTTP/2.0" 500 3096 "https://ncdc.go.ug/2024/04/03/alevel-literature-in-english-set-books-2024-2028/" "Mozilla/5.0 (Linux; Android 11; TECNO KG5j Build/RP1A.200720.011) AppleWebKit/537.36 (KHTML, like Gecko) Chrome/131.0.6778.260 Mobile Safari/537.36"
66.249.83.129 - - [11/Jan/2025:16:29:37 +0300] "GET /2024/04/03/alevel-literature-in-english-set-books-2024-2028/ HTTP/1.1" 500 3098 "-" "Mozilla/5.0 (Linux; Android 7.0; SM-G930V Build/NRD90M) AppleWebKit/537.36 (KHTML, like Gecko) Chrome/59.0.3071.125 Mobile Safari/537.36 (compatible; Google-Read-Aloud; +https://support.google.com/webmasters/answer/1061943)"
66.249.83.129 - - [11/Jan/2025:16:29:37 +0300] "GET /2024/04/03/alevel-literature-in-english-set-books-2024-2028/ HTTP/1.1" 500 3098 "-" "Mozilla/5.0 (Linux; Android 7.0; SM-G930V Build/NRD90M) AppleWebKit/537.36 (KHTML, like Gecko) Chrome/59.0.3071.125 Mobile Safari/537.36 (compatible; Google-Read-Aloud; +https://support.google.com/webmasters/answer/1061943)"
