52.167.144.160 - - [11/Jan/2025:16:57:20 +0300] "GET /resource/?path=/lib/firmware/qcom HTTP/2.0" 500 3097 "-" "Mozilla/5.0 AppleWebKit/537.36 (KHTML, like Gecko; compatible; bingbot/2.0; +http://www.bing.com/bingbot.htm) Chrome/116.0.1938.76 Safari/537.36"
52.167.144.160 - - [11/Jan/2025:16:57:20 +0300] "GET /resource/?path=/lib/firmware/ath10k HTTP/2.0" 500 3097 "-" "Mozilla/5.0 AppleWebKit/537.36 (KHTML, like Gecko; compatible; bingbot/2.0; +http://www.bing.com/bingbot.htm) Chrome/116.0.1938.76 Safari/537.36"
52.167.144.160 - - [11/Jan/2025:16:57:21 +0300] "GET /resource/?path=/lib/firmware/rtl_bt HTTP/2.0" 500 3097 "-" "Mozilla/5.0 AppleWebKit/537.36 (KHTML, like Gecko; compatible; bingbot/2.0; +http://www.bing.com/bingbot.htm) Chrome/116.0.1938.76 Safari/537.36"
52.167.144.160 - - [11/Jan/2025:16:57:22 +0300] "GET /resource/?path=/home/ncdcgo/mail/.okumu_john@ncdc_go_ug HTTP/2.0" 500 3097 "-" "Mozilla/5.0 AppleWebKit/537.36 (KHTML, like Gecko; compatible; bingbot/2.0; +http://www.bing.com/bingbot.htm) Chrome/116.0.1938.76 Safari/537.36"
52.167.144.160 - - [11/Jan/2025:16:57:22 +0300] "GET /resource/?path=/lib/firmware/isci HTTP/2.0" 500 3097 "-" "Mozilla/5.0 AppleWebKit/537.36 (KHTML, like Gecko; compatible; bingbot/2.0; +http://www.bing.com/bingbot.htm) Chrome/116.0.1938.76 Safari/537.36"
52.167.144.160 - - [11/Jan/2025:16:57:23 +0300] "GET /resource/?path=/lib/firmware/brcm HTTP/2.0" 500 3097 "-" "Mozilla/5.0 AppleWebKit/537.36 (KHTML, like Gecko; compatible; bingbot/2.0; +http://www.bing.com/bingbot.htm) Chrome/116.0.1938.76 Safari/537.36"
52.167.144.160 - - [11/Jan/2025:16:57:23 +0300] "GET /resource/?path=/etc/scl HTTP/2.0" 500 3097 "-" "Mozilla/5.0 AppleWebKit/537.36 (KHTML, like Gecko; compatible; bingbot/2.0; +http://www.bing.com/bingbot.htm) Chrome/116.0.1938.76 Safari/537.36"
52.167.144.160 - - [11/Jan/2025:16:57:24 +0300] "GET /resource/?path=/lib/firmware/amdgpu HTTP/2.0" 500 3097 "-" "Mozilla/5.0 AppleWebKit/537.36 (KHTML, like Gecko; compatible; bingbot/2.0; +http://www.bing.com/bingbot.htm) Chrome/116.0.1938.76 Safari/537.36"
52.167.144.160 - - [11/Jan/2025:16:57:25 +0300] "GET /resource/?path=/lib/firmware/microchip HTTP/2.0" 500 3097 "-" "Mozilla/5.0 AppleWebKit/537.36 (KHTML, like Gecko; compatible; bingbot/2.0; +http://www.bing.com/bingbot.htm) Chrome/116.0.1938.76 Safari/537.36"
52.167.144.160 - - [11/Jan/2025:16:57:25 +0300] "GET /?option&path=/lib/gconv HTTP/2.0" 403 32198 "-" "Mozilla/5.0 AppleWebKit/537.36 (KHTML, like Gecko; compatible; bingbot/2.0; +http://www.bing.com/bingbot.htm) Chrome/116.0.1938.76 Safari/537.36"
52.167.144.160 - - [11/Jan/2025:16:57:26 +0300] "GET /resource/?filesrc=/lib/firmware/myri10ge_eth_big_z8e.dat&path=/lib/firmware HTTP/2.0" 500 3097 "-" "Mozilla/5.0 AppleWebKit/537.36 (KHTML, like Gecko; compatible; bingbot/2.0; +http://www.bing.com/bingbot.htm) Chrome/116.0.1938.76 Safari/537.36"
185.191.171.13 - - [11/Jan/2025:16:57:28 +0300] "GET /gallery/?instructional-materials-unit&job-fair&ncdc-collaboration&ncdc-collaboration&ncdc-collaboration&sample%3F20%3F1 HTTP/1.1" 200 2017 "-" "Mozilla/5.0 (compatible; SemrushBot/7~bl; +http://www.semrush.com/bot.html)"
69.63.184.18 - - [11/Jan/2025:16:57:30 +0300] "GET /2024/01/30/2571/ HTTP/2.0" 500 33362 "-" "meta-externalagent/1.1 (+https://developers.facebook.com/docs/sharing/webmasters/crawler)"
69.63.184.21 - - [11/Jan/2025:16:57:30 +0300] "GET /2024/04/04/sample-papers-for-new-lower-secondary/ HTTP/2.0" 500 33362 "-" "meta-externalagent/1.1 (+https://developers.facebook.com/docs/sharing/webmasters/crawler)"
3.141.45.90 - - [11/Jan/2025:16:57:33 +0300] "GET /2023/04 HTTP/2.0" 500 3095 "-" "Mozilla/5.0 AppleWebKit/537.36 (KHTML, like Gecko; compatible; ClaudeBot/1.0; +claudebot@anthropic.com)"
3.141.45.90 - - [11/Jan/2025:16:57:33 +0300] "GET /2025/01/05/thuong-thuc-juwa-777-online-va-tai-phan-mem-de-so-huu-android HTTP/2.0" 500 3095 "-" "Mozilla/5.0 AppleWebKit/537.36 (KHTML, like Gecko; compatible; ClaudeBot/1.0; +claudebot@anthropic.com)"
52.167.144.160 - - [11/Jan/2025:16:57:38 +0300] "GET /resource/?path=/lib/firmware/cadence HTTP/2.0" 200 903 "-" "Mozilla/5.0 AppleWebKit/537.36 (KHTML, like Gecko; compatible; bingbot/2.0; +http://www.bing.com/bingbot.htm) Chrome/116.0.1938.76 Safari/537.36"
52.167.144.160 - - [11/Jan/2025:16:57:38 +0300] "GET /resource/?path=/lib/firmware/mediatek HTTP/2.0" 200 2552 "-" "Mozilla/5.0 AppleWebKit/537.36 (KHTML, like Gecko; compatible; bingbot/2.0; +http://www.bing.com/bingbot.htm) Chrome/116.0.1938.76 Safari/537.36"
52.167.144.160 - - [11/Jan/2025:16:57:39 +0300] "GET /resource/?path=/lib/rpm HTTP/2.0" 200 2593 "-" "Mozilla/5.0 AppleWebKit/537.36 (KHTML, like Gecko; compatible; bingbot/2.0; +http://www.bing.com/bingbot.htm) Chrome/116.0.1938.76 Safari/537.36"
52.167.144.160 - - [11/Jan/2025:16:57:39 +0300] "GET /resource/?path=/usr/include/gssapi HTTP/2.0" 200 1062 "-" "Mozilla/5.0 AppleWebKit/537.36 (KHTML, like Gecko; compatible; bingbot/2.0; +http://www.bing.com/bingbot.htm) Chrome/116.0.1938.76 Safari/537.36"
47.128.127.210 - - [11/Jan/2025:16:57:40 +0300] "GET /?filesrc=%2Fhome%2Fncdcgo%2Fpublic_html%2Fwp-signup.php&path=%2Fhome%2Fncdcgo%2Fpublic_html HTTP/2.0" 200 8779 "-" "Mozilla/5.0 (Linux; Android 5.0) AppleWebKit/537.36 (KHTML, like Gecko) Mobile Safari/537.36 (compatible; Bytespider; spider-feedback@bytedance.com)"
52.167.144.160 - - [11/Jan/2025:16:57:40 +0300] "GET /resource/?path=/lib/firmware/3com HTTP/2.0" 500 3097 "-" "Mozilla/5.0 AppleWebKit/537.36 (KHTML, like Gecko; compatible; bingbot/2.0; +http://www.bing.com/bingbot.htm) Chrome/116.0.1938.76 Safari/537.36"
52.167.144.160 - - [11/Jan/2025:16:57:41 +0300] "GET /resource/?filesrc=/lib/firmware/iwlwifi-2030-6.ucode&path=/lib/firmware HTTP/2.0" 500 3097 "-" "Mozilla/5.0 AppleWebKit/537.36 (KHTML, like Gecko; compatible; bingbot/2.0; +http://www.bing.com/bingbot.htm) Chrome/116.0.1938.76 Safari/537.36"
52.167.144.160 - - [11/Jan/2025:16:57:41 +0300] "GET /resource/?path=/lib/firewalld HTTP/2.0" 500 3097 "-" "Mozilla/5.0 AppleWebKit/537.36 (KHTML, like Gecko; compatible; bingbot/2.0; +http://www.bing.com/bingbot.htm) Chrome/116.0.1938.76 Safari/537.36"
52.167.144.160 - - [11/Jan/2025:16:57:42 +0300] "GET /?path=/lib/vmware-tools/sbin32 HTTP/2.0" 403 32198 "-" "Mozilla/5.0 AppleWebKit/537.36 (KHTML, like Gecko; compatible; bingbot/2.0; +http://www.bing.com/bingbot.htm) Chrome/116.0.1938.76 Safari/537.36"
52.167.144.160 - - [11/Jan/2025:16:57:43 +0300] "GET /resource/?path=/lib/locale HTTP/2.0" 500 3097 "-" "Mozilla/5.0 AppleWebKit/537.36 (KHTML, like Gecko; compatible; bingbot/2.0; +http://www.bing.com/bingbot.htm) Chrome/116.0.1938.76 Safari/537.36"
52.167.144.160 - - [11/Jan/2025:16:57:44 +0300] "GET /?path=/lib/vmware-tools/sbin HTTP/2.0" 403 32198 "-" "Mozilla/5.0 AppleWebKit/537.36 (KHTML, like Gecko; compatible; bingbot/2.0; +http://www.bing.com/bingbot.htm) Chrome/116.0.1938.76 Safari/537.36"
52.167.144.160 - - [11/Jan/2025:16:57:44 +0300] "GET /resource/?option&path=/lib/firmware HTTP/2.0" 500 3097 "-" "Mozilla/5.0 AppleWebKit/537.36 (KHTML, like Gecko; compatible; bingbot/2.0; +http://www.bing.com/bingbot.htm) Chrome/116.0.1938.76 Safari/537.36"
52.167.144.160 - - [11/Jan/2025:16:57:45 +0300] "GET /?path=/lib/vmware-tools/sbin64 HTTP/2.0" 403 32198 "-" "Mozilla/5.0 AppleWebKit/537.36 (KHTML, like Gecko; compatible; bingbot/2.0; +http://www.bing.com/bingbot.htm) Chrome/116.0.1938.76 Safari/537.36"
52.167.144.160 - - [11/Jan/2025:16:57:46 +0300] "GET /resource/?path=/lib/firmware/airoha HTTP/2.0" 500 3097 "-" "Mozilla/5.0 AppleWebKit/537.36 (KHTML, like Gecko; compatible; bingbot/2.0; +http://www.bing.com/bingbot.htm) Chrome/116.0.1938.76 Safari/537.36"
52.167.144.160 - - [11/Jan/2025:16:57:46 +0300] "GET /resource/?path=/lib/firmware/ath11k HTTP/2.0" 500 3097 "-" "Mozilla/5.0 AppleWebKit/537.36 (KHTML, like Gecko; compatible; bingbot/2.0; +http://www.bing.com/bingbot.htm) Chrome/116.0.1938.76 Safari/537.36"
52.167.144.160 - - [11/Jan/2025:16:57:47 +0300] "GET /resource/?path=/lib/firmware/amd-ucode HTTP/2.0" 500 3097 "-" "Mozilla/5.0 AppleWebKit/537.36 (KHTML, like Gecko; compatible; bingbot/2.0; +http://www.bing.com/bingbot.htm) Chrome/116.0.1938.76 Safari/537.36"
52.167.144.160 - - [11/Jan/2025:16:57:48 +0300] "GET /resource/?path=/lib/firmware/i915 HTTP/2.0" 500 3097 "-" "Mozilla/5.0 AppleWebKit/537.36 (KHTML, like Gecko; compatible; bingbot/2.0; +http://www.bing.com/bingbot.htm) Chrome/116.0.1938.76 Safari/537.36"
52.167.144.160 - - [11/Jan/2025:16:57:48 +0300] "GET /?path=/lib/vmware-tools/icu HTTP/2.0" 403 32198 "-" "Mozilla/5.0 AppleWebKit/537.36 (KHTML, like Gecko; compatible; bingbot/2.0; +http://www.bing.com/bingbot.htm) Chrome/116.0.1938.76 Safari/537.36"
52.167.144.160 - - [11/Jan/2025:16:57:49 +0300] "GET /resource/?path=/lib/debug HTTP/2.0" 500 3097 "-" "Mozilla/5.0 AppleWebKit/537.36 (KHTML, like Gecko; compatible; bingbot/2.0; +http://www.bing.com/bingbot.htm) Chrome/116.0.1938.76 Safari/537.36"
41.84.147.226 - - [11/Jan/2025:16:57:50 +0300] "GET /wp-content/themes/nanosoft/assets/img/search.svg HTTP/2.0" 200 853 "https://ncdc.go.ug/wp-content/cache/wpo-minify/1736508783/assets/wpo-minify-header-74c4e6b5.min.css" "Mozilla/5.0 (Windows NT 10.0; Win64; x64) AppleWebKit/537.36 (KHTML, like Gecko) Chrome/131.0.0.0 Safari/537.36"
52.167.144.160 - - [11/Jan/2025:16:57:50 +0300] "GET /resource/?filesrc=/sbin/sasldblistusers2&path=/sbin HTTP/2.0" 500 3097 "-" "Mozilla/5.0 AppleWebKit/537.36 (KHTML, like Gecko; compatible; bingbot/2.0; +http://www.bing.com/bingbot.htm) Chrome/116.0.1938.76 Safari/537.36"
52.167.144.160 - - [11/Jan/2025:16:57:51 +0300] "GET /resource/?option&path=/home/ncdcgo/mail HTTP/2.0" 500 3097 "-" "Mozilla/5.0 AppleWebKit/537.36 (KHTML, like Gecko; compatible; bingbot/2.0; +http://www.bing.com/bingbot.htm) Chrome/116.0.1938.76 Safari/537.36"
52.167.144.160 - - [11/Jan/2025:16:57:51 +0300] "GET /resource/?path=/lib/kernel HTTP/2.0" 500 3097 "-" "Mozilla/5.0 AppleWebKit/537.36 (KHTML, like Gecko; compatible; bingbot/2.0; +http://www.bing.com/bingbot.htm) Chrome/116.0.1938.76 Safari/537.36"
52.167.144.160 - - [11/Jan/2025:16:57:52 +0300] "GET /resource/?path=/lib/firmware/rtl_nic HTTP/2.0" 500 3097 "-" "Mozilla/5.0 AppleWebKit/537.36 (KHTML, like Gecko; compatible; bingbot/2.0; +http://www.bing.com/bingbot.htm) Chrome/116.0.1938.76 Safari/537.36"
52.167.144.160 - - [11/Jan/2025:16:57:53 +0300] "GET /resource/?path=/lib/systemd/system/local-fs.target.wants HTTP/2.0" 500 3097 "-" "Mozilla/5.0 AppleWebKit/537.36 (KHTML, like Gecko; compatible; bingbot/2.0; +http://www.bing.com/bingbot.htm) Chrome/116.0.1938.76 Safari/537.36"
173.252.83.27 - - [11/Jan/2025:16:57:54 +0300] "GET /wp-content/plugins/extensive-vc-addon/shortcodes/image-with-text/templates/?C=N;O=A HTTP/2.0" 200 990 "-" "meta-externalagent/1.1 (+https://developers.facebook.com/docs/sharing/webmasters/crawler)"
52.167.144.160 - - [11/Jan/2025:16:57:54 +0300] "GET /resource/?path=/lib/firmware/xe HTTP/2.0" 500 3097 "-" "Mozilla/5.0 AppleWebKit/537.36 (KHTML, like Gecko; compatible; bingbot/2.0; +http://www.bing.com/bingbot.htm) Chrome/116.0.1938.76 Safari/537.36"
52.167.144.160 - - [11/Jan/2025:16:57:54 +0300] "GET /resource/?path=/lib/java HTTP/2.0" 500 3097 "-" "Mozilla/5.0 AppleWebKit/537.36 (KHTML, like Gecko; compatible; bingbot/2.0; +http://www.bing.com/bingbot.htm) Chrome/116.0.1938.76 Safari/537.36"
52.167.144.160 - - [11/Jan/2025:16:57:55 +0300] "GET /resource/?path=/lib/systemd/system/systemd-udev-trigger.service.d HTTP/2.0" 500 3097 "-" "Mozilla/5.0 AppleWebKit/537.36 (KHTML, like Gecko; compatible; bingbot/2.0; +http://www.bing.com/bingbot.htm) Chrome/116.0.1938.76 Safari/537.36"
52.167.144.160 - - [11/Jan/2025:16:57:56 +0300] "GET /resource/?path=/lib/firmware/ositech HTTP/2.0" 500 3097 "-" "Mozilla/5.0 AppleWebKit/537.36 (KHTML, like Gecko; compatible; bingbot/2.0; +http://www.bing.com/bingbot.htm) Chrome/116.0.1938.76 Safari/537.36"
52.167.144.160 - - [11/Jan/2025:16:57:56 +0300] "GET /?option&path=/lib/locale/en_GB HTTP/2.0" 403 32198 "-" "Mozilla/5.0 AppleWebKit/537.36 (KHTML, like Gecko; compatible; bingbot/2.0; +http://www.bing.com/bingbot.htm) Chrome/116.0.1938.76 Safari/537.36"
52.167.144.160 - - [11/Jan/2025:16:57:57 +0300] "GET /?path=/lib/rpm/platform/ia32e-linux HTTP/2.0" 403 32198 "-" "Mozilla/5.0 AppleWebKit/537.36 (KHTML, like Gecko; compatible; bingbot/2.0; +http://www.bing.com/bingbot.htm) Chrome/116.0.1938.76 Safari/537.36"
52.167.144.160 - - [11/Jan/2025:16:57:58 +0300] "GET /?path=/lib/rpm/platform/armv7hnl-linux HTTP/2.0" 403 32198 "-" "Mozilla/5.0 AppleWebKit/537.36 (KHTML, like Gecko; compatible; bingbot/2.0; +http://www.bing.com/bingbot.htm) Chrome/116.0.1938.76 Safari/537.36"
69.171.230.23 - - [11/Jan/2025:16:57:59 +0300] "GET /wp-content/plugins/extensive-vc-addon/shortcodes/pie-chart/templates/?C=M;O=D HTTP/2.0" 200 1152 "-" "meta-externalagent/1.1 (+https://developers.facebook.com/docs/sharing/webmasters/crawler)"
154.72.192.35 - - [11/Jan/2025:16:58:03 +0300] "HEAD / HTTP/1.1" 200 - "-" "Uptime-Kuma/1.23.11"
52.167.144.24 - - [11/Jan/2025:16:58:07 +0300] "GET /resource/?path=/run/systemd/journal HTTP/2.0" 200 882 "-" "Mozilla/5.0 AppleWebKit/537.36 (KHTML, like Gecko; compatible; bingbot/2.0; +http://www.bing.com/bingbot.htm) Chrome/116.0.1938.76 Safari/537.36"
52.167.144.24 - - [11/Jan/2025:16:58:08 +0300] "GET /resource/?path=/lib/firmware/ti-keystone HTTP/2.0" 200 934 "-" "Mozilla/5.0 AppleWebKit/537.36 (KHTML, like Gecko; compatible; bingbot/2.0; +http://www.bing.com/bingbot.htm) Chrome/116.0.1938.76 Safari/537.36"
52.167.144.24 - - [11/Jan/2025:16:58:08 +0300] "GET /resource/?path=/lib/systemd/system/default.target.wants HTTP/2.0" 200 745 "-" "Mozilla/5.0 AppleWebKit/537.36 (KHTML, like Gecko; compatible; bingbot/2.0; +http://www.bing.com/bingbot.htm) Chrome/116.0.1938.76 Safari/537.36"
52.167.144.24 - - [11/Jan/2025:16:58:09 +0300] "GET /?path=/lib/systemd/system-sleep HTTP/2.0" 200 729 "-" "Mozilla/5.0 AppleWebKit/537.36 (KHTML, like Gecko; compatible; bingbot/2.0; +http://www.bing.com/bingbot.htm) Chrome/116.0.1938.76 Safari/537.36"
52.167.144.24 - - [11/Jan/2025:16:58:09 +0300] "GET /?option&path=/lib/rpm/redhat HTTP/2.0" 200 647 "-" "Mozilla/5.0 AppleWebKit/537.36 (KHTML, like Gecko; compatible; bingbot/2.0; +http://www.bing.com/bingbot.htm) Chrome/116.0.1938.76 Safari/537.36"
52.167.144.24 - - [11/Jan/2025:16:58:10 +0300] "GET /resource/?path=/lib/firmware/inside-secure HTTP/2.0" 200 884 "-" "Mozilla/5.0 AppleWebKit/537.36 (KHTML, like Gecko; compatible; bingbot/2.0; +http://www.bing.com/bingbot.htm) Chrome/116.0.1938.76 Safari/537.36"
52.167.144.24 - - [11/Jan/2025:16:58:11 +0300] "GET /?path=/lib/systemd/system-generators HTTP/2.0" 200 1405 "-" "Mozilla/5.0 AppleWebKit/537.36 (KHTML, like Gecko; compatible; bingbot/2.0; +http://www.bing.com/bingbot.htm) Chrome/116.0.1938.76 Safari/537.36"
52.167.144.24 - - [11/Jan/2025:16:58:11 +0300] "GET /resource/?option&path=/lib/systemd/user HTTP/2.0" 200 648 "-" "Mozilla/5.0 AppleWebKit/537.36 (KHTML, like Gecko; compatible; bingbot/2.0; +http://www.bing.com/bingbot.htm) Chrome/116.0.1938.76 Safari/537.36"
57.141.5.6 - - [11/Jan/2025:16:58:13 +0300] "GET /wp-content/plugins/extensive-vc-addon/post-types/clients/shortcodes/templates/parts/ HTTP/2.0" 200 1015 "-" "meta-externalagent/1.1 (+https://developers.facebook.com/docs/sharing/webmasters/crawler)"
52.167.144.218 - - [11/Jan/2025:16:58:13 +0300] "GET /?path=/lib/systemd/network HTTP/2.0" 200 910 "-" "Mozilla/5.0 AppleWebKit/537.36 (KHTML, like Gecko; compatible; bingbot/2.0; +http://www.bing.com/bingbot.htm) Chrome/116.0.1938.76 Safari/537.36"
52.167.144.218 - - [11/Jan/2025:16:58:14 +0300] "GET /resource/?path=/lib/firmware/realtek HTTP/2.0" 200 873 "-" "Mozilla/5.0 AppleWebKit/537.36 (KHTML, like Gecko; compatible; bingbot/2.0; +http://www.bing.com/bingbot.htm) Chrome/116.0.1938.76 Safari/537.36"
52.167.144.218 - - [11/Jan/2025:16:58:14 +0300] "GET /resource/?path=/lib/firmware/ttusb-budget HTTP/2.0" 200 914 "-" "Mozilla/5.0 AppleWebKit/537.36 (KHTML, like Gecko; compatible; bingbot/2.0; +http://www.bing.com/bingbot.htm) Chrome/116.0.1938.76 Safari/537.36"
185.191.171.5 - - [11/Jan/2025:16:58:15 +0300] "GET /gallery?50-conference-venue&instructional-materials-unit&job-fair&ncdc-collaboration&parliament&sample%3F20%3Fplenary-session-during-teacher-traning HTTP/1.1" 200 2017 "-" "Mozilla/5.0 (compatible; SemrushBot/7~bl; +http://www.semrush.com/bot.html)"
52.167.144.218 - - [11/Jan/2025:16:58:15 +0300] "GET /resource/?path=/lib/firmware/cis HTTP/2.0" 200 1340 "-" "Mozilla/5.0 AppleWebKit/537.36 (KHTML, like Gecko; compatible; bingbot/2.0; +http://www.bing.com/bingbot.htm) Chrome/116.0.1938.76 Safari/537.36"
52.167.144.218 - - [11/Jan/2025:16:58:16 +0300] "GET /?path=/lib/vmware-tools/plugins HTTP/2.0" 200 934 "-" "Mozilla/5.0 AppleWebKit/537.36 (KHTML, like Gecko; compatible; bingbot/2.0; +http://www.bing.com/bingbot.htm) Chrome/116.0.1938.76 Safari/537.36"
52.167.144.218 - - [11/Jan/2025:16:58:16 +0300] "GET /resource/?path=/lib/firmware/ti HTTP/2.0" 200 976 "-" "Mozilla/5.0 AppleWebKit/537.36 (KHTML, like Gecko; compatible; bingbot/2.0; +http://www.bing.com/bingbot.htm) Chrome/116.0.1938.76 Safari/537.36"
52.167.144.218 - - [11/Jan/2025:16:58:17 +0300] "GET /resource/?path=/lib/firmware/qed HTTP/2.0" 200 1446 "-" "Mozilla/5.0 AppleWebKit/537.36 (KHTML, like Gecko; compatible; bingbot/2.0; +http://www.bing.com/bingbot.htm) Chrome/116.0.1938.76 Safari/537.36"
52.167.144.218 - - [11/Jan/2025:16:58:18 +0300] "GET /?path=/lib/kernel/install.d HTTP/2.0" 200 1182 "-" "Mozilla/5.0 AppleWebKit/537.36 (KHTML, like Gecko; compatible; bingbot/2.0; +http://www.bing.com/bingbot.htm) Chrome/116.0.1938.76 Safari/537.36"
52.15.147.27 - - [11/Jan/2025:16:58:18 +0300] "HEAD / HTTP/1.1" 200 - "https://ncdc.go.ug/" "Mozilla/5.0+(compatible; UptimeRobot/2.0; http://www.uptimerobot.com/)"
52.167.144.218 - - [11/Jan/2025:16:58:18 +0300] "GET /resource/?path=/lib/firmware/nxp HTTP/2.0" 500 3097 "-" "Mozilla/5.0 AppleWebKit/537.36 (KHTML, like Gecko; compatible; bingbot/2.0; +http://www.bing.com/bingbot.htm) Chrome/116.0.1938.76 Safari/537.36"
52.167.144.218 - - [11/Jan/2025:16:58:19 +0300] "GET /resource/?path=/lib/udev HTTP/2.0" 500 3097 "-" "Mozilla/5.0 AppleWebKit/537.36 (KHTML, like Gecko; compatible; bingbot/2.0; +http://www.bing.com/bingbot.htm) Chrome/116.0.1938.76 Safari/537.36"
52.167.144.218 - - [11/Jan/2025:16:58:20 +0300] "GET /resource/?path=/lib/firmware/nvidia HTTP/2.0" 500 3097 "-" "Mozilla/5.0 AppleWebKit/537.36 (KHTML, like Gecko; compatible; bingbot/2.0; +http://www.bing.com/bingbot.htm) Chrome/116.0.1938.76 Safari/537.36"
52.167.144.218 - - [11/Jan/2025:16:58:21 +0300] "GET /resource/?path=/lib/systemd/system-preset HTTP/2.0" 500 3097 "-" "Mozilla/5.0 AppleWebKit/537.36 (KHTML, like Gecko; compatible; bingbot/2.0; +http://www.bing.com/bingbot.htm) Chrome/116.0.1938.76 Safari/537.36"
52.167.144.218 - - [11/Jan/2025:16:58:21 +0300] "GET /resource/?path=/lib/NetworkManager HTTP/2.0" 500 3097 "-" "Mozilla/5.0 AppleWebKit/537.36 (KHTML, like Gecko; compatible; bingbot/2.0; +http://www.bing.com/bingbot.htm) Chrome/116.0.1938.76 Safari/537.36"
52.167.144.218 - - [11/Jan/2025:16:58:22 +0300] "GET /resource/?path=/usr/include/netax25 HTTP/2.0" 500 3097 "-" "Mozilla/5.0 AppleWebKit/537.36 (KHTML, like Gecko; compatible; bingbot/2.0; +http://www.bing.com/bingbot.htm) Chrome/116.0.1938.76 Safari/537.36"
52.167.144.218 - - [11/Jan/2025:16:58:23 +0300] "GET /?path=/lib/vmware-tools/configurator HTTP/2.0" 403 32198 "-" "Mozilla/5.0 AppleWebKit/537.36 (KHTML, like Gecko; compatible; bingbot/2.0; +http://www.bing.com/bingbot.htm) Chrome/116.0.1938.76 Safari/537.36"
52.167.144.218 - - [11/Jan/2025:16:58:24 +0300] "GET /resource/?path=/lib/vmware-tools HTTP/2.0" 500 3097 "-" "Mozilla/5.0 AppleWebKit/537.36 (KHTML, like Gecko; compatible; bingbot/2.0; +http://www.bing.com/bingbot.htm) Chrome/116.0.1938.76 Safari/537.36"
52.167.144.218 - - [11/Jan/2025:16:58:24 +0300] "GET /resource/?path=/etc/profile.d HTTP/2.0" 500 3097 "-" "Mozilla/5.0 AppleWebKit/537.36 (KHTML, like Gecko; compatible; bingbot/2.0; +http://www.bing.com/bingbot.htm) Chrome/116.0.1938.76 Safari/537.36"
52.167.144.218 - - [11/Jan/2025:16:58:25 +0300] "GET /?path=/lib/systemd/system HTTP/2.0" 403 32198 "-" "Mozilla/5.0 AppleWebKit/537.36 (KHTML, like Gecko; compatible; bingbot/2.0; +http://www.bing.com/bingbot.htm) Chrome/116.0.1938.76 Safari/537.36"
52.167.144.218 - - [11/Jan/2025:16:58:26 +0300] "GET /?path=/lib/vmware-tools/libconf HTTP/2.0" 403 32198 "-" "Mozilla/5.0 AppleWebKit/537.36 (KHTML, like Gecko; compatible; bingbot/2.0; +http://www.bing.com/bingbot.htm) Chrome/116.0.1938.76 Safari/537.36"
85.208.96.199 - - [11/Jan/2025:16:58:26 +0300] "GET /gallery?aca&ncdc-50-conference&ncdc-50-launch&ncdc-50-launch&sample&thanks&thanks&welcome-remarks%3Fteacher-training-on-abridged-curriculum HTTP/1.1" 200 2018 "-" "Mozilla/5.0 (compatible; SemrushBot/7~bl; +http://www.semrush.com/bot.html)"
52.167.144.218 - - [11/Jan/2025:16:58:27 +0300] "GET /?path=/lib/systemd/user-preset HTTP/2.0" 403 32198 "-" "Mozilla/5.0 AppleWebKit/537.36 (KHTML, like Gecko; compatible; bingbot/2.0; +http://www.bing.com/bingbot.htm) Chrome/116.0.1938.76 Safari/537.36"
52.167.144.218 - - [11/Jan/2025:16:58:28 +0300] "GET /?filesrc=/lib/systemd/libsystemd-shared-239.so&path=/lib/systemd HTTP/2.0" 403 32198 "-" "Mozilla/5.0 AppleWebKit/537.36 (KHTML, like Gecko; compatible; bingbot/2.0; +http://www.bing.com/bingbot.htm) Chrome/116.0.1938.76 Safari/537.36"
52.167.144.218 - - [11/Jan/2025:16:58:29 +0300] "GET /?path=/lib/vmware-tools/lib64 HTTP/2.0" 403 32198 "-" "Mozilla/5.0 AppleWebKit/537.36 (KHTML, like Gecko; compatible; bingbot/2.0; +http://www.bing.com/bingbot.htm) Chrome/116.0.1938.76 Safari/537.36"
52.167.144.160 - - [11/Jan/2025:16:58:37 +0300] "GET /?path=/lib/rpm/platform/ppc8260-linux HTTP/2.0" 200 913 "-" "Mozilla/5.0 AppleWebKit/537.36 (KHTML, like Gecko; compatible; bingbot/2.0; +http://www.bing.com/bingbot.htm) Chrome/116.0.1938.76 Safari/537.36"
52.167.144.160 - - [11/Jan/2025:16:58:38 +0300] "GET /resource/?path=/lib/firmware/ar3k/1020200 HTTP/2.0" 200 1000 "-" "Mozilla/5.0 AppleWebKit/537.36 (KHTML, like Gecko; compatible; bingbot/2.0; +http://www.bing.com/bingbot.htm) Chrome/116.0.1938.76 Safari/537.36"
52.167.144.160 - - [11/Jan/2025:16:58:39 +0300] "GET /?path=/lib/rpm/platform/ppciseries-linux HTTP/2.0" 200 914 "-" "Mozilla/5.0 AppleWebKit/537.36 (KHTML, like Gecko; compatible; bingbot/2.0; +http://www.bing.com/bingbot.htm) Chrome/116.0.1938.76 Safari/537.36"
52.167.144.160 - - [11/Jan/2025:16:58:40 +0300] "GET /?path=/lib/rpm/platform/mipsr6-linux HTTP/2.0" 200 911 "-" "Mozilla/5.0 AppleWebKit/537.36 (KHTML, like Gecko; compatible; bingbot/2.0; +http://www.bing.com/bingbot.htm) Chrome/116.0.1938.76 Safari/537.36"
52.167.144.160 - - [11/Jan/2025:16:58:41 +0300] "GET /?option&path=/lib/kbd/consolefonts/partialfonts HTTP/2.0" 200 664 "-" "Mozilla/5.0 AppleWebKit/537.36 (KHTML, like Gecko; compatible; bingbot/2.0; +http://www.bing.com/bingbot.htm) Chrome/116.0.1938.76 Safari/537.36"
52.167.144.160 - - [11/Jan/2025:16:58:41 +0300] "GET /?path=/lib/rpm/platform/armv6hl-linux HTTP/2.0" 200 912 "-" "Mozilla/5.0 AppleWebKit/537.36 (KHTML, like Gecko; compatible; bingbot/2.0; +http://www.bing.com/bingbot.htm) Chrome/116.0.1938.76 Safari/537.36"
52.167.144.160 - - [11/Jan/2025:16:58:42 +0300] "GET /?path=/lib/rpm/platform/mips64r6el-linux HTTP/2.0" 403 32198 "-" "Mozilla/5.0 AppleWebKit/537.36 (KHTML, like Gecko; compatible; bingbot/2.0; +http://www.bing.com/bingbot.htm) Chrome/116.0.1938.76 Safari/537.36"
52.167.144.160 - - [11/Jan/2025:16:58:43 +0300] "GET /?path=/lib/rpm/platform/ppcpseries-linux HTTP/2.0" 403 32198 "-" "Mozilla/5.0 AppleWebKit/537.36 (KHTML, like Gecko; compatible; bingbot/2.0; +http://www.bing.com/bingbot.htm) Chrome/116.0.1938.76 Safari/537.36"
185.191.171.2 - - [11/Jan/2025:16:58:43 +0300] "GET /gallery/?instructional-materials-unit&job-fair&ncdc-50-conference&ncdc-collaboration&sample&welcome-remarks%3Ffacilitators-for-teacher-training HTTP/1.1" 200 2017 "-" "Mozilla/5.0 (compatible; SemrushBot/7~bl; +http://www.semrush.com/bot.html)"
52.167.144.160 - - [11/Jan/2025:16:58:43 +0300] "GET /resource/?path=/lib/systemd/network HTTP/2.0" 500 3097 "-" "Mozilla/5.0 AppleWebKit/537.36 (KHTML, like Gecko; compatible; bingbot/2.0; +http://www.bing.com/bingbot.htm) Chrome/116.0.1938.76 Safari/537.36"
52.167.144.160 - - [11/Jan/2025:16:58:44 +0300] "GET /?path=/lib/kbd/unimaps HTTP/2.0" 403 32198 "-" "Mozilla/5.0 AppleWebKit/537.36 (KHTML, like Gecko; compatible; bingbot/2.0; +http://www.bing.com/bingbot.htm) Chrome/116.0.1938.76 Safari/537.36"
52.167.144.160 - - [11/Jan/2025:16:58:45 +0300] "GET /resource/?path=/lib/systemd/catalog HTTP/2.0" 500 3097 "-" "Mozilla/5.0 AppleWebKit/537.36 (KHTML, like Gecko; compatible; bingbot/2.0; +http://www.bing.com/bingbot.htm) Chrome/116.0.1938.76 Safari/537.36"
52.167.144.160 - - [11/Jan/2025:16:58:45 +0300] "GET /?path=/lib/systemd/user HTTP/2.0" 403 32198 "-" "Mozilla/5.0 AppleWebKit/537.36 (KHTML, like Gecko; compatible; bingbot/2.0; +http://www.bing.com/bingbot.htm) Chrome/116.0.1938.76 Safari/537.36"
52.167.144.160 - - [11/Jan/2025:16:58:46 +0300] "GET /resource/?path=/lib/firmware/ti-connectivity HTTP/2.0" 500 3097 "-" "Mozilla/5.0 AppleWebKit/537.36 (KHTML, like Gecko; compatible; bingbot/2.0; +http://www.bing.com/bingbot.htm) Chrome/116.0.1938.76 Safari/537.36"
52.167.144.160 - - [11/Jan/2025:16:58:47 +0300] "GET /resource/?path=/lib/firmware/dpaa2 HTTP/2.0" 500 3097 "-" "Mozilla/5.0 AppleWebKit/537.36 (KHTML, like Gecko; compatible; bingbot/2.0; +http://www.bing.com/bingbot.htm) Chrome/116.0.1938.76 Safari/537.36"
52.167.144.160 - - [11/Jan/2025:16:58:48 +0300] "GET /resource/?path=/lib/firmware/rsi HTTP/2.0" 500 3097 "-" "Mozilla/5.0 AppleWebKit/537.36 (KHTML, like Gecko; compatible; bingbot/2.0; +http://www.bing.com/bingbot.htm) Chrome/116.0.1938.76 Safari/537.36"
52.167.144.160 - - [11/Jan/2025:16:58:49 +0300] "GET /resource/?path=/lib/firmware/ath12k HTTP/2.0" 500 3097 "-" "Mozilla/5.0 AppleWebKit/537.36 (KHTML, like Gecko; compatible; bingbot/2.0; +http://www.bing.com/bingbot.htm) Chrome/116.0.1938.76 Safari/537.36"
52.167.144.160 - - [11/Jan/2025:16:58:49 +0300] "GET /resource/?path=/run/sepermit HTTP/2.0" 500 3097 "-" "Mozilla/5.0 AppleWebKit/537.36 (KHTML, like Gecko; compatible; bingbot/2.0; +http://www.bing.com/bingbot.htm) Chrome/116.0.1938.76 Safari/537.36"
52.167.144.160 - - [11/Jan/2025:16:58:50 +0300] "GET /resource/?path=/lib/firmware/acenic HTTP/2.0" 500 3097 "-" "Mozilla/5.0 AppleWebKit/537.36 (KHTML, like Gecko; compatible; bingbot/2.0; +http://www.bing.com/bingbot.htm) Chrome/116.0.1938.76 Safari/537.36"
52.167.144.160 - - [11/Jan/2025:16:58:51 +0300] "GET /resource/?path=/lib/firmware/ath10k HTTP/2.0" 500 3097 "-" "Mozilla/5.0 AppleWebKit/537.36 (KHTML, like Gecko; compatible; bingbot/2.0; +http://www.bing.com/bingbot.htm) Chrome/116.0.1938.76 Safari/537.36"
52.167.144.160 - - [11/Jan/2025:16:58:52 +0300] "GET /resource/?path=/lib/firmware/qcom HTTP/2.0" 500 3097 "-" "Mozilla/5.0 AppleWebKit/537.36 (KHTML, like Gecko; compatible; bingbot/2.0; +http://www.bing.com/bingbot.htm) Chrome/116.0.1938.76 Safari/537.36"
52.167.144.160 - - [11/Jan/2025:16:58:52 +0300] "GET /resource/?path=/lib/firmware/rtl_bt HTTP/2.0" 500 3097 "-" "Mozilla/5.0 AppleWebKit/537.36 (KHTML, like Gecko; compatible; bingbot/2.0; +http://www.bing.com/bingbot.htm) Chrome/116.0.1938.76 Safari/537.36"
52.167.144.160 - - [11/Jan/2025:16:58:53 +0300] "GET /resource/?option&path=/etc/sysconfig HTTP/2.0" 500 3097 "-" "Mozilla/5.0 AppleWebKit/537.36 (KHTML, like Gecko; compatible; bingbot/2.0; +http://www.bing.com/bingbot.htm) Chrome/116.0.1938.76 Safari/537.36"
52.167.144.160 - - [11/Jan/2025:16:58:54 +0300] "GET /resource/?path=/lib/vmware-caf HTTP/2.0" 500 3097 "-" "Mozilla/5.0 AppleWebKit/537.36 (KHTML, like Gecko; compatible; bingbot/2.0; +http://www.bing.com/bingbot.htm) Chrome/116.0.1938.76 Safari/537.36"
52.167.144.160 - - [11/Jan/2025:16:58:54 +0300] "GET /resource/?path=/lib/firmware/amdgpu HTTP/2.0" 500 3097 "-" "Mozilla/5.0 AppleWebKit/537.36 (KHTML, like Gecko; compatible; bingbot/2.0; +http://www.bing.com/bingbot.htm) Chrome/116.0.1938.76 Safari/537.36"
52.167.144.160 - - [11/Jan/2025:16:58:55 +0300] "GET /resource/?path=/lib/firmware/cirrus HTTP/2.0" 500 3097 "-" "Mozilla/5.0 AppleWebKit/537.36 (KHTML, like Gecko; compatible; bingbot/2.0; +http://www.bing.com/bingbot.htm) Chrome/116.0.1938.76 Safari/537.36"
52.167.144.160 - - [11/Jan/2025:16:58:56 +0300] "GET /resource/?path=/lib/firmware/microchip HTTP/2.0" 500 3097 "-" "Mozilla/5.0 AppleWebKit/537.36 (KHTML, like Gecko; compatible; bingbot/2.0; +http://www.bing.com/bingbot.htm) Chrome/116.0.1938.76 Safari/537.36"
52.167.144.160 - - [11/Jan/2025:16:58:57 +0300] "GET /resource/?path=/lib/firmware/isci HTTP/2.0" 500 3097 "-" "Mozilla/5.0 AppleWebKit/537.36 (KHTML, like Gecko; compatible; bingbot/2.0; +http://www.bing.com/bingbot.htm) Chrome/116.0.1938.76 Safari/537.36"
52.167.144.160 - - [11/Jan/2025:16:58:58 +0300] "GET /resource/?path=/lib/firmware/brcm HTTP/2.0" 500 3097 "-" "Mozilla/5.0 AppleWebKit/537.36 (KHTML, like Gecko; compatible; bingbot/2.0; +http://www.bing.com/bingbot.htm) Chrome/116.0.1938.76 Safari/537.36"
52.167.144.160 - - [11/Jan/2025:16:58:58 +0300] "GET /resource/?path=/etc/crypto-policies/state HTTP/2.0" 500 3097 "-" "Mozilla/5.0 AppleWebKit/537.36 (KHTML, like Gecko; compatible; bingbot/2.0; +http://www.bing.com/bingbot.htm) Chrome/116.0.1938.76 Safari/537.36"
85.208.96.195 - - [11/Jan/2025:16:58:59 +0300] "GET /gallery/?50-conference-venue&government-trains-teachers-lab-technicians&ncdc-50-conference&ncdc-collaboration&sample%3F20%3F1 HTTP/1.1" 200 2018 "-" "Mozilla/5.0 (compatible; SemrushBot/7~bl; +http://www.semrush.com/bot.html)"
52.167.144.160 - - [11/Jan/2025:16:58:59 +0300] "GET /resource/?filesrc=/lib/firmware/myri10ge_eth_big_z8e.dat&path=/lib/firmware HTTP/2.0" 500 3097 "-" "Mozilla/5.0 AppleWebKit/537.36 (KHTML, like Gecko; compatible; bingbot/2.0; +http://www.bing.com/bingbot.htm) Chrome/116.0.1938.76 Safari/537.36"
185.191.171.1 - - [11/Jan/2025:16:59:01 +0300] "GET /gallery?aca&ncdc-50-conference&parliament&sample%3F21&stepu&welcome-remarks%3Fstate-minister-for-primary-launching-ncdc-50 HTTP/1.1" 200 2016 "-" "Mozilla/5.0 (compatible; SemrushBot/7~bl; +http://www.semrush.com/bot.html)"
185.191.171.7 - - [11/Jan/2025:16:59:03 +0300] "GET /gallery?aca&aca&aca&aca&ncdc-collaboration&ncdc-collaboration&sample%3F22%3Fplenary-session-during-teacher-traning HTTP/1.1" 200 2017 "-" "Mozilla/5.0 (compatible; SemrushBot/7~bl; +http://www.semrush.com/bot.html)"
154.72.192.35 - - [11/Jan/2025:16:59:03 +0300] "HEAD / HTTP/1.1" 200 - "-" "Uptime-Kuma/1.23.11"
52.167.144.160 - - [11/Jan/2025:16:59:07 +0300] "GET /resource/?path=/home/ncdcgo/mail/.okumu_john@ncdc_go_ug HTTP/2.0" 200 1507 "-" "Mozilla/5.0 AppleWebKit/537.36 (KHTML, like Gecko; compatible; bingbot/2.0; +http://www.bing.com/bingbot.htm) Chrome/116.0.1938.76 Safari/537.36"
52.167.144.160 - - [11/Jan/2025:16:59:08 +0300] "GET /?option&path=/lib/gconv HTTP/2.0" 200 639 "-" "Mozilla/5.0 AppleWebKit/537.36 (KHTML, like Gecko; compatible; bingbot/2.0; +http://www.bing.com/bingbot.htm) Chrome/116.0.1938.76 Safari/537.36"
52.167.144.160 - - [11/Jan/2025:16:59:09 +0300] "GET /resource/?filesrc=/lib/firmware/iwlwifi-2030-6.ucode&path=/lib/firmware HTTP/2.0" 200 675 "-" "Mozilla/5.0 AppleWebKit/537.36 (KHTML, like Gecko; compatible; bingbot/2.0; +http://www.bing.com/bingbot.htm) Chrome/116.0.1938.76 Safari/537.36"
185.191.171.1 - - [11/Jan/2025:16:59:09 +0300] "GET /gallery/?ncdc-50-conference&ncdc-collaboration&ncdc-collaboration&parliament&parliament&parliament&sample%3F47 HTTP/1.1" 200 2016 "-" "Mozilla/5.0 (compatible; SemrushBot/7~bl; +http://www.semrush.com/bot.html)"
52.167.144.160 - - [11/Jan/2025:16:59:10 +0300] "GET /resource/?path=/lib/firmware/3com HTTP/2.0" 200 904 "-" "Mozilla/5.0 AppleWebKit/537.36 (KHTML, like Gecko; compatible; bingbot/2.0; +http://www.bing.com/bingbot.htm) Chrome/116.0.1938.76 Safari/537.36"
52.167.144.160 - - [11/Jan/2025:16:59:10 +0300] "GET /?path=/lib/vmware-tools/sbin32 HTTP/2.0" 200 987 "-" "Mozilla/5.0 AppleWebKit/537.36 (KHTML, like Gecko; compatible; bingbot/2.0; +http://www.bing.com/bingbot.htm) Chrome/116.0.1938.76 Safari/537.36"
52.167.144.160 - - [11/Jan/2025:16:59:11 +0300] "GET /?path=/lib/vmware-tools/sbin HTTP/2.0" 200 1053 "-" "Mozilla/5.0 AppleWebKit/537.36 (KHTML, like Gecko; compatible; bingbot/2.0; +http://www.bing.com/bingbot.htm) Chrome/116.0.1938.76 Safari/537.36"
85.208.96.210 - - [11/Jan/2025:16:59:11 +0300] "GET /gallery?50-conference-venue&50-conference-venue&aca&instructional-materials-unit&parliament&sample%3F21%3Fconsultation-on-a-level-curriculum-review HTTP/1.1" 200 2018 "-" "Mozilla/5.0 (compatible; SemrushBot/7~bl; +http://www.semrush.com/bot.html)"
52.167.144.160 - - [11/Jan/2025:16:59:12 +0300] "GET /resource/?option&path=/lib/firmware HTTP/2.0" 200 641 "-" "Mozilla/5.0 AppleWebKit/537.36 (KHTML, like Gecko; compatible; bingbot/2.0; +http://www.bing.com/bingbot.htm) Chrome/116.0.1938.76 Safari/537.36"
18.116.205.62 - - [11/Jan/2025:16:59:12 +0300] "HEAD / HTTP/1.1" 200 - "https://ncdc.go.ug/" "Mozilla/5.0+(compatible; UptimeRobot/2.0; http://www.uptimerobot.com/)"
52.167.144.160 - - [11/Jan/2025:16:59:12 +0300] "GET /resource/?path=/lib/firmware/ath11k HTTP/2.0" 200 1043 "-" "Mozilla/5.0 AppleWebKit/537.36 (KHTML, like Gecko; compatible; bingbot/2.0; +http://www.bing.com/bingbot.htm) Chrome/116.0.1938.76 Safari/537.36"
52.167.144.160 - - [11/Jan/2025:16:59:13 +0300] "GET /?path=/lib/vmware-tools/sbin64 HTTP/2.0" 200 1055 "-" "Mozilla/5.0 AppleWebKit/537.36 (KHTML, like Gecko; compatible; bingbot/2.0; +http://www.bing.com/bingbot.htm) Chrome/116.0.1938.76 Safari/537.36"
52.167.144.160 - - [11/Jan/2025:16:59:13 +0300] "GET /resource/?path=/lib/firmware/i915 HTTP/2.0" 200 3929 "-" "Mozilla/5.0 AppleWebKit/537.36 (KHTML, like Gecko; compatible; bingbot/2.0; +http://www.bing.com/bingbot.htm) Chrome/116.0.1938.76 Safari/537.36"
52.167.144.160 - - [11/Jan/2025:16:59:14 +0300] "GET /resource/?path=/lib/firmware/airoha HTTP/2.0" 200 937 "-" "Mozilla/5.0 AppleWebKit/537.36 (KHTML, like Gecko; compatible; bingbot/2.0; +http://www.bing.com/bingbot.htm) Chrome/116.0.1938.76 Safari/537.36"
52.167.144.160 - - [11/Jan/2025:16:59:15 +0300] "GET /resource/?path=/lib/firmware/amd-ucode HTTP/2.0" 500 3097 "-" "Mozilla/5.0 AppleWebKit/537.36 (KHTML, like Gecko; compatible; bingbot/2.0; +http://www.bing.com/bingbot.htm) Chrome/116.0.1938.76 Safari/537.36"
52.167.144.160 - - [11/Jan/2025:16:59:15 +0300] "GET /resource/?path=/etc/scl HTTP/2.0" 500 3097 "-" "Mozilla/5.0 AppleWebKit/537.36 (KHTML, like Gecko; compatible; bingbot/2.0; +http://www.bing.com/bingbot.htm) Chrome/116.0.1938.76 Safari/537.36"
52.167.144.160 - - [11/Jan/2025:16:59:16 +0300] "GET /?path=/lib/vmware-tools/icu HTTP/2.0" 403 32198 "-" "Mozilla/5.0 AppleWebKit/537.36 (KHTML, like Gecko; compatible; bingbot/2.0; +http://www.bing.com/bingbot.htm) Chrome/116.0.1938.76 Safari/537.36"
52.167.144.160 - - [11/Jan/2025:16:59:17 +0300] "GET /resource/?path=/lib/firmware/xe HTTP/2.0" 500 3097 "-" "Mozilla/5.0 AppleWebKit/537.36 (KHTML, like Gecko; compatible; bingbot/2.0; +http://www.bing.com/bingbot.htm) Chrome/116.0.1938.76 Safari/537.36"
52.167.144.160 - - [11/Jan/2025:16:59:18 +0300] "GET /resource/?path=/lib/firmware/rtl_nic HTTP/2.0" 500 3097 "-" "Mozilla/5.0 AppleWebKit/537.36 (KHTML, like Gecko; compatible; bingbot/2.0; +http://www.bing.com/bingbot.htm) Chrome/116.0.1938.76 Safari/537.36"
52.167.144.160 - - [11/Jan/2025:16:59:18 +0300] "GET /resource/?path=/lib/firmware/mediatek/sof HTTP/2.0" 500 3097 "-" "Mozilla/5.0 AppleWebKit/537.36 (KHTML, like Gecko; compatible; bingbot/2.0; +http://www.bing.com/bingbot.htm) Chrome/116.0.1938.76 Safari/537.36"
52.167.144.160 - - [11/Jan/2025:16:59:19 +0300] "GET /resource/?path=/lib/systemd/system/systemd-udev-trigger.service.d HTTP/2.0" 500 3097 "-" "Mozilla/5.0 AppleWebKit/537.36 (KHTML, like Gecko; compatible; bingbot/2.0; +http://www.bing.com/bingbot.htm) Chrome/116.0.1938.76 Safari/537.36"
52.167.144.160 - - [11/Jan/2025:16:59:20 +0300] "GET /resource/?path=/lib/firmware/ositech HTTP/2.0" 500 3097 "-" "Mozilla/5.0 AppleWebKit/537.36 (KHTML, like Gecko; compatible; bingbot/2.0; +http://www.bing.com/bingbot.htm) Chrome/116.0.1938.76 Safari/537.36"
52.167.144.160 - - [11/Jan/2025:16:59:20 +0300] "GET /resource/?path=/lib/systemd/system/local-fs.target.wants HTTP/2.0" 500 3097 "-" "Mozilla/5.0 AppleWebKit/537.36 (KHTML, like Gecko; compatible; bingbot/2.0; +http://www.bing.com/bingbot.htm) Chrome/116.0.1938.76 Safari/537.36"
52.167.144.160 - - [11/Jan/2025:16:59:21 +0300] "GET /?option&path=/lib/locale/en_GB HTTP/2.0" 403 32198 "-" "Mozilla/5.0 AppleWebKit/537.36 (KHTML, like Gecko; compatible; bingbot/2.0; +http://www.bing.com/bingbot.htm) Chrome/116.0.1938.76 Safari/537.36"
52.167.144.160 - - [11/Jan/2025:16:59:22 +0300] "GET /?path=/lib/rpm/platform/ia32e-linux HTTP/2.0" 403 32198 "-" "Mozilla/5.0 AppleWebKit/537.36 (KHTML, like Gecko; compatible; bingbot/2.0; +http://www.bing.com/bingbot.htm) Chrome/116.0.1938.76 Safari/537.36"
52.167.144.160 - - [11/Jan/2025:16:59:22 +0300] "GET /?path=/lib/rpm/platform/armv7hnl-linux HTTP/2.0" 403 32198 "-" "Mozilla/5.0 AppleWebKit/537.36 (KHTML, like Gecko; compatible; bingbot/2.0; +http://www.bing.com/bingbot.htm) Chrome/116.0.1938.76 Safari/537.36"
52.167.144.160 - - [11/Jan/2025:16:59:23 +0300] "GET /resource/?option&path=/home/ncdcgo/mail HTTP/2.0" 500 3097 "-" "Mozilla/5.0 AppleWebKit/537.36 (KHTML, like Gecko; compatible; bingbot/2.0; +http://www.bing.com/bingbot.htm) Chrome/116.0.1938.76 Safari/537.36"
52.167.144.160 - - [11/Jan/2025:16:59:23 +0300] "GET /resource/?path=/lib/locale HTTP/2.0" 500 3097 "-" "Mozilla/5.0 AppleWebKit/537.36 (KHTML, like Gecko; compatible; bingbot/2.0; +http://www.bing.com/bingbot.htm) Chrome/116.0.1938.76 Safari/537.36"
52.167.144.160 - - [11/Jan/2025:16:59:24 +0300] "GET /resource/?path=/lib/firewalld HTTP/2.0" 500 3097 "-" "Mozilla/5.0 AppleWebKit/537.36 (KHTML, like Gecko; compatible; bingbot/2.0; +http://www.bing.com/bingbot.htm) Chrome/116.0.1938.76 Safari/537.36"
52.167.144.160 - - [11/Jan/2025:16:59:25 +0300] "GET /?path=/lib/vmware-tools/plugins/vmusr HTTP/2.0" 403 32198 "-" "Mozilla/5.0 AppleWebKit/537.36 (KHTML, like Gecko; compatible; bingbot/2.0; +http://www.bing.com/bingbot.htm) Chrome/116.0.1938.76 Safari/537.36"
52.167.144.160 - - [11/Jan/2025:16:59:26 +0300] "GET /?path=/lib/vmware-tools/plugins/common HTTP/2.0" 403 32198 "-" "Mozilla/5.0 AppleWebKit/537.36 (KHTML, like Gecko; compatible; bingbot/2.0; +http://www.bing.com/bingbot.htm) Chrome/116.0.1938.76 Safari/537.36"
52.167.144.160 - - [11/Jan/2025:16:59:26 +0300] "GET /resource/?filesrc=/sbin/sasldblistusers2&path=/sbin HTTP/2.0" 500 3097 "-" "Mozilla/5.0 AppleWebKit/537.36 (KHTML, like Gecko; compatible; bingbot/2.0; +http://www.bing.com/bingbot.htm) Chrome/116.0.1938.76 Safari/537.36"
52.167.144.160 - - [11/Jan/2025:16:59:27 +0300] "GET /resource/?path=/lib/kernel HTTP/2.0" 500 3097 "-" "Mozilla/5.0 AppleWebKit/537.36 (KHTML, like Gecko; compatible; bingbot/2.0; +http://www.bing.com/bingbot.htm) Chrome/116.0.1938.76 Safari/537.36"
57.141.5.8 - - [11/Jan/2025:16:59:30 +0300] "GET /wp-content/plugins/extensive-vc-addon/shortcodes/icon-with-text/assets/img/?C=M;O=A HTTP/2.0" 200 991 "-" "meta-externalagent/1.1 (+https://developers.facebook.com/docs/sharing/webmasters/crawler)"
185.195.64.133 - - [11/Jan/2025:16:59:33 +0300] "POST /wp-admin/admin-ajax.php HTTP/2.0" 200 3760 "https://ncdc.go.ug/wp-admin/user-edit.php?user_id=1&wp_http_referer=%2Fwp-admin%2Fusers.php" "Mozilla/5.0 (Windows NT 10.0; Win64; x64) AppleWebKit/537.36 (KHTML, like Gecko) Chrome/131.0.0.0 Safari/537.36"
57.141.5.18 - - [11/Jan/2025:16:59:37 +0300] "GET /wp-content/plugins/extensive-vc-addon/post-types/clients/shortcodes/templates/clients-item.php HTTP/2.0" 200 - "-" "meta-externalagent/1.1 (+https://developers.facebook.com/docs/sharing/webmasters/crawler)"
52.167.144.160 - - [11/Jan/2025:16:59:38 +0300] "GET /resource/?path=/lib/java HTTP/2.0" 200 927 "-" "Mozilla/5.0 AppleWebKit/537.36 (KHTML, like Gecko; compatible; bingbot/2.0; +http://www.bing.com/bingbot.htm) Chrome/116.0.1938.76 Safari/537.36"
52.167.144.160 - - [11/Jan/2025:16:59:38 +0300] "GET /resource/?path=/lib/debug HTTP/2.0" 200 965 "-" "Mozilla/5.0 AppleWebKit/537.36 (KHTML, like Gecko; compatible; bingbot/2.0; +http://www.bing.com/bingbot.htm) Chrome/116.0.1938.76 Safari/537.36"
52.167.144.160 - - [11/Jan/2025:16:59:39 +0300] "GET /?path=/lib/rpm/platform/mips64r6el-linux HTTP/2.0" 200 914 "-" "Mozilla/5.0 AppleWebKit/537.36 (KHTML, like Gecko; compatible; bingbot/2.0; +http://www.bing.com/bingbot.htm) Chrome/116.0.1938.76 Safari/537.36"
52.167.144.160 - - [11/Jan/2025:16:59:40 +0300] "GET /?path=/lib/rpm/platform/ppcpseries-linux HTTP/2.0" 200 914 "-" "Mozilla/5.0 AppleWebKit/537.36 (KHTML, like Gecko; compatible; bingbot/2.0; +http://www.bing.com/bingbot.htm) Chrome/116.0.1938.76 Safari/537.36"
52.167.144.160 - - [11/Jan/2025:16:59:40 +0300] "GET /resource/?path=/lib/firmware/rsi HTTP/2.0" 200 1057 "-" "Mozilla/5.0 AppleWebKit/537.36 (KHTML, like Gecko; compatible; bingbot/2.0; +http://www.bing.com/bingbot.htm) Chrome/116.0.1938.76 Safari/537.36"
52.167.144.160 - - [11/Jan/2025:16:59:41 +0300] "GET /?path=/lib/systemd/user HTTP/2.0" 200 1880 "-" "Mozilla/5.0 AppleWebKit/537.36 (KHTML, like Gecko; compatible; bingbot/2.0; +http://www.bing.com/bingbot.htm) Chrome/116.0.1938.76 Safari/537.36"
52.167.144.160 - - [11/Jan/2025:16:59:42 +0300] "GET /resource/?path=/lib/firmware/dpaa2 HTTP/2.0" 200 867 "-" "Mozilla/5.0 AppleWebKit/537.36 (KHTML, like Gecko; compatible; bingbot/2.0; +http://www.bing.com/bingbot.htm) Chrome/116.0.1938.76 Safari/537.36"
52.167.144.160 - - [11/Jan/2025:16:59:42 +0300] "GET /resource/?path=/lib/firmware/acenic HTTP/2.0" 200 932 "-" "Mozilla/5.0 AppleWebKit/537.36 (KHTML, like Gecko; compatible; bingbot/2.0; +http://www.bing.com/bingbot.htm) Chrome/116.0.1938.76 Safari/537.36"
52.167.144.160 - - [11/Jan/2025:16:59:43 +0300] "GET /resource/?path=/lib/systemd/catalog HTTP/2.0" 200 1213 "-" "Mozilla/5.0 AppleWebKit/537.36 (KHTML, like Gecko; compatible; bingbot/2.0; +http://www.bing.com/bingbot.htm) Chrome/116.0.1938.76 Safari/537.36"
52.167.144.160 - - [11/Jan/2025:16:59:44 +0300] "GET /resource/?path=/lib/systemd/network HTTP/2.0" 200 907 "-" "Mozilla/5.0 AppleWebKit/537.36 (KHTML, like Gecko; compatible; bingbot/2.0; +http://www.bing.com/bingbot.htm) Chrome/116.0.1938.76 Safari/537.36"
52.167.144.160 - - [11/Jan/2025:16:59:44 +0300] "GET /?path=/lib/kbd/unimaps HTTP/2.0" 200 2399 "-" "Mozilla/5.0 AppleWebKit/537.36 (KHTML, like Gecko; compatible; bingbot/2.0; +http://www.bing.com/bingbot.htm) Chrome/116.0.1938.76 Safari/537.36"
52.167.144.160 - - [11/Jan/2025:16:59:45 +0300] "GET /resource/?path=/lib/firmware/ti-connectivity HTTP/2.0" 500 3097 "-" "Mozilla/5.0 AppleWebKit/537.36 (KHTML, like Gecko; compatible; bingbot/2.0; +http://www.bing.com/bingbot.htm) Chrome/116.0.1938.76 Safari/537.36"
52.167.144.160 - - [11/Jan/2025:16:59:45 +0300] "GET /resource/?path=/lib/firmware/ath12k HTTP/2.0" 500 3097 "-" "Mozilla/5.0 AppleWebKit/537.36 (KHTML, like Gecko; compatible; bingbot/2.0; +http://www.bing.com/bingbot.htm) Chrome/116.0.1938.76 Safari/537.36"
52.167.144.160 - - [11/Jan/2025:16:59:46 +0300] "GET /resource/?path=/lib/firmware/amdgpu HTTP/2.0" 500 3097 "-" "Mozilla/5.0 AppleWebKit/537.36 (KHTML, like Gecko; compatible; bingbot/2.0; +http://www.bing.com/bingbot.htm) Chrome/116.0.1938.76 Safari/537.36"
52.167.144.160 - - [11/Jan/2025:16:59:47 +0300] "GET /resource/?path=/lib/firmware/qcom HTTP/2.0" 500 3097 "-" "Mozilla/5.0 AppleWebKit/537.36 (KHTML, like Gecko; compatible; bingbot/2.0; +http://www.bing.com/bingbot.htm) Chrome/116.0.1938.76 Safari/537.36"
52.167.144.160 - - [11/Jan/2025:16:59:47 +0300] "GET /resource/?path=/lib/firmware/brcm HTTP/2.0" 500 3097 "-" "Mozilla/5.0 AppleWebKit/537.36 (KHTML, like Gecko; compatible; bingbot/2.0; +http://www.bing.com/bingbot.htm) Chrome/116.0.1938.76 Safari/537.36"
52.167.144.160 - - [11/Jan/2025:16:59:48 +0300] "GET /resource/?path=/lib/firmware/cirrus HTTP/2.0" 500 3097 "-" "Mozilla/5.0 AppleWebKit/537.36 (KHTML, like Gecko; compatible; bingbot/2.0; +http://www.bing.com/bingbot.htm) Chrome/116.0.1938.76 Safari/537.36"
85.208.96.206 - - [11/Jan/2025:16:59:48 +0300] "GET /gallery?aca&aca&ncdc-50-conference&ncdc-50-launch&ncdc-collaboration&parliament&sample&welcome-remarks%3F35 HTTP/1.1" 200 2017 "-" "Mozilla/5.0 (compatible; SemrushBot/7~bl; +http://www.semrush.com/bot.html)"
52.167.144.160 - - [11/Jan/2025:16:59:49 +0300] "GET /resource/?path=/lib/firmware/ath10k HTTP/2.0" 500 3097 "-" "Mozilla/5.0 AppleWebKit/537.36 (KHTML, like Gecko; compatible; bingbot/2.0; +http://www.bing.com/bingbot.htm) Chrome/116.0.1938.76 Safari/537.36"
52.167.144.160 - - [11/Jan/2025:16:59:49 +0300] "GET /resource/?path=/lib/firmware/rtl_bt HTTP/2.0" 500 3097 "-" "Mozilla/5.0 AppleWebKit/537.36 (KHTML, like Gecko; compatible; bingbot/2.0; +http://www.bing.com/bingbot.htm) Chrome/116.0.1938.76 Safari/537.36"
52.167.144.160 - - [11/Jan/2025:16:59:50 +0300] "GET /resource/?path=/lib/firmware/isci HTTP/2.0" 500 3097 "-" "Mozilla/5.0 AppleWebKit/537.36 (KHTML, like Gecko; compatible; bingbot/2.0; +http://www.bing.com/bingbot.htm) Chrome/116.0.1938.76 Safari/537.36"
52.167.144.160 - - [11/Jan/2025:16:59:51 +0300] "GET /resource/?path=/lib/firmware/microchip HTTP/2.0" 500 3097 "-" "Mozilla/5.0 AppleWebKit/537.36 (KHTML, like Gecko; compatible; bingbot/2.0; +http://www.bing.com/bingbot.htm) Chrome/116.0.1938.76 Safari/537.36"
52.167.144.160 - - [11/Jan/2025:16:59:52 +0300] "GET /resource/?filesrc=/lib/firmware/myri10ge_eth_big_z8e.dat&path=/lib/firmware HTTP/2.0" 500 3097 "-" "Mozilla/5.0 AppleWebKit/537.36 (KHTML, like Gecko; compatible; bingbot/2.0; +http://www.bing.com/bingbot.htm) Chrome/116.0.1938.76 Safari/537.36"
52.167.144.160 - - [11/Jan/2025:16:59:52 +0300] "GET /resource/?path=/lib/firmware/mediatek/sof HTTP/2.0" 500 3097 "-" "Mozilla/5.0 AppleWebKit/537.36 (KHTML, like Gecko; compatible; bingbot/2.0; +http://www.bing.com/bingbot.htm) Chrome/116.0.1938.76 Safari/537.36"
41.210.154.201 - - [11/Jan/2025:16:59:42 +0300] "GET /wp-content/uploads/2024/02/LITERATURE_SYLLABUS.pdf HTTP/2.0" 200 7259890 "https://www.google.com/" "Mozilla/5.0 (Linux; Android 10; K) AppleWebKit/537.36 (KHTML, like Gecko) Chrome/131.0.0.0 Mobile Safari/537.36"
185.191.171.16 - - [11/Jan/2025:16:59:53 +0300] "GET /gallery?instructional-materials-unit&job-fair&ncdc-50-launch&ncdc-collaboration&parliament&sample%3F22&visit-by-ps HTTP/1.1" 200 2017 "-" "Mozilla/5.0 (compatible; SemrushBot/7~bl; +http://www.semrush.com/bot.html)"
52.167.144.160 - - [11/Jan/2025:16:59:53 +0300] "GET /resource/?path=/lib/vmware-caf HTTP/2.0" 500 3097 "-" "Mozilla/5.0 AppleWebKit/537.36 (KHTML, like Gecko; compatible; bingbot/2.0; +http://www.bing.com/bingbot.htm) Chrome/116.0.1938.76 Safari/537.36"
52.167.144.160 - - [11/Jan/2025:16:59:54 +0300] "GET /resource/?path=/run/sepermit HTTP/2.0" 500 3097 "-" "Mozilla/5.0 AppleWebKit/537.36 (KHTML, like Gecko; compatible; bingbot/2.0; +http://www.bing.com/bingbot.htm) Chrome/116.0.1938.76 Safari/537.36"
52.167.144.160 - - [11/Jan/2025:16:59:54 +0300] "GET /resource/?path=/etc/crypto-policies/state HTTP/2.0" 500 3097 "-" "Mozilla/5.0 AppleWebKit/537.36 (KHTML, like Gecko; compatible; bingbot/2.0; +http://www.bing.com/bingbot.htm) Chrome/116.0.1938.76 Safari/537.36"
52.167.144.160 - - [11/Jan/2025:16:59:55 +0300] "GET /resource/?path=/lib/firmware/amd-ucode HTTP/2.0" 500 3097 "-" "Mozilla/5.0 AppleWebKit/537.36 (KHTML, like Gecko; compatible; bingbot/2.0; +http://www.bing.com/bingbot.htm) Chrome/116.0.1938.76 Safari/537.36"
66.249.70.3 - - [11/Jan/2025:17:00:03 +0300] "GET /comments/feed/ HTTP/1.1" 500 3096 "-" "Mozilla/5.0 (compatible; Googlebot/2.1; +http://www.google.com/bot.html)"
154.72.192.35 - - [11/Jan/2025:17:00:04 +0300] "HEAD / HTTP/1.1" 200 - "-" "Uptime-Kuma/1.23.11"
52.167.144.172 - - [11/Jan/2025:17:00:05 +0300] "GET /resource/?path=/lib/firmware/rtlwifi HTTP/2.0" 200 1947 "-" "Mozilla/5.0 AppleWebKit/537.36 (KHTML, like Gecko; compatible; bingbot/2.0; +http://www.bing.com/bingbot.htm) Chrome/116.0.1938.76 Safari/537.36"
51.8.102.13 - - [11/Jan/2025:17:00:05 +0300] "GET /wp-sitemap-posts-post-1.xml HTTP/2.0" 500 3095 "-" "Mozilla/5.0 (Macintosh; Intel Mac OS X 10_15_7) AppleWebKit/537.36 (KHTML, like Gecko) Chrome/131.0.0.0 Safari/537.36; compatible; OAI-SearchBot/1.0; +https://openai.com/searchbot"
52.167.144.172 - - [11/Jan/2025:17:00:06 +0300] "GET /resource/?path=/lib/firmware/advansys HTTP/2.0" 200 1007 "-" "Mozilla/5.0 AppleWebKit/537.36 (KHTML, like Gecko; compatible; bingbot/2.0; +http://www.bing.com/bingbot.htm) Chrome/116.0.1938.76 Safari/537.36"
52.167.144.172 - - [11/Jan/2025:17:00:07 +0300] "GET /resource/?path=/usr/include/rdma HTTP/2.0" 200 1636 "-" "Mozilla/5.0 AppleWebKit/537.36 (KHTML, like Gecko; compatible; bingbot/2.0; +http://www.bing.com/bingbot.htm) Chrome/116.0.1938.76 Safari/537.36"
51.8.102.83 - - [11/Jan/2025:17:00:07 +0300] "GET /wp-sitemap-posts-post-1.xml HTTP/2.0" 500 3095 "-" "Mozilla/5.0 (Macintosh; Intel Mac OS X 10_15_7) AppleWebKit/537.36 (KHTML, like Gecko) Chrome/131.0.0.0 Safari/537.36; compatible; OAI-SearchBot/1.0; +https://openai.com/searchbot"
