52.167.144.24 - - [11/Jan/2025:16:55:24 +0300] "GET /resource/?filesrc=/etc/alternatives/ncman&path=/etc/alternatives HTTP/2.0" 200 666 "-" "Mozilla/5.0 AppleWebKit/537.36 (KHTML, like Gecko; compatible; bingbot/2.0; +http://www.bing.com/bingbot.htm) Chrome/116.0.1938.76 Safari/537.36"
52.167.144.24 - - [11/Jan/2025:16:55:24 +0300] "GET /resource/?option&path=/etc/fonts HTTP/2.0" 200 638 "-" "Mozilla/5.0 AppleWebKit/537.36 (KHTML, like Gecko; compatible; bingbot/2.0; +http://www.bing.com/bingbot.htm) Chrome/116.0.1938.76 Safari/537.36"
52.167.144.24 - - [11/Jan/2025:16:55:25 +0300] "GET /?path=/lib/locale/en_US HTTP/2.0" 200 1263 "-" "Mozilla/5.0 AppleWebKit/537.36 (KHTML, like Gecko; compatible; bingbot/2.0; +http://www.bing.com/bingbot.htm) Chrome/116.0.1938.76 Safari/537.36"
52.167.144.24 - - [11/Jan/2025:16:55:26 +0300] "GET /?path=/lib/locale/en_GB HTTP/2.0" 200 1261 "-" "Mozilla/5.0 AppleWebKit/537.36 (KHTML, like Gecko; compatible; bingbot/2.0; +http://www.bing.com/bingbot.htm) Chrome/116.0.1938.76 Safari/537.36"
52.167.144.24 - - [11/Jan/2025:16:55:27 +0300] "GET /resource/?path=/lib/dracut HTTP/2.0" 200 1184 "-" "Mozilla/5.0 AppleWebKit/537.36 (KHTML, like Gecko; compatible; bingbot/2.0; +http://www.bing.com/bingbot.htm) Chrome/116.0.1938.76 Safari/537.36"
18.116.205.62 - - [11/Jan/2025:16:55:28 +0300] "HEAD / HTTP/1.1" 200 - "https://ncdc.go.ug" "Mozilla/5.0+(compatible; UptimeRobot/2.0; http://www.uptimerobot.com/)"
52.167.144.24 - - [11/Jan/2025:16:55:28 +0300] "GET /?path=/lib/locale/en_CA HTTP/2.0" 200 1263 "-" "Mozilla/5.0 AppleWebKit/537.36 (KHTML, like Gecko; compatible; bingbot/2.0; +http://www.bing.com/bingbot.htm) Chrome/116.0.1938.76 Safari/537.36"
52.167.144.24 - - [11/Jan/2025:16:55:28 +0300] "GET /resource/?path=/etc/alternatives/jre_openjdk HTTP/2.0" 200 1075 "-" "Mozilla/5.0 AppleWebKit/537.36 (KHTML, like Gecko; compatible; bingbot/2.0; +http://www.bing.com/bingbot.htm) Chrome/116.0.1938.76 Safari/537.36"
52.167.144.24 - - [11/Jan/2025:16:55:29 +0300] "GET /resource/?path=/lib/systemd/user HTTP/2.0" 200 1880 "-" "Mozilla/5.0 AppleWebKit/537.36 (KHTML, like Gecko; compatible; bingbot/2.0; +http://www.bing.com/bingbot.htm) Chrome/116.0.1938.76 Safari/537.36"
52.167.144.24 - - [11/Jan/2025:16:55:30 +0300] "GET /resource/?option&path=/etc/alternatives HTTP/2.0" 200 644 "-" "Mozilla/5.0 AppleWebKit/537.36 (KHTML, like Gecko; compatible; bingbot/2.0; +http://www.bing.com/bingbot.htm) Chrome/116.0.1938.76 Safari/537.36"
52.167.144.24 - - [11/Jan/2025:16:55:31 +0300] "GET /resource/?path=/lib/vmware-tools HTTP/2.0" 500 3098 "-" "Mozilla/5.0 AppleWebKit/537.36 (KHTML, like Gecko; compatible; bingbot/2.0; +http://www.bing.com/bingbot.htm) Chrome/116.0.1938.76 Safari/537.36"
52.167.144.24 - - [11/Jan/2025:16:55:31 +0300] "GET /resource/?path=/etc/profile.d HTTP/2.0" 500 3098 "-" "Mozilla/5.0 AppleWebKit/537.36 (KHTML, like Gecko; compatible; bingbot/2.0; +http://www.bing.com/bingbot.htm) Chrome/116.0.1938.76 Safari/537.36"
52.167.144.24 - - [11/Jan/2025:16:55:32 +0300] "GET /resource/?path=/lib/udev HTTP/2.0" 500 3098 "-" "Mozilla/5.0 AppleWebKit/537.36 (KHTML, like Gecko; compatible; bingbot/2.0; +http://www.bing.com/bingbot.htm) Chrome/116.0.1938.76 Safari/537.36"
52.167.144.24 - - [11/Jan/2025:16:55:33 +0300] "GET /resource/?path=/lib/NetworkManager HTTP/2.0" 500 3098 "-" "Mozilla/5.0 AppleWebKit/537.36 (KHTML, like Gecko; compatible; bingbot/2.0; +http://www.bing.com/bingbot.htm) Chrome/116.0.1938.76 Safari/537.36"
52.167.144.24 - - [11/Jan/2025:16:55:33 +0300] "GET /resource/?filesrc=/lib/libSegFault.so&path=/lib HTTP/2.0" 500 3098 "-" "Mozilla/5.0 AppleWebKit/537.36 (KHTML, like Gecko; compatible; bingbot/2.0; +http://www.bing.com/bingbot.htm) Chrome/116.0.1938.76 Safari/537.36"
52.167.144.24 - - [11/Jan/2025:16:55:34 +0300] "GET /?path=/lib/systemd/system-preset HTTP/2.0" 403 32198 "-" "Mozilla/5.0 AppleWebKit/537.36 (KHTML, like Gecko; compatible; bingbot/2.0; +http://www.bing.com/bingbot.htm) Chrome/116.0.1938.76 Safari/537.36"
52.167.144.24 - - [11/Jan/2025:16:55:35 +0300] "GET /?path=/lib/systemd/system-sleep HTTP/2.0" 403 32198 "-" "Mozilla/5.0 AppleWebKit/537.36 (KHTML, like Gecko; compatible; bingbot/2.0; +http://www.bing.com/bingbot.htm) Chrome/116.0.1938.76 Safari/537.36"
52.167.144.24 - - [11/Jan/2025:16:55:36 +0300] "GET /resource/?path=/run/systemd/journal HTTP/2.0" 500 3098 "-" "Mozilla/5.0 AppleWebKit/537.36 (KHTML, like Gecko; compatible; bingbot/2.0; +http://www.bing.com/bingbot.htm) Chrome/116.0.1938.76 Safari/537.36"
52.167.144.24 - - [11/Jan/2025:16:55:36 +0300] "GET /?path=/lib/systemd/system-generators HTTP/2.0" 403 32198 "-" "Mozilla/5.0 AppleWebKit/537.36 (KHTML, like Gecko; compatible; bingbot/2.0; +http://www.bing.com/bingbot.htm) Chrome/116.0.1938.76 Safari/537.36"
52.167.144.24 - - [11/Jan/2025:16:55:37 +0300] "GET /resource/?path=/lib/firmware/ti-keystone HTTP/2.0" 500 3098 "-" "Mozilla/5.0 AppleWebKit/537.36 (KHTML, like Gecko; compatible; bingbot/2.0; +http://www.bing.com/bingbot.htm) Chrome/116.0.1938.76 Safari/537.36"
52.167.144.24 - - [11/Jan/2025:16:55:38 +0300] "GET /resource/?path=/lib/firmware/qed HTTP/2.0" 500 3098 "-" "Mozilla/5.0 AppleWebKit/537.36 (KHTML, like Gecko; compatible; bingbot/2.0; +http://www.bing.com/bingbot.htm) Chrome/116.0.1938.76 Safari/537.36"
52.167.144.24 - - [11/Jan/2025:16:55:38 +0300] "GET /resource/?path=/lib/firmware/inside-secure HTTP/2.0" 500 3098 "-" "Mozilla/5.0 AppleWebKit/537.36 (KHTML, like Gecko; compatible; bingbot/2.0; +http://www.bing.com/bingbot.htm) Chrome/116.0.1938.76 Safari/537.36"
52.167.144.24 - - [11/Jan/2025:16:55:39 +0300] "GET /?path=/lib/systemd/network HTTP/2.0" 403 32198 "-" "Mozilla/5.0 AppleWebKit/537.36 (KHTML, like Gecko; compatible; bingbot/2.0; +http://www.bing.com/bingbot.htm) Chrome/116.0.1938.76 Safari/537.36"
3.15.188.166 - - [11/Jan/2025:16:55:39 +0300] "GET /wp-content/cache/wpo-minify/1736595750/assets/wpo-minify-footer-205e30aa.min.css HTTP/2.0" 200 56211 "-" "Mozilla/5.0 AppleWebKit/537.36 (KHTML, like Gecko; compatible; ClaudeBot/1.0; +claudebot@anthropic.com)"
52.167.144.24 - - [11/Jan/2025:16:55:40 +0300] "GET /resource/?path=/lib/firmware/ttusb-budget HTTP/2.0" 500 3098 "-" "Mozilla/5.0 AppleWebKit/537.36 (KHTML, like Gecko; compatible; bingbot/2.0; +http://www.bing.com/bingbot.htm) Chrome/116.0.1938.76 Safari/537.36"
52.167.144.24 - - [11/Jan/2025:16:55:41 +0300] "GET /resource/?path=/lib/firmware/nxp HTTP/2.0" 500 3098 "-" "Mozilla/5.0 AppleWebKit/537.36 (KHTML, like Gecko; compatible; bingbot/2.0; +http://www.bing.com/bingbot.htm) Chrome/116.0.1938.76 Safari/537.36"
185.191.171.6 - - [11/Jan/2025:16:55:44 +0300] "GET /gallery?job-fair&ncdc-50-conference&ncdc-50-conference&ncdc-collaboration&sample%3F22%3Fconsultation-on-a-level-curriculum-review HTTP/1.1" 200 2017 "-" "Mozilla/5.0 (compatible; SemrushBot/7~bl; +http://www.semrush.com/bot.html)"
52.167.144.24 - - [11/Jan/2025:16:55:49 +0300] "GET /resource/?path=/lib/firmware/keyspan HTTP/2.0" 200 1165 "-" "Mozilla/5.0 AppleWebKit/537.36 (KHTML, like Gecko; compatible; bingbot/2.0; +http://www.bing.com/bingbot.htm) Chrome/116.0.1938.76 Safari/537.36"
52.167.144.24 - - [11/Jan/2025:16:55:50 +0300] "GET /resource/?path=/lib/firmware/mwlwifi HTTP/2.0" 200 950 "-" "Mozilla/5.0 AppleWebKit/537.36 (KHTML, like Gecko; compatible; bingbot/2.0; +http://www.bing.com/bingbot.htm) Chrome/116.0.1938.76 Safari/537.36"
52.167.144.24 - - [11/Jan/2025:16:55:50 +0300] "GET /resource/?path=/lib/firmware/atmel HTTP/2.0" 200 1032 "-" "Mozilla/5.0 AppleWebKit/537.36 (KHTML, like Gecko; compatible; bingbot/2.0; +http://www.bing.com/bingbot.htm) Chrome/116.0.1938.76 Safari/537.36"
52.167.144.24 - - [11/Jan/2025:16:55:51 +0300] "GET /resource/?path=/lib/modules HTTP/2.0" 200 1037 "-" "Mozilla/5.0 AppleWebKit/537.36 (KHTML, like Gecko; compatible; bingbot/2.0; +http://www.bing.com/bingbot.htm) Chrome/116.0.1938.76 Safari/537.36"
52.167.144.24 - - [11/Jan/2025:16:55:52 +0300] "GET /resource/?path=/lib/firmware/ti HTTP/2.0" 500 3098 "-" "Mozilla/5.0 AppleWebKit/537.36 (KHTML, like Gecko; compatible; bingbot/2.0; +http://www.bing.com/bingbot.htm) Chrome/116.0.1938.76 Safari/537.36"
152.59.147.225 - - [11/Jan/2025:16:55:52 +0300] "GET /wp-content/plugins/embed-pdf-viewer/css/embed-pdf-viewer.css?ver=2.4.4 HTTP/2.0" 200 156 "-" "Mozilla/5.0 (Linux; Android 10; K) AppleWebKit/537.36 (KHTML, like Gecko) Chrome/131.0.0.0 Mobile Safari/537.36"
152.59.147.225 - - [11/Jan/2025:16:55:53 +0300] "GET /wp-content/plugins/wp-media-folder/assets/css/vc_style.css?ver=5.8.2 HTTP/2.0" 200 475 "-" "Mozilla/5.0 (Linux; Android 10; K) AppleWebKit/537.36 (KHTML, like Gecko) Chrome/131.0.0.0 Mobile Safari/537.36"
152.59.147.225 - - [11/Jan/2025:16:55:52 +0300] "GET /books/cre-syllabus/ HTTP/2.0" 500 3099 "https://www.google.com/" "Mozilla/5.0 (Linux; Android 10; K) AppleWebKit/537.36 (KHTML, like Gecko) Chrome/131.0.0.0 Mobile Safari/537.36"
152.59.147.225 - - [11/Jan/2025:16:55:52 +0300] "GET /wp-content/plugins/mailchimp/css/flick/flick.css?ver=6.7.1 HTTP/2.0" 200 2019 "-" "Mozilla/5.0 (Linux; Android 10; K) AppleWebKit/537.36 (KHTML, like Gecko) Chrome/131.0.0.0 Mobile Safari/537.36"
152.59.147.225 - - [11/Jan/2025:16:55:52 +0300] "GET /?mcsf_action=main_css&ver=6.7.1 HTTP/2.0" 200 2019 "-" "Mozilla/5.0 (Linux; Android 10; K) AppleWebKit/537.36 (KHTML, like Gecko) Chrome/131.0.0.0 Mobile Safari/537.36"
52.167.144.24 - - [11/Jan/2025:16:55:52 +0300] "GET /resource/?path=/lib/firmware/nvidia HTTP/2.0" 500 3098 "-" "Mozilla/5.0 AppleWebKit/537.36 (KHTML, like Gecko; compatible; bingbot/2.0; +http://www.bing.com/bingbot.htm) Chrome/116.0.1938.76 Safari/537.36"
152.59.147.225 - - [11/Jan/2025:16:55:53 +0300] "GET /wp-content/themes/nanosoft/assets/css/components.css?ver=1.0.0 HTTP/2.0" 200 28455 "-" "Mozilla/5.0 (Linux; Android 10; K) AppleWebKit/537.36 (KHTML, like Gecko) Chrome/131.0.0.0 Mobile Safari/537.36"
52.167.144.24 - - [11/Jan/2025:16:55:53 +0300] "GET /resource/?path=/lib/systemd/system-preset HTTP/2.0" 500 3098 "-" "Mozilla/5.0 AppleWebKit/537.36 (KHTML, like Gecko; compatible; bingbot/2.0; +http://www.bing.com/bingbot.htm) Chrome/116.0.1938.76 Safari/537.36"
152.59.147.225 - - [11/Jan/2025:16:55:53 +0300] "GET /wp-content/themes/nanosoft/assets/css/style.css?ver=1.0.0 HTTP/2.0" 200 58205 "-" "Mozilla/5.0 (Linux; Android 10; K) AppleWebKit/537.36 (KHTML, like Gecko) Chrome/131.0.0.0 Mobile Safari/537.36"
152.59.147.225 - - [11/Jan/2025:16:55:53 +0300] "GET /wp-includes/css/dist/block-library/style.min.css?ver=6.7.1 HTTP/2.0" 200 15177 "-" "Mozilla/5.0 (Linux; Android 10; K) AppleWebKit/537.36 (KHTML, like Gecko) Chrome/131.0.0.0 Mobile Safari/537.36"
185.191.171.16 - - [11/Jan/2025:16:55:53 +0300] "GET /gallery/?50-conference-venue&job-fair&ncdc-50-launch&ncdc-50-launch&parliament&sample%3Fvisiting-delegation-from-zambia HTTP/1.1" 200 2017 "-" "Mozilla/5.0 (compatible; SemrushBot/7~bl; +http://www.semrush.com/bot.html)"
152.59.147.225 - - [11/Jan/2025:16:55:53 +0300] "GET /favicon.ico HTTP/2.0" 500 3099 "https://ncdc.go.ug/books/cre-syllabus/" "Mozilla/5.0 (Linux; Android 10; K) AppleWebKit/537.36 (KHTML, like Gecko) Chrome/131.0.0.0 Mobile Safari/537.36"
52.167.144.24 - - [11/Jan/2025:16:55:54 +0300] "GET /resource/?path=/usr/include/netax25 HTTP/2.0" 500 3098 "-" "Mozilla/5.0 AppleWebKit/537.36 (KHTML, like Gecko; compatible; bingbot/2.0; +http://www.bing.com/bingbot.htm) Chrome/116.0.1938.76 Safari/537.36"
152.59.147.225 - - [11/Jan/2025:16:55:54 +0300] "GET /wp-includes/css/dashicons.min.css?ver=6.7.1 HTTP/2.0" 200 35730 "-" "Mozilla/5.0 (Linux; Android 10; K) AppleWebKit/537.36 (KHTML, like Gecko) Chrome/131.0.0.0 Mobile Safari/537.36"
152.59.147.225 - - [11/Jan/2025:16:55:54 +0300] "GET /wp-content/plugins/advanced-accordion-block/build/accordion-item/style-index.css?ver=0.1.0 HTTP/2.0" 200 2019 "-" "Mozilla/5.0 (Linux; Android 10; K) AppleWebKit/537.36 (KHTML, like Gecko) Chrome/131.0.0.0 Mobile Safari/537.36"
52.167.144.24 - - [11/Jan/2025:16:55:54 +0300] "GET /?path=/lib/kernel/install.d HTTP/2.0" 403 32198 "-" "Mozilla/5.0 AppleWebKit/537.36 (KHTML, like Gecko; compatible; bingbot/2.0; +http://www.bing.com/bingbot.htm) Chrome/116.0.1938.76 Safari/537.36"
52.167.144.24 - - [11/Jan/2025:16:55:55 +0300] "GET /?path=/lib/systemd/user-preset HTTP/2.0" 403 32198 "-" "Mozilla/5.0 AppleWebKit/537.36 (KHTML, like Gecko; compatible; bingbot/2.0; +http://www.bing.com/bingbot.htm) Chrome/116.0.1938.76 Safari/537.36"
52.167.144.24 - - [11/Jan/2025:16:55:56 +0300] "GET /?path=/lib/vmware-tools/configurator HTTP/2.0" 403 32198 "-" "Mozilla/5.0 AppleWebKit/537.36 (KHTML, like Gecko; compatible; bingbot/2.0; +http://www.bing.com/bingbot.htm) Chrome/116.0.1938.76 Safari/537.36"
52.167.144.24 - - [11/Jan/2025:16:55:57 +0300] "GET /?path=/lib/vmware-tools/libconf HTTP/2.0" 403 32198 "-" "Mozilla/5.0 AppleWebKit/537.36 (KHTML, like Gecko; compatible; bingbot/2.0; +http://www.bing.com/bingbot.htm) Chrome/116.0.1938.76 Safari/537.36"
52.167.144.24 - - [11/Jan/2025:16:55:57 +0300] "GET /?path=/lib/systemd/system HTTP/2.0" 403 32198 "-" "Mozilla/5.0 AppleWebKit/537.36 (KHTML, like Gecko; compatible; bingbot/2.0; +http://www.bing.com/bingbot.htm) Chrome/116.0.1938.76 Safari/537.36"
52.167.144.24 - - [11/Jan/2025:16:55:58 +0300] "GET /resource/?filesrc=/lib/firmware/hfi1_fabric.fw&path=/lib/firmware HTTP/2.0" 500 3098 "-" "Mozilla/5.0 AppleWebKit/537.36 (KHTML, like Gecko; compatible; bingbot/2.0; +http://www.bing.com/bingbot.htm) Chrome/116.0.1938.76 Safari/537.36"
52.167.144.24 - - [11/Jan/2025:16:55:59 +0300] "GET /resource/?path=/lib/firmware/sxg HTTP/2.0" 500 3098 "-" "Mozilla/5.0 AppleWebKit/537.36 (KHTML, like Gecko; compatible; bingbot/2.0; +http://www.bing.com/bingbot.htm) Chrome/116.0.1938.76 Safari/537.36"
52.167.144.24 - - [11/Jan/2025:16:55:59 +0300] "GET /resource/?path=/lib/firmware/radeon HTTP/2.0" 500 3098 "-" "Mozilla/5.0 AppleWebKit/537.36 (KHTML, like Gecko; compatible; bingbot/2.0; +http://www.bing.com/bingbot.htm) Chrome/116.0.1938.76 Safari/537.36"
52.167.144.24 - - [11/Jan/2025:16:56:00 +0300] "GET /?path=/lib/vmware-tools/lib64 HTTP/2.0" 403 32198 "-" "Mozilla/5.0 AppleWebKit/537.36 (KHTML, like Gecko; compatible; bingbot/2.0; +http://www.bing.com/bingbot.htm) Chrome/116.0.1938.76 Safari/537.36"
52.167.144.24 - - [11/Jan/2025:16:56:01 +0300] "GET /resource/?path=/lib/firmware/netronome HTTP/2.0" 500 3098 "-" "Mozilla/5.0 AppleWebKit/537.36 (KHTML, like Gecko; compatible; bingbot/2.0; +http://www.bing.com/bingbot.htm) Chrome/116.0.1938.76 Safari/537.36"
52.167.144.24 - - [11/Jan/2025:16:56:02 +0300] "GET /resource/?path=/lib/environment.d HTTP/2.0" 500 3098 "-" "Mozilla/5.0 AppleWebKit/537.36 (KHTML, like Gecko; compatible; bingbot/2.0; +http://www.bing.com/bingbot.htm) Chrome/116.0.1938.76 Safari/537.36"
154.72.192.35 - - [11/Jan/2025:16:56:02 +0300] "HEAD / HTTP/1.1" 200 - "-" "Uptime-Kuma/1.23.11"
52.167.144.24 - - [11/Jan/2025:16:56:02 +0300] "GET /?filesrc=/lib/systemd/libsystemd-shared-239.so&path=/lib/systemd HTTP/2.0" 403 32198 "-" "Mozilla/5.0 AppleWebKit/537.36 (KHTML, like Gecko; compatible; bingbot/2.0; +http://www.bing.com/bingbot.htm) Chrome/116.0.1938.76 Safari/537.36"
52.167.144.24 - - [11/Jan/2025:16:56:03 +0300] "GET /resource/?path=/usr/include/et HTTP/2.0" 500 3098 "-" "Mozilla/5.0 AppleWebKit/537.36 (KHTML, like Gecko; compatible; bingbot/2.0; +http://www.bing.com/bingbot.htm) Chrome/116.0.1938.76 Safari/537.36"
52.167.144.24 - - [11/Jan/2025:16:56:04 +0300] "GET /?path=/lib/vmware-tools/include HTTP/2.0" 403 32198 "-" "Mozilla/5.0 AppleWebKit/537.36 (KHTML, like Gecko; compatible; bingbot/2.0; +http://www.bing.com/bingbot.htm) Chrome/116.0.1938.76 Safari/537.36"
52.167.144.24 - - [11/Jan/2025:16:56:04 +0300] "GET /resource/?path=/lib/firmware/myricom HTTP/2.0" 500 3098 "-" "Mozilla/5.0 AppleWebKit/537.36 (KHTML, like Gecko; compatible; bingbot/2.0; +http://www.bing.com/bingbot.htm) Chrome/116.0.1938.76 Safari/537.36"
52.167.144.24 - - [11/Jan/2025:16:56:05 +0300] "GET /resource/?path=/lib/firmware/vicam HTTP/2.0" 500 3098 "-" "Mozilla/5.0 AppleWebKit/537.36 (KHTML, like Gecko; compatible; bingbot/2.0; +http://www.bing.com/bingbot.htm) Chrome/116.0.1938.76 Safari/537.36"
52.167.144.24 - - [11/Jan/2025:16:56:06 +0300] "GET /resource/?path=/lib/systemd/system/sw-engine.service.d HTTP/2.0" 500 3098 "-" "Mozilla/5.0 AppleWebKit/537.36 (KHTML, like Gecko; compatible; bingbot/2.0; +http://www.bing.com/bingbot.htm) Chrome/116.0.1938.76 Safari/537.36"
52.167.144.24 - - [11/Jan/2025:16:56:06 +0300] "GET /resource/?path=/lib/systemd/system/mariadb@bootstrap.service.d HTTP/2.0" 500 3098 "-" "Mozilla/5.0 AppleWebKit/537.36 (KHTML, like Gecko; compatible; bingbot/2.0; +http://www.bing.com/bingbot.htm) Chrome/116.0.1938.76 Safari/537.36"
52.167.144.24 - - [11/Jan/2025:16:56:07 +0300] "GET /?path=/lib/systemd/system-preset HTTP/2.0" 403 32198 "-" "Mozilla/5.0 AppleWebKit/537.36 (KHTML, like Gecko; compatible; bingbot/2.0; +http://www.bing.com/bingbot.htm) Chrome/116.0.1938.76 Safari/537.36"
85.208.96.200 - - [11/Jan/2025:16:56:10 +0300] "GET /gallery/?aca&ncdc-50-conference&sample&teacher-training-on-abridged-curriculum-2&teacher-training-on-abridged-curriculum-2&welcome-remarks%3F37 HTTP/1.1" 200 2017 "-" "Mozilla/5.0 (compatible; SemrushBot/7~bl; +http://www.semrush.com/bot.html)"
173.252.83.27 - - [11/Jan/2025:16:56:13 +0300] "GET /wp-content/plugins/extensive-vc-addon/post-types/testimonials/admin/meta-boxes/?C=M;O=D HTTP/2.0" 200 1012 "-" "meta-externalagent/1.1 (+https://developers.facebook.com/docs/sharing/webmasters/crawler)"
18.97.14.90 - - [11/Jan/2025:16:56:15 +0300] "GET /faq/ HTTP/2.0" 500 3095 "-" "CCBot/2.0 (https://commoncrawl.org/faq/)"
52.167.144.172 - - [11/Jan/2025:16:56:15 +0300] "GET /?path=/lib/systemd/portable HTTP/2.0" 200 870 "-" "Mozilla/5.0 AppleWebKit/537.36 (KHTML, like Gecko; compatible; bingbot/2.0; +http://www.bing.com/bingbot.htm) Chrome/116.0.1938.76 Safari/537.36"
52.167.144.172 - - [11/Jan/2025:16:56:16 +0300] "GET /?path=/lib/systemd/user-environment-generators HTTP/2.0" 200 927 "-" "Mozilla/5.0 AppleWebKit/537.36 (KHTML, like Gecko; compatible; bingbot/2.0; +http://www.bing.com/bingbot.htm) Chrome/116.0.1938.76 Safari/537.36"
52.167.144.172 - - [11/Jan/2025:16:56:16 +0300] "GET /?path=/lib/systemd/boot HTTP/2.0" 200 867 "-" "Mozilla/5.0 AppleWebKit/537.36 (KHTML, like Gecko; compatible; bingbot/2.0; +http://www.bing.com/bingbot.htm) Chrome/116.0.1938.76 Safari/537.36"
52.167.144.172 - - [11/Jan/2025:16:56:17 +0300] "GET /?path=/lib/systemd/system-shutdown HTTP/2.0" 200 946 "-" "Mozilla/5.0 AppleWebKit/537.36 (KHTML, like Gecko; compatible; bingbot/2.0; +http://www.bing.com/bingbot.htm) Chrome/116.0.1938.76 Safari/537.36"
52.167.144.172 - - [11/Jan/2025:16:56:18 +0300] "GET /resource/?path=/lib/firmware/meson HTTP/2.0" 200 869 "-" "Mozilla/5.0 AppleWebKit/537.36 (KHTML, like Gecko; compatible; bingbot/2.0; +http://www.bing.com/bingbot.htm) Chrome/116.0.1938.76 Safari/537.36"
52.167.144.172 - - [11/Jan/2025:16:56:18 +0300] "GET /resource/?path=/lib/firmware/edgeport HTTP/2.0" 200 1026 "-" "Mozilla/5.0 AppleWebKit/537.36 (KHTML, like Gecko; compatible; bingbot/2.0; +http://www.bing.com/bingbot.htm) Chrome/116.0.1938.76 Safari/537.36"
52.167.144.172 - - [11/Jan/2025:16:56:19 +0300] "GET /resource/?path=/lib/firmware/rockchip HTTP/2.0" 200 907 "-" "Mozilla/5.0 AppleWebKit/537.36 (KHTML, like Gecko; compatible; bingbot/2.0; +http://www.bing.com/bingbot.htm) Chrome/116.0.1938.76 Safari/537.36"
52.167.144.172 - - [11/Jan/2025:16:56:20 +0300] "GET /resource/?path=/lib/firmware/yam HTTP/2.0" 200 931 "-" "Mozilla/5.0 AppleWebKit/537.36 (KHTML, like Gecko; compatible; bingbot/2.0; +http://www.bing.com/bingbot.htm) Chrome/116.0.1938.76 Safari/537.36"
52.167.144.172 - - [11/Jan/2025:16:56:20 +0300] "GET /resource/?path=/lib/firmware/liquidio HTTP/2.0" 500 3098 "-" "Mozilla/5.0 AppleWebKit/537.36 (KHTML, like Gecko; compatible; bingbot/2.0; +http://www.bing.com/bingbot.htm) Chrome/116.0.1938.76 Safari/537.36"
52.167.144.172 - - [11/Jan/2025:16:56:21 +0300] "GET /resource/?path=/lib/firmware/amlogic HTTP/2.0" 500 3098 "-" "Mozilla/5.0 AppleWebKit/537.36 (KHTML, like Gecko; compatible; bingbot/2.0; +http://www.bing.com/bingbot.htm) Chrome/116.0.1938.76 Safari/537.36"
52.167.144.172 - - [11/Jan/2025:16:56:22 +0300] "GET /resource/?path=/lib/firmware/imx HTTP/2.0" 500 3098 "-" "Mozilla/5.0 AppleWebKit/537.36 (KHTML, like Gecko; compatible; bingbot/2.0; +http://www.bing.com/bingbot.htm) Chrome/116.0.1938.76 Safari/537.36"
52.167.144.172 - - [11/Jan/2025:16:56:22 +0300] "GET /resource/?filesrc=/lib/firmware/iwlwifi-ty-a0-gf-a0-74.ucode&path=/lib/firmware HTTP/2.0" 500 3098 "-" "Mozilla/5.0 AppleWebKit/537.36 (KHTML, like Gecko; compatible; bingbot/2.0; +http://www.bing.com/bingbot.htm) Chrome/116.0.1938.76 Safari/537.36"
52.167.144.172 - - [11/Jan/2025:16:56:23 +0300] "GET /resource/?filesrc=/lib/firmware/iwlwifi-Qu-b0-hr-b0-66.ucode&path=/lib/firmware HTTP/2.0" 500 3098 "-" "Mozilla/5.0 AppleWebKit/537.36 (KHTML, like Gecko; compatible; bingbot/2.0; +http://www.bing.com/bingbot.htm) Chrome/116.0.1938.76 Safari/537.36"
85.208.96.197 - - [11/Jan/2025:16:56:23 +0300] "GET /robots.txt HTTP/1.1" 200 2018 "-" "Mozilla/5.0 (compatible; SemrushBot/7~bl; +http://www.semrush.com/bot.html)"
52.167.144.172 - - [11/Jan/2025:16:56:24 +0300] "GET /resource/?path=/lib/firmware/cypress HTTP/2.0" 500 3098 "-" "Mozilla/5.0 AppleWebKit/537.36 (KHTML, like Gecko; compatible; bingbot/2.0; +http://www.bing.com/bingbot.htm) Chrome/116.0.1938.76 Safari/537.36"
52.167.144.172 - - [11/Jan/2025:16:56:24 +0300] "GET /resource/?path=/lib/firmware/rtlwifi HTTP/2.0" 500 3098 "-" "Mozilla/5.0 AppleWebKit/537.36 (KHTML, like Gecko; compatible; bingbot/2.0; +http://www.bing.com/bingbot.htm) Chrome/116.0.1938.76 Safari/537.36"
52.167.144.172 - - [11/Jan/2025:16:56:25 +0300] "GET /resource/?path=/lib/firmware/advansys HTTP/2.0" 500 3098 "-" "Mozilla/5.0 AppleWebKit/537.36 (KHTML, like Gecko; compatible; bingbot/2.0; +http://www.bing.com/bingbot.htm) Chrome/116.0.1938.76 Safari/537.36"
185.191.171.16 - - [11/Jan/2025:16:56:25 +0300] "GET /2025/01/09/betmgm-gambling-%E0%B8%AA%E0%B8%96%E0%B8%B2%E0%B8%99%E0%B8%9B%E0%B8%A3%E0%B8%B0%E0%B8%81%E0%B8%AD%E0%B8%9A%E0%B8%81%E0%B8%B2%E0%B8%A3%E0%B8%99%E0%B8%B4%E0%B8%A7%E0%B9%80%E0%B8%88%E0%B8%AD%E0%B8%A3/ HTTP/1.1" 500 2303 "-" "Mozilla/5.0 (compatible; SemrushBot/7~bl; +http://www.semrush.com/bot.html)"
52.167.144.172 - - [11/Jan/2025:16:56:26 +0300] "GET /resource/?path=/lib/firmware/arm HTTP/2.0" 500 3098 "-" "Mozilla/5.0 AppleWebKit/537.36 (KHTML, like Gecko; compatible; bingbot/2.0; +http://www.bing.com/bingbot.htm) Chrome/116.0.1938.76 Safari/537.36"
52.167.144.172 - - [11/Jan/2025:16:56:26 +0300] "GET /resource/?path=/usr/include/rdma HTTP/2.0" 500 3098 "-" "Mozilla/5.0 AppleWebKit/537.36 (KHTML, like Gecko; compatible; bingbot/2.0; +http://www.bing.com/bingbot.htm) Chrome/116.0.1938.76 Safari/537.36"
52.167.144.172 - - [11/Jan/2025:16:56:27 +0300] "GET /resource/?path=/usr/include/openssl HTTP/2.0" 500 3098 "-" "Mozilla/5.0 AppleWebKit/537.36 (KHTML, like Gecko; compatible; bingbot/2.0; +http://www.bing.com/bingbot.htm) Chrome/116.0.1938.76 Safari/537.36"
52.167.144.172 - - [11/Jan/2025:16:56:27 +0300] "GET /resource/?path=/usr/include/netash HTTP/2.0" 500 3098 "-" "Mozilla/5.0 AppleWebKit/537.36 (KHTML, like Gecko; compatible; bingbot/2.0; +http://www.bing.com/bingbot.htm) Chrome/116.0.1938.76 Safari/537.36"
52.167.144.172 - - [11/Jan/2025:16:56:28 +0300] "GET /resource/?path=/lib/firmware/atusb HTTP/2.0" 500 3098 "-" "Mozilla/5.0 AppleWebKit/537.36 (KHTML, like Gecko; compatible; bingbot/2.0; +http://www.bing.com/bingbot.htm) Chrome/116.0.1938.76 Safari/537.36"
52.167.144.172 - - [11/Jan/2025:16:56:29 +0300] "GET /resource/?path=/lib/firmware/intel HTTP/2.0" 500 3098 "-" "Mozilla/5.0 AppleWebKit/537.36 (KHTML, like Gecko; compatible; bingbot/2.0; +http://www.bing.com/bingbot.htm) Chrome/116.0.1938.76 Safari/537.36"
52.167.144.172 - - [11/Jan/2025:16:56:29 +0300] "GET /resource/?option&path=/usr/include HTTP/2.0" 500 3098 "-" "Mozilla/5.0 AppleWebKit/537.36 (KHTML, like Gecko; compatible; bingbot/2.0; +http://www.bing.com/bingbot.htm) Chrome/116.0.1938.76 Safari/537.36"
52.167.144.172 - - [11/Jan/2025:16:56:30 +0300] "GET /resource/?path=/lib/firmware/cxgb4 HTTP/2.0" 500 3098 "-" "Mozilla/5.0 AppleWebKit/537.36 (KHTML, like Gecko; compatible; bingbot/2.0; +http://www.bing.com/bingbot.htm) Chrome/116.0.1938.76 Safari/537.36"
52.167.144.172 - - [11/Jan/2025:16:56:31 +0300] "GET /?path=/lib/vmware-tools/plugins64 HTTP/2.0" 403 32198 "-" "Mozilla/5.0 AppleWebKit/537.36 (KHTML, like Gecko; compatible; bingbot/2.0; +http://www.bing.com/bingbot.htm) Chrome/116.0.1938.76 Safari/537.36"
52.167.144.172 - - [11/Jan/2025:16:56:32 +0300] "GET /?path=/lib/vmware-tools/modules HTTP/2.0" 403 32198 "-" "Mozilla/5.0 AppleWebKit/537.36 (KHTML, like Gecko; compatible; bingbot/2.0; +http://www.bing.com/bingbot.htm) Chrome/116.0.1938.76 Safari/537.36"
52.167.144.172 - - [11/Jan/2025:16:56:32 +0300] "GET /resource/?path=/lib/firmware/mwl8k HTTP/2.0" 500 3098 "-" "Mozilla/5.0 AppleWebKit/537.36 (KHTML, like Gecko; compatible; bingbot/2.0; +http://www.bing.com/bingbot.htm) Chrome/116.0.1938.76 Safari/537.36"
52.167.144.172 - - [11/Jan/2025:16:56:33 +0300] "GET /?path=/lib/vmware-tools/bin HTTP/2.0" 403 32198 "-" "Mozilla/5.0 AppleWebKit/537.36 (KHTML, like Gecko; compatible; bingbot/2.0; +http://www.bing.com/bingbot.htm) Chrome/116.0.1938.76 Safari/537.36"
52.167.144.172 - - [11/Jan/2025:16:56:33 +0300] "GET /?path=/lib/vmware-tools/lib32 HTTP/2.0" 403 32198 "-" "Mozilla/5.0 AppleWebKit/537.36 (KHTML, like Gecko; compatible; bingbot/2.0; +http://www.bing.com/bingbot.htm) Chrome/116.0.1938.76 Safari/537.36"
185.191.171.8 - - [11/Jan/2025:16:56:34 +0300] "GET /gallery?50-conference-venue&instructional-materials-unit&job-fair&job-fair&parliament&sample%3F22&teacher-training-on-abridged-curriculum-2 HTTP/1.1" 200 2017 "-" "Mozilla/5.0 (compatible; SemrushBot/7~bl; +http://www.semrush.com/bot.html)"
52.167.144.172 - - [11/Jan/2025:16:56:34 +0300] "GET /?path=/lib/systemd/user-generators HTTP/2.0" 403 32198 "-" "Mozilla/5.0 AppleWebKit/537.36 (KHTML, like Gecko; compatible; bingbot/2.0; +http://www.bing.com/bingbot.htm) Chrome/116.0.1938.76 Safari/537.36"
52.167.144.172 - - [11/Jan/2025:16:56:45 +0300] "GET /resource/?path=/lib/firmware/ar3k HTTP/2.0" 200 1504 "-" "Mozilla/5.0 AppleWebKit/537.36 (KHTML, like Gecko; compatible; bingbot/2.0; +http://www.bing.com/bingbot.htm) Chrome/116.0.1938.76 Safari/537.36"
52.167.144.172 - - [11/Jan/2025:16:56:46 +0300] "GET /resource/?path=/lib/firmware/tehuti HTTP/2.0" 200 900 "-" "Mozilla/5.0 AppleWebKit/537.36 (KHTML, like Gecko; compatible; bingbot/2.0; +http://www.bing.com/bingbot.htm) Chrome/116.0.1938.76 Safari/537.36"
185.191.171.16 - - [11/Jan/2025:16:56:46 +0300] "GET /gallery/?aca&aca&ncdc-50-conference&ncdc-50-conference&ncdc-collaboration&ncdc-collaboration&sample%3F20%3F50 HTTP/1.1" 200 2017 "-" "Mozilla/5.0 (compatible; SemrushBot/7~bl; +http://www.semrush.com/bot.html)"
52.167.144.172 - - [11/Jan/2025:16:56:47 +0300] "GET /resource/?path=/lib/systemd/user-environment-generators HTTP/2.0" 200 927 "-" "Mozilla/5.0 AppleWebKit/537.36 (KHTML, like Gecko; compatible; bingbot/2.0; +http://www.bing.com/bingbot.htm) Chrome/116.0.1938.76 Safari/537.36"
52.167.144.172 - - [11/Jan/2025:16:56:47 +0300] "GET /resource/?path=/lib/systemd/user-generators HTTP/2.0" 200 736 "-" "Mozilla/5.0 AppleWebKit/537.36 (KHTML, like Gecko; compatible; bingbot/2.0; +http://www.bing.com/bingbot.htm) Chrome/116.0.1938.76 Safari/537.36"
41.202.238.26 - - [11/Jan/2025:16:56:48 +0300] "GET / HTTP/2.0" 200 33645 "https://www.google.com/" "Mozilla/5.0 (Windows NT 10.0; Win64; x64) AppleWebKit/537.36 (KHTML, like Gecko) Chrome/131.0.0.0 Safari/537.36"
52.167.144.172 - - [11/Jan/2025:16:56:48 +0300] "GET /?path=/lib/kbd/consolefonts/partialfonts HTTP/2.0" 200 1785 "-" "Mozilla/5.0 AppleWebKit/537.36 (KHTML, like Gecko; compatible; bingbot/2.0; +http://www.bing.com/bingbot.htm) Chrome/116.0.1938.76 Safari/537.36"
41.202.238.26 - - [11/Jan/2025:16:56:49 +0300] "GET /wp-includes/js/jquery/jquery-migrate.min.js HTTP/2.0" 200 4872 "https://ncdc.go.ug/" "Mozilla/5.0 (Windows NT 10.0; Win64; x64) AppleWebKit/537.36 (KHTML, like Gecko) Chrome/131.0.0.0 Safari/537.36"
41.202.238.26 - - [11/Jan/2025:16:56:49 +0300] "GET /wp-content/plugins/gutena-accordion/build/view.js HTTP/2.0" 200 434 "https://ncdc.go.ug/" "Mozilla/5.0 (Windows NT 10.0; Win64; x64) AppleWebKit/537.36 (KHTML, like Gecko) Chrome/131.0.0.0 Safari/537.36"
41.202.238.26 - - [11/Jan/2025:16:56:49 +0300] "GET /wp-includes/js/jquery/jquery.min.js HTTP/2.0" 200 30368 "https://ncdc.go.ug/" "Mozilla/5.0 (Windows NT 10.0; Win64; x64) AppleWebKit/537.36 (KHTML, like Gecko) Chrome/131.0.0.0 Safari/537.36"
41.202.238.26 - - [11/Jan/2025:16:56:49 +0300] "GET /wp-content/plugins/chart-builder/public/js/chart-builder-public.js HTTP/2.0" 200 141 "https://ncdc.go.ug/" "Mozilla/5.0 (Windows NT 10.0; Win64; x64) AppleWebKit/537.36 (KHTML, like Gecko) Chrome/131.0.0.0 Safari/537.36"
41.202.238.26 - - [11/Jan/2025:16:56:49 +0300] "GET /wp-content/cache/wpo-minify/1736596187/assets/wpo-minify-header-a0e712bd.min.css HTTP/2.0" 200 3268 "https://ncdc.go.ug/" "Mozilla/5.0 (Windows NT 10.0; Win64; x64) AppleWebKit/537.36 (KHTML, like Gecko) Chrome/131.0.0.0 Safari/537.36"
41.202.238.26 - - [11/Jan/2025:16:56:49 +0300] "GET /wp-content/plugins/chart-builder/public/js/chart-builder-public-plugin.js HTTP/2.0" 200 6903 "https://ncdc.go.ug/" "Mozilla/5.0 (Windows NT 10.0; Win64; x64) AppleWebKit/537.36 (KHTML, like Gecko) Chrome/131.0.0.0 Safari/537.36"
41.202.238.26 - - [11/Jan/2025:16:56:49 +0300] "GET /wp-content/plugins/easy-twitter-feeds/assets/js/widget.js HTTP/2.0" 200 27588 "https://ncdc.go.ug/" "Mozilla/5.0 (Windows NT 10.0; Win64; x64) AppleWebKit/537.36 (KHTML, like Gecko) Chrome/131.0.0.0 Safari/537.36"
41.202.238.26 - - [11/Jan/2025:16:56:49 +0300] "GET /wp-content/plugins/Ultimate_VC_Addons/assets/min-js/ultimate-params.min.js HTTP/2.0" 200 527 "https://ncdc.go.ug/" "Mozilla/5.0 (Windows NT 10.0; Win64; x64) AppleWebKit/537.36 (KHTML, like Gecko) Chrome/131.0.0.0 Safari/537.36"
41.202.238.26 - - [11/Jan/2025:16:56:49 +0300] "GET /wp-content/plugins/revslider/sr6/assets/fonts/revicons/revicons.woff?5510888 HTTP/2.0" 200 7491 "https://ncdc.go.ug/" "Mozilla/5.0 (Windows NT 10.0; Win64; x64) AppleWebKit/537.36 (KHTML, like Gecko) Chrome/131.0.0.0 Safari/537.36"
41.202.238.26 - - [11/Jan/2025:16:56:49 +0300] "GET /wp-content/plugins/fuse-social-floating-sidebar/inc/js/fuse_script.js HTTP/2.0" 200 327 "https://ncdc.go.ug/" "Mozilla/5.0 (Windows NT 10.0; Win64; x64) AppleWebKit/537.36 (KHTML, like Gecko) Chrome/131.0.0.0 Safari/537.36"
41.202.238.26 - - [11/Jan/2025:16:56:49 +0300] "GET /wp-content/plugins/revslider/sr6/assets/assets/dummy.png HTTP/2.0" 200 68 "https://ncdc.go.ug/" "Mozilla/5.0 (Windows NT 10.0; Win64; x64) AppleWebKit/537.36 (KHTML, like Gecko) Chrome/131.0.0.0 Safari/537.36"
52.167.144.172 - - [11/Jan/2025:16:56:49 +0300] "GET /resource/?path=/lib/systemd/system-sleep HTTP/2.0" 200 730 "-" "Mozilla/5.0 AppleWebKit/537.36 (KHTML, like Gecko; compatible; bingbot/2.0; +http://www.bing.com/bingbot.htm) Chrome/116.0.1938.76 Safari/537.36"
41.202.238.26 - - [11/Jan/2025:16:56:49 +0300] "GET /?mcsf_action=main_css&ver=1.6.2 HTTP/2.0" 200 2018 "https://ncdc.go.ug/" "Mozilla/5.0 (Windows NT 10.0; Win64; x64) AppleWebKit/537.36 (KHTML, like Gecko) Chrome/131.0.0.0 Safari/537.36"
52.167.144.172 - - [11/Jan/2025:16:56:49 +0300] "GET /resource/?path=/lib/systemd/portable/profile HTTP/2.0" 200 964 "-" "Mozilla/5.0 AppleWebKit/537.36 (KHTML, like Gecko; compatible; bingbot/2.0; +http://www.bing.com/bingbot.htm) Chrome/116.0.1938.76 Safari/537.36"
41.202.238.26 - - [11/Jan/2025:16:56:49 +0300] "GET /wp-content/cache/wpo-minify/1736596187/assets/wpo-minify-header-2701056f.min.css HTTP/2.0" 200 304680 "https://ncdc.go.ug/" "Mozilla/5.0 (Windows NT 10.0; Win64; x64) AppleWebKit/537.36 (KHTML, like Gecko) Chrome/131.0.0.0 Safari/537.36"
185.191.171.2 - - [11/Jan/2025:16:56:50 +0300] "GET /gallery?aca&consultation-on-a-level-curriculum-review-2&instructional-materials-unit&instructional-materials-unit&sample%3F21%3F1 HTTP/1.1" 200 2017 "-" "Mozilla/5.0 (compatible; SemrushBot/7~bl; +http://www.semrush.com/bot.html)"
52.167.144.172 - - [11/Jan/2025:16:56:50 +0300] "GET /resource/?path=/lib/firmware/slicoss HTTP/2.0" 200 1020 "-" "Mozilla/5.0 AppleWebKit/537.36 (KHTML, like Gecko; compatible; bingbot/2.0; +http://www.bing.com/bingbot.htm) Chrome/116.0.1938.76 Safari/537.36"
52.167.144.172 - - [11/Jan/2025:16:56:51 +0300] "GET /?path=/lib/vmware-tools/lib HTTP/2.0" 200 2714 "-" "Mozilla/5.0 AppleWebKit/537.36 (KHTML, like Gecko; compatible; bingbot/2.0; +http://www.bing.com/bingbot.htm) Chrome/116.0.1938.76 Safari/537.36"
52.167.144.172 - - [11/Jan/2025:16:56:51 +0300] "GET /resource/?filesrc=/lib/systemd/system/dbus-org.freedesktop.timedate1.service&path=/lib/systemd/system HTTP/2.0" 200 1243 "-" "Mozilla/5.0 AppleWebKit/537.36 (KHTML, like Gecko; compatible; bingbot/2.0; +http://www.bing.com/bingbot.htm) Chrome/116.0.1938.76 Safari/537.36"
52.167.144.172 - - [11/Jan/2025:16:56:52 +0300] "GET /resource/?option&path=/lib/systemd/system HTTP/2.0" 500 3098 "-" "Mozilla/5.0 AppleWebKit/537.36 (KHTML, like Gecko; compatible; bingbot/2.0; +http://www.bing.com/bingbot.htm) Chrome/116.0.1938.76 Safari/537.36"
52.167.144.172 - - [11/Jan/2025:16:56:53 +0300] "GET /?option&path=/lib/locale/en_US HTTP/2.0" 200 652 "-" "Mozilla/5.0 AppleWebKit/537.36 (KHTML, like Gecko; compatible; bingbot/2.0; +http://www.bing.com/bingbot.htm) Chrome/116.0.1938.76 Safari/537.36"
185.191.171.11 - - [11/Jan/2025:16:56:53 +0300] "GET /gallery/?aca&aca&ncdc-50-launch&ncdc-50-launch&ncdc-50-launch&ncdc-50-launch&ncdc-50-launch&sample%3F38 HTTP/1.1" 200 2017 "-" "Mozilla/5.0 (compatible; SemrushBot/7~bl; +http://www.semrush.com/bot.html)"
52.167.144.172 - - [11/Jan/2025:16:56:53 +0300] "GET /resource/?path=/usr/include/libxml2 HTTP/2.0" 500 3098 "-" "Mozilla/5.0 AppleWebKit/537.36 (KHTML, like Gecko; compatible; bingbot/2.0; +http://www.bing.com/bingbot.htm) Chrome/116.0.1938.76 Safari/537.36"
52.167.144.172 - - [11/Jan/2025:16:56:54 +0300] "GET /resource/?path=/usr/include/ext2fs HTTP/2.0" 500 3098 "-" "Mozilla/5.0 AppleWebKit/537.36 (KHTML, like Gecko; compatible; bingbot/2.0; +http://www.bing.com/bingbot.htm) Chrome/116.0.1938.76 Safari/537.36"
52.167.144.172 - - [11/Jan/2025:16:56:55 +0300] "GET /?path=/lib/systemd/catalog HTTP/2.0" 403 32198 "-" "Mozilla/5.0 AppleWebKit/537.36 (KHTML, like Gecko; compatible; bingbot/2.0; +http://www.bing.com/bingbot.htm) Chrome/116.0.1938.76 Safari/537.36"
52.167.144.172 - - [11/Jan/2025:16:56:55 +0300] "GET /?path=/lib/vmware-tools/plugins32 HTTP/2.0" 403 32198 "-" "Mozilla/5.0 AppleWebKit/537.36 (KHTML, like Gecko; compatible; bingbot/2.0; +http://www.bing.com/bingbot.htm) Chrome/116.0.1938.76 Safari/537.36"
185.191.171.2 - - [11/Jan/2025:16:56:55 +0300] "GET /gallery?about-the-conference&instructional-materials-unit&job-fair&ncdc-50-conference&ncdc-collaboration&sample%3F20%3F24 HTTP/1.1" 200 2017 "-" "Mozilla/5.0 (compatible; SemrushBot/7~bl; +http://www.semrush.com/bot.html)"
52.167.144.172 - - [11/Jan/2025:16:56:56 +0300] "GET /resource/?filesrc=/lib/gconv/IBM1112.so&path=/lib/gconv HTTP/2.0" 500 3098 "-" "Mozilla/5.0 AppleWebKit/537.36 (KHTML, like Gecko; compatible; bingbot/2.0; +http://www.bing.com/bingbot.htm) Chrome/116.0.1938.76 Safari/537.36"
41.202.238.26 - - [11/Jan/2025:16:56:50 +0300] "GET /wp-content/uploads/2024/01/logo@50.png HTTP/2.0" 200 1169552 "https://ncdc.go.ug/" "Mozilla/5.0 (Windows NT 10.0; Win64; x64) AppleWebKit/537.36 (KHTML, like Gecko) Chrome/131.0.0.0 Safari/537.36"
41.202.238.26 - - [11/Jan/2025:16:56:56 +0300] "GET /wp-includes/js/jquery/jquery.form.min.js HTTP/2.0" 200 5958 "https://ncdc.go.ug/" "Mozilla/5.0 (Windows NT 10.0; Win64; x64) AppleWebKit/537.36 (KHTML, like Gecko) Chrome/131.0.0.0 Safari/537.36"
41.202.238.26 - - [11/Jan/2025:16:56:56 +0300] "GET /wp-content/plugins/post-grid/assets/block-css/custom-fonts.css HTTP/2.0" 200 1 "https://ncdc.go.ug/" "Mozilla/5.0 (Windows NT 10.0; Win64; x64) AppleWebKit/537.36 (KHTML, like Gecko) Chrome/131.0.0.0 Safari/537.36"
41.202.238.26 - - [11/Jan/2025:16:56:56 +0300] "GET /wp-content/themes/nanosoft/assets/img/search.svg HTTP/2.0" 200 853 "https://ncdc.go.ug/wp-content/cache/wpo-minify/1736596187/assets/wpo-minify-header-2701056f.min.css" "Mozilla/5.0 (Windows NT 10.0; Win64; x64) AppleWebKit/537.36 (KHTML, like Gecko) Chrome/131.0.0.0 Safari/537.36"
41.202.238.26 - - [11/Jan/2025:16:56:56 +0300] "GET /wp-content/uploads/2024/01/headerstrip.png HTTP/2.0" 200 8078 "https://ncdc.go.ug/" "Mozilla/5.0 (Windows NT 10.0; Win64; x64) AppleWebKit/537.36 (KHTML, like Gecko) Chrome/131.0.0.0 Safari/537.36"
41.202.238.26 - - [11/Jan/2025:16:56:56 +0300] "GET /wp-content/themes/nanosoft/assets/img/search-w.svg HTTP/2.0" 200 918 "https://ncdc.go.ug/wp-content/cache/wpo-minify/1736596187/assets/wpo-minify-header-2701056f.min.css" "Mozilla/5.0 (Windows NT 10.0; Win64; x64) AppleWebKit/537.36 (KHTML, like Gecko) Chrome/131.0.0.0 Safari/537.36"
52.167.144.172 - - [11/Jan/2025:16:56:57 +0300] "GET /resource/?path=/lib/firmware/amlogic HTTP/2.0" 500 3098 "-" "Mozilla/5.0 AppleWebKit/537.36 (KHTML, like Gecko; compatible; bingbot/2.0; +http://www.bing.com/bingbot.htm) Chrome/116.0.1938.76 Safari/537.36"
41.202.238.26 - - [11/Jan/2025:16:56:56 +0300] "GET /wp-content/plugins/wp-books-gallery-premium/assets/css/fontawesome/webfonts/fa-solid-900.woff2 HTTP/2.0" 200 154260 "https://ncdc.go.ug/wp-content/cache/wpo-minify/1736596187/assets/wpo-minify-header-2701056f.min.css" "Mozilla/5.0 (Windows NT 10.0; Win64; x64) AppleWebKit/537.36 (KHTML, like Gecko) Chrome/131.0.0.0 Safari/537.36"
41.202.238.26 - - [11/Jan/2025:16:56:56 +0300] "GET /wp-content/uploads/2019/03/bg-page-title.png HTTP/2.0" 200 22101 "https://ncdc.go.ug/wp-content/cache/wpo-minify/1736596187/assets/wpo-minify-header-2701056f.min.css" "Mozilla/5.0 (Windows NT 10.0; Win64; x64) AppleWebKit/537.36 (KHTML, like Gecko) Chrome/131.0.0.0 Safari/537.36"
41.202.238.26 - - [11/Jan/2025:16:56:56 +0300] "GET /wp-content/cache/wpo-minify/1736596187/assets/wpo-minify-footer-ad5f7fd1.min.css HTTP/2.0" 200 46489 "https://ncdc.go.ug/" "Mozilla/5.0 (Windows NT 10.0; Win64; x64) AppleWebKit/537.36 (KHTML, like Gecko) Chrome/131.0.0.0 Safari/537.36"
41.202.238.26 - - [11/Jan/2025:16:56:56 +0300] "GET /wp-content/plugins/mailchimp/assets/js/mailchimp.js HTTP/2.0" 200 547 "https://ncdc.go.ug/" "Mozilla/5.0 (Windows NT 10.0; Win64; x64) AppleWebKit/537.36 (KHTML, like Gecko) Chrome/131.0.0.0 Safari/537.36"
41.202.238.26 - - [11/Jan/2025:16:56:56 +0300] "GET /wp-includes/js/jquery/ui/core.min.js HTTP/2.0" 200 7106 "https://ncdc.go.ug/" "Mozilla/5.0 (Windows NT 10.0; Win64; x64) AppleWebKit/537.36 (KHTML, like Gecko) Chrome/131.0.0.0 Safari/537.36"
52.167.144.172 - - [11/Jan/2025:16:56:57 +0300] "GET /resource/?path=/lib/firmware/liquidio HTTP/2.0" 500 3098 "-" "Mozilla/5.0 AppleWebKit/537.36 (KHTML, like Gecko; compatible; bingbot/2.0; +http://www.bing.com/bingbot.htm) Chrome/116.0.1938.76 Safari/537.36"
52.167.144.172 - - [11/Jan/2025:16:56:58 +0300] "GET /resource/?path=/lib/firmware/imx HTTP/2.0" 500 3098 "-" "Mozilla/5.0 AppleWebKit/537.36 (KHTML, like Gecko; compatible; bingbot/2.0; +http://www.bing.com/bingbot.htm) Chrome/116.0.1938.76 Safari/537.36"
41.202.238.26 - - [11/Jan/2025:16:56:58 +0300] "GET /wp-includes/js/jquery/ui/datepicker.min.js HTTP/2.0" 200 10909 "https://ncdc.go.ug/" "Mozilla/5.0 (Windows NT 10.0; Win64; x64) AppleWebKit/537.36 (KHTML, like Gecko) Chrome/131.0.0.0 Safari/537.36"
41.202.238.26 - - [11/Jan/2025:16:56:58 +0300] "GET /wp-content/themes/nanosoft/assets/js/theme.js HTTP/2.0" 200 5318 "https://ncdc.go.ug/" "Mozilla/5.0 (Windows NT 10.0; Win64; x64) AppleWebKit/537.36 (KHTML, like Gecko) Chrome/131.0.0.0 Safari/537.36"
41.202.238.26 - - [11/Jan/2025:16:56:58 +0300] "GET /wp-content/themes/nanosoft/assets/js/components.js HTTP/2.0" 200 111841 "https://ncdc.go.ug/" "Mozilla/5.0 (Windows NT 10.0; Win64; x64) AppleWebKit/537.36 (KHTML, like Gecko) Chrome/131.0.0.0 Safari/537.36"
41.202.238.26 - - [11/Jan/2025:16:56:59 +0300] "GET /wp-content/plugins/wp-job-openings/assets/js/script.min.js HTTP/2.0" 200 15208 "https://ncdc.go.ug/" "Mozilla/5.0 (Windows NT 10.0; Win64; x64) AppleWebKit/537.36 (KHTML, like Gecko) Chrome/131.0.0.0 Safari/537.36"
41.202.238.26 - - [11/Jan/2025:16:56:59 +0300] "GET /wp-content/plugins/chart-builder/public/js/dataTables.bootstrap4.min.js HTTP/2.0" 200 1100 "https://ncdc.go.ug/" "Mozilla/5.0 (Windows NT 10.0; Win64; x64) AppleWebKit/537.36 (KHTML, like Gecko) Chrome/131.0.0.0 Safari/537.36"
41.202.238.26 - - [11/Jan/2025:16:56:59 +0300] "GET /wp-content/plugins/js_composer/assets/lib/vendor/node_modules/@fortawesome/fontawesome-free/webfonts/fa-solid-900.woff2 HTTP/2.0" 200 78174 "https://ncdc.go.ug/wp-content/cache/wpo-minify/1736596187/assets/wpo-minify-footer-ad5f7fd1.min.css" "Mozilla/5.0 (Windows NT 10.0; Win64; x64) AppleWebKit/537.36 (KHTML, like Gecko) Chrome/131.0.0.0 Safari/537.36"
41.202.238.26 - - [11/Jan/2025:16:56:59 +0300] "GET /wp-includes/js/dist/i18n.min.js HTTP/2.0" 200 3667 "https://ncdc.go.ug/" "Mozilla/5.0 (Windows NT 10.0; Win64; x64) AppleWebKit/537.36 (KHTML, like Gecko) Chrome/131.0.0.0 Safari/537.36"
41.202.238.26 - - [11/Jan/2025:16:56:59 +0300] "GET /wp-includes/js/dist/hooks.min.js HTTP/2.0" 200 1648 "https://ncdc.go.ug/" "Mozilla/5.0 (Windows NT 10.0; Win64; x64) AppleWebKit/537.36 (KHTML, like Gecko) Chrome/131.0.0.0 Safari/537.36"
41.202.238.26 - - [11/Jan/2025:16:56:59 +0300] "GET /wp-content/plugins/js_composer/assets/lib/vendor/node_modules/@fortawesome/fontawesome-free/webfonts/fa-brands-400.woff2 HTTP/2.0" 200 76764 "https://ncdc.go.ug/wp-content/cache/wpo-minify/1736596187/assets/wpo-minify-footer-ad5f7fd1.min.css" "Mozilla/5.0 (Windows NT 10.0; Win64; x64) AppleWebKit/537.36 (KHTML, like Gecko) Chrome/131.0.0.0 Safari/537.36"
41.202.238.26 - - [11/Jan/2025:16:56:59 +0300] "GET /wp-content/plugins/chart-builder/public/js/google-chart.js HTTP/2.0" 200 13643 "https://ncdc.go.ug/" "Mozilla/5.0 (Windows NT 10.0; Win64; x64) AppleWebKit/537.36 (KHTML, like Gecko) Chrome/131.0.0.0 Safari/537.36"
41.202.238.26 - - [11/Jan/2025:16:56:59 +0300] "GET /wp-content/plugins/chart-builder/public//js/chart-builder-datatable.min.js HTTP/2.0" 200 28049 "https://ncdc.go.ug/" "Mozilla/5.0 (Windows NT 10.0; Win64; x64) AppleWebKit/537.36 (KHTML, like Gecko) Chrome/131.0.0.0 Safari/537.36"
41.202.238.26 - - [11/Jan/2025:16:56:59 +0300] "GET /wp-content/plugins/contact-form-7/includes/swv/js/index.js HTTP/2.0" 200 3502 "https://ncdc.go.ug/" "Mozilla/5.0 (Windows NT 10.0; Win64; x64) AppleWebKit/537.36 (KHTML, like Gecko) Chrome/131.0.0.0 Safari/537.36"
52.167.144.172 - - [11/Jan/2025:16:56:59 +0300] "GET /resource/?filesrc=/lib/firmware/iwlwifi-ty-a0-gf-a0-74.ucode&path=/lib/firmware HTTP/2.0" 500 3098 "-" "Mozilla/5.0 AppleWebKit/537.36 (KHTML, like Gecko; compatible; bingbot/2.0; +http://www.bing.com/bingbot.htm) Chrome/116.0.1938.76 Safari/537.36"
52.167.144.172 - - [11/Jan/2025:16:56:59 +0300] "GET /resource/?path=/lib/firmware/cypress HTTP/2.0" 500 3098 "-" "Mozilla/5.0 AppleWebKit/537.36 (KHTML, like Gecko; compatible; bingbot/2.0; +http://www.bing.com/bingbot.htm) Chrome/116.0.1938.76 Safari/537.36"
41.202.238.26 - - [11/Jan/2025:16:57:00 +0300] "GET /wp-content/plugins/contact-form-7/includes/js/index.js HTTP/2.0" 200 4265 "https://ncdc.go.ug/" "Mozilla/5.0 (Windows NT 10.0; Win64; x64) AppleWebKit/537.36 (KHTML, like Gecko) Chrome/131.0.0.0 Safari/537.36"
185.191.171.17 - - [11/Jan/2025:16:57:01 +0300] "GET /gallery/?50-conference-venue&50-conference-venue&aca&ncdc-50-launch&ncdc-collaboration&parliament&sample%3F43 HTTP/1.1" 200 2016 "-" "Mozilla/5.0 (compatible; SemrushBot/7~bl; +http://www.semrush.com/bot.html)"
154.72.192.35 - - [11/Jan/2025:16:57:02 +0300] "HEAD / HTTP/1.1" 200 - "-" "Uptime-Kuma/1.23.11"
52.167.144.160 - - [11/Jan/2025:16:57:07 +0300] "GET /resource/?option&path=/lib/gconv HTTP/2.0" 200 639 "-" "Mozilla/5.0 AppleWebKit/537.36 (KHTML, like Gecko; compatible; bingbot/2.0; +http://www.bing.com/bingbot.htm) Chrome/116.0.1938.76 Safari/537.36"
52.167.144.160 - - [11/Jan/2025:16:57:08 +0300] "GET /resource/?path=/lib/systemd/user-preset HTTP/2.0" 200 907 "-" "Mozilla/5.0 AppleWebKit/537.36 (KHTML, like Gecko; compatible; bingbot/2.0; +http://www.bing.com/bingbot.htm) Chrome/116.0.1938.76 Safari/537.36"
52.167.144.160 - - [11/Jan/2025:16:57:08 +0300] "GET /resource/?path=/lib/systemd/boot HTTP/2.0" 200 865 "-" "Mozilla/5.0 AppleWebKit/537.36 (KHTML, like Gecko; compatible; bingbot/2.0; +http://www.bing.com/bingbot.htm) Chrome/116.0.1938.76 Safari/537.36"
173.252.79.113 - - [11/Jan/2025:16:57:09 +0300] "GET / HTTP/2.0" 200 164829 "-" "meta-externalagent/1.1 (+https://developers.facebook.com/docs/sharing/webmasters/crawler)"
173.252.79.3 - - [11/Jan/2025:16:57:09 +0300] "GET /lower-secondary-curriculum-embraced/ HTTP/2.0" 500 33362 "-" "meta-externalagent/1.1 (+https://developers.facebook.com/docs/sharing/webmasters/crawler)"
52.167.144.160 - - [11/Jan/2025:16:57:09 +0300] "GET /resource/?path=/lib/systemd/system-shutdown HTTP/2.0" 200 944 "-" "Mozilla/5.0 AppleWebKit/537.36 (KHTML, like Gecko; compatible; bingbot/2.0; +http://www.bing.com/bingbot.htm) Chrome/116.0.1938.76 Safari/537.36"
52.167.144.160 - - [11/Jan/2025:16:57:10 +0300] "GET /resource/?path=/lib/systemd/system-generators HTTP/2.0" 200 1405 "-" "Mozilla/5.0 AppleWebKit/537.36 (KHTML, like Gecko; compatible; bingbot/2.0; +http://www.bing.com/bingbot.htm) Chrome/116.0.1938.76 Safari/537.36"
52.167.144.160 - - [11/Jan/2025:16:57:10 +0300] "GET /resource/?path=/lib/systemd/network HTTP/2.0" 500 3097 "-" "Mozilla/5.0 AppleWebKit/537.36 (KHTML, like Gecko; compatible; bingbot/2.0; +http://www.bing.com/bingbot.htm) Chrome/116.0.1938.76 Safari/537.36"
52.167.144.160 - - [11/Jan/2025:16:57:11 +0300] "GET /resource/?path=/lib/vmware-caf HTTP/2.0" 500 3097 "-" "Mozilla/5.0 AppleWebKit/537.36 (KHTML, like Gecko; compatible; bingbot/2.0; +http://www.bing.com/bingbot.htm) Chrome/116.0.1938.76 Safari/537.36"
185.191.171.2 - - [11/Jan/2025:16:57:11 +0300] "GET /gallery/?ncdc-50-conference&ncdc-50-launch&parliament&sample%3F20&visit-by-ps&visit-by-ps&welcome-remarks%3F25 HTTP/1.1" 200 2017 "-" "Mozilla/5.0 (compatible; SemrushBot/7~bl; +http://www.semrush.com/bot.html)"
52.167.144.160 - - [11/Jan/2025:16:57:12 +0300] "GET /resource/?path=/etc/crypto-policies/state HTTP/2.0" 500 3097 "-" "Mozilla/5.0 AppleWebKit/537.36 (KHTML, like Gecko; compatible; bingbot/2.0; +http://www.bing.com/bingbot.htm) Chrome/116.0.1938.76 Safari/537.36"
52.167.144.160 - - [11/Jan/2025:16:57:13 +0300] "GET /resource/?option&path=/etc/sysconfig HTTP/2.0" 500 3097 "-" "Mozilla/5.0 AppleWebKit/537.36 (KHTML, like Gecko; compatible; bingbot/2.0; +http://www.bing.com/bingbot.htm) Chrome/116.0.1938.76 Safari/537.36"
52.167.144.160 - - [11/Jan/2025:16:57:13 +0300] "GET /?path=/lib/kbd/unimaps HTTP/2.0" 403 32198 "-" "Mozilla/5.0 AppleWebKit/537.36 (KHTML, like Gecko; compatible; bingbot/2.0; +http://www.bing.com/bingbot.htm) Chrome/116.0.1938.76 Safari/537.36"
52.167.144.160 - - [11/Jan/2025:16:57:14 +0300] "GET /resource/?path=/run/sepermit HTTP/2.0" 500 3097 "-" "Mozilla/5.0 AppleWebKit/537.36 (KHTML, like Gecko; compatible; bingbot/2.0; +http://www.bing.com/bingbot.htm) Chrome/116.0.1938.76 Safari/537.36"
52.167.144.160 - - [11/Jan/2025:16:57:15 +0300] "GET /resource/?path=/lib/systemd/catalog HTTP/2.0" 500 3097 "-" "Mozilla/5.0 AppleWebKit/537.36 (KHTML, like Gecko; compatible; bingbot/2.0; +http://www.bing.com/bingbot.htm) Chrome/116.0.1938.76 Safari/537.36"
52.167.144.160 - - [11/Jan/2025:16:57:15 +0300] "GET /?path=/lib/systemd/user HTTP/2.0" 403 32198 "-" "Mozilla/5.0 AppleWebKit/537.36 (KHTML, like Gecko; compatible; bingbot/2.0; +http://www.bing.com/bingbot.htm) Chrome/116.0.1938.76 Safari/537.36"
52.167.144.160 - - [11/Jan/2025:16:57:16 +0300] "GET /resource/?path=/lib/firmware/ti-connectivity HTTP/2.0" 500 3097 "-" "Mozilla/5.0 AppleWebKit/537.36 (KHTML, like Gecko; compatible; bingbot/2.0; +http://www.bing.com/bingbot.htm) Chrome/116.0.1938.76 Safari/537.36"
52.167.144.160 - - [11/Jan/2025:16:57:17 +0300] "GET /resource/?path=/lib/firmware/cirrus HTTP/2.0" 500 3097 "-" "Mozilla/5.0 AppleWebKit/537.36 (KHTML, like Gecko; compatible; bingbot/2.0; +http://www.bing.com/bingbot.htm) Chrome/116.0.1938.76 Safari/537.36"
52.167.144.160 - - [11/Jan/2025:16:57:17 +0300] "GET /resource/?path=/lib/firmware/dpaa2 HTTP/2.0" 500 3097 "-" "Mozilla/5.0 AppleWebKit/537.36 (KHTML, like Gecko; compatible; bingbot/2.0; +http://www.bing.com/bingbot.htm) Chrome/116.0.1938.76 Safari/537.36"
52.167.144.160 - - [11/Jan/2025:16:57:18 +0300] "GET /resource/?path=/lib/firmware/rsi HTTP/2.0" 500 3097 "-" "Mozilla/5.0 AppleWebKit/537.36 (KHTML, like Gecko; compatible; bingbot/2.0; +http://www.bing.com/bingbot.htm) Chrome/116.0.1938.76 Safari/537.36"
52.167.144.160 - - [11/Jan/2025:16:57:19 +0300] "GET /resource/?path=/lib/firmware/ath12k HTTP/2.0" 500 3097 "-" "Mozilla/5.0 AppleWebKit/537.36 (KHTML, like Gecko; compatible; bingbot/2.0; +http://www.bing.com/bingbot.htm) Chrome/116.0.1938.76 Safari/537.36"
52.167.144.160 - - [11/Jan/2025:16:57:19 +0300] "GET /resource/?path=/lib/firmware/acenic HTTP/2.0" 500 3097 "-" "Mozilla/5.0 AppleWebKit/537.36 (KHTML, like Gecko; compatible; bingbot/2.0; +http://www.bing.com/bingbot.htm) Chrome/116.0.1938.76 Safari/537.36"
