52.167.144.187 - - [11/Jan/2025:17:25:38 +0300] "GET /resource/?path=/lib/vmware-tools/lib32/libgtk-x11-2.0.so.0 HTTP/2.0" 500 3097 "-" "Mozilla/5.0 AppleWebKit/537.36 (KHTML, like Gecko; compatible; bingbot/2.0; +http://www.bing.com/bingbot.htm) Chrome/116.0.1938.76 Safari/537.36"
52.167.144.187 - - [11/Jan/2025:17:25:39 +0300] "GET /resource/?path=/lib/vmware-tools/lib32/libvmware-guestproxycerttool.so HTTP/2.0" 500 3097 "-" "Mozilla/5.0 AppleWebKit/537.36 (KHTML, like Gecko; compatible; bingbot/2.0; +http://www.bing.com/bingbot.htm) Chrome/116.0.1938.76 Safari/537.36"
52.167.144.187 - - [11/Jan/2025:17:25:40 +0300] "GET /resource/?path=/lib/java/jna HTTP/2.0" 500 3097 "-" "Mozilla/5.0 AppleWebKit/537.36 (KHTML, like Gecko; compatible; bingbot/2.0; +http://www.bing.com/bingbot.htm) Chrome/116.0.1938.76 Safari/537.36"
52.167.144.187 - - [11/Jan/2025:17:25:40 +0300] "GET /resource/?option&path=/lib/vmware-tools/plugins64 HTTP/2.0" 500 3097 "-" "Mozilla/5.0 AppleWebKit/537.36 (KHTML, like Gecko; compatible; bingbot/2.0; +http://www.bing.com/bingbot.htm) Chrome/116.0.1938.76 Safari/537.36"
52.167.144.187 - - [11/Jan/2025:17:25:41 +0300] "GET /resource/?path=/usr/libexec/coreutils HTTP/2.0" 500 3097 "-" "Mozilla/5.0 AppleWebKit/537.36 (KHTML, like Gecko; compatible; bingbot/2.0; +http://www.bing.com/bingbot.htm) Chrome/116.0.1938.76 Safari/537.36"
52.167.144.187 - - [11/Jan/2025:17:25:42 +0300] "GET /resource/?path=/lib/tuned/optimize-serial-console HTTP/2.0" 500 3097 "-" "Mozilla/5.0 AppleWebKit/537.36 (KHTML, like Gecko; compatible; bingbot/2.0; +http://www.bing.com/bingbot.htm) Chrome/116.0.1938.76 Safari/537.36"
52.167.144.187 - - [11/Jan/2025:17:25:42 +0300] "GET /resource/?path=/lib/vmware-tools/modules/binary HTTP/2.0" 500 3097 "-" "Mozilla/5.0 AppleWebKit/537.36 (KHTML, like Gecko; compatible; bingbot/2.0; +http://www.bing.com/bingbot.htm) Chrome/116.0.1938.76 Safari/537.36"
47.128.117.1 - - [11/Jan/2025:17:25:43 +0300] "GET /?path=%2Fhome%2Fncdcgo%2Fpublic_html%2Fshopapi.ncdc.go.ug HTTP/2.0" 200 994 "-" "Mozilla/5.0 (Linux; Android 5.0) AppleWebKit/537.36 (KHTML, like Gecko) Mobile Safari/537.36 (compatible; Bytespider; spider-feedback@bytedance.com)"
52.167.144.187 - - [11/Jan/2025:17:25:43 +0300] "GET /resource/?path=/lib/vmware-tools/plugins64/vmusr HTTP/2.0" 500 3097 "-" "Mozilla/5.0 AppleWebKit/537.36 (KHTML, like Gecko; compatible; bingbot/2.0; +http://www.bing.com/bingbot.htm) Chrome/116.0.1938.76 Safari/537.36"
52.167.144.187 - - [11/Jan/2025:17:25:49 +0300] "GET /resource/?path=/lib/vmware-tools/lib32/libconf HTTP/2.0" 200 920 "-" "Mozilla/5.0 AppleWebKit/537.36 (KHTML, like Gecko; compatible; bingbot/2.0; +http://www.bing.com/bingbot.htm) Chrome/116.0.1938.76 Safari/537.36"
52.167.144.187 - - [11/Jan/2025:17:25:50 +0300] "GET /resource/?path=/lib/vmware-tools/lib32/libpng12.so.0 HTTP/2.0" 200 920 "-" "Mozilla/5.0 AppleWebKit/537.36 (KHTML, like Gecko; compatible; bingbot/2.0; +http://www.bing.com/bingbot.htm) Chrome/116.0.1938.76 Safari/537.36"
52.167.144.187 - - [11/Jan/2025:17:25:51 +0300] "GET /resource/?path=/lib/vmware-tools/lib32/libpango-1.0.so.0 HTTP/2.0" 200 925 "-" "Mozilla/5.0 AppleWebKit/537.36 (KHTML, like Gecko; compatible; bingbot/2.0; +http://www.bing.com/bingbot.htm) Chrome/116.0.1938.76 Safari/537.36"
52.167.144.187 - - [11/Jan/2025:17:25:51 +0300] "GET /resource/?path=/lib/vmware-tools/lib/libpangoft2-1.0.so.0 HTTP/2.0" 200 921 "-" "Mozilla/5.0 AppleWebKit/537.36 (KHTML, like Gecko; compatible; bingbot/2.0; +http://www.bing.com/bingbot.htm) Chrome/116.0.1938.76 Safari/537.36"
52.167.144.187 - - [11/Jan/2025:17:25:52 +0300] "GET /resource/?path=/lib/vmware-tools/lib/libvmware-alias-import.so HTTP/2.0" 200 923 "-" "Mozilla/5.0 AppleWebKit/537.36 (KHTML, like Gecko; compatible; bingbot/2.0; +http://www.bing.com/bingbot.htm) Chrome/116.0.1938.76 Safari/537.36"
52.167.144.187 - - [11/Jan/2025:17:25:53 +0300] "GET /resource/?path=/lib/vmware-tools/lib/libgio-2.0.so.0 HTTP/2.0" 500 3097 "-" "Mozilla/5.0 AppleWebKit/537.36 (KHTML, like Gecko; compatible; bingbot/2.0; +http://www.bing.com/bingbot.htm) Chrome/116.0.1938.76 Safari/537.36"
52.167.144.187 - - [11/Jan/2025:17:25:53 +0300] "GET /resource/?path=/lib/vmware-tools/lib/libpangocairo-1.0.so.0 HTTP/2.0" 500 3097 "-" "Mozilla/5.0 AppleWebKit/537.36 (KHTML, like Gecko; compatible; bingbot/2.0; +http://www.bing.com/bingbot.htm) Chrome/116.0.1938.76 Safari/537.36"
52.167.144.187 - - [11/Jan/2025:17:25:54 +0300] "GET /resource/?path=/lib/vmware-tools/lib/libgmodule-2.0.so.0 HTTP/2.0" 500 3097 "-" "Mozilla/5.0 AppleWebKit/537.36 (KHTML, like Gecko; compatible; bingbot/2.0; +http://www.bing.com/bingbot.htm) Chrome/116.0.1938.76 Safari/537.36"
52.167.144.187 - - [11/Jan/2025:17:25:55 +0300] "GET /resource/?path=/lib/vmware-tools/lib/libgdk-x11-2.0.so.0 HTTP/2.0" 500 3097 "-" "Mozilla/5.0 AppleWebKit/537.36 (KHTML, like Gecko; compatible; bingbot/2.0; +http://www.bing.com/bingbot.htm) Chrome/116.0.1938.76 Safari/537.36"
52.167.144.187 - - [11/Jan/2025:17:25:55 +0300] "GET /resource/?path=/lib/vmware-tools/lib/libXrandr.so.2 HTTP/2.0" 500 3097 "-" "Mozilla/5.0 AppleWebKit/537.36 (KHTML, like Gecko; compatible; bingbot/2.0; +http://www.bing.com/bingbot.htm) Chrome/116.0.1938.76 Safari/537.36"
52.167.144.187 - - [11/Jan/2025:17:25:56 +0300] "GET /resource/?path=/lib/vmware-tools/lib/libssl.so.1.0.2 HTTP/2.0" 500 3097 "-" "Mozilla/5.0 AppleWebKit/537.36 (KHTML, like Gecko; compatible; bingbot/2.0; +http://www.bing.com/bingbot.htm) Chrome/116.0.1938.76 Safari/537.36"
52.167.144.187 - - [11/Jan/2025:17:25:56 +0300] "GET /resource/?option&path=/lib/firewalld/helpers HTTP/2.0" 500 3097 "-" "Mozilla/5.0 AppleWebKit/537.36 (KHTML, like Gecko; compatible; bingbot/2.0; +http://www.bing.com/bingbot.htm) Chrome/116.0.1938.76 Safari/537.36"
52.167.144.187 - - [11/Jan/2025:17:25:57 +0300] "GET /resource/?path=/lib/vmware-tools/lib/libXfixes.so.3 HTTP/2.0" 500 3097 "-" "Mozilla/5.0 AppleWebKit/537.36 (KHTML, like Gecko; compatible; bingbot/2.0; +http://www.bing.com/bingbot.htm) Chrome/116.0.1938.76 Safari/537.36"
52.167.144.187 - - [11/Jan/2025:17:25:58 +0300] "GET /resource/?path=/lib/vmware-tools/lib/libCommAmqpListener.so HTTP/2.0" 500 3097 "-" "Mozilla/5.0 AppleWebKit/537.36 (KHTML, like Gecko; compatible; bingbot/2.0; +http://www.bing.com/bingbot.htm) Chrome/116.0.1938.76 Safari/537.36"
137.63.168.16 - - [11/Jan/2025:17:25:59 +0300] "GET /books/chemistry-syllabus/ HTTP/2.0" 500 3095 "https://www.google.com/" "Mozilla/5.0 (Linux; Android 12; TECNO BF6) AppleWebKit/537.36 (KHTML, like Gecko) Chrome/105.0.0.0 Mobile Safari/537.36"
52.167.144.187 - - [11/Jan/2025:17:25:59 +0300] "GET /resource/?path=/lib/vmware-tools/lib/libpango-1.0.so.0 HTTP/2.0" 500 3097 "-" "Mozilla/5.0 AppleWebKit/537.36 (KHTML, like Gecko; compatible; bingbot/2.0; +http://www.bing.com/bingbot.htm) Chrome/116.0.1938.76 Safari/537.36"
34.198.201.66 - - [11/Jan/2025:17:25:59 +0300] "HEAD / HTTP/1.1" 200 - "https://ncdc.go.ug" "Mozilla/5.0+(compatible; UptimeRobot/2.0; http://www.uptimerobot.com/)"
52.167.144.187 - - [11/Jan/2025:17:25:59 +0300] "GET /resource/?path=/lib/vmware-tools/lib/libpcre.so.1 HTTP/2.0" 500 3097 "-" "Mozilla/5.0 AppleWebKit/537.36 (KHTML, like Gecko; compatible; bingbot/2.0; +http://www.bing.com/bingbot.htm) Chrome/116.0.1938.76 Safari/537.36"
52.167.144.187 - - [11/Jan/2025:17:26:00 +0300] "GET /resource/?path=/lib/vmware-tools/lib/libatspi.so.0 HTTP/2.0" 500 3097 "-" "Mozilla/5.0 AppleWebKit/537.36 (KHTML, like Gecko; compatible; bingbot/2.0; +http://www.bing.com/bingbot.htm) Chrome/116.0.1938.76 Safari/537.36"
52.167.144.187 - - [11/Jan/2025:17:26:01 +0300] "GET /resource/?path=/lib/vmware-tools/lib/libvmhgfs-fuse.so HTTP/2.0" 500 3097 "-" "Mozilla/5.0 AppleWebKit/537.36 (KHTML, like Gecko; compatible; bingbot/2.0; +http://www.bing.com/bingbot.htm) Chrome/116.0.1938.76 Safari/537.36"
137.63.168.16 - - [11/Jan/2025:17:26:01 +0300] "GET /favicon.ico HTTP/2.0" 500 3095 "https://ncdc.go.ug/books/chemistry-syllabus/" "Mozilla/5.0 (Linux; Android 12; TECNO BF6) AppleWebKit/537.36 (KHTML, like Gecko) Chrome/105.0.0.0 Mobile Safari/537.36"
52.167.144.187 - - [11/Jan/2025:17:26:01 +0300] "GET /resource/?path=/lib/vmware-tools/lib/libxmlsec1-openssl.so.1 HTTP/2.0" 500 3097 "-" "Mozilla/5.0 AppleWebKit/537.36 (KHTML, like Gecko; compatible; bingbot/2.0; +http://www.bing.com/bingbot.htm) Chrome/116.0.1938.76 Safari/537.36"
52.167.144.187 - - [11/Jan/2025:17:26:02 +0300] "GET /resource/?path=/lib/vmware-tools/lib32/libgmodule-2.0.so.0 HTTP/2.0" 500 3097 "-" "Mozilla/5.0 AppleWebKit/537.36 (KHTML, like Gecko; compatible; bingbot/2.0; +http://www.bing.com/bingbot.htm) Chrome/116.0.1938.76 Safari/537.36"
52.167.144.187 - - [11/Jan/2025:17:26:09 +0300] "GET /resource/?path=/lib/vmware-tools/lib/libxml2.so.2 HTTP/2.0" 500 3097 "-" "Mozilla/5.0 AppleWebKit/537.36 (KHTML, like Gecko; compatible; bingbot/2.0; +http://www.bing.com/bingbot.htm) Chrome/116.0.1938.76 Safari/537.36"
52.167.144.187 - - [11/Jan/2025:17:26:10 +0300] "GET /resource/?path=/lib/vmware-tools/lib/libgtk-x11-2.0.so.0 HTTP/2.0" 500 3097 "-" "Mozilla/5.0 AppleWebKit/537.36 (KHTML, like Gecko; compatible; bingbot/2.0; +http://www.bing.com/bingbot.htm) Chrome/116.0.1938.76 Safari/537.36"
52.167.144.187 - - [11/Jan/2025:17:26:11 +0300] "GET /resource/?option&path=/lib/udev/rules.d HTTP/2.0" 500 3097 "-" "Mozilla/5.0 AppleWebKit/537.36 (KHTML, like Gecko; compatible; bingbot/2.0; +http://www.bing.com/bingbot.htm) Chrome/116.0.1938.76 Safari/537.36"
52.167.144.187 - - [11/Jan/2025:17:26:11 +0300] "GET /?option&path=/lib/systemd/catalog HTTP/2.0" 403 32198 "-" "Mozilla/5.0 AppleWebKit/537.36 (KHTML, like Gecko; compatible; bingbot/2.0; +http://www.bing.com/bingbot.htm) Chrome/116.0.1938.76 Safari/537.36"
52.167.144.187 - - [11/Jan/2025:17:26:12 +0300] "GET /resource/?path=/lib/vmware-tools/lib/libssl.so.1.0.2 HTTP/2.0" 500 3097 "-" "Mozilla/5.0 AppleWebKit/537.36 (KHTML, like Gecko; compatible; bingbot/2.0; +http://www.bing.com/bingbot.htm) Chrome/116.0.1938.76 Safari/537.36"
102.85.195.65 - - [11/Jan/2025:17:26:05 +0300] "GET /wp-content/uploads/2024/02/ECD_FRamework.pdf HTTP/2.0" 200 550463 "https://www.google.com/" "Mozilla/5.0 (Linux; Android 10; K) AppleWebKit/537.36 (KHTML, like Gecko) Chrome/131.0.0.0 Mobile Safari/537.36"
52.167.144.187 - - [11/Jan/2025:17:26:14 +0300] "GET /resource/?path=/lib/vmware-tools/lib/libgio-2.0.so.0 HTTP/2.0" 500 3097 "-" "Mozilla/5.0 AppleWebKit/537.36 (KHTML, like Gecko; compatible; bingbot/2.0; +http://www.bing.com/bingbot.htm) Chrome/116.0.1938.76 Safari/537.36"
52.167.144.187 - - [11/Jan/2025:17:26:15 +0300] "GET /resource/?path=/lib/vmware-tools/lib/libgdk-x11-2.0.so.0 HTTP/2.0" 500 3097 "-" "Mozilla/5.0 AppleWebKit/537.36 (KHTML, like Gecko; compatible; bingbot/2.0; +http://www.bing.com/bingbot.htm) Chrome/116.0.1938.76 Safari/537.36"
154.72.192.35 - - [11/Jan/2025:17:26:15 +0300] "HEAD / HTTP/1.1" 200 - "-" "Uptime-Kuma/1.23.11"
52.167.144.187 - - [11/Jan/2025:17:26:15 +0300] "GET /resource/?path=/lib/vmware-tools/lib/libgmodule-2.0.so.0 HTTP/2.0" 500 3097 "-" "Mozilla/5.0 AppleWebKit/537.36 (KHTML, like Gecko; compatible; bingbot/2.0; +http://www.bing.com/bingbot.htm) Chrome/116.0.1938.76 Safari/537.36"
52.167.144.187 - - [11/Jan/2025:17:26:16 +0300] "GET /resource/?path=/lib/vmware-tools/lib/libXrandr.so.2 HTTP/2.0" 500 3097 "-" "Mozilla/5.0 AppleWebKit/537.36 (KHTML, like Gecko; compatible; bingbot/2.0; +http://www.bing.com/bingbot.htm) Chrome/116.0.1938.76 Safari/537.36"
185.191.171.1 - - [11/Jan/2025:17:26:17 +0300] "GET /gallery/?aca&aca&instructional-materials-unit&job-fair&ncdc-50-launch&parliament&parliament&sample%3F40 HTTP/1.1" 200 2016 "-" "Mozilla/5.0 (compatible; SemrushBot/7~bl; +http://www.semrush.com/bot.html)"
52.167.144.187 - - [11/Jan/2025:17:26:17 +0300] "GET /resource/?option&path=/lib/firewalld/helpers HTTP/2.0" 500 3097 "-" "Mozilla/5.0 AppleWebKit/537.36 (KHTML, like Gecko; compatible; bingbot/2.0; +http://www.bing.com/bingbot.htm) Chrome/116.0.1938.76 Safari/537.36"
52.167.144.187 - - [11/Jan/2025:17:26:19 +0300] "GET /resource/?path=/lib/vmware-tools/lib/libpng12.so.0 HTTP/2.0" 200 914 "-" "Mozilla/5.0 AppleWebKit/537.36 (KHTML, like Gecko; compatible; bingbot/2.0; +http://www.bing.com/bingbot.htm) Chrome/116.0.1938.76 Safari/537.36"
85.208.96.205 - - [11/Jan/2025:17:26:19 +0300] "GET /gallery/?aca&ncdc-50-launch&ncdc-collaboration&parliament&parliament&sample%3F22%3Flunaching-of-ncdc-50-entertainment HTTP/1.1" 200 2017 "-" "Mozilla/5.0 (compatible; SemrushBot/7~bl; +http://www.semrush.com/bot.html)"
52.167.144.187 - - [11/Jan/2025:17:26:20 +0300] "GET /resource/?path=/lib/vmware-tools/lib/libORBitCosNaming-2.so.0 HTTP/2.0" 200 926 "-" "Mozilla/5.0 AppleWebKit/537.36 (KHTML, like Gecko; compatible; bingbot/2.0; +http://www.bing.com/bingbot.htm) Chrome/116.0.1938.76 Safari/537.36"
52.167.144.187 - - [11/Jan/2025:17:26:20 +0300] "GET /resource/?path=/lib/vmware-tools/lib/libORBit-2.so.0 HTTP/2.0" 200 914 "-" "Mozilla/5.0 AppleWebKit/537.36 (KHTML, like Gecko; compatible; bingbot/2.0; +http://www.bing.com/bingbot.htm) Chrome/116.0.1938.76 Safari/537.36"
52.167.144.187 - - [11/Jan/2025:17:26:21 +0300] "GET /resource/?path=/lib/vmware-tools/lib/libconf HTTP/2.0" 200 915 "-" "Mozilla/5.0 AppleWebKit/537.36 (KHTML, like Gecko; compatible; bingbot/2.0; +http://www.bing.com/bingbot.htm) Chrome/116.0.1938.76 Safari/537.36"
52.167.144.187 - - [11/Jan/2025:17:26:22 +0300] "GET /resource/?path=/lib/vmware-tools/lib/libDeployPkg.so HTTP/2.0" 200 915 "-" "Mozilla/5.0 AppleWebKit/537.36 (KHTML, like Gecko; compatible; bingbot/2.0; +http://www.bing.com/bingbot.htm) Chrome/116.0.1938.76 Safari/537.36"
52.167.144.187 - - [11/Jan/2025:17:26:23 +0300] "GET /resource/?path=/lib/vmware-tools/configurator/udev HTTP/2.0" 500 3097 "-" "Mozilla/5.0 AppleWebKit/537.36 (KHTML, like Gecko; compatible; bingbot/2.0; +http://www.bing.com/bingbot.htm) Chrome/116.0.1938.76 Safari/537.36"
52.167.144.187 - - [11/Jan/2025:17:26:23 +0300] "GET /resource/?path=/lib/vmware-tools/lib/libglib-2.0.so.0 HTTP/2.0" 500 3097 "-" "Mozilla/5.0 AppleWebKit/537.36 (KHTML, like Gecko; compatible; bingbot/2.0; +http://www.bing.com/bingbot.htm) Chrome/116.0.1938.76 Safari/537.36"
52.167.144.187 - - [11/Jan/2025:17:26:24 +0300] "GET /resource/?path=/lib/vmware-tools/lib/libvmware-vgauth-cmd.so HTTP/2.0" 500 3097 "-" "Mozilla/5.0 AppleWebKit/537.36 (KHTML, like Gecko; compatible; bingbot/2.0; +http://www.bing.com/bingbot.htm) Chrome/116.0.1938.76 Safari/537.36"
52.167.144.187 - - [11/Jan/2025:17:26:25 +0300] "GET /resource/?path=/lib/vmware-tools/lib/libgcc_s.so.1 HTTP/2.0" 500 3097 "-" "Mozilla/5.0 AppleWebKit/537.36 (KHTML, like Gecko; compatible; bingbot/2.0; +http://www.bing.com/bingbot.htm) Chrome/116.0.1938.76 Safari/537.36"
52.167.144.187 - - [11/Jan/2025:17:26:26 +0300] "GET /resource/?path=/lib/vmware-vgauth/schemas HTTP/2.0" 500 3097 "-" "Mozilla/5.0 AppleWebKit/537.36 (KHTML, like Gecko; compatible; bingbot/2.0; +http://www.bing.com/bingbot.htm) Chrome/116.0.1938.76 Safari/537.36"
52.167.144.187 - - [11/Jan/2025:17:26:26 +0300] "GET /resource/?option&path=/lib/vmware-tools/configurator HTTP/2.0" 500 3097 "-" "Mozilla/5.0 AppleWebKit/537.36 (KHTML, like Gecko; compatible; bingbot/2.0; +http://www.bing.com/bingbot.htm) Chrome/116.0.1938.76 Safari/537.36"
52.167.144.187 - - [11/Jan/2025:17:26:27 +0300] "GET /resource/?path=/lib/vmware-tools/lib/libvmware-guestproxycerttool.so HTTP/2.0" 500 3097 "-" "Mozilla/5.0 AppleWebKit/537.36 (KHTML, like Gecko; compatible; bingbot/2.0; +http://www.bing.com/bingbot.htm) Chrome/116.0.1938.76 Safari/537.36"
52.167.144.187 - - [11/Jan/2025:17:26:28 +0300] "GET /resource/?path=/lib/vmware-tools/lib/libsigc-2.0.so.0 HTTP/2.0" 500 3097 "-" "Mozilla/5.0 AppleWebKit/537.36 (KHTML, like Gecko; compatible; bingbot/2.0; +http://www.bing.com/bingbot.htm) Chrome/116.0.1938.76 Safari/537.36"
52.167.144.187 - - [11/Jan/2025:17:26:29 +0300] "GET /resource/?option&path=/lib/vmware-tools/lib32/libvmware-modconfig-console.so HTTP/2.0" 500 3097 "-" "Mozilla/5.0 AppleWebKit/537.36 (KHTML, like Gecko; compatible; bingbot/2.0; +http://www.bing.com/bingbot.htm) Chrome/116.0.1938.76 Safari/537.36"
52.167.144.187 - - [11/Jan/2025:17:26:30 +0300] "GET /resource/?option&path=/lib/vmware-tools/lib32 HTTP/2.0" 500 3097 "-" "Mozilla/5.0 AppleWebKit/537.36 (KHTML, like Gecko; compatible; bingbot/2.0; +http://www.bing.com/bingbot.htm) Chrome/116.0.1938.76 Safari/537.36"
52.167.144.187 - - [11/Jan/2025:17:26:30 +0300] "GET /resource/?path=/etc/scl/prefixes HTTP/2.0" 500 3097 "-" "Mozilla/5.0 AppleWebKit/537.36 (KHTML, like Gecko; compatible; bingbot/2.0; +http://www.bing.com/bingbot.htm) Chrome/116.0.1938.76 Safari/537.36"
52.167.144.187 - - [11/Jan/2025:17:26:31 +0300] "GET /resource/?path=/lib/vmware-tools/lib32/libgtk-x11-2.0.so.0 HTTP/2.0" 500 3097 "-" "Mozilla/5.0 AppleWebKit/537.36 (KHTML, like Gecko; compatible; bingbot/2.0; +http://www.bing.com/bingbot.htm) Chrome/116.0.1938.76 Safari/537.36"
52.167.144.187 - - [11/Jan/2025:17:26:32 +0300] "GET /resource/?path=/lib/vmware-tools/lib32/libvmware-toolbox-cmd.so HTTP/2.0" 500 3097 "-" "Mozilla/5.0 AppleWebKit/537.36 (KHTML, like Gecko; compatible; bingbot/2.0; +http://www.bing.com/bingbot.htm) Chrome/116.0.1938.76 Safari/537.36"
52.167.144.187 - - [11/Jan/2025:17:26:32 +0300] "GET /resource/?path=/lib/vmware-tools/lib32/libvmware-guestproxycerttool.so HTTP/2.0" 500 3097 "-" "Mozilla/5.0 AppleWebKit/537.36 (KHTML, like Gecko; compatible; bingbot/2.0; +http://www.bing.com/bingbot.htm) Chrome/116.0.1938.76 Safari/537.36"
41.210.154.83 - - [11/Jan/2025:17:26:18 +0300] "GET /wp-content/uploads/2024/02/ECD_FRamework.pdf HTTP/2.0" 200 550463 "https://www.google.com/" "Mozilla/5.0 (Linux; Android 10; K) AppleWebKit/537.36 (KHTML, like Gecko) Chrome/131.0.0.0 Mobile Safari/537.36"
52.167.144.187 - - [11/Jan/2025:17:26:33 +0300] "GET /resource/?path=/lib/rpm/redhat HTTP/2.0" 500 3097 "-" "Mozilla/5.0 AppleWebKit/537.36 (KHTML, like Gecko; compatible; bingbot/2.0; +http://www.bing.com/bingbot.htm) Chrome/116.0.1938.76 Safari/537.36"
52.167.144.187 - - [11/Jan/2025:17:26:34 +0300] "GET /resource/?path=/lib/java/jna HTTP/2.0" 500 3097 "-" "Mozilla/5.0 AppleWebKit/537.36 (KHTML, like Gecko; compatible; bingbot/2.0; +http://www.bing.com/bingbot.htm) Chrome/116.0.1938.76 Safari/537.36"
52.167.144.187 - - [11/Jan/2025:17:26:34 +0300] "GET /resource/?path=/lib/tuned/optimize-serial-console HTTP/2.0" 500 3097 "-" "Mozilla/5.0 AppleWebKit/537.36 (KHTML, like Gecko; compatible; bingbot/2.0; +http://www.bing.com/bingbot.htm) Chrome/116.0.1938.76 Safari/537.36"
52.167.144.187 - - [11/Jan/2025:17:26:35 +0300] "GET /resource/?path=/usr/libexec/coreutils HTTP/2.0" 500 3097 "-" "Mozilla/5.0 AppleWebKit/537.36 (KHTML, like Gecko; compatible; bingbot/2.0; +http://www.bing.com/bingbot.htm) Chrome/116.0.1938.76 Safari/537.36"
52.167.144.187 - - [11/Jan/2025:17:26:36 +0300] "GET /resource/?path=/lib/vmware-tools/modules/binary HTTP/2.0" 500 3097 "-" "Mozilla/5.0 AppleWebKit/537.36 (KHTML, like Gecko; compatible; bingbot/2.0; +http://www.bing.com/bingbot.htm) Chrome/116.0.1938.76 Safari/537.36"
52.167.144.187 - - [11/Jan/2025:17:26:36 +0300] "GET /resource/?path=/lib/vmware-tools/plugins64/vmusr HTTP/2.0" 500 3097 "-" "Mozilla/5.0 AppleWebKit/537.36 (KHTML, like Gecko; compatible; bingbot/2.0; +http://www.bing.com/bingbot.htm) Chrome/116.0.1938.76 Safari/537.36"
52.167.144.187 - - [11/Jan/2025:17:26:37 +0300] "GET /resource/?option&path=/lib/vmware-tools/plugins64 HTTP/2.0" 500 3097 "-" "Mozilla/5.0 AppleWebKit/537.36 (KHTML, like Gecko; compatible; bingbot/2.0; +http://www.bing.com/bingbot.htm) Chrome/116.0.1938.76 Safari/537.36"
52.167.144.187 - - [11/Jan/2025:17:26:38 +0300] "GET /?option&path=/lib/systemd/system-preset HTTP/2.0" 403 32198 "-" "Mozilla/5.0 AppleWebKit/537.36 (KHTML, like Gecko; compatible; bingbot/2.0; +http://www.bing.com/bingbot.htm) Chrome/116.0.1938.76 Safari/537.36"
40.77.167.14 - - [11/Jan/2025:17:26:46 +0300] "GET /resource/?path=/lib/vmware-tools/lib32/libvmware-namespace-cmd.so HTTP/2.0" 200 924 "-" "Mozilla/5.0 AppleWebKit/537.36 (KHTML, like Gecko; compatible; bingbot/2.0; +http://www.bing.com/bingbot.htm) Chrome/116.0.1938.76 Safari/537.36"
40.77.167.14 - - [11/Jan/2025:17:26:47 +0300] "GET /resource/?path=/lib/vmware-tools/lib32/libgobject-2.0.so.0 HTTP/2.0" 200 925 "-" "Mozilla/5.0 AppleWebKit/537.36 (KHTML, like Gecko; compatible; bingbot/2.0; +http://www.bing.com/bingbot.htm) Chrome/116.0.1938.76 Safari/537.36"
40.77.167.14 - - [11/Jan/2025:17:26:47 +0300] "GET /resource/?path=/lib/vmware-tools/lib32/libDeployPkg.so HTTP/2.0" 200 918 "-" "Mozilla/5.0 AppleWebKit/537.36 (KHTML, like Gecko; compatible; bingbot/2.0; +http://www.bing.com/bingbot.htm) Chrome/116.0.1938.76 Safari/537.36"
40.77.167.14 - - [11/Jan/2025:17:26:48 +0300] "GET /resource/?path=/lib/vmware-caf/pme HTTP/2.0" 200 892 "-" "Mozilla/5.0 AppleWebKit/537.36 (KHTML, like Gecko; compatible; bingbot/2.0; +http://www.bing.com/bingbot.htm) Chrome/116.0.1938.76 Safari/537.36"
85.208.96.207 - - [11/Jan/2025:17:26:49 +0300] "GET /gallery/?ncdc-50-launch&refresher-training-for-centre-coordinating-tutors-ccts&sample&students-of-new-horizon-secondary-school-showcase-curriculum-innovations HTTP/1.1" 200 2017 "-" "Mozilla/5.0 (compatible; SemrushBot/7~bl; +http://www.semrush.com/bot.html)"
40.77.167.14 - - [11/Jan/2025:17:26:49 +0300] "GET /resource/?path=/lib/vmware-tools/lib/libatk-1.0.so.0 HTTP/2.0" 200 913 "-" "Mozilla/5.0 AppleWebKit/537.36 (KHTML, like Gecko; compatible; bingbot/2.0; +http://www.bing.com/bingbot.htm) Chrome/116.0.1938.76 Safari/537.36"
40.77.167.14 - - [11/Jan/2025:17:26:49 +0300] "GET /resource/?path=/lib/vmware-tools/lib/libvmware-modconfig-console.so HTTP/2.0" 500 3095 "-" "Mozilla/5.0 AppleWebKit/537.36 (KHTML, like Gecko; compatible; bingbot/2.0; +http://www.bing.com/bingbot.htm) Chrome/116.0.1938.76 Safari/537.36"
40.77.167.14 - - [11/Jan/2025:17:26:50 +0300] "GET /resource/?path=/lib/vmware-tools/lib/libvmtools.so HTTP/2.0" 500 3095 "-" "Mozilla/5.0 AppleWebKit/537.36 (KHTML, like Gecko; compatible; bingbot/2.0; +http://www.bing.com/bingbot.htm) Chrome/116.0.1938.76 Safari/537.36"
40.77.167.14 - - [11/Jan/2025:17:26:51 +0300] "GET /resource/?path=/lib/vmware-tools/lib/libstdc++.so.6 HTTP/2.0" 500 3095 "-" "Mozilla/5.0 AppleWebKit/537.36 (KHTML, like Gecko; compatible; bingbot/2.0; +http://www.bing.com/bingbot.htm) Chrome/116.0.1938.76 Safari/537.36"
40.77.167.14 - - [11/Jan/2025:17:26:51 +0300] "GET /resource/?path=/lib/vmware-tools/lib/libglibmm-2.4.so.1 HTTP/2.0" 500 3095 "-" "Mozilla/5.0 AppleWebKit/537.36 (KHTML, like Gecko; compatible; bingbot/2.0; +http://www.bing.com/bingbot.htm) Chrome/116.0.1938.76 Safari/537.36"
40.77.167.14 - - [11/Jan/2025:17:26:52 +0300] "GET /resource/?path=/lib/vmware-tools/lib/libvmware-toolbox-cmd.so HTTP/2.0" 500 3095 "-" "Mozilla/5.0 AppleWebKit/537.36 (KHTML, like Gecko; compatible; bingbot/2.0; +http://www.bing.com/bingbot.htm) Chrome/116.0.1938.76 Safari/537.36"
40.77.167.14 - - [11/Jan/2025:17:26:53 +0300] "GET /resource/?path=/lib/vmware-tools/lib/libffi.so.6 HTTP/2.0" 500 3095 "-" "Mozilla/5.0 AppleWebKit/537.36 (KHTML, like Gecko; compatible; bingbot/2.0; +http://www.bing.com/bingbot.htm) Chrome/116.0.1938.76 Safari/537.36"
185.191.171.14 - - [11/Jan/2025:17:26:53 +0300] "GET /gallery/?ncdc-50-conference&parliament&parliament&sample%3F22&stepu&welcome-remarks%3Fvisiting-delegation-from-lesotho HTTP/1.1" 200 2017 "-" "Mozilla/5.0 (compatible; SemrushBot/7~bl; +http://www.semrush.com/bot.html)"
40.77.167.14 - - [11/Jan/2025:17:26:53 +0300] "GET /resource/?path=/lib/vmware-tools/lib/libglibmm_generate_extra_defs-2.4.so.1 HTTP/2.0" 500 3095 "-" "Mozilla/5.0 AppleWebKit/537.36 (KHTML, like Gecko; compatible; bingbot/2.0; +http://www.bing.com/bingbot.htm) Chrome/116.0.1938.76 Safari/537.36"
40.77.167.14 - - [11/Jan/2025:17:26:54 +0300] "GET /resource/?path=/lib/vmware-tools/lib/libgthread-2.0.so.0 HTTP/2.0" 500 3095 "-" "Mozilla/5.0 AppleWebKit/537.36 (KHTML, like Gecko; compatible; bingbot/2.0; +http://www.bing.com/bingbot.htm) Chrome/116.0.1938.76 Safari/537.36"
40.77.167.14 - - [11/Jan/2025:17:26:55 +0300] "GET /resource/?option&path=/etc/alternatives/jre_openjdk HTTP/2.0" 500 3095 "-" "Mozilla/5.0 AppleWebKit/537.36 (KHTML, like Gecko; compatible; bingbot/2.0; +http://www.bing.com/bingbot.htm) Chrome/116.0.1938.76 Safari/537.36"
40.77.167.14 - - [11/Jan/2025:17:26:56 +0300] "GET /resource/?path=/lib/vmware-tools/lib/libpixman-1.so.0 HTTP/2.0" 500 3095 "-" "Mozilla/5.0 AppleWebKit/537.36 (KHTML, like Gecko; compatible; bingbot/2.0; +http://www.bing.com/bingbot.htm) Chrome/116.0.1938.76 Safari/537.36"
40.77.167.14 - - [11/Jan/2025:17:26:56 +0300] "GET /resource/?path=/lib/vmware-tools/lib32/libatk-1.0.so.0 HTTP/2.0" 500 3095 "-" "Mozilla/5.0 AppleWebKit/537.36 (KHTML, like Gecko; compatible; bingbot/2.0; +http://www.bing.com/bingbot.htm) Chrome/116.0.1938.76 Safari/537.36"
40.77.167.14 - - [11/Jan/2025:17:26:57 +0300] "GET /resource/?path=/etc/alternatives/jre_openjdk/lib HTTP/2.0" 500 3095 "-" "Mozilla/5.0 AppleWebKit/537.36 (KHTML, like Gecko; compatible; bingbot/2.0; +http://www.bing.com/bingbot.htm) Chrome/116.0.1938.76 Safari/537.36"
40.77.167.14 - - [11/Jan/2025:17:26:58 +0300] "GET /resource/?path=/lib/vmware-tools/lib32/libglibmm_generate_extra_defs-2.4.so.1 HTTP/2.0" 500 3095 "-" "Mozilla/5.0 AppleWebKit/537.36 (KHTML, like Gecko; compatible; bingbot/2.0; +http://www.bing.com/bingbot.htm) Chrome/116.0.1938.76 Safari/537.36"
40.77.167.14 - - [11/Jan/2025:17:26:59 +0300] "GET /resource/?path=/lib/NetworkManager/system-connections HTTP/2.0" 500 3095 "-" "Mozilla/5.0 AppleWebKit/537.36 (KHTML, like Gecko; compatible; bingbot/2.0; +http://www.bing.com/bingbot.htm) Chrome/116.0.1938.76 Safari/537.36"
40.77.167.14 - - [11/Jan/2025:17:26:59 +0300] "GET /resource/?path=/lib/rpm/platform HTTP/2.0" 500 3095 "-" "Mozilla/5.0 AppleWebKit/537.36 (KHTML, like Gecko; compatible; bingbot/2.0; +http://www.bing.com/bingbot.htm) Chrome/116.0.1938.76 Safari/537.36"
40.77.167.14 - - [11/Jan/2025:17:27:00 +0300] "GET /resource/?path=/lib/vmware-tools/modules/source HTTP/2.0" 500 3095 "-" "Mozilla/5.0 AppleWebKit/537.36 (KHTML, like Gecko; compatible; bingbot/2.0; +http://www.bing.com/bingbot.htm) Chrome/116.0.1938.76 Safari/537.36"
40.77.167.14 - - [11/Jan/2025:17:27:00 +0300] "GET /resource/?path=/lib/firewalld/services HTTP/2.0" 500 3095 "-" "Mozilla/5.0 AppleWebKit/537.36 (KHTML, like Gecko; compatible; bingbot/2.0; +http://www.bing.com/bingbot.htm) Chrome/116.0.1938.76 Safari/537.36"
40.77.167.14 - - [11/Jan/2025:17:27:01 +0300] "GET /resource/?path=/lib/rpm/fileattrs HTTP/2.0" 500 3095 "-" "Mozilla/5.0 AppleWebKit/537.36 (KHTML, like Gecko; compatible; bingbot/2.0; +http://www.bing.com/bingbot.htm) Chrome/116.0.1938.76 Safari/537.36"
40.77.167.14 - - [11/Jan/2025:17:27:02 +0300] "GET /resource/?path=/lib/vmware-tools/lib/libgobject-2.0.so.0 HTTP/2.0" 500 3095 "-" "Mozilla/5.0 AppleWebKit/537.36 (KHTML, like Gecko; compatible; bingbot/2.0; +http://www.bing.com/bingbot.htm) Chrome/116.0.1938.76 Safari/537.36"
40.77.167.14 - - [11/Jan/2025:17:27:02 +0300] "GET /resource/?path=/lib/vmware-tools/lib/libvmware-namespace-cmd.so HTTP/2.0" 500 3095 "-" "Mozilla/5.0 AppleWebKit/537.36 (KHTML, like Gecko; compatible; bingbot/2.0; +http://www.bing.com/bingbot.htm) Chrome/116.0.1938.76 Safari/537.36"
40.77.167.14 - - [11/Jan/2025:17:27:03 +0300] "GET /resource/?path=/lib/vmware-tools/lib/libXss.so.1 HTTP/2.0" 500 3095 "-" "Mozilla/5.0 AppleWebKit/537.36 (KHTML, like Gecko; compatible; bingbot/2.0; +http://www.bing.com/bingbot.htm) Chrome/116.0.1938.76 Safari/537.36"
40.77.167.14 - - [11/Jan/2025:17:27:04 +0300] "GET /?option&path=/lib/systemd/system-generators HTTP/2.0" 403 32198 "-" "Mozilla/5.0 AppleWebKit/537.36 (KHTML, like Gecko; compatible; bingbot/2.0; +http://www.bing.com/bingbot.htm) Chrome/116.0.1938.76 Safari/537.36"
40.77.167.14 - - [11/Jan/2025:17:27:05 +0300] "GET /resource/?path=/etc/alternatives/jre_openjdk/bin HTTP/2.0" 500 3095 "-" "Mozilla/5.0 AppleWebKit/537.36 (KHTML, like Gecko; compatible; bingbot/2.0; +http://www.bing.com/bingbot.htm) Chrome/116.0.1938.76 Safari/537.36"
40.77.167.14 - - [11/Jan/2025:17:27:05 +0300] "GET /resource/?path=/lib/tuned/epyc-eda HTTP/2.0" 500 3095 "-" "Mozilla/5.0 AppleWebKit/537.36 (KHTML, like Gecko; compatible; bingbot/2.0; +http://www.bing.com/bingbot.htm) Chrome/116.0.1938.76 Safari/537.36"
57.141.5.24 - - [11/Jan/2025:17:27:06 +0300] "GET /wp-content/plugins/extensive-vc-addon/shortcodes/pie-chart/templates/?C=S;O=D HTTP/2.0" 200 1152 "-" "meta-externalagent/1.1 (+https://developers.facebook.com/docs/sharing/webmasters/crawler)"
40.77.167.14 - - [11/Jan/2025:17:27:06 +0300] "GET /resource/?path=/lib/vmware-tools/lib32/libvmhgfs-fuse.so HTTP/2.0" 500 3095 "-" "Mozilla/5.0 AppleWebKit/537.36 (KHTML, like Gecko; compatible; bingbot/2.0; +http://www.bing.com/bingbot.htm) Chrome/116.0.1938.76 Safari/537.36"
145.239.154.4 - - [11/Jan/2025:17:27:14 +0300] "POST /xmlrpc.php HTTP/1.1" 200 2018 "-" "Mozilla/5.0 (Windows NT 10.0; WOW64) AppleWebKit/537.36 (KHTML, like Gecko) Chrome/62.0.3202.9 Safari/537.36"
112.86.225.40 - - [11/Jan/2025:17:27:14 +0300] "GET / HTTP/1.1" 200 31272 "-" "Sogou web spider/4.0(+http://www.sogou.com/docs/help/webmasters.htm#07)"
154.72.192.35 - - [11/Jan/2025:17:27:15 +0300] "HEAD / HTTP/1.1" 200 - "-" "Uptime-Kuma/1.23.11"
40.77.167.14 - - [11/Jan/2025:17:27:16 +0300] "GET /?path=/lib/vmware-tools/lib64/libgtk-x11-2.0.so.0 HTTP/2.0" 200 922 "-" "Mozilla/5.0 AppleWebKit/537.36 (KHTML, like Gecko; compatible; bingbot/2.0; +http://www.bing.com/bingbot.htm) Chrome/116.0.1938.76 Safari/537.36"
40.77.167.14 - - [11/Jan/2025:17:27:17 +0300] "GET /?path=/lib/vmware-tools/lib64/libORBit-2.so.0 HTTP/2.0" 200 918 "-" "Mozilla/5.0 AppleWebKit/537.36 (KHTML, like Gecko; compatible; bingbot/2.0; +http://www.bing.com/bingbot.htm) Chrome/116.0.1938.76 Safari/537.36"
40.77.167.14 - - [11/Jan/2025:17:27:18 +0300] "GET /?path=/lib/vmware-tools/lib64/libgmodule-2.0.so.0 HTTP/2.0" 200 923 "-" "Mozilla/5.0 AppleWebKit/537.36 (KHTML, like Gecko; compatible; bingbot/2.0; +http://www.bing.com/bingbot.htm) Chrome/116.0.1938.76 Safari/537.36"
40.77.167.14 - - [11/Jan/2025:17:27:18 +0300] "GET /?path=/lib/vmware-tools/lib64/libDeployPkg.so HTTP/2.0" 200 917 "-" "Mozilla/5.0 AppleWebKit/537.36 (KHTML, like Gecko; compatible; bingbot/2.0; +http://www.bing.com/bingbot.htm) Chrome/116.0.1938.76 Safari/537.36"
40.77.167.14 - - [11/Jan/2025:17:27:19 +0300] "GET /?path=/lib/vmware-tools/lib64/libglibmm-2.4.so.1 HTTP/2.0" 403 32198 "-" "Mozilla/5.0 AppleWebKit/537.36 (KHTML, like Gecko; compatible; bingbot/2.0; +http://www.bing.com/bingbot.htm) Chrome/116.0.1938.76 Safari/537.36"
85.208.96.197 - - [11/Jan/2025:17:27:19 +0300] "GET /gallery?chief-guest&chief-guest&job-fair&ncdc-50-conference&ncdc-50-conference&ncdc-collaboration&sample%3F20%3F24 HTTP/1.1" 200 2018 "-" "Mozilla/5.0 (compatible; SemrushBot/7~bl; +http://www.semrush.com/bot.html)"
40.77.167.14 - - [11/Jan/2025:17:27:19 +0300] "GET /?path=/lib/vmware-tools/lib64/libssl.so.1.0.2 HTTP/2.0" 403 32198 "-" "Mozilla/5.0 AppleWebKit/537.36 (KHTML, like Gecko; compatible; bingbot/2.0; +http://www.bing.com/bingbot.htm) Chrome/116.0.1938.76 Safari/537.36"
40.77.167.14 - - [11/Jan/2025:17:27:20 +0300] "GET /?path=/lib/vmware-tools/configurator/XOrg HTTP/2.0" 403 32198 "-" "Mozilla/5.0 AppleWebKit/537.36 (KHTML, like Gecko; compatible; bingbot/2.0; +http://www.bing.com/bingbot.htm) Chrome/116.0.1938.76 Safari/537.36"
40.77.167.14 - - [11/Jan/2025:17:27:21 +0300] "GET /?path=/lib/vmware-tools/lib64/libsigc-2.0.so.0 HTTP/2.0" 403 32198 "-" "Mozilla/5.0 AppleWebKit/537.36 (KHTML, like Gecko; compatible; bingbot/2.0; +http://www.bing.com/bingbot.htm) Chrome/116.0.1938.76 Safari/537.36"
40.77.167.14 - - [11/Jan/2025:17:27:21 +0300] "GET /?path=/lib/vmware-tools/libconf/gtk-2.0 HTTP/2.0" 403 32198 "-" "Mozilla/5.0 AppleWebKit/537.36 (KHTML, like Gecko; compatible; bingbot/2.0; +http://www.bing.com/bingbot.htm) Chrome/116.0.1938.76 Safari/537.36"
40.77.167.14 - - [11/Jan/2025:17:27:22 +0300] "GET /resource/?path=/lib/firmware/nvidia/gp108 HTTP/2.0" 500 3095 "-" "Mozilla/5.0 AppleWebKit/537.36 (KHTML, like Gecko; compatible; bingbot/2.0; +http://www.bing.com/bingbot.htm) Chrome/116.0.1938.76 Safari/537.36"
40.77.167.14 - - [11/Jan/2025:17:27:22 +0300] "GET /resource/?path=/lib/firmware/nvidia/ad103 HTTP/2.0" 500 3095 "-" "Mozilla/5.0 AppleWebKit/537.36 (KHTML, like Gecko; compatible; bingbot/2.0; +http://www.bing.com/bingbot.htm) Chrome/116.0.1938.76 Safari/537.36"
40.77.167.14 - - [11/Jan/2025:17:27:23 +0300] "GET /resource/?path=/lib/firmware/nvidia/tu104 HTTP/2.0" 500 3095 "-" "Mozilla/5.0 AppleWebKit/537.36 (KHTML, like Gecko; compatible; bingbot/2.0; +http://www.bing.com/bingbot.htm) Chrome/116.0.1938.76 Safari/537.36"
40.77.167.14 - - [11/Jan/2025:17:27:23 +0300] "GET /resource/?path=/lib/firmware/nvidia/ga100 HTTP/2.0" 500 3095 "-" "Mozilla/5.0 AppleWebKit/537.36 (KHTML, like Gecko; compatible; bingbot/2.0; +http://www.bing.com/bingbot.htm) Chrome/116.0.1938.76 Safari/537.36"
40.77.167.14 - - [11/Jan/2025:17:27:24 +0300] "GET /resource/?path=/lib/firmware/nvidia/gm200 HTTP/2.0" 500 3095 "-" "Mozilla/5.0 AppleWebKit/537.36 (KHTML, like Gecko; compatible; bingbot/2.0; +http://www.bing.com/bingbot.htm) Chrome/116.0.1938.76 Safari/537.36"
57.141.5.20 - - [11/Jan/2025:17:27:25 +0300] "GET /wp-content/plugins/extensive-vc-addon/shortcodes/gallery-block/assets/?C=M;O=D HTTP/2.0" 200 963 "-" "meta-externalagent/1.1 (+https://developers.facebook.com/docs/sharing/webmasters/crawler)"
40.77.167.14 - - [11/Jan/2025:17:27:25 +0300] "GET /resource/?path=/lib/firmware/nvidia/gk20a HTTP/2.0" 500 3095 "-" "Mozilla/5.0 AppleWebKit/537.36 (KHTML, like Gecko; compatible; bingbot/2.0; +http://www.bing.com/bingbot.htm) Chrome/116.0.1938.76 Safari/537.36"
40.77.167.14 - - [11/Jan/2025:17:27:25 +0300] "GET /resource/?path=/lib/firmware/nvidia/tegra210 HTTP/2.0" 500 3095 "-" "Mozilla/5.0 AppleWebKit/537.36 (KHTML, like Gecko; compatible; bingbot/2.0; +http://www.bing.com/bingbot.htm) Chrome/116.0.1938.76 Safari/537.36"
40.77.167.14 - - [11/Jan/2025:17:27:26 +0300] "GET /resource/?path=/lib/firmware/nvidia/ad106 HTTP/2.0" 500 3095 "-" "Mozilla/5.0 AppleWebKit/537.36 (KHTML, like Gecko; compatible; bingbot/2.0; +http://www.bing.com/bingbot.htm) Chrome/116.0.1938.76 Safari/537.36"
40.77.167.14 - - [11/Jan/2025:17:27:28 +0300] "GET /resource/?path=/lib/firmware/nvidia/ad104 HTTP/2.0" 500 3095 "-" "Mozilla/5.0 AppleWebKit/537.36 (KHTML, like Gecko; compatible; bingbot/2.0; +http://www.bing.com/bingbot.htm) Chrome/116.0.1938.76 Safari/537.36"
40.77.167.14 - - [11/Jan/2025:17:27:28 +0300] "GET /resource/?path=/lib/firmware/nvidia/tu106 HTTP/2.0" 500 3095 "-" "Mozilla/5.0 AppleWebKit/537.36 (KHTML, like Gecko; compatible; bingbot/2.0; +http://www.bing.com/bingbot.htm) Chrome/116.0.1938.76 Safari/537.36"
40.77.167.14 - - [11/Jan/2025:17:27:29 +0300] "GET /?path=/lib/systemd/system/systemd-udev-trigger.service.d HTTP/2.0" 403 32198 "-" "Mozilla/5.0 AppleWebKit/537.36 (KHTML, like Gecko; compatible; bingbot/2.0; +http://www.bing.com/bingbot.htm) Chrome/116.0.1938.76 Safari/537.36"
57.141.5.3 - - [11/Jan/2025:17:27:30 +0300] "GET /wp-content/plugins/extensive-vc-addon/shortcodes/pie-chart/assets/?C=N;O=D HTTP/2.0" 200 1122 "-" "meta-externalagent/1.1 (+https://developers.facebook.com/docs/sharing/webmasters/crawler)"
40.77.167.14 - - [11/Jan/2025:17:27:30 +0300] "GET /?path=/lib/systemd/system/sw-engine.service.d HTTP/2.0" 403 32198 "-" "Mozilla/5.0 AppleWebKit/537.36 (KHTML, like Gecko; compatible; bingbot/2.0; +http://www.bing.com/bingbot.htm) Chrome/116.0.1938.76 Safari/537.36"
40.77.167.14 - - [11/Jan/2025:17:27:30 +0300] "GET /?path=/lib/systemd/system/system-update.target.wants HTTP/2.0" 403 32198 "-" "Mozilla/5.0 AppleWebKit/537.36 (KHTML, like Gecko; compatible; bingbot/2.0; +http://www.bing.com/bingbot.htm) Chrome/116.0.1938.76 Safari/537.36"
40.77.167.14 - - [11/Jan/2025:17:27:30 +0300] "GET /?path=/lib/systemd/system/default.target.wants HTTP/2.0" 403 32198 "-" "Mozilla/5.0 AppleWebKit/537.36 (KHTML, like Gecko; compatible; bingbot/2.0; +http://www.bing.com/bingbot.htm) Chrome/116.0.1938.76 Safari/537.36"
185.191.171.11 - - [11/Jan/2025:17:27:30 +0300] "GET /gallery?aca&aca&aca&aca&instructional-materials-unit&ncdc-collaboration&ncdc-collaboration&sample%3F22%3F42 HTTP/1.1" 200 2017 "-" "Mozilla/5.0 (compatible; SemrushBot/7~bl; +http://www.semrush.com/bot.html)"
40.77.167.14 - - [11/Jan/2025:17:27:31 +0300] "GET /?path=/lib/vmware-tools/plugins64/vmsvc HTTP/2.0" 403 32198 "-" "Mozilla/5.0 AppleWebKit/537.36 (KHTML, like Gecko; compatible; bingbot/2.0; +http://www.bing.com/bingbot.htm) Chrome/116.0.1938.76 Safari/537.36"
40.77.167.14 - - [11/Jan/2025:17:27:32 +0300] "GET /resource/?option&path=/lib/firmware/atusb HTTP/2.0" 500 3095 "-" "Mozilla/5.0 AppleWebKit/537.36 (KHTML, like Gecko; compatible; bingbot/2.0; +http://www.bing.com/bingbot.htm) Chrome/116.0.1938.76 Safari/537.36"
40.77.167.14 - - [11/Jan/2025:17:27:33 +0300] "GET /resource/?path=/lib/firmware/intel/ish HTTP/2.0" 500 3095 "-" "Mozilla/5.0 AppleWebKit/537.36 (KHTML, like Gecko; compatible; bingbot/2.0; +http://www.bing.com/bingbot.htm) Chrome/116.0.1938.76 Safari/537.36"
40.77.167.14 - - [11/Jan/2025:17:27:33 +0300] "GET /resource/?path=/lib/vmware-tools/lib/libvmtools.so HTTP/2.0" 500 3095 "-" "Mozilla/5.0 AppleWebKit/537.36 (KHTML, like Gecko; compatible; bingbot/2.0; +http://www.bing.com/bingbot.htm) Chrome/116.0.1938.76 Safari/537.36"
40.77.167.14 - - [11/Jan/2025:17:27:34 +0300] "GET /resource/?path=/lib/vmware-tools/lib/libvmware-modconfig-console.so HTTP/2.0" 500 3095 "-" "Mozilla/5.0 AppleWebKit/537.36 (KHTML, like Gecko; compatible; bingbot/2.0; +http://www.bing.com/bingbot.htm) Chrome/116.0.1938.76 Safari/537.36"
40.77.167.14 - - [11/Jan/2025:17:27:35 +0300] "GET /resource/?path=/lib/vmware-tools/lib/libglibmm-2.4.so.1 HTTP/2.0" 500 3095 "-" "Mozilla/5.0 AppleWebKit/537.36 (KHTML, like Gecko; compatible; bingbot/2.0; +http://www.bing.com/bingbot.htm) Chrome/116.0.1938.76 Safari/537.36"
40.77.167.14 - - [11/Jan/2025:17:27:36 +0300] "GET /resource/?path=/lib/vmware-tools/lib/libvmware-toolbox-cmd.so HTTP/2.0" 500 3095 "-" "Mozilla/5.0 AppleWebKit/537.36 (KHTML, like Gecko; compatible; bingbot/2.0; +http://www.bing.com/bingbot.htm) Chrome/116.0.1938.76 Safari/537.36"
185.191.171.8 - - [11/Jan/2025:17:27:37 +0300] "GET /gallery?ncdc-50-launch&ncdc-50-launch&ncdc-50-launch&ncdc-50-launch&ncdc-collaboration&parliament&sample%3F21%3F32 HTTP/1.1" 200 2017 "-" "Mozilla/5.0 (compatible; SemrushBot/7~bl; +http://www.semrush.com/bot.html)"
57.141.5.1 - - [11/Jan/2025:17:27:42 +0300] "GET /wp-content/plugins/post-slider-and-carousel/assets/images/?C=S;O=A HTTP/2.0" 200 1108 "-" "meta-externalagent/1.1 (+https://developers.facebook.com/docs/sharing/webmasters/crawler)"
85.208.96.202 - - [11/Jan/2025:17:27:42 +0300] "GET /gallery?aca&aca&aca&aca&aca&aca&aca&aca&ncdc-50-launch&ncdc-collaboration&sample%3F21%3F3 HTTP/1.1" 200 2017 "-" "Mozilla/5.0 (compatible; SemrushBot/7~bl; +http://www.semrush.com/bot.html)"
18.97.14.90 - - [11/Jan/2025:17:27:44 +0300] "GET /directorates-3/ HTTP/2.0" 500 3095 "-" "CCBot/2.0 (https://commoncrawl.org/faq/)"
57.141.5.14 - - [11/Jan/2025:17:27:45 +0300] "GET /wp-includes/SimplePie/library/SimplePie/?C=N;O=A HTTP/2.0" 200 5664 "-" "meta-externalagent/1.1 (+https://developers.facebook.com/docs/sharing/webmasters/crawler)"
85.208.96.202 - - [11/Jan/2025:17:27:45 +0300] "GET /gallery/?aca&instructional-materials-unit&job-fair&job-fair&ncdc-50-launch&ncdc-50-launch&sample%3Fgroup-discussion-in-teacher-training HTTP/1.1" 200 2017 "-" "Mozilla/5.0 (compatible; SemrushBot/7~bl; +http://www.semrush.com/bot.html)"
40.77.167.14 - - [11/Jan/2025:17:27:46 +0300] "GET /resource/?path=/lib/vmware-tools/lib/libffi.so.6 HTTP/2.0" 200 908 "-" "Mozilla/5.0 AppleWebKit/537.36 (KHTML, like Gecko; compatible; bingbot/2.0; +http://www.bing.com/bingbot.htm) Chrome/116.0.1938.76 Safari/537.36"
40.77.167.14 - - [11/Jan/2025:17:27:47 +0300] "GET /resource/?path=/lib/vmware-tools/lib/libglibmm_generate_extra_defs-2.4.so.1 HTTP/2.0" 200 936 "-" "Mozilla/5.0 AppleWebKit/537.36 (KHTML, like Gecko; compatible; bingbot/2.0; +http://www.bing.com/bingbot.htm) Chrome/116.0.1938.76 Safari/537.36"
40.77.167.14 - - [11/Jan/2025:17:27:48 +0300] "GET /resource/?path=/lib/vmware-tools/lib/libgthread-2.0.so.0 HTTP/2.0" 200 916 "-" "Mozilla/5.0 AppleWebKit/537.36 (KHTML, like Gecko; compatible; bingbot/2.0; +http://www.bing.com/bingbot.htm) Chrome/116.0.1938.76 Safari/537.36"
40.77.167.14 - - [11/Jan/2025:17:27:48 +0300] "GET /resource/?path=/lib/vmware-tools/lib/libstdc++.so.6 HTTP/2.0" 200 742 "-" "Mozilla/5.0 AppleWebKit/537.36 (KHTML, like Gecko; compatible; bingbot/2.0; +http://www.bing.com/bingbot.htm) Chrome/116.0.1938.76 Safari/537.36"
40.77.167.14 - - [11/Jan/2025:17:27:49 +0300] "GET /resource/?path=/lib/vmware-tools/lib32/libatk-1.0.so.0 HTTP/2.0" 500 3095 "-" "Mozilla/5.0 AppleWebKit/537.36 (KHTML, like Gecko; compatible; bingbot/2.0; +http://www.bing.com/bingbot.htm) Chrome/116.0.1938.76 Safari/537.36"
57.141.5.6 - - [11/Jan/2025:17:27:50 +0300] "GET /wp-content/plugins/extensive-vc-addon/shortcodes/doughnut-chart/assets/?C=S;O=D HTTP/2.0" 200 1137 "-" "meta-externalagent/1.1 (+https://developers.facebook.com/docs/sharing/webmasters/crawler)"
40.77.167.14 - - [11/Jan/2025:17:27:50 +0300] "GET /resource/?option&path=/etc/alternatives/jre_openjdk HTTP/2.0" 500 3095 "-" "Mozilla/5.0 AppleWebKit/537.36 (KHTML, like Gecko; compatible; bingbot/2.0; +http://www.bing.com/bingbot.htm) Chrome/116.0.1938.76 Safari/537.36"
40.77.167.14 - - [11/Jan/2025:17:27:51 +0300] "GET /resource/?path=/lib/vmware-tools/lib/libgobject-2.0.so.0 HTTP/2.0" 500 3095 "-" "Mozilla/5.0 AppleWebKit/537.36 (KHTML, like Gecko; compatible; bingbot/2.0; +http://www.bing.com/bingbot.htm) Chrome/116.0.1938.76 Safari/537.36"
40.77.167.14 - - [11/Jan/2025:17:27:51 +0300] "GET /resource/?path=/lib/vmware-tools/lib/libXss.so.1 HTTP/2.0" 500 3095 "-" "Mozilla/5.0 AppleWebKit/537.36 (KHTML, like Gecko; compatible; bingbot/2.0; +http://www.bing.com/bingbot.htm) Chrome/116.0.1938.76 Safari/537.36"
40.77.167.14 - - [11/Jan/2025:17:27:52 +0300] "GET /resource/?path=/lib/vmware-tools/lib/libvmware-namespace-cmd.so HTTP/2.0" 500 3095 "-" "Mozilla/5.0 AppleWebKit/537.36 (KHTML, like Gecko; compatible; bingbot/2.0; +http://www.bing.com/bingbot.htm) Chrome/116.0.1938.76 Safari/537.36"
57.141.5.19 - - [11/Jan/2025:17:27:53 +0300] "GET /wp-content/plugins/extensive-vc-addon/shortcodes/icon-with-text/templates/parts/?C=S;O=A HTTP/2.0" 200 1174 "-" "meta-externalagent/1.1 (+https://developers.facebook.com/docs/sharing/webmasters/crawler)"
40.77.167.14 - - [11/Jan/2025:17:27:53 +0300] "GET /resource/?path=/etc/alternatives/jre_openjdk/lib HTTP/2.0" 500 3095 "-" "Mozilla/5.0 AppleWebKit/537.36 (KHTML, like Gecko; compatible; bingbot/2.0; +http://www.bing.com/bingbot.htm) Chrome/116.0.1938.76 Safari/537.36"
40.77.167.14 - - [11/Jan/2025:17:27:53 +0300] "GET /resource/?path=/lib/vmware-tools/lib/libpixman-1.so.0 HTTP/2.0" 500 3095 "-" "Mozilla/5.0 AppleWebKit/537.36 (KHTML, like Gecko; compatible; bingbot/2.0; +http://www.bing.com/bingbot.htm) Chrome/116.0.1938.76 Safari/537.36"
40.77.167.14 - - [11/Jan/2025:17:27:54 +0300] "GET /resource/?path=/lib/vmware-tools/lib32/libglibmm_generate_extra_defs-2.4.so.1 HTTP/2.0" 500 3095 "-" "Mozilla/5.0 AppleWebKit/537.36 (KHTML, like Gecko; compatible; bingbot/2.0; +http://www.bing.com/bingbot.htm) Chrome/116.0.1938.76 Safari/537.36"
40.77.167.14 - - [11/Jan/2025:17:27:55 +0300] "GET /resource/?path=/lib/vmware-tools/modules/source HTTP/2.0" 500 3095 "-" "Mozilla/5.0 AppleWebKit/537.36 (KHTML, like Gecko; compatible; bingbot/2.0; +http://www.bing.com/bingbot.htm) Chrome/116.0.1938.76 Safari/537.36"
31.13.103.112 - - [11/Jan/2025:17:27:55 +0300] "GET /books/chemistry-syllabus/ HTTP/2.0" 500 33363 "-" "meta-externalagent/1.1 (+https://developers.facebook.com/docs/sharing/webmasters/crawler)"
31.13.103.4 - - [11/Jan/2025:17:27:55 +0300] "GET /books/s-1-s-2-chemistry/ HTTP/2.0" 500 33361 "-" "meta-externalagent/1.1 (+https://developers.facebook.com/docs/sharing/webmasters/crawler)"
40.77.167.14 - - [11/Jan/2025:17:27:55 +0300] "GET /resource/?path=/etc/alternatives/jre_openjdk/bin HTTP/2.0" 500 3095 "-" "Mozilla/5.0 AppleWebKit/537.36 (KHTML, like Gecko; compatible; bingbot/2.0; +http://www.bing.com/bingbot.htm) Chrome/116.0.1938.76 Safari/537.36"
40.77.167.14 - - [11/Jan/2025:17:27:56 +0300] "GET /resource/?path=/lib/tuned/epyc-eda HTTP/2.0" 500 3095 "-" "Mozilla/5.0 AppleWebKit/537.36 (KHTML, like Gecko; compatible; bingbot/2.0; +http://www.bing.com/bingbot.htm) Chrome/116.0.1938.76 Safari/537.36"
40.77.167.14 - - [11/Jan/2025:17:27:57 +0300] "GET /?path=/lib/vmware-tools/lib64/libsigc-2.0.so.0 HTTP/2.0" 403 32198 "-" "Mozilla/5.0 AppleWebKit/537.36 (KHTML, like Gecko; compatible; bingbot/2.0; +http://www.bing.com/bingbot.htm) Chrome/116.0.1938.76 Safari/537.36"
20.210.58.97 - - [11/Jan/2025:17:27:57 +0300] "GET /?path=/etc/profile.d HTTP/1.1" 403 170052 "-" "Mozilla/5.0 (Windows NT 10.0; Win64; x64) AppleWebKit/537.36 (KHTML, like Gecko) Chrome/131.0.0.0 Safari/537.36 Edg/131.0.0.0"
40.77.167.14 - - [11/Jan/2025:17:27:57 +0300] "GET /resource/?path=/lib/vmware-tools/lib32/libvmhgfs-fuse.so HTTP/2.0" 500 3095 "-" "Mozilla/5.0 AppleWebKit/537.36 (KHTML, like Gecko; compatible; bingbot/2.0; +http://www.bing.com/bingbot.htm) Chrome/116.0.1938.76 Safari/537.36"
40.77.167.14 - - [11/Jan/2025:17:27:58 +0300] "GET /?path=/lib/vmware-tools/configurator/XOrg HTTP/2.0" 403 32198 "-" "Mozilla/5.0 AppleWebKit/537.36 (KHTML, like Gecko; compatible; bingbot/2.0; +http://www.bing.com/bingbot.htm) Chrome/116.0.1938.76 Safari/537.36"
40.77.167.14 - - [11/Jan/2025:17:27:59 +0300] "GET /?path=/lib/vmware-tools/lib64/libglibmm-2.4.so.1 HTTP/2.0" 403 32198 "-" "Mozilla/5.0 AppleWebKit/537.36 (KHTML, like Gecko; compatible; bingbot/2.0; +http://www.bing.com/bingbot.htm) Chrome/116.0.1938.76 Safari/537.36"
143.110.235.111 - - [11/Jan/2025:17:27:59 +0300] "GET /assets/plugins/jquery-fileupload/server/php/index.php HTTP/1.1" 500 3097 "-" "Mozilla/5.0 (X11; Linux x86_64) AppleWebKit/537.36 (KHTML, like Gecko) Chrome/78.0.3904.62 Safari/537.36"
40.77.167.14 - - [11/Jan/2025:17:27:59 +0300] "GET /resource/?path=/lib/firmware/nvidia/gp108 HTTP/2.0" 500 3095 "-" "Mozilla/5.0 AppleWebKit/537.36 (KHTML, like Gecko; compatible; bingbot/2.0; +http://www.bing.com/bingbot.htm) Chrome/116.0.1938.76 Safari/537.36"
40.77.167.14 - - [11/Jan/2025:17:28:00 +0300] "GET /resource/?path=/lib/NetworkManager/system-connections HTTP/2.0" 500 3095 "-" "Mozilla/5.0 AppleWebKit/537.36 (KHTML, like Gecko; compatible; bingbot/2.0; +http://www.bing.com/bingbot.htm) Chrome/116.0.1938.76 Safari/537.36"
85.208.96.198 - - [11/Jan/2025:17:28:05 +0300] "GET /gallery?50-conference-venue&ncdc-50-conference&ncdc-50-conference&ncdc-50-launch&sample%3F21%3Fteacher-training-on-abridged-curriculum HTTP/1.1" 200 2018 "-" "Mozilla/5.0 (compatible; SemrushBot/7~bl; +http://www.semrush.com/bot.html)"
40.77.167.14 - - [11/Jan/2025:17:28:07 +0300] "GET /resource/?path=/lib/firmware/nvidia/ad103 HTTP/2.0" 500 3095 "-" "Mozilla/5.0 AppleWebKit/537.36 (KHTML, like Gecko; compatible; bingbot/2.0; +http://www.bing.com/bingbot.htm) Chrome/116.0.1938.76 Safari/537.36"
57.141.5.2 - - [11/Jan/2025:17:28:07 +0300] "GET /wp-content/plugins/extensive-vc-addon/shortcodes/post-carousel/templates/layouts/post-sliding-excerpt.php HTTP/2.0" 200 - "-" "meta-externalagent/1.1 (+https://developers.facebook.com/docs/sharing/webmasters/crawler)"
40.77.167.14 - - [11/Jan/2025:17:28:07 +0300] "GET /?path=/lib/vmware-tools/libconf/gtk-2.0 HTTP/2.0" 403 32198 "-" "Mozilla/5.0 AppleWebKit/537.36 (KHTML, like Gecko; compatible; bingbot/2.0; +http://www.bing.com/bingbot.htm) Chrome/116.0.1938.76 Safari/537.36"
40.77.167.14 - - [11/Jan/2025:17:28:08 +0300] "GET /resource/?path=/lib/firmware/nvidia/ga100 HTTP/2.0" 500 3095 "-" "Mozilla/5.0 AppleWebKit/537.36 (KHTML, like Gecko; compatible; bingbot/2.0; +http://www.bing.com/bingbot.htm) Chrome/116.0.1938.76 Safari/537.36"
40.77.167.14 - - [11/Jan/2025:17:28:09 +0300] "GET /resource/?path=/lib/firmware/nvidia/gk20a HTTP/2.0" 500 3095 "-" "Mozilla/5.0 AppleWebKit/537.36 (KHTML, like Gecko; compatible; bingbot/2.0; +http://www.bing.com/bingbot.htm) Chrome/116.0.1938.76 Safari/537.36"
40.77.167.14 - - [11/Jan/2025:17:28:10 +0300] "GET /?option&path=/lib/systemd/system-generators HTTP/2.0" 403 32198 "-" "Mozilla/5.0 AppleWebKit/537.36 (KHTML, like Gecko; compatible; bingbot/2.0; +http://www.bing.com/bingbot.htm) Chrome/116.0.1938.76 Safari/537.36"
143.110.235.111 - - [11/Jan/2025:17:28:09 +0300] "GET /plugins/jquery-file-upload/server/php/index.php HTTP/1.1" 500 3097 "-" "Mozilla/5.0 (X11; Linux x86_64) AppleWebKit/537.36 (KHTML, like Gecko) Chrome/78.0.3904.62 Safari/537.36"
85.208.96.205 - - [11/Jan/2025:17:28:10 +0300] "GET /gallery/?aca&chief-guest&instructional-materials-unit&instructional-materials-unit&ncdc-50-conference&sample%3F21%3F39 HTTP/1.1" 200 2017 "-" "Mozilla/5.0 (compatible; SemrushBot/7~bl; +http://www.semrush.com/bot.html)"
40.77.167.14 - - [11/Jan/2025:17:28:10 +0300] "GET /resource/?path=/lib/firmware/nvidia/tu104 HTTP/2.0" 500 3095 "-" "Mozilla/5.0 AppleWebKit/537.36 (KHTML, like Gecko; compatible; bingbot/2.0; +http://www.bing.com/bingbot.htm) Chrome/116.0.1938.76 Safari/537.36"
