46.246.88.224 - - [11/Jan/2025:15:44:35 +0300] "POST /wp-admin/admin-ajax.php HTTP/2.0" 200 3761 "https://ncdc.go.ug/wp-admin/user-edit.php?user_id=1&wp_http_referer=%2Fwp-admin%2Fusers.php" "Mozilla/5.0 (Windows NT 10.0; Win64; x64) AppleWebKit/537.36 (KHTML, like Gecko) Chrome/131.0.0.0 Safari/537.36"
85.208.96.196 - - [11/Jan/2025:15:44:46 +0300] "GET /gallery/?50-conference-venue&aca&government-trains-teachers-lab-technicians&ncdc-50-launch&parliament&sample%3F20%3F37 HTTP/1.1" 200 2018 "-" "Mozilla/5.0 (compatible; SemrushBot/7~bl; +http://www.semrush.com/bot.html)"
136.243.220.212 - - [11/Jan/2025:15:44:47 +0300] "GET /robots.txt HTTP/1.1" 200 2019 "-" "Mozilla/5.0 (compatible; DataForSeoBot/1.0; +https://dataforseo.com/dataforseo-bot)"
136.243.220.212 - - [11/Jan/2025:15:44:48 +0300] "GET /robots.txt HTTP/1.1" 200 2019 "-" "Mozilla/5.0 (compatible; DataForSeoBot/1.0; +https://dataforseo.com/dataforseo-bot)"
136.243.220.212 - - [11/Jan/2025:15:44:49 +0300] "GET /leadership HTTP/1.1" 500 3099 "-" "Mozilla/5.0 (compatible; DataForSeoBot/1.0; +https://dataforseo.com/dataforseo-bot)"
136.243.220.212 - - [11/Jan/2025:15:44:49 +0300] "GET /robots.txt HTTP/1.1" 200 2019 "-" "Mozilla/5.0 (compatible; DataForSeoBot/1.0; +https://dataforseo.com/dataforseo-bot)"
136.243.220.212 - - [11/Jan/2025:15:44:50 +0300] "GET /robots.txt HTTP/1.1" 200 2019 "-" "Mozilla/5.0 (compatible; DataForSeoBot/1.0; +https://dataforseo.com/dataforseo-bot)"
136.243.220.212 - - [11/Jan/2025:15:44:51 +0300] "GET /sitemap.xml HTTP/1.1" 500 3099 "-" "Mozilla/5.0 (compatible; DataForSeoBot/1.0; +https://dataforseo.com/dataforseo-bot)"
66.249.70.2 - - [11/Jan/2025:15:44:50 +0300] "GET /wp-content/uploads/2024/03/Biology-Teachers-Guide.pdf HTTP/1.1" 200 7017302 "-" "Mozilla/5.0 (Linux; Android 6.0.1; Nexus 5X Build/MMB29P) AppleWebKit/537.36 (KHTML, like Gecko) Chrome/131.0.6778.264 Mobile Safari/537.36 (compatible; Googlebot/2.1; +http://www.google.com/bot.html)"
154.227.131.103 - - [11/Jan/2025:15:40:01 +0300] "GET /wp-content/plugins/wp-books-gallery-premium/assets/css/fontawesome/webfonts/fa-solid-900.woff2 HTTP/2.0" 200 154260 "https://ncdc.go.ug/wp-content/cache/wpo-minify/1736596187/assets/wpo-minify-header-2701056f.min.css" "Mozilla/5.0 (Windows NT 10.0; Win64; x64) AppleWebKit/537.36 (KHTML, like Gecko) Chrome/131.0.0.0 Safari/537.36"
154.227.131.103 - - [11/Jan/2025:15:40:01 +0300] "GET /wp-content/plugins/extensive-vc-addon/assets/css/ion-icons/fonts/ionicons.ttf HTTP/2.0" 200 109964 "https://ncdc.go.ug/wp-content/cache/wpo-minify/1736596187/assets/wpo-minify-header-2701056f.min.css" "Mozilla/5.0 (Windows NT 10.0; Win64; x64) AppleWebKit/537.36 (KHTML, like Gecko) Chrome/131.0.0.0 Safari/537.36"
154.227.131.103 - - [11/Jan/2025:15:40:01 +0300] "GET /wp-content/plugins/revslider/sr6/assets/js/rs6.min.js HTTP/2.0" 200 108972 "https://ncdc.go.ug/" "Mozilla/5.0 (Windows NT 10.0; Win64; x64) AppleWebKit/537.36 (KHTML, like Gecko) Chrome/131.0.0.0 Safari/537.36"
185.191.171.8 - - [11/Jan/2025:15:45:19 +0300] "GET /index.php/gallery?about-the-conference&aca&aca&chief-guest&chief-guest&chief-guest&chief-guest&chief-guest%3F48 HTTP/1.1" 200 2017 "-" "Mozilla/5.0 (compatible; SemrushBot/7~bl; +http://www.semrush.com/bot.html)"
185.191.171.8 - - [11/Jan/2025:15:45:28 +0300] "GET /gallery?50-conference-venue&consultation-on-a-level-curriculum-review-2&ncdc-collaboration&ncdc-collaboration&sample%3F20%3F118 HTTP/1.1" 200 2017 "-" "Mozilla/5.0 (compatible; SemrushBot/7~bl; +http://www.semrush.com/bot.html)"
154.72.192.35 - - [11/Jan/2025:15:45:30 +0300] "HEAD / HTTP/1.1" 200 - "-" "Uptime-Kuma/1.23.11"
85.208.96.212 - - [11/Jan/2025:15:45:33 +0300] "GET /gallery/?50-conference-venue&aca&instructional-materials-unit&ncdc-50-launch&refresher-training-for-centre-coordinating-tutors-ccts&sample%3F25 HTTP/1.1" 200 2018 "-" "Mozilla/5.0 (compatible; SemrushBot/7~bl; +http://www.semrush.com/bot.html)"
85.208.96.200 - - [11/Jan/2025:15:45:35 +0300] "GET /gallery/?aca&aca&consultation-on-a-level-curriculum-review-2&instructional-materials-unit&ncdc-50-conference&ncdc-50-launch&sample%3F147 HTTP/1.1" 200 2017 "-" "Mozilla/5.0 (compatible; SemrushBot/7~bl; +http://www.semrush.com/bot.html)"
85.208.96.200 - - [11/Jan/2025:15:45:47 +0300] "GET /gallery/?aca&aca&aca&consultation-on-a-level-curriculum-review-2&ncdc-collaboration&parliament&sample%3F21%3F3 HTTP/1.1" 200 2017 "-" "Mozilla/5.0 (compatible; SemrushBot/7~bl; +http://www.semrush.com/bot.html)"
185.191.171.14 - - [11/Jan/2025:15:45:52 +0300] "GET /gallery?21&50-conference-venue&50-conference-venue&about-the-conference&aca&chief-guest&chief-guest%3Fstate-minister-for-primary-launching-ncdc-50 HTTP/1.1" 200 2017 "-" "Mozilla/5.0 (compatible; SemrushBot/7~bl; +http://www.semrush.com/bot.html)"
85.208.96.210 - - [11/Jan/2025:15:46:07 +0300] "GET /gallery?government-trains-teachers-lab-technicians&ncdc-collaboration&ncdc-collaboration&parliament&parliament&sample%3F32 HTTP/1.1" 200 2018 "-" "Mozilla/5.0 (compatible; SemrushBot/7~bl; +http://www.semrush.com/bot.html)"
185.191.171.16 - - [11/Jan/2025:15:46:16 +0300] "GET /gallery/?about-the-conference&ncdc-50-conference&ncdc-50-conference&ncdc-50-conference&ncdc-50-launch&sample%3F22%3F37 HTTP/1.1" 200 2017 "-" "Mozilla/5.0 (compatible; SemrushBot/7~bl; +http://www.semrush.com/bot.html)"
85.208.96.208 - - [11/Jan/2025:15:46:19 +0300] "GET /gallery?aca&job-fair&ncdc-50-conference&parliament&refresher-training-for-centre-coordinating-tutors-ccts&sample%3F21%3F36 HTTP/1.1" 200 2016 "-" "Mozilla/5.0 (compatible; SemrushBot/7~bl; +http://www.semrush.com/bot.html)"
154.72.192.35 - - [11/Jan/2025:15:46:31 +0300] "HEAD / HTTP/1.1" 200 - "-" "Uptime-Kuma/1.23.11"
41.210.145.139 - - [11/Jan/2025:15:46:33 +0300] "GET /wp-content/uploads/2024/07/P6-Final-Set-Two-book.pdf HTTP/2.0" 200 614080 "https://www.google.com/" "Mozilla/5.0 (Windows NT 10.0; Win64; x64) AppleWebKit/537.36 (KHTML, like Gecko) Chrome/131.0.0.0 Safari/537.36"
41.210.145.139 - - [11/Jan/2025:15:46:33 +0300] "GET /favicon.ico HTTP/2.0" 500 3098 "https://ncdc.go.ug/wp-content/uploads/2024/07/P6-Final-Set-Two-book.pdf" "Mozilla/5.0 (Windows NT 10.0; Win64; x64) AppleWebKit/537.36 (KHTML, like Gecko) Chrome/131.0.0.0 Safari/537.36"
46.246.88.224 - - [11/Jan/2025:15:46:36 +0300] "POST /wp-admin/admin-ajax.php HTTP/2.0" 200 3762 "https://ncdc.go.ug/wp-admin/user-edit.php?user_id=1&wp_http_referer=%2Fwp-admin%2Fusers.php" "Mozilla/5.0 (Windows NT 10.0; Win64; x64) AppleWebKit/537.36 (KHTML, like Gecko) Chrome/131.0.0.0 Safari/537.36"
85.208.96.206 - - [11/Jan/2025:15:46:38 +0300] "GET /gallery/?government-trains-teachers-lab-technicians&government-trains-teachers-lab-technicians&job-fair&ncdc-collaboration&parliament&sample%3F5 HTTP/1.1" 200 2017 "-" "Mozilla/5.0 (compatible; SemrushBot/7~bl; +http://www.semrush.com/bot.html)"
154.227.131.103 - - [11/Jan/2025:15:40:01 +0300] "GET /wp-content/plugins/js_composer/assets/lib/vendor/node_modules/@fortawesome/fontawesome-free/webfonts/fa-solid-900.woff2 HTTP/2.0" 200 78174 "https://ncdc.go.ug/wp-content/cache/wpo-minify/1736596187/assets/wpo-minify-footer-ad5f7fd1.min.css" "Mozilla/5.0 (Windows NT 10.0; Win64; x64) AppleWebKit/537.36 (KHTML, like Gecko) Chrome/131.0.0.0 Safari/537.36"
154.227.131.103 - - [11/Jan/2025:15:40:01 +0300] "GET /resource/ HTTP/2.0" 500 3099 "https://ncdc.go.ug/" "Mozilla/5.0 (Windows NT 10.0; Win64; x64) AppleWebKit/537.36 (KHTML, like Gecko) Chrome/131.0.0.0 Safari/537.36"
154.227.131.103 - - [11/Jan/2025:15:40:01 +0300] "GET /wp-content/uploads/2019/03/bg-page-title.png HTTP/2.0" 200 22101 "https://ncdc.go.ug/wp-content/cache/wpo-minify/1736596187/assets/wpo-minify-header-2701056f.min.css" "Mozilla/5.0 (Windows NT 10.0; Win64; x64) AppleWebKit/537.36 (KHTML, like Gecko) Chrome/131.0.0.0 Safari/537.36"
154.227.131.103 - - [11/Jan/2025:15:40:01 +0300] "GET /wp-content/plugins/Ultimate_VC_Addons/assets/min-js/jquery-appear.min.js HTTP/2.0" 200 626 "https://ncdc.go.ug/" "Mozilla/5.0 (Windows NT 10.0; Win64; x64) AppleWebKit/537.36 (KHTML, like Gecko) Chrome/131.0.0.0 Safari/537.36"
154.227.131.103 - - [11/Jan/2025:15:40:01 +0300] "GET /wp-content/plugins/Ultimate_VC_Addons/assets/min-js/ultimate_bg.min.js HTTP/2.0" 200 9446 "https://ncdc.go.ug/" "Mozilla/5.0 (Windows NT 10.0; Win64; x64) AppleWebKit/537.36 (KHTML, like Gecko) Chrome/131.0.0.0 Safari/537.36"
154.227.131.103 - - [11/Jan/2025:15:40:01 +0300] "GET /wp-content/plugins/Ultimate_VC_Addons/assets/min-js/custom.min.js HTTP/2.0" 200 4749 "https://ncdc.go.ug/" "Mozilla/5.0 (Windows NT 10.0; Win64; x64) AppleWebKit/537.36 (KHTML, like Gecko) Chrome/131.0.0.0 Safari/537.36"
154.227.131.103 - - [11/Jan/2025:15:40:01 +0300] "GET /wp-content/plugins/folder-slider/jquery.bxslider/jquery.bxslider.min.js HTTP/2.0" 200 6089 "https://ncdc.go.ug/" "Mozilla/5.0 (Windows NT 10.0; Win64; x64) AppleWebKit/537.36 (KHTML, like Gecko) Chrome/131.0.0.0 Safari/537.36"
154.227.131.103 - - [11/Jan/2025:15:40:01 +0300] "GET /wp-content/plugins/folder-slider/slider.js HTTP/2.0" 200 290 "https://ncdc.go.ug/" "Mozilla/5.0 (Windows NT 10.0; Win64; x64) AppleWebKit/537.36 (KHTML, like Gecko) Chrome/131.0.0.0 Safari/537.36"
154.227.131.103 - - [11/Jan/2025:15:40:01 +0300] "GET /wp-content/plugins/elementor-pro/assets/js/webpack-pro.runtime.min.js HTTP/2.0" 200 2753 "https://ncdc.go.ug/" "Mozilla/5.0 (Windows NT 10.0; Win64; x64) AppleWebKit/537.36 (KHTML, like Gecko) Chrome/131.0.0.0 Safari/537.36"
154.227.131.103 - - [11/Jan/2025:15:40:01 +0300] "GET /wp-content/plugins/elementor/assets/js/webpack.runtime.min.js HTTP/2.0" 200 2390 "https://ncdc.go.ug/" "Mozilla/5.0 (Windows NT 10.0; Win64; x64) AppleWebKit/537.36 (KHTML, like Gecko) Chrome/131.0.0.0 Safari/537.36"
154.227.131.103 - - [11/Jan/2025:15:40:01 +0300] "GET /wp-content/plugins/elementor/assets/js/frontend-modules.min.js HTTP/2.0" 200 15344 "https://ncdc.go.ug/" "Mozilla/5.0 (Windows NT 10.0; Win64; x64) AppleWebKit/537.36 (KHTML, like Gecko) Chrome/131.0.0.0 Safari/537.36"
154.227.131.103 - - [11/Jan/2025:15:40:01 +0300] "GET /wp-content/plugins/elementor-pro/assets/js/frontend.min.js HTTP/2.0" 200 6695 "https://ncdc.go.ug/" "Mozilla/5.0 (Windows NT 10.0; Win64; x64) AppleWebKit/537.36 (KHTML, like Gecko) Chrome/131.0.0.0 Safari/537.36"
154.227.131.103 - - [11/Jan/2025:15:40:01 +0300] "GET /wp-content/plugins/elementor/assets/js/frontend.min.js HTTP/2.0" 200 13774 "https://ncdc.go.ug/" "Mozilla/5.0 (Windows NT 10.0; Win64; x64) AppleWebKit/537.36 (KHTML, like Gecko) Chrome/131.0.0.0 Safari/537.36"
154.227.131.103 - - [11/Jan/2025:15:40:01 +0300] "GET /wp-content/plugins/elementor-pro/assets/js/elements-handlers.min.js HTTP/2.0" 200 10077 "https://ncdc.go.ug/" "Mozilla/5.0 (Windows NT 10.0; Win64; x64) AppleWebKit/537.36 (KHTML, like Gecko) Chrome/131.0.0.0 Safari/537.36"
154.227.131.103 - - [11/Jan/2025:15:40:01 +0300] "GET /wp-content/plugins/wp-grid-builder/public/js/polyfills.js HTTP/2.0" 200 7896 "https://ncdc.go.ug/" "Mozilla/5.0 (Windows NT 10.0; Win64; x64) AppleWebKit/537.36 (KHTML, like Gecko) Chrome/131.0.0.0 Safari/537.36"
154.227.131.103 - - [11/Jan/2025:15:40:01 +0300] "GET /wp-content/plugins/wp-grid-builder/public/js/lightbox.js HTTP/2.0" 200 4799 "https://ncdc.go.ug/" "Mozilla/5.0 (Windows NT 10.0; Win64; x64) AppleWebKit/537.36 (KHTML, like Gecko) Chrome/131.0.0.0 Safari/537.36"
154.227.131.103 - - [11/Jan/2025:15:40:01 +0300] "GET /wp-content/plugins/wp-grid-builder/public/js/layout.js HTTP/2.0" 200 14027 "https://ncdc.go.ug/" "Mozilla/5.0 (Windows NT 10.0; Win64; x64) AppleWebKit/537.36 (KHTML, like Gecko) Chrome/131.0.0.0 Safari/537.36"
154.227.131.103 - - [11/Jan/2025:15:40:01 +0300] "GET /wp-content/plugins/wp-grid-builder-elementor/assets/js/elementor.js HTTP/2.0" 200 1111 "https://ncdc.go.ug/" "Mozilla/5.0 (Windows NT 10.0; Win64; x64) AppleWebKit/537.36 (KHTML, like Gecko) Chrome/131.0.0.0 Safari/537.36"
154.227.131.103 - - [11/Jan/2025:15:40:01 +0300] "GET /wp-content/uploads/2024/04/UNEB-PIC-150x150.jpg HTTP/2.0" 200 8674 "https://ncdc.go.ug/" "Mozilla/5.0 (Windows NT 10.0; Win64; x64) AppleWebKit/537.36 (KHTML, like Gecko) Chrome/131.0.0.0 Safari/537.36"
154.227.131.103 - - [11/Jan/2025:15:40:01 +0300] "GET /wp-content/uploads/ncdc@50/IMG_8947.jpg HTTP/2.0" 200 93611 "https://ncdc.go.ug/" "Mozilla/5.0 (Windows NT 10.0; Win64; x64) AppleWebKit/537.36 (KHTML, like Gecko) Chrome/131.0.0.0 Safari/537.36"
154.227.131.103 - - [11/Jan/2025:15:40:01 +0300] "GET /wp-content/uploads/ncdc@50/IMG_8952.jpg HTTP/2.0" 200 176523 "https://ncdc.go.ug/" "Mozilla/5.0 (Windows NT 10.0; Win64; x64) AppleWebKit/537.36 (KHTML, like Gecko) Chrome/131.0.0.0 Safari/537.36"
154.227.131.103 - - [11/Jan/2025:15:40:01 +0300] "GET /wp-content/uploads/ncdc@50/IMG_8966.jpg HTTP/2.0" 200 169846 "https://ncdc.go.ug/" "Mozilla/5.0 (Windows NT 10.0; Win64; x64) AppleWebKit/537.36 (KHTML, like Gecko) Chrome/131.0.0.0 Safari/537.36"
154.227.131.103 - - [11/Jan/2025:15:40:01 +0300] "GET /wp-content/uploads/ncdc@50/IMG_8978.jpg HTTP/2.0" 200 75420 "https://ncdc.go.ug/" "Mozilla/5.0 (Windows NT 10.0; Win64; x64) AppleWebKit/537.36 (KHTML, like Gecko) Chrome/131.0.0.0 Safari/537.36"
154.227.131.103 - - [11/Jan/2025:15:40:01 +0300] "GET /wp-content/uploads/ncdc@50/IMG_8981.jpg HTTP/2.0" 200 97304 "https://ncdc.go.ug/" "Mozilla/5.0 (Windows NT 10.0; Win64; x64) AppleWebKit/537.36 (KHTML, like Gecko) Chrome/131.0.0.0 Safari/537.36"
154.227.131.103 - - [11/Jan/2025:15:40:01 +0300] "GET /wp-content/uploads/ncdc@50/IMG_8986.jpg HTTP/2.0" 200 165989 "https://ncdc.go.ug/" "Mozilla/5.0 (Windows NT 10.0; Win64; x64) AppleWebKit/537.36 (KHTML, like Gecko) Chrome/131.0.0.0 Safari/537.36"
154.227.131.103 - - [11/Jan/2025:15:40:01 +0300] "GET /wp-content/uploads/ncdc@50/IMG_9013.jpg HTTP/2.0" 200 113706 "https://ncdc.go.ug/" "Mozilla/5.0 (Windows NT 10.0; Win64; x64) AppleWebKit/537.36 (KHTML, like Gecko) Chrome/131.0.0.0 Safari/537.36"
154.227.131.103 - - [11/Jan/2025:15:40:01 +0300] "GET /wp-content/uploads/ncdc@50/IMG_9038.jpg HTTP/2.0" 200 110339 "https://ncdc.go.ug/" "Mozilla/5.0 (Windows NT 10.0; Win64; x64) AppleWebKit/537.36 (KHTML, like Gecko) Chrome/131.0.0.0 Safari/537.36"
154.227.131.103 - - [11/Jan/2025:15:40:01 +0300] "GET /wp-content/uploads/ncdc@50/IMG_9052.jpg HTTP/2.0" 200 129369 "https://ncdc.go.ug/" "Mozilla/5.0 (Windows NT 10.0; Win64; x64) AppleWebKit/537.36 (KHTML, like Gecko) Chrome/131.0.0.0 Safari/537.36"
154.227.131.103 - - [11/Jan/2025:15:40:01 +0300] "GET /wp-content/uploads/ncdc@50/IMG_9111.jpg HTTP/2.0" 200 105307 "https://ncdc.go.ug/" "Mozilla/5.0 (Windows NT 10.0; Win64; x64) AppleWebKit/537.36 (KHTML, like Gecko) Chrome/131.0.0.0 Safari/537.36"
154.227.131.103 - - [11/Jan/2025:15:40:01 +0300] "GET /wp-content/uploads/ncdc@50/IMG_9113.jpg HTTP/2.0" 200 143116 "https://ncdc.go.ug/" "Mozilla/5.0 (Windows NT 10.0; Win64; x64) AppleWebKit/537.36 (KHTML, like Gecko) Chrome/131.0.0.0 Safari/537.36"
154.227.131.103 - - [11/Jan/2025:15:40:01 +0300] "GET /wp-content/uploads/ncdc@50/IMG_9118.jpg HTTP/2.0" 200 164116 "https://ncdc.go.ug/" "Mozilla/5.0 (Windows NT 10.0; Win64; x64) AppleWebKit/537.36 (KHTML, like Gecko) Chrome/131.0.0.0 Safari/537.36"
154.227.131.103 - - [11/Jan/2025:15:40:01 +0300] "GET /wp-content/uploads/ncdc@50/IMG_9136.jpg HTTP/2.0" 200 165267 "https://ncdc.go.ug/" "Mozilla/5.0 (Windows NT 10.0; Win64; x64) AppleWebKit/537.36 (KHTML, like Gecko) Chrome/131.0.0.0 Safari/537.36"
154.227.131.103 - - [11/Jan/2025:15:40:01 +0300] "GET /wp-content/uploads/ncdc@50/IMG_9142.jpg HTTP/2.0" 200 154283 "https://ncdc.go.ug/" "Mozilla/5.0 (Windows NT 10.0; Win64; x64) AppleWebKit/537.36 (KHTML, like Gecko) Chrome/131.0.0.0 Safari/537.36"
154.227.131.103 - - [11/Jan/2025:15:40:01 +0300] "GET /wp-content/uploads/ncdc@50/IMG_9149.jpg HTTP/2.0" 200 111975 "https://ncdc.go.ug/" "Mozilla/5.0 (Windows NT 10.0; Win64; x64) AppleWebKit/537.36 (KHTML, like Gecko) Chrome/131.0.0.0 Safari/537.36"
154.227.131.103 - - [11/Jan/2025:15:40:01 +0300] "GET /wp-content/uploads/ncdc@50/IMG_9164.jpg HTTP/2.0" 200 152947 "https://ncdc.go.ug/" "Mozilla/5.0 (Windows NT 10.0; Win64; x64) AppleWebKit/537.36 (KHTML, like Gecko) Chrome/131.0.0.0 Safari/537.36"
154.227.131.103 - - [11/Jan/2025:15:40:01 +0300] "GET /wp-content/uploads/ncdc@50/IMG_9165.jpg HTTP/2.0" 200 163952 "https://ncdc.go.ug/" "Mozilla/5.0 (Windows NT 10.0; Win64; x64) AppleWebKit/537.36 (KHTML, like Gecko) Chrome/131.0.0.0 Safari/537.36"
154.227.131.103 - - [11/Jan/2025:15:40:01 +0300] "GET /wp-content/uploads/ncdc@50/IMG_9166.jpg HTTP/2.0" 200 157745 "https://ncdc.go.ug/" "Mozilla/5.0 (Windows NT 10.0; Win64; x64) AppleWebKit/537.36 (KHTML, like Gecko) Chrome/131.0.0.0 Safari/537.36"
154.227.131.103 - - [11/Jan/2025:15:40:01 +0300] "GET /wp-content/uploads/ncdc@50/IMG_9170.jpg HTTP/2.0" 200 110904 "https://ncdc.go.ug/" "Mozilla/5.0 (Windows NT 10.0; Win64; x64) AppleWebKit/537.36 (KHTML, like Gecko) Chrome/131.0.0.0 Safari/537.36"
154.227.131.103 - - [11/Jan/2025:15:40:01 +0300] "GET /wp-content/uploads/ncdc@50/IMG_9179.jpg HTTP/2.0" 200 84412 "https://ncdc.go.ug/" "Mozilla/5.0 (Windows NT 10.0; Win64; x64) AppleWebKit/537.36 (KHTML, like Gecko) Chrome/131.0.0.0 Safari/537.36"
154.227.131.103 - - [11/Jan/2025:15:40:01 +0300] "GET /wp-content/uploads/ncdc@50/IMG_9182.jpg HTTP/2.0" 200 124028 "https://ncdc.go.ug/" "Mozilla/5.0 (Windows NT 10.0; Win64; x64) AppleWebKit/537.36 (KHTML, like Gecko) Chrome/131.0.0.0 Safari/537.36"
154.227.131.103 - - [11/Jan/2025:15:40:01 +0300] "GET /wp-content/plugins/revslider/sr6/assets/js/rbtools.min.js HTTP/2.0" 200 61824 "https://ncdc.go.ug/" "Mozilla/5.0 (Windows NT 10.0; Win64; x64) AppleWebKit/537.36 (KHTML, like Gecko) Chrome/131.0.0.0 Safari/537.36"
154.227.131.103 - - [11/Jan/2025:15:40:01 +0300] "GET /wp-content/plugins/mailchimp-for-wp/assets/js/forms.js HTTP/2.0" 200 2605 "https://ncdc.go.ug/" "Mozilla/5.0 (Windows NT 10.0; Win64; x64) AppleWebKit/537.36 (KHTML, like Gecko) Chrome/131.0.0.0 Safari/537.36"
154.227.131.103 - - [11/Jan/2025:15:40:01 +0300] "GET /wp-content/uploads/2024/08/Resource_book-_sch.png HTTP/2.0" 200 17054 "https://ncdc.go.ug/" "Mozilla/5.0 (Windows NT 10.0; Win64; x64) AppleWebKit/537.36 (KHTML, like Gecko) Chrome/131.0.0.0 Safari/537.36"
154.227.131.103 - - [11/Jan/2025:15:40:01 +0300] "GET /wp-content/uploads/ncdc@50/IMG_9191.jpg HTTP/2.0" 200 103192 "https://ncdc.go.ug/" "Mozilla/5.0 (Windows NT 10.0; Win64; x64) AppleWebKit/537.36 (KHTML, like Gecko) Chrome/131.0.0.0 Safari/537.36"
154.227.131.103 - - [11/Jan/2025:15:40:01 +0300] "GET /wp-content/uploads/2024/08/LEARNERS-BOOK-768x1074.png HTTP/2.0" 200 168617 "https://ncdc.go.ug/" "Mozilla/5.0 (Windows NT 10.0; Win64; x64) AppleWebKit/537.36 (KHTML, like Gecko) Chrome/131.0.0.0 Safari/537.36"
154.227.131.103 - - [11/Jan/2025:15:40:01 +0300] "GET /wp-content/uploads/2024/08/FACILITATORS-GUIDE-768x1073.png HTTP/2.0" 200 168387 "https://ncdc.go.ug/" "Mozilla/5.0 (Windows NT 10.0; Win64; x64) AppleWebKit/537.36 (KHTML, like Gecko) Chrome/131.0.0.0 Safari/537.36"
154.227.131.103 - - [11/Jan/2025:15:40:01 +0300] "GET /wp-content/uploads/2024/08/AEP-thematic-curriculum-level-3-syllabus.png HTTP/2.0" 200 445951 "https://ncdc.go.ug/" "Mozilla/5.0 (Windows NT 10.0; Win64; x64) AppleWebKit/537.36 (KHTML, like Gecko) Chrome/131.0.0.0 Safari/537.36"
154.227.131.103 - - [11/Jan/2025:15:40:01 +0300] "GET /wp-content/uploads/2024/08/AEP-SST-LEVEL-2-3-SYLLABUS.png HTTP/2.0" 200 406604 "https://ncdc.go.ug/" "Mozilla/5.0 (Windows NT 10.0; Win64; x64) AppleWebKit/537.36 (KHTML, like Gecko) Chrome/131.0.0.0 Safari/537.36"
154.227.131.103 - - [11/Jan/2025:15:40:01 +0300] "GET /wp-content/uploads/2024/08/AEP-RE-LEVEL-2-SYLLABUS.png HTTP/2.0" 200 332551 "https://ncdc.go.ug/" "Mozilla/5.0 (Windows NT 10.0; Win64; x64) AppleWebKit/537.36 (KHTML, like Gecko) Chrome/131.0.0.0 Safari/537.36"
154.227.131.103 - - [11/Jan/2025:15:40:01 +0300] "GET /wp-content/uploads/2024/08/AEP-Mathematics-Level-2-3-Syllabus.png HTTP/2.0" 200 908273 "https://ncdc.go.ug/" "Mozilla/5.0 (Windows NT 10.0; Win64; x64) AppleWebKit/537.36 (KHTML, like Gecko) Chrome/131.0.0.0 Safari/537.36"
154.227.131.103 - - [11/Jan/2025:15:40:01 +0300] "GET /wp-content/uploads/2024/08/AEP-IRE-LEVEL-3-SYLLABUS.png HTTP/2.0" 200 638610 "https://ncdc.go.ug/" "Mozilla/5.0 (Windows NT 10.0; Win64; x64) AppleWebKit/537.36 (KHTML, like Gecko) Chrome/131.0.0.0 Safari/537.36"
154.227.131.103 - - [11/Jan/2025:15:40:01 +0300] "GET /wp-content/uploads/2024/08/AEP-INTEGRATED-SCIENCE-LEVEL-23.png HTTP/2.0" 200 451698 "https://ncdc.go.ug/" "Mozilla/5.0 (Windows NT 10.0; Win64; x64) AppleWebKit/537.36 (KHTML, like Gecko) Chrome/131.0.0.0 Safari/537.36"
154.227.131.103 - - [11/Jan/2025:15:40:01 +0300] "GET /wp-content/uploads/2024/08/AEP-CAPEs-LEVEL-2.png HTTP/2.0" 200 154447 "https://ncdc.go.ug/" "Mozilla/5.0 (Windows NT 10.0; Win64; x64) AppleWebKit/537.36 (KHTML, like Gecko) Chrome/131.0.0.0 Safari/537.36"
154.227.131.103 - - [11/Jan/2025:15:40:01 +0300] "GET /wp-content/uploads/2024/08/AEP-ENGLISH-LANGUAGE-LEVEL-2-3.png HTTP/2.0" 200 109997 "https://ncdc.go.ug/" "Mozilla/5.0 (Windows NT 10.0; Win64; x64) AppleWebKit/537.36 (KHTML, like Gecko) Chrome/131.0.0.0 Safari/537.36"
154.227.131.103 - - [11/Jan/2025:15:40:01 +0300] "GET /wp-content/uploads/2024/04/optimized-mwg_1603-1190x558.jpg HTTP/2.0" 200 117504 "https://ncdc.go.ug/" "Mozilla/5.0 (Windows NT 10.0; Win64; x64) AppleWebKit/537.36 (KHTML, like Gecko) Chrome/131.0.0.0 Safari/537.36"
154.227.131.103 - - [11/Jan/2025:15:40:01 +0300] "GET /wp-content/uploads/2024/08/IMG_6338-scaled-800x400.jpg HTTP/2.0" 200 46006 "https://ncdc.go.ug/" "Mozilla/5.0 (Windows NT 10.0; Win64; x64) AppleWebKit/537.36 (KHTML, like Gecko) Chrome/131.0.0.0 Safari/537.36"
154.227.131.103 - - [11/Jan/2025:15:40:01 +0300] "GET /wp-content/uploads/2024/08/IMG_6950-scaled-800x400.jpg HTTP/2.0" 200 78710 "https://ncdc.go.ug/" "Mozilla/5.0 (Windows NT 10.0; Win64; x64) AppleWebKit/537.36 (KHTML, like Gecko) Chrome/131.0.0.0 Safari/537.36"
154.227.131.103 - - [11/Jan/2025:15:40:01 +0300] "GET /wp-content/uploads/2023/04/abstract-cover-547x400.jpg HTTP/2.0" 200 55242 "https://ncdc.go.ug/" "Mozilla/5.0 (Windows NT 10.0; Win64; x64) AppleWebKit/537.36 (KHTML, like Gecko) Chrome/131.0.0.0 Safari/537.36"
154.227.131.103 - - [11/Jan/2025:15:40:01 +0300] "GET /wp-content/uploads/2024/08/IMG_6876-scaled-800x400.jpg HTTP/2.0" 200 71631 "https://ncdc.go.ug/" "Mozilla/5.0 (Windows NT 10.0; Win64; x64) AppleWebKit/537.36 (KHTML, like Gecko) Chrome/131.0.0.0 Safari/537.36"
154.227.131.103 - - [11/Jan/2025:15:40:01 +0300] "GET /wp-content/uploads/2019/03/map-ft.png HTTP/2.0" 200 22147 "https://ncdc.go.ug/wp-content/cache/wpo-minify/1736596187/assets/wpo-minify-header-2701056f.min.css" "Mozilla/5.0 (Windows NT 10.0; Win64; x64) AppleWebKit/537.36 (KHTML, like Gecko) Chrome/131.0.0.0 Safari/537.36"
154.227.131.103 - - [11/Jan/2025:15:40:01 +0300] "GET /wp-content/uploads/2024/01/ugflagstrip.png HTTP/2.0" 200 3246 "https://ncdc.go.ug/" "Mozilla/5.0 (Windows NT 10.0; Win64; x64) AppleWebKit/537.36 (KHTML, like Gecko) Chrome/131.0.0.0 Safari/537.36"
154.227.131.103 - - [11/Jan/2025:15:40:01 +0300] "GET /wp-content/plugins/js_composer/assets/lib/vendor/node_modules/@fortawesome/fontawesome-free/webfonts/fa-brands-400.woff2 HTTP/2.0" 200 76764 "https://ncdc.go.ug/wp-content/cache/wpo-minify/1736596187/assets/wpo-minify-footer-ad5f7fd1.min.css" "Mozilla/5.0 (Windows NT 10.0; Win64; x64) AppleWebKit/537.36 (KHTML, like Gecko) Chrome/131.0.0.0 Safari/537.36"
185.191.171.19 - - [11/Jan/2025:15:46:40 +0300] "GET /gallery?ncdc-50-conference&parliament&parliament&refresher-training-for-centre-coordinating-tutors-ccts&sample%3F22&thanks HTTP/1.1" 200 2017 "-" "Mozilla/5.0 (compatible; SemrushBot/7~bl; +http://www.semrush.com/bot.html)"
85.208.96.195 - - [11/Jan/2025:15:46:50 +0300] "GET /gallery?consultation-on-a-level-curriculum-review-2&instructional-materials-unit&ncdc-50-launch&ncdc-50-launch&refresher-training-for-centre-coordinating-tutors-ccts&sample%3F36 HTTP/1.1" 200 2018 "-" "Mozilla/5.0 (compatible; SemrushBot/7~bl; +http://www.semrush.com/bot.html)"
85.208.96.195 - - [11/Jan/2025:15:46:55 +0300] "GET /gallery/?instructional-materials-unit&instructional-materials-unit&ncdc-50-conference&ncdc-50-launch&sample&thanks&welcome-remarks%3F142 HTTP/1.1" 200 2018 "-" "Mozilla/5.0 (compatible; SemrushBot/7~bl; +http://www.semrush.com/bot.html)"
185.191.171.17 - - [11/Jan/2025:15:46:57 +0300] "GET /gallery?50-conference-venue&instructional-materials-unit&ncdc-50-conference&ncdc-50-launch&ncdc-50-launch&sample%3F21%3F29 HTTP/1.1" 200 2016 "-" "Mozilla/5.0 (compatible; SemrushBot/7~bl; +http://www.semrush.com/bot.html)"
3.12.251.153 - - [11/Jan/2025:15:47:04 +0300] "HEAD / HTTP/1.1" 200 - "https://ncdc.go.ug/" "Mozilla/5.0+(compatible; UptimeRobot/2.0; http://www.uptimerobot.com/)"
85.208.96.202 - - [11/Jan/2025:15:47:05 +0300] "GET /gallery/?aca&aca&aca&instructional-materials-unit&ncdc-50-conference&sample&thanks&welcome-remarks%3F57 HTTP/1.1" 200 2017 "-" "Mozilla/5.0 (compatible; SemrushBot/7~bl; +http://www.semrush.com/bot.html)"
52.156.77.158 - - [11/Jan/2025:15:47:16 +0300] "GET /wp-content/uploads/2024/02/ECD_FRamework.pdf HTTP/2.0" 200 550463 "-" "Mozilla/5.0 AppleWebKit/537.36 (KHTML, like Gecko); compatible"
52.156.77.149 - - [11/Jan/2025:15:47:18 +0300] "GET /robots.txt HTTP/2.0" 200 2018 "-" "Mozilla/5.0 AppleWebKit/537.36 (KHTML, like Gecko); compatible; ChatGPT-User/1.0; +https://openai.com/bot"
52.156.77.149 - - [11/Jan/2025:15:47:18 +0300] "GET / HTTP/2.0" 200 31272 "-" "Mozilla/5.0 AppleWebKit/537.36 (KHTML, like Gecko); compatible; ChatGPT-User/1.0; +https://openai.com/bot"
85.208.96.212 - - [11/Jan/2025:15:47:22 +0300] "GET /gallery/?59&about-the-conference&aca&aca&chief-guest&chief-guest&chief-guest&chief-guest%3F32 HTTP/1.1" 200 2018 "-" "Mozilla/5.0 (compatible; SemrushBot/7~bl; +http://www.semrush.com/bot.html)"
154.72.192.35 - - [11/Jan/2025:15:47:31 +0300] "HEAD / HTTP/1.1" 200 - "-" "Uptime-Kuma/1.23.11"
46.246.88.224 - - [11/Jan/2025:15:47:41 +0300] "POST /wp-admin/admin-ajax.php HTTP/2.0" 200 3761 "https://ncdc.go.ug/wp-admin/user-edit.php?user_id=1&wp_http_referer=%2Fwp-admin%2Fusers.php" "Mozilla/5.0 (Windows NT 10.0; Win64; x64) AppleWebKit/537.36 (KHTML, like Gecko) Chrome/131.0.0.0 Safari/537.36"
185.191.171.14 - - [11/Jan/2025:15:48:01 +0300] "GET /gallery/?50-conference-venue&50-conference-venue&50-conference-venue&59&aca&aca&chief-guest&chief-guest HTTP/1.1" 200 2017 "-" "Mozilla/5.0 (compatible; SemrushBot/7~bl; +http://www.semrush.com/bot.html)"
3.212.128.62 - - [11/Jan/2025:15:48:01 +0300] "HEAD / HTTP/1.1" 200 - "https://ncdc.go.ug/" "Mozilla/5.0+(compatible; UptimeRobot/2.0; http://www.uptimerobot.com/)"
185.191.171.9 - - [11/Jan/2025:15:48:11 +0300] "GET /gallery?ncdc-50-conference&ncdc-50-launch&ncdc-collaboration&parliament&parliament&sample%3F21&welcome-remarks%3F26 HTTP/1.1" 200 2017 "-" "Mozilla/5.0 (compatible; SemrushBot/7~bl; +http://www.semrush.com/bot.html)"
121.229.156.62 - - [11/Jan/2025:15:48:15 +0300] "GET /curriculum/certificate-courses HTTP/1.1" 500 3098 "-" "Sogou web spider/4.0(+http://www.sogou.com/docs/help/webmasters.htm#07)"
41.210.143.160 - - [11/Jan/2025:15:48:16 +0300] "GET /wp-content/uploads/2024/02/PHYSICS_Syllabus_compressed.pdf HTTP/2.0" 200 299562 "-" "Mozilla/5.0 (Linux; Android 13; TECNO BG6i Build/TP1A.220624.014) AppleWebKit/537.36 (KHTML, like Gecko) Chrome/131.0.6778.260 Mobile Safari/537.36"
41.210.143.160 - - [11/Jan/2025:15:48:19 +0300] "GET /wp-content/uploads/2024/02/PHYSICS_Syllabus_compressed.pdf HTTP/2.0" 200 1646975 "-" "com.google.android.apps.searchlite/1005776 (Linux; U; Android 13; en_US; TECNO BG6i; Build/TP1A.220624.014; Cronet/132.0.6808.3)"
102.85.92.25 - - [11/Jan/2025:15:48:27 +0300] "GET /wp-content/uploads/2024/07/P6-Final-Set-Two-book.pdf HTTP/2.0" 200 129546 "https://www.google.com/" "Mozilla/5.0 (Linux; U; Android 10; en-us; Infinix X657 Build/QP1A.190711.020) AppleWebKit/537.36 (KHTML, like Gecko) Chrome/80.0.3987.99 Mobile Safari/537.36 PHX/16.8"
102.85.92.25 - - [11/Jan/2025:15:48:29 +0300] "HEAD /wp-content/uploads/2024/07/P6-Final-Set-Two-book.pdf HTTP/1.1" 200 - "-" "Dalvik/2.1.0 (Linux; U; Android 10; Infinix X657 Build/QP1A.190711.020)"
185.191.171.2 - - [11/Jan/2025:15:48:29 +0300] "GET /gallery?aca&job-fair&job-fair&job-fair&job-fair&parliament&sample%3F22%3Fconsultation-on-a-level-curriculum-review HTTP/1.1" 200 2017 "-" "Mozilla/5.0 (compatible; SemrushBot/7~bl; +http://www.semrush.com/bot.html)"
154.72.192.35 - - [11/Jan/2025:15:48:31 +0300] "HEAD / HTTP/1.1" 200 - "-" "Uptime-Kuma/1.23.11"
46.246.88.224 - - [11/Jan/2025:15:48:41 +0300] "POST /wp-admin/admin-ajax.php HTTP/2.0" 200 3763 "https://ncdc.go.ug/wp-admin/user-edit.php?user_id=1&wp_http_referer=%2Fwp-admin%2Fusers.php" "Mozilla/5.0 (Windows NT 10.0; Win64; x64) AppleWebKit/537.36 (KHTML, like Gecko) Chrome/131.0.0.0 Safari/537.36"
85.208.96.203 - - [11/Jan/2025:15:48:48 +0300] "GET /gallery/?50-conference-venue&chief-guest&job-fair&ncdc-50-conference&ncdc-50-launch&parliament&sample%3F22%3F3 HTTP/1.1" 200 2017 "-" "Mozilla/5.0 (compatible; SemrushBot/7~bl; +http://www.semrush.com/bot.html)"
156.246.247.88 - - [11/Jan/2025:15:49:01 +0300] "GET /xmlrpc.php HTTP/1.1" 200 2017 "-" "-"
185.191.171.12 - - [11/Jan/2025:15:49:20 +0300] "GET /gallery/?about-the-conference&consultation-on-a-level-curriculum-review-2&ncdc-50-conference&ncdc-50-launch&sample%3F22%3F141 HTTP/1.1" 200 2017 "-" "Mozilla/5.0 (compatible; SemrushBot/7~bl; +http://www.semrush.com/bot.html)"
41.210.145.139 - - [11/Jan/2025:15:49:21 +0300] "GET /wp-content/uploads/2024/02/P7_Final_Set_two_Sept_2011_book_1-1.pdf HTTP/2.0" 200 808682 "https://www.google.com/" "Mozilla/5.0 (Windows NT 10.0; Win64; x64) AppleWebKit/537.36 (KHTML, like Gecko) Chrome/131.0.0.0 Safari/537.36"
41.210.145.139 - - [11/Jan/2025:15:49:21 +0300] "GET /favicon.ico HTTP/2.0" 500 3098 "https://ncdc.go.ug/wp-content/uploads/2024/02/P7_Final_Set_two_Sept_2011_book_1-1.pdf" "Mozilla/5.0 (Windows NT 10.0; Win64; x64) AppleWebKit/537.36 (KHTML, like Gecko) Chrome/131.0.0.0 Safari/537.36"
3.12.251.153 - - [11/Jan/2025:15:49:21 +0300] "HEAD / HTTP/1.1" 200 - "https://ncdc.go.ug" "Mozilla/5.0+(compatible; UptimeRobot/2.0; http://www.uptimerobot.com/)"
85.208.96.206 - - [11/Jan/2025:15:49:29 +0300] "GET /gallery/?aca&aca&instructional-materials-unit&ncdc-50-launch&ncdc-50-launch&ncdc-collaboration&sample%3F22%3F4 HTTP/1.1" 200 2017 "-" "Mozilla/5.0 (compatible; SemrushBot/7~bl; +http://www.semrush.com/bot.html)"
154.72.192.35 - - [11/Jan/2025:15:49:32 +0300] "HEAD / HTTP/1.1" 200 - "-" "Uptime-Kuma/1.23.11"
85.208.96.206 - - [11/Jan/2025:15:49:39 +0300] "GET /gallery/?50-conference-venue&aca&instructional-materials-unit&instructional-materials-unit&ncdc-50-launch&sample%3F58 HTTP/1.1" 200 2017 "-" "Mozilla/5.0 (compatible; SemrushBot/7~bl; +http://www.semrush.com/bot.html)"
85.208.96.194 - - [11/Jan/2025:15:49:48 +0300] "GET /gallery/?ncdc-50-conference&ncdc-50-conference&ncdc-50-conference&ncdc-collaboration&sample%3F21&welcome-remarks%3F27 HTTP/1.1" 200 2018 "-" "Mozilla/5.0 (compatible; SemrushBot/7~bl; +http://www.semrush.com/bot.html)"
85.208.96.209 - - [11/Jan/2025:15:49:51 +0300] "GET /gallery/?50-conference-venue&instructional-materials-unit&refresher-training-for-centre-coordinating-tutors-ccts&sample%3Fgroup-discussion-in-teacher-training HTTP/1.1" 200 2017 "-" "Mozilla/5.0 (compatible; SemrushBot/7~bl; +http://www.semrush.com/bot.html)"
185.191.171.9 - - [11/Jan/2025:15:49:52 +0300] "GET /robots.txt HTTP/1.1" 200 2017 "-" "Mozilla/5.0 (compatible; SemrushBot/7~bl; +http://www.semrush.com/bot.html)"
85.208.96.205 - - [11/Jan/2025:15:49:53 +0300] "GET /gallery?50-conference-venue&aca&instructional-materials-unit&ncdc-50-launch&parliament&parliament&sample%3F20&thanks HTTP/1.1" 200 2017 "-" "Mozilla/5.0 (compatible; SemrushBot/7~bl; +http://www.semrush.com/bot.html)"
85.208.96.208 - - [11/Jan/2025:15:49:55 +0300] "GET /gallery/?50-conference-venue&consultation-on-a-level-curriculum-review-2&consultation-on-a-level-curriculum-review-2&sample%3F22%3F38 HTTP/1.1" 200 2016 "-" "Mozilla/5.0 (compatible; SemrushBot/7~bl; +http://www.semrush.com/bot.html)"
46.246.88.224 - - [11/Jan/2025:15:50:05 +0300] "POST /wp-admin/admin-ajax.php HTTP/2.0" 200 3762 "https://ncdc.go.ug/wp-admin/user-edit.php?user_id=1&wp_http_referer=%2Fwp-admin%2Fusers.php" "Mozilla/5.0 (Windows NT 10.0; Win64; x64) AppleWebKit/537.36 (KHTML, like Gecko) Chrome/131.0.0.0 Safari/537.36"
52.167.144.25 - - [11/Jan/2025:15:50:21 +0300] "GET /?s=2025 HTTP/2.0" 200 2018 "-" "Mozilla/5.0 AppleWebKit/537.36 (KHTML, like Gecko; compatible; bingbot/2.0; +http://www.bing.com/bingbot.htm) Chrome/116.0.1938.76 Safari/537.36"
185.191.171.19 - - [11/Jan/2025:15:50:27 +0300] "GET /gallery/?50-conference-venue&50-conference-venue&aca&consultation-on-a-level-curriculum-review-2&job-fair&sample%3F20 HTTP/1.1" 200 2017 "-" "Mozilla/5.0 (compatible; SemrushBot/7~bl; +http://www.semrush.com/bot.html)"
154.72.192.35 - - [11/Jan/2025:15:50:32 +0300] "HEAD / HTTP/1.1" 200 - "-" "Uptime-Kuma/1.23.11"
185.191.171.2 - - [11/Jan/2025:15:50:35 +0300] "GET /gallery/?50-conference-venue&aca&aca&ncdc-50-conference&ncdc-50-conference&ncdc-50-conference&sample%3F20%3F38 HTTP/1.1" 200 2017 "-" "Mozilla/5.0 (compatible; SemrushBot/7~bl; +http://www.semrush.com/bot.html)"
41.75.176.151 - - [11/Jan/2025:15:50:36 +0300] "GET /lower-secondary-curriculum-embraced/ HTTP/2.0" 500 3097 "https://www.google.com/" "Mozilla/5.0 (Linux; U; Android 12; en-us; TECNO KI5k Build/SP1A.210812.016) AppleWebKit/537.36 (KHTML, like Gecko) Chrome/105.0.5195.136 Mobile Safari/537.36 PHX/17.0"
85.208.96.203 - - [11/Jan/2025:15:50:38 +0300] "GET /gallery?aca&government-trains-teachers-lab-technicians&job-fair&job-fair&ncdc-50-launch&ncdc-collaboration&sample%3F20%3Fncdc-50-group-photo HTTP/1.1" 200 2017 "-" "Mozilla/5.0 (compatible; SemrushBot/7~bl; +http://www.semrush.com/bot.html)"
41.75.176.151 - - [11/Jan/2025:15:50:39 +0300] "GET /favicon.ico HTTP/2.0" 500 3097 "https://ncdc.go.ug/lower-secondary-curriculum-embraced/" "Mozilla/5.0 (Linux; U; Android 12; en-us; TECNO KI5k Build/SP1A.210812.016) AppleWebKit/537.36 (KHTML, like Gecko) Chrome/105.0.5195.136 Mobile Safari/537.36 PHX/17.0"
41.75.176.151 - - [11/Jan/2025:15:50:48 +0300] "GET /favicon.ico HTTP/2.0" 500 3097 "-" "okhttp/4.10.0"
85.208.96.209 - - [11/Jan/2025:15:50:49 +0300] "GET /gallery?instructional-materials-unit&instructional-materials-unit&refresher-training-for-centre-coordinating-tutors-ccts&sample%3F22%3F53 HTTP/1.1" 200 2017 "-" "Mozilla/5.0 (compatible; SemrushBot/7~bl; +http://www.semrush.com/bot.html)"
41.75.176.151 - - [11/Jan/2025:15:50:49 +0300] "GET /favicon.ico HTTP/2.0" 500 3097 "-" "okhttp/4.10.0"
185.191.171.6 - - [11/Jan/2025:15:50:57 +0300] "GET /gallery/?ncdc-50-conference&ncdc-50-conference&ncdc-collaboration&sample%3F22&stepu&stepu&welcome-remarks%3F50 HTTP/1.1" 200 2017 "-" "Mozilla/5.0 (compatible; SemrushBot/7~bl; +http://www.semrush.com/bot.html)"
85.208.96.205 - - [11/Jan/2025:15:50:59 +0300] "GET /gallery?government-trains-teachers-lab-technicians&job-fair&job-fair&job-fair&job-fair&ncdc-collaboration&sample%3F21%3Fncdc-50-group-photo HTTP/1.1" 200 2017 "-" "Mozilla/5.0 (compatible; SemrushBot/7~bl; +http://www.semrush.com/bot.html)"
185.191.171.19 - - [11/Jan/2025:15:51:04 +0300] "GET /gallery?aca&consultation-on-a-level-curriculum-review-2&government-trains-teachers-lab-technicians&ncdc-collaboration&sample%3F36 HTTP/1.1" 200 2017 "-" "Mozilla/5.0 (compatible; SemrushBot/7~bl; +http://www.semrush.com/bot.html)"
185.191.171.3 - - [11/Jan/2025:15:51:07 +0300] "GET /gallery/?aca&aca&aca&ncdc-50-conference&ncdc-50-conference&sample&welcome-remarks&welcome-remarks%3F4 HTTP/1.1" 200 2017 "-" "Mozilla/5.0 (compatible; SemrushBot/7~bl; +http://www.semrush.com/bot.html)"
85.208.96.205 - - [11/Jan/2025:15:51:11 +0300] "GET /gallery/?about-the-conference&aca&job-fair&ncdc-50-conference&ncdc-50-launch&ncdc-50-launch&sample%3F27 HTTP/1.1" 200 2017 "-" "Mozilla/5.0 (compatible; SemrushBot/7~bl; +http://www.semrush.com/bot.html)"
52.53.80.180 - - [11/Jan/2025:15:51:13 +0300] "HEAD / HTTP/2.0" 200 1 "-" "montastic-monitor www.montastic.com - cid:420288"
185.191.171.3 - - [11/Jan/2025:15:51:28 +0300] "GET /gallery?job-fair&ncdc-50-conference&ncdc-50-launch&parliament&sample&stepu&visit-by-ps&welcome-remarks%3F39 HTTP/1.1" 200 2017 "-" "Mozilla/5.0 (compatible; SemrushBot/7~bl; +http://www.semrush.com/bot.html)"
154.72.192.35 - - [11/Jan/2025:15:51:33 +0300] "HEAD / HTTP/1.1" 200 - "-" "Uptime-Kuma/1.23.11"
185.191.171.10 - - [11/Jan/2025:15:51:36 +0300] "GET /gallery?ncdc-collaboration&sample%3F22%3F30 HTTP/1.1" 200 2017 "-" "Mozilla/5.0 (compatible; SemrushBot/7~bl; +http://www.semrush.com/bot.html)"
139.59.109.12 - - [11/Jan/2025:15:51:42 +0300] "HEAD / HTTP/2.0" 200 - "-" "downnotifier.com monitoring"
85.208.96.206 - - [11/Jan/2025:15:52:02 +0300] "GET /gallery?about-the-conference&instructional-materials-unit&job-fair&ncdc-50-conference&parliament&sample%3F21%3Fgroup-discussion-in-teacher-training HTTP/1.1" 200 2017 "-" "Mozilla/5.0 (compatible; SemrushBot/7~bl; +http://www.semrush.com/bot.html)"
46.246.88.224 - - [11/Jan/2025:15:52:05 +0300] "POST /wp-admin/admin-ajax.php HTTP/2.0" 200 3759 "https://ncdc.go.ug/wp-admin/user-edit.php?user_id=1&wp_http_referer=%2Fwp-admin%2Fusers.php" "Mozilla/5.0 (Windows NT 10.0; Win64; x64) AppleWebKit/537.36 (KHTML, like Gecko) Chrome/131.0.0.0 Safari/537.36"
54.167.223.174 - - [11/Jan/2025:15:52:09 +0300] "HEAD / HTTP/1.1" 200 - "https://ncdc.go.ug/" "Mozilla/5.0+(compatible; UptimeRobot/2.0; http://www.uptimerobot.com/)"
85.208.96.206 - - [11/Jan/2025:15:52:30 +0300] "GET /gallery/?aca&chief-guest&ncdc-50-conference&ncdc-50-launch&parliament&parliament&parliament&sample%3F41 HTTP/1.1" 200 2017 "-" "Mozilla/5.0 (compatible; SemrushBot/7~bl; +http://www.semrush.com/bot.html)"
185.191.171.8 - - [11/Jan/2025:15:52:33 +0300] "GET /gallery/?50-conference-venue&ncdc-50-conference&ncdc-50-launch&ncdc-50-launch&refresher-training-for-centre-coordinating-tutors-ccts&sample%3F34 HTTP/1.1" 200 2017 "-" "Mozilla/5.0 (compatible; SemrushBot/7~bl; +http://www.semrush.com/bot.html)"
154.72.192.35 - - [11/Jan/2025:15:52:33 +0300] "HEAD / HTTP/1.1" 200 - "-" "Uptime-Kuma/1.23.11"
41.210.154.152 - - [11/Jan/2025:15:52:37 +0300] "GET /wp-content/uploads/2024/02/P2_Thematic_Curriculum_June_2011.pdf HTTP/2.0" 200 202410 "-" "Mozilla/5.0 (Linux; Android 14; TECNO BG6m Build/UP1A.231005.007) AppleWebKit/537.36 (KHTML, like Gecko) Chrome/131.0.6778.136 Mobile Safari/537.36"
41.210.154.152 - - [11/Jan/2025:15:52:40 +0300] "GET /wp-content/uploads/2024/02/P2_Thematic_Curriculum_June_2011.pdf HTTP/2.0" 200 731271 "-" "com.google.android.apps.searchlite/1005775 (Linux; U; Android 14; en_US; TECNO BG6m; Build/UP1A.231005.007; Cronet/132.0.6808.3)"
41.210.154.152 - - [11/Jan/2025:15:52:55 +0300] "GET /wp-content/uploads/2024/02/P2_Thematic_Curriculum_June_2011.pdf HTTP/2.0" 200 170026 "-" "Mozilla/5.0 (Linux; Android 14; TECNO BG6m Build/UP1A.231005.007) AppleWebKit/537.36 (KHTML, like Gecko) Chrome/131.0.6778.136 Mobile Safari/537.36"
185.191.171.5 - - [11/Jan/2025:15:52:57 +0300] "GET /gallery/?chief-guest&instructional-materials-unit&job-fair&ncdc-50-conference&refresher-training-for-centre-coordinating-tutors-ccts&sample%3F5 HTTP/1.1" 200 2017 "-" "Mozilla/5.0 (compatible; SemrushBot/7~bl; +http://www.semrush.com/bot.html)"
40.77.167.58 - - [11/Jan/2025:15:52:57 +0300] "GET /?path=/home/ncdcgo/public_html/archive HTTP/2.0" 200 1694 "-" "Mozilla/5.0 AppleWebKit/537.36 (KHTML, like Gecko; compatible; bingbot/2.0; +http://www.bing.com/bingbot.htm) Chrome/116.0.1938.76 Safari/537.36"
40.77.167.58 - - [11/Jan/2025:15:52:58 +0300] "GET /?path=/home/ncdcgo/public_html HTTP/2.0" 200 2018 "-" "Mozilla/5.0 AppleWebKit/537.36 (KHTML, like Gecko; compatible; bingbot/2.0; +http://www.bing.com/bingbot.htm) Chrome/116.0.1938.76 Safari/537.36"
40.77.167.58 - - [11/Jan/2025:15:53:00 +0300] "GET /?path=/home/ncdcgo/public_html/administrator HTTP/2.0" 200 910 "-" "Mozilla/5.0 AppleWebKit/537.36 (KHTML, like Gecko; compatible; bingbot/2.0; +http://www.bing.com/bingbot.htm) Chrome/116.0.1938.76 Safari/537.36"
40.77.167.58 - - [11/Jan/2025:15:53:00 +0300] "GET /?path=/home/ncdcgo HTTP/2.0" 200 2500 "-" "Mozilla/5.0 AppleWebKit/537.36 (KHTML, like Gecko; compatible; bingbot/2.0; +http://www.bing.com/bingbot.htm) Chrome/116.0.1938.76 Safari/537.36"
40.77.167.58 - - [11/Jan/2025:15:53:01 +0300] "GET /?path=/home/ncdcgo/public_html/shopapi.ncdc.go.ug HTTP/2.0" 200 996 "-" "Mozilla/5.0 AppleWebKit/537.36 (KHTML, like Gecko; compatible; bingbot/2.0; +http://www.bing.com/bingbot.htm) Chrome/116.0.1938.76 Safari/537.36"
151.80.148.51 - - [11/Jan/2025:15:53:00 +0300] "GET /wp-content/uploads/2024/03/Capture-NCDC-S1-S2_Physics_Sample_Assessment_Items_2022.png HTTP/2.0" 200 131435 "-" "com.google.android.apps.searchlite/967724 (Linux; U; Android 13; en_GB; Nokia C22; Build/TP1A.220624.014; Cronet/132.0.6808.3)"
40.77.167.71 - - [11/Jan/2025:15:53:02 +0300] "GET /?path=/home/ncdcgo/public_html/old%20Jan%208%202025 HTTP/2.0" 200 1898 "-" "Mozilla/5.0 AppleWebKit/537.36 (KHTML, like Gecko; compatible; bingbot/2.0; +http://www.bing.com/bingbot.htm) Chrome/116.0.1938.76 Safari/537.36"
40.77.167.71 - - [11/Jan/2025:15:53:03 +0300] "GET /?path=/home HTTP/2.0" 200 860 "-" "Mozilla/5.0 AppleWebKit/537.36 (KHTML, like Gecko; compatible; bingbot/2.0; +http://www.bing.com/bingbot.htm) Chrome/116.0.1938.76 Safari/537.36"
40.77.167.71 - - [11/Jan/2025:15:53:03 +0300] "GET /?path=/home/ncdcgo/public_html/store.ncdc.go.ug HTTP/2.0" 200 994 "-" "Mozilla/5.0 AppleWebKit/537.36 (KHTML, like Gecko; compatible; bingbot/2.0; +http://www.bing.com/bingbot.htm) Chrome/116.0.1938.76 Safari/537.36"
40.77.167.71 - - [11/Jan/2025:15:53:04 +0300] "GET /?path=/home/ncdcgo/public_html/dbms HTTP/2.0" 200 985 "-" "Mozilla/5.0 AppleWebKit/537.36 (KHTML, like Gecko; compatible; bingbot/2.0; +http://www.bing.com/bingbot.htm) Chrome/116.0.1938.76 Safari/537.36"
40.77.167.71 - - [11/Jan/2025:15:53:05 +0300] "GET /?path=/home/ncdcgo/public_html/upgrade HTTP/2.0" 200 1008 "-" "Mozilla/5.0 AppleWebKit/537.36 (KHTML, like Gecko; compatible; bingbot/2.0; +http://www.bing.com/bingbot.htm) Chrome/116.0.1938.76 Safari/537.36"
3.20.63.178 - - [11/Jan/2025:15:53:05 +0300] "HEAD / HTTP/1.1" 200 - "https://ncdc.go.ug/" "Mozilla/5.0+(compatible; UptimeRobot/2.0; http://www.uptimerobot.com/)"
40.77.167.159 - - [11/Jan/2025:15:53:06 +0300] "GET /?path=/home/ncdcgo/public_html/shopapi2.ncdc.go.ug HTTP/2.0" 200 997 "-" "Mozilla/5.0 AppleWebKit/537.36 (KHTML, like Gecko; compatible; bingbot/2.0; +http://www.bing.com/bingbot.htm) Chrome/116.0.1938.76 Safari/537.36"
40.77.167.159 - - [11/Jan/2025:15:53:07 +0300] "GET /?path=/ HTTP/2.0" 200 1139 "-" "Mozilla/5.0 AppleWebKit/537.36 (KHTML, like Gecko; compatible; bingbot/2.0; +http://www.bing.com/bingbot.htm) Chrome/116.0.1938.76 Safari/537.36"
40.77.167.159 - - [11/Jan/2025:15:53:07 +0300] "GET /?path=/home/ncdcgo/public_html/backup%20Jan%208%202025 HTTP/2.0" 200 754 "-" "Mozilla/5.0 AppleWebKit/537.36 (KHTML, like Gecko; compatible; bingbot/2.0; +http://www.bing.com/bingbot.htm) Chrome/116.0.1938.76 Safari/537.36"
40.77.167.159 - - [11/Jan/2025:15:53:08 +0300] "GET /?path=/home/ncdcgo/public_html/wp-admin HTTP/2.0" 200 3646 "-" "Mozilla/5.0 AppleWebKit/537.36 (KHTML, like Gecko; compatible; bingbot/2.0; +http://www.bing.com/bingbot.htm) Chrome/116.0.1938.76 Safari/537.36"
40.77.167.159 - - [11/Jan/2025:15:53:09 +0300] "GET /?path=/home/ncdcgo/public_html/.tmb HTTP/2.0" 200 744 "-" "Mozilla/5.0 AppleWebKit/537.36 (KHTML, like Gecko; compatible; bingbot/2.0; +http://www.bing.com/bingbot.htm) Chrome/116.0.1938.76 Safari/537.36"
40.77.167.71 - - [11/Jan/2025:15:53:09 +0300] "GET /?filesrc=/home/ncdcgo/public_html/php.ini&path=/home/ncdcgo/public_html HTTP/2.0" 200 1055 "-" "Mozilla/5.0 AppleWebKit/537.36 (KHTML, like Gecko; compatible; bingbot/2.0; +http://www.bing.com/bingbot.htm) Chrome/116.0.1938.76 Safari/537.36"
40.77.167.159 - - [11/Jan/2025:15:53:10 +0300] "GET /?path=/home/ncdcgo/public_html/wp-includes HTTP/2.0" 403 32198 "-" "Mozilla/5.0 AppleWebKit/537.36 (KHTML, like Gecko; compatible; bingbot/2.0; +http://www.bing.com/bingbot.htm) Chrome/116.0.1938.76 Safari/537.36"
40.77.167.58 - - [11/Jan/2025:15:53:12 +0300] "GET /?path=/home/ncdcgo/public_html/.wp-cli HTTP/2.0" 200 905 "-" "Mozilla/5.0 AppleWebKit/537.36 (KHTML, like Gecko; compatible; bingbot/2.0; +http://www.bing.com/bingbot.htm) Chrome/116.0.1938.76 Safari/537.36"
40.77.167.58 - - [11/Jan/2025:15:53:13 +0300] "GET /?path=/home/ncdcgo/public_html/wp-content HTTP/2.0" 200 1702 "-" "Mozilla/5.0 AppleWebKit/537.36 (KHTML, like Gecko; compatible; bingbot/2.0; +http://www.bing.com/bingbot.htm) Chrome/116.0.1938.76 Safari/537.36"
40.77.167.58 - - [11/Jan/2025:15:53:14 +0300] "GET /?filesrc=/home/ncdcgo/public_html/index.php&path=/home/ncdcgo/public_html HTTP/2.0" 200 905 "-" "Mozilla/5.0 AppleWebKit/537.36 (KHTML, like Gecko; compatible; bingbot/2.0; +http://www.bing.com/bingbot.htm) Chrome/116.0.1938.76 Safari/537.36"
40.77.167.71 - - [11/Jan/2025:15:53:20 +0300] "GET /?filesrc=/home/ncdcgo/public_html/.htaccess&path=/home/ncdcgo/public_html HTTP/2.0" 403 2017 "-" "Mozilla/5.0 AppleWebKit/537.36 (KHTML, like Gecko; compatible; bingbot/2.0; +http://www.bing.com/bingbot.htm) Chrome/116.0.1938.76 Safari/537.36"
151.80.148.51 - - [11/Jan/2025:15:53:19 +0300] "GET /wp-content/uploads/2024/04/UNEB-PIC.jpg HTTP/2.0" 200 170580 "-" "com.google.android.apps.searchlite/967724 (Linux; U; Android 13; en_GB; Nokia C22; Build/TP1A.220624.014; Cronet/132.0.6808.3)"
40.77.167.58 - - [11/Jan/2025:15:53:28 +0300] "GET /?option&path=/home/ncdcgo HTTP/2.0" 200 641 "-" "Mozilla/5.0 AppleWebKit/537.36 (KHTML, like Gecko; compatible; bingbot/2.0; +http://www.bing.com/bingbot.htm) Chrome/116.0.1938.76 Safari/537.36"
40.77.167.58 - - [11/Jan/2025:15:53:28 +0300] "GET /?path=/home/ncdcgo/mail HTTP/2.0" 200 3462 "-" "Mozilla/5.0 AppleWebKit/537.36 (KHTML, like Gecko; compatible; bingbot/2.0; +http://www.bing.com/bingbot.htm) Chrome/116.0.1938.76 Safari/537.36"
40.77.167.58 - - [11/Jan/2025:15:53:29 +0300] "GET /?option&path=/ HTTP/2.0" 200 619 "-" "Mozilla/5.0 AppleWebKit/537.36 (KHTML, like Gecko; compatible; bingbot/2.0; +http://www.bing.com/bingbot.htm) Chrome/116.0.1938.76 Safari/537.36"
40.77.167.58 - - [11/Jan/2025:15:53:30 +0300] "GET /?path=/home/ncdcgo/ssl HTTP/2.0" 200 1036 "-" "Mozilla/5.0 AppleWebKit/537.36 (KHTML, like Gecko; compatible; bingbot/2.0; +http://www.bing.com/bingbot.htm) Chrome/116.0.1938.76 Safari/537.36"
185.191.171.8 - - [11/Jan/2025:15:53:30 +0300] "GET /gallery/?aca&aca&instructional-materials-unit&parliament&refresher-training-for-centre-coordinating-tutors-ccts&sample HTTP/1.1" 200 2017 "-" "Mozilla/5.0 (compatible; SemrushBot/7~bl; +http://www.semrush.com/bot.html)"
40.77.167.58 - - [11/Jan/2025:15:53:31 +0300] "GET /?option&path=/home/ncdcgo/public_html HTTP/2.0" 200 657 "-" "Mozilla/5.0 AppleWebKit/537.36 (KHTML, like Gecko; compatible; bingbot/2.0; +http://www.bing.com/bingbot.htm) Chrome/116.0.1938.76 Safari/537.36"
40.77.167.71 - - [11/Jan/2025:15:53:32 +0300] "GET /?path=/etc HTTP/2.0" 200 2640 "-" "Mozilla/5.0 AppleWebKit/537.36 (KHTML, like Gecko; compatible; bingbot/2.0; +http://www.bing.com/bingbot.htm) Chrome/116.0.1938.76 Safari/537.36"
40.77.167.71 - - [11/Jan/2025:15:53:33 +0300] "GET /?path=/root HTTP/2.0" 200 706 "-" "Mozilla/5.0 AppleWebKit/537.36 (KHTML, like Gecko; compatible; bingbot/2.0; +http://www.bing.com/bingbot.htm) Chrome/116.0.1938.76 Safari/537.36"
154.72.192.35 - - [11/Jan/2025:15:53:33 +0300] "HEAD / HTTP/1.1" 200 - "-" "Uptime-Kuma/1.23.11"
40.77.167.71 - - [11/Jan/2025:15:53:34 +0300] "GET /?path=/var HTTP/2.0" 200 1083 "-" "Mozilla/5.0 AppleWebKit/537.36 (KHTML, like Gecko; compatible; bingbot/2.0; +http://www.bing.com/bingbot.htm) Chrome/116.0.1938.76 Safari/537.36"
40.77.167.71 - - [11/Jan/2025:15:53:34 +0300] "GET /?path=/run HTTP/2.0" 200 1189 "-" "Mozilla/5.0 AppleWebKit/537.36 (KHTML, like Gecko; compatible; bingbot/2.0; +http://www.bing.com/bingbot.htm) Chrome/116.0.1938.76 Safari/537.36"
40.77.167.71 - - [11/Jan/2025:15:53:35 +0300] "GET /?path=/sbin HTTP/2.0" 200 2219 "-" "Mozilla/5.0 AppleWebKit/537.36 (KHTML, like Gecko; compatible; bingbot/2.0; +http://www.bing.com/bingbot.htm) Chrome/116.0.1938.76 Safari/537.36"
40.77.167.159 - - [11/Jan/2025:15:53:37 +0300] "GET /?path=/home/ncdcgo/public_html/wp-includes HTTP/2.0" 200 8099 "-" "Mozilla/5.0 AppleWebKit/537.36 (KHTML, like Gecko; compatible; bingbot/2.0; +http://www.bing.com/bingbot.htm) Chrome/116.0.1938.76 Safari/537.36"
185.191.171.5 - - [11/Jan/2025:15:53:38 +0300] "GET /gallery/?consultation-on-a-level-curriculum-review-2&instructional-materials-unit&ncdc-50-conference&ncdc-50-launch&sample&welcome-remarks%3F35 HTTP/1.1" 200 2017 "-" "Mozilla/5.0 (compatible; SemrushBot/7~bl; +http://www.semrush.com/bot.html)"
40.77.167.159 - - [11/Jan/2025:15:53:38 +0300] "GET /?path=/home/ncdcgo/cache HTTP/2.0" 200 1250 "-" "Mozilla/5.0 AppleWebKit/537.36 (KHTML, like Gecko; compatible; bingbot/2.0; +http://www.bing.com/bingbot.htm) Chrome/116.0.1938.76 Safari/537.36"
40.77.167.159 - - [11/Jan/2025:15:53:39 +0300] "GET /?path=/bin HTTP/2.0" 200 12779 "-" "Mozilla/5.0 AppleWebKit/537.36 (KHTML, like Gecko; compatible; bingbot/2.0; +http://www.bing.com/bingbot.htm) Chrome/116.0.1938.76 Safari/537.36"
