85.208.96.207 - - [11/Jan/2025:18:13:13 +0300] "GET /gallery/?consultation-on-a-level-curriculum-review-2&consultation-on-a-level-curriculum-review-2&ncdc-50-conference&ncdc-collaboration&sample%3F21%3F4 HTTP/1.1" 200 2017 "-" "Mozilla/5.0 (compatible; SemrushBot/7~bl; +http://www.semrush.com/bot.html)"
66.249.70.3 - - [11/Jan/2025:18:13:19 +0300] "GET /2025/01/06/hace-el-trabajo-en-internet-de-balde-a-highroller-book-of-ra-temple-of-descarga-de-la-aplicacion-de-socio-jozz-casino-apk-gold/ HTTP/1.1" 500 3096 "-" "Mozilla/5.0 (Linux; Android 6.0.1; Nexus 5X Build/MMB29P) AppleWebKit/537.36 (KHTML, like Gecko) Chrome/131.0.6778.264 Mobile Safari/537.36 (compatible; Googlebot/2.1; +http://www.google.com/bot.html)"
41.210.143.109 - - [11/Jan/2025:18:13:20 +0300] "GET /favicon.ico HTTP/2.0" 500 3098 "https://ncdc.go.ug/wp-content/uploads/2024/02/P1-Curriculum.pdf" "Mozilla/5.0 (Windows NT 10.0; Win64; x64) AppleWebKit/537.36 (KHTML, like Gecko) Chrome/131.0.0.0 Safari/537.36"
191.96.207.232 - - [11/Jan/2025:18:13:22 +0300] "GET /wp-admin/css/ HTTP/1.1" 200 1489 "binance.com" "Mozilla/5.0 (Windows NT 10.0; Win64; x64) AppleWebKit/537.36 (KHTML, like Gecko) Chrome/90.0.4430.85 Safari/537.36"
173.252.79.116 - - [11/Jan/2025:18:13:25 +0300] "GET /books/biology-syllabus/ HTTP/2.0" 500 33364 "-" "meta-externalagent/1.1 (+https://developers.facebook.com/docs/sharing/webmasters/crawler)"
191.96.207.232 - - [11/Jan/2025:18:13:33 +0300] "GET /wp-admin/css/colors/ HTTP/1.1" 200 503 "binance.com" "Mozilla/5.0 (Windows NT 10.0; Win64; x64) AppleWebKit/537.36 (KHTML, like Gecko) Chrome/90.0.4430.85 Safari/537.36"
85.208.96.209 - - [11/Jan/2025:18:13:39 +0300] "GET /gallery/?chief-guest&ncdc-50-conference&ncdc-50-conference&ncdc-50-conference&ncdc-collaboration&sample&thanks HTTP/1.1" 200 2017 "-" "Mozilla/5.0 (compatible; SemrushBot/7~bl; +http://www.semrush.com/bot.html)"
57.141.5.9 - - [11/Jan/2025:18:13:40 +0300] "GET /wp-json/oembed/1.0/embed?url=https%3A%2F%2Fncdc.go.ug%2Fhome-2%2F HTTP/2.0" 200 30635 "-" "meta-externalagent/1.1 (+https://developers.facebook.com/docs/sharing/webmasters/crawler)"
154.72.192.35 - - [11/Jan/2025:18:13:41 +0300] "HEAD / HTTP/1.1" 200 - "-" "Uptime-Kuma/1.23.11"
47.128.18.217 - - [11/Jan/2025:18:13:47 +0300] "GET /?filesrc=%2Fhome%2Fncdcgo%2Fpublic_html%2Fwp-settings.php&path=%2Fhome%2Fncdcgo%2Fpublic_html HTTP/2.0" 200 6600 "-" "Mozilla/5.0 (Linux; Android 5.0) AppleWebKit/537.36 (KHTML, like Gecko) Mobile Safari/537.36 (compatible; Bytespider; spider-feedback@bytedance.com)"
85.208.96.211 - - [11/Jan/2025:18:13:49 +0300] "GET /gallery/?instructional-materials-unit&job-fair&ncdc-collaboration&ncdc-collaboration&sample%3F22%3Fdirector-launching-ncdc-50 HTTP/1.1" 200 2018 "-" "Mozilla/5.0 (compatible; SemrushBot/7~bl; +http://www.semrush.com/bot.html)"
185.191.171.12 - - [11/Jan/2025:18:13:53 +0300] "GET /gallery?instructional-materials-unit&job-fair&ncdc-50-conference&sample%3F20&stepu&visit-by-ps&welcome-remarks%3F5 HTTP/1.1" 200 2017 "-" "Mozilla/5.0 (compatible; SemrushBot/7~bl; +http://www.semrush.com/bot.html)"
197.254.167.98 - - [11/Jan/2025:18:14:01 +0300] "GET /wp-content/uploads/2024/04/NCDC_AEP_ICT_LSC_level-1and-2_Web-file_Final-08.03.2024.pdf HTTP/2.0" 200 1708538 "https://www.google.com/" "Mozilla/5.0 (Linux; Android 10; K) AppleWebKit/537.36 (KHTML, like Gecko) Chrome/131.0.0.0 Mobile Safari/537.36"
191.96.207.232 - - [11/Jan/2025:18:14:10 +0300] "GET /wp-admin/css/colors/coffee/ HTTP/1.1" 200 411 "binance.com" "Mozilla/5.0 (Windows NT 10.0; Win64; x64) AppleWebKit/537.36 (KHTML, like Gecko) Chrome/90.0.4430.85 Safari/537.36"
185.191.171.19 - - [11/Jan/2025:18:14:17 +0300] "GET /gallery/?aca&aca&instructional-materials-unit&ncdc-50-conference&ncdc-50-launch&ncdc-collaboration&sample%3F33 HTTP/1.1" 200 2017 "-" "Mozilla/5.0 (compatible; SemrushBot/7~bl; +http://www.semrush.com/bot.html)"
191.96.207.232 - - [11/Jan/2025:18:14:18 +0300] "GET /wp-admin/css/colors/ectoplasm/ HTTP/1.1" 200 414 "binance.com" "Mozilla/5.0 (Windows NT 10.0; Win64; x64) AppleWebKit/537.36 (KHTML, like Gecko) Chrome/90.0.4430.85 Safari/537.36"
102.215.110.111 - - [11/Jan/2025:18:14:24 +0300] "GET /favicon.ico HTTP/2.0" 500 3097 "https://ncdc.go.ug/wp-content/uploads/2024/02/PHYSICS_Syllabus_compressed.pdf" "Mozilla/5.0 (Windows NT 10.0; Win64; x64) AppleWebKit/537.36 (KHTML, like Gecko) Chrome/131.0.0.0 Safari/537.36"
102.215.110.111 - - [11/Jan/2025:18:14:24 +0300] "GET /wp-content/uploads/2024/02/PHYSICS_Syllabus_compressed.pdf HTTP/2.0" 200 1646975 "https://www.google.com/" "Mozilla/5.0 (Windows NT 10.0; Win64; x64) AppleWebKit/537.36 (KHTML, like Gecko) Chrome/131.0.0.0 Safari/537.36"
185.191.171.9 - - [11/Jan/2025:18:14:26 +0300] "GET /gallery/?50-conference-venue&government-trains-teachers-lab-technicians&job-fair&parliament&sample%3F20%3Fstate-minister-for-primary-launching-ncdc-50 HTTP/1.1" 200 2017 "-" "Mozilla/5.0 (compatible; SemrushBot/7~bl; +http://www.semrush.com/bot.html)"
34.198.201.66 - - [11/Jan/2025:18:14:35 +0300] "HEAD / HTTP/1.1" 200 - "https://ncdc.go.ug/" "Mozilla/5.0+(compatible; UptimeRobot/2.0; http://www.uptimerobot.com/)"
85.208.96.195 - - [11/Jan/2025:18:14:35 +0300] "GET /gallery/?aca&aca&instructional-materials-unit&ncdc-50-conference&ncdc-50-conference&sample&welcome-remarks%3F4 HTTP/1.1" 200 2018 "-" "Mozilla/5.0 (compatible; SemrushBot/7~bl; +http://www.semrush.com/bot.html)"
57.141.5.5 - - [11/Jan/2025:18:14:36 +0300] "GET /wp-json/oembed/1.0/embed?url=https%3A%2F%2Fncdc.go.ug%2Fbooks%2Fhome-study-learning%2F HTTP/2.0" 200 30635 "-" "meta-externalagent/1.1 (+https://developers.facebook.com/docs/sharing/webmasters/crawler)"
154.72.192.35 - - [11/Jan/2025:18:14:42 +0300] "HEAD / HTTP/1.1" 200 - "-" "Uptime-Kuma/1.23.11"
185.191.171.12 - - [11/Jan/2025:18:14:44 +0300] "GET /gallery/?50-conference-venue&aca&ncdc-50-launch&refresher-training-for-centre-coordinating-tutors-ccts&sample%3F21%3Fzambian-delegation-visiting-stepu HTTP/1.1" 200 2017 "-" "Mozilla/5.0 (compatible; SemrushBot/7~bl; +http://www.semrush.com/bot.html)"
191.96.207.232 - - [11/Jan/2025:18:14:44 +0300] "GET /wp-admin/css/colors/light/ HTTP/1.1" 200 411 "binance.com" "Mozilla/5.0 (Windows NT 10.0; Win64; x64) AppleWebKit/537.36 (KHTML, like Gecko) Chrome/90.0.4430.85 Safari/537.36"
185.191.171.4 - - [11/Jan/2025:18:14:46 +0300] "GET /gallery/?about-the-conference&job-fair&ncdc-50-conference&ncdc-50-conference&ncdc-50-conference&sample%3Fteacher-training-on-abridged-curriculum HTTP/1.1" 200 2017 "-" "Mozilla/5.0 (compatible; SemrushBot/7~bl; +http://www.semrush.com/bot.html)"
191.96.207.232 - - [11/Jan/2025:18:14:50 +0300] "GET /wp-admin/css/colors/midnight/ HTTP/1.1" 200 415 "binance.com" "Mozilla/5.0 (Windows NT 10.0; Win64; x64) AppleWebKit/537.36 (KHTML, like Gecko) Chrome/90.0.4430.85 Safari/537.36"
191.96.207.232 - - [11/Jan/2025:18:14:52 +0300] "GET /wp-admin/css/colors/modern/ HTTP/1.1" 200 414 "binance.com" "Mozilla/5.0 (Windows NT 10.0; Win64; x64) AppleWebKit/537.36 (KHTML, like Gecko) Chrome/90.0.4430.85 Safari/537.36"
191.96.207.232 - - [11/Jan/2025:18:14:57 +0300] "GET /wp-admin/css/colors/ocean/ HTTP/1.1" 200 414 "binance.com" "Mozilla/5.0 (Windows NT 10.0; Win64; x64) AppleWebKit/537.36 (KHTML, like Gecko) Chrome/90.0.4430.85 Safari/537.36"
191.96.207.232 - - [11/Jan/2025:18:15:01 +0300] "GET /wp-admin/css/colors/sunrise/%20 HTTP/1.1" 500 3097 "binance.com" "Mozilla/5.0 (Windows NT 10.0; Win64; x64) AppleWebKit/537.36 (KHTML, like Gecko) Chrome/90.0.4430.85 Safari/537.36"
85.208.96.208 - - [11/Jan/2025:18:15:08 +0300] "GET /gallery/?ncdc-50-conference&ncdc-50-launch&ncdc-50-launch&sample&stepu&stepu&stepu&welcome-remarks%3F32 HTTP/1.1" 200 2016 "-" "Mozilla/5.0 (compatible; SemrushBot/7~bl; +http://www.semrush.com/bot.html)"
191.96.207.232 - - [11/Jan/2025:18:15:12 +0300] "GET /wp-admin/images/ HTTP/1.1" 200 1466 "binance.com" "Mozilla/5.0 (Windows NT 10.0; Win64; x64) AppleWebKit/537.36 (KHTML, like Gecko) Chrome/90.0.4430.85 Safari/537.36"
85.208.96.201 - - [11/Jan/2025:18:15:14 +0300] "GET /gallery/?job-fair&job-fair&ncdc-collaboration&ncdc-collaboration&ncdc-collaboration&parliament&sample%3F20%3F1 HTTP/1.1" 200 2017 "-" "Mozilla/5.0 (compatible; SemrushBot/7~bl; +http://www.semrush.com/bot.html)"
191.96.207.232 - - [11/Jan/2025:18:15:18 +0300] "GET /wp-admin/js/ HTTP/1.1" 200 1726 "binance.com" "Mozilla/5.0 (Windows NT 10.0; Win64; x64) AppleWebKit/537.36 (KHTML, like Gecko) Chrome/90.0.4430.85 Safari/537.36"
191.96.207.232 - - [11/Jan/2025:18:15:22 +0300] "GET /wp-admin/js/widgets/ HTTP/1.1" 200 564 "binance.com" "Mozilla/5.0 (Windows NT 10.0; Win64; x64) AppleWebKit/537.36 (KHTML, like Gecko) Chrome/90.0.4430.85 Safari/537.36"
85.208.96.210 - - [11/Jan/2025:18:15:25 +0300] "GET /gallery?50-conference-venue&aca&government-trains-teachers-lab-technicians&parliament&parliament&sample%3Fconsultation-on-a-level-curriculum-review HTTP/1.1" 200 2018 "-" "Mozilla/5.0 (compatible; SemrushBot/7~bl; +http://www.semrush.com/bot.html)"
162.144.135.175 - - [11/Jan/2025:18:15:30 +0300] "POST /wp-login.php HTTP/1.1" 200 2020 "-" "Mozilla/5.0 (Windows NT 6.1) AppleWebKit/537.36 (KHTML, like Gecko) Chrome/65.0.3325.181 Safari/537.36"
18.116.205.62 - - [11/Jan/2025:18:15:31 +0300] "HEAD / HTTP/1.1" 200 - "https://ncdc.go.ug/" "Mozilla/5.0+(compatible; UptimeRobot/2.0; http://www.uptimerobot.com/)"
191.96.207.232 - - [11/Jan/2025:18:15:35 +0300] "GET /wp-includes/ HTTP/1.1" 200 4071 "binance.com" "Mozilla/5.0 (Windows NT 10.0; Win64; x64) AppleWebKit/537.36 (KHTML, like Gecko) Chrome/90.0.4430.85 Safari/537.36"
154.72.192.35 - - [11/Jan/2025:18:15:43 +0300] "HEAD / HTTP/1.1" 200 - "-" "Uptime-Kuma/1.23.11"
85.208.96.201 - - [11/Jan/2025:18:15:46 +0300] "GET /gallery?about-the-conference&aca&aca&aca&ncdc-50-conference&ncdc-collaboration&parliament&sample%3F22%3F134 HTTP/1.1" 200 2017 "-" "Mozilla/5.0 (compatible; SemrushBot/7~bl; +http://www.semrush.com/bot.html)"
191.96.207.232 - - [11/Jan/2025:18:15:55 +0300] "GET /wp-includes/ID3/ HTTP/1.1" 200 643 "binance.com" "Mozilla/5.0 (Windows NT 10.0; Win64; x64) AppleWebKit/537.36 (KHTML, like Gecko) Chrome/90.0.4430.85 Safari/537.36"
85.208.96.195 - - [11/Jan/2025:18:15:56 +0300] "GET /gallery?50-conference-venue&chief-guest&job-fair&job-fair&ncdc-50-conference&ncdc-50-conference&sample&stepu HTTP/1.1" 200 2018 "-" "Mozilla/5.0 (compatible; SemrushBot/7~bl; +http://www.semrush.com/bot.html)"
185.191.171.8 - - [11/Jan/2025:18:15:58 +0300] "GET /gallery/?chief-guest&job-fair&ncdc-50-conference&ncdc-50-conference&ncdc-50-launch&parliament&sample%3F22%3F25 HTTP/1.1" 200 2017 "-" "Mozilla/5.0 (compatible; SemrushBot/7~bl; +http://www.semrush.com/bot.html)"
191.96.207.232 - - [11/Jan/2025:18:16:06 +0300] "GET /wp-includes/ID3/ HTTP/1.1" 200 643 "binance.com" "Mozilla/5.0 (Windows NT 10.0; Win64; x64) AppleWebKit/537.36 (KHTML, like Gecko) Chrome/90.0.4430.85 Safari/537.36"
191.96.207.232 - - [11/Jan/2025:18:16:08 +0300] "GET /wp-includes/IXR/ HTTP/1.1" 200 530 "binance.com" "Mozilla/5.0 (Windows NT 10.0; Win64; x64) AppleWebKit/537.36 (KHTML, like Gecko) Chrome/90.0.4430.85 Safari/537.36"
191.96.207.232 - - [11/Jan/2025:18:16:15 +0300] "GET /wp-includes/IXR/ HTTP/1.1" 200 530 "binance.com" "Mozilla/5.0 (Windows NT 10.0; Win64; x64) AppleWebKit/537.36 (KHTML, like Gecko) Chrome/90.0.4430.85 Safari/537.36"
191.96.207.232 - - [11/Jan/2025:18:16:28 +0300] "GET /wp-includes/PHPMailer/ HTTP/1.1" 200 397 "binance.com" "Mozilla/5.0 (Windows NT 10.0; Win64; x64) AppleWebKit/537.36 (KHTML, like Gecko) Chrome/90.0.4430.85 Safari/537.36"
40.77.167.7 - - [11/Jan/2025:18:16:33 +0300] "GET /resource/?_page=18 HTTP/2.0" 200 2017 "-" "Mozilla/5.0 AppleWebKit/537.36 (KHTML, like Gecko; compatible; bingbot/2.0; +http://www.bing.com/bingbot.htm) Chrome/116.0.1938.76 Safari/537.36"
85.208.96.194 - - [11/Jan/2025:18:16:36 +0300] "GET /gallery?50-conference-venue&aca&government-trains-teachers-lab-technicians&ncdc-50-launch&ncdc-50-launch&sample%3F22%3F33 HTTP/1.1" 200 2018 "-" "Mozilla/5.0 (compatible; SemrushBot/7~bl; +http://www.semrush.com/bot.html)"
191.96.207.232 - - [11/Jan/2025:18:16:43 +0300] "GET /wp-includes/PHPMailer/ HTTP/1.1" 200 397 "binance.com" "Mozilla/5.0 (Windows NT 10.0; Win64; x64) AppleWebKit/537.36 (KHTML, like Gecko) Chrome/90.0.4430.85 Safari/537.36"
154.72.192.35 - - [11/Jan/2025:18:16:43 +0300] "HEAD / HTTP/1.1" 200 - "-" "Uptime-Kuma/1.23.11"
185.191.171.16 - - [11/Jan/2025:18:16:44 +0300] "GET /gallery/?50-conference-venue&50-conference-venue&government-trains-teachers-lab-technicians&job-fair&sample%3Fconsultation-on-a-level-curriculum-review HTTP/1.1" 200 2017 "-" "Mozilla/5.0 (compatible; SemrushBot/7~bl; +http://www.semrush.com/bot.html)"
34.198.201.66 - - [11/Jan/2025:18:16:51 +0300] "HEAD / HTTP/1.1" 200 - "https://ncdc.go.ug" "Mozilla/5.0+(compatible; UptimeRobot/2.0; http://www.uptimerobot.com/)"
191.96.207.232 - - [11/Jan/2025:18:16:53 +0300] "GET /wp-includes/Text/ HTTP/1.1" 200 391 "binance.com" "Mozilla/5.0 (Windows NT 10.0; Win64; x64) AppleWebKit/537.36 (KHTML, like Gecko) Chrome/90.0.4430.85 Safari/537.36"
185.191.171.11 - - [11/Jan/2025:18:17:02 +0300] "GET /gallery/?21&50-conference-venue&50-conference-venue&about-the-conference&chief-guest&chief-guest%3Fstate-minister-for-primary-launching-ncdc-50 HTTP/1.1" 200 2017 "-" "Mozilla/5.0 (compatible; SemrushBot/7~bl; +http://www.semrush.com/bot.html)"
185.191.171.11 - - [11/Jan/2025:18:17:05 +0300] "GET /gallery?chief-guest&chief-guest&ncdc-50-conference&ncdc-50-conference&ncdc-50-conference&parliament&sample%3F22%3Fdirector-launching-ncdc-50 HTTP/1.1" 200 2017 "-" "Mozilla/5.0 (compatible; SemrushBot/7~bl; +http://www.semrush.com/bot.html)"
191.96.207.232 - - [11/Jan/2025:18:17:08 +0300] "GET /wp-includes/Text/ HTTP/1.1" 200 391 "binance.com" "Mozilla/5.0 (Windows NT 10.0; Win64; x64) AppleWebKit/537.36 (KHTML, like Gecko) Chrome/90.0.4430.85 Safari/537.36"
185.191.171.17 - - [11/Jan/2025:18:17:07 +0300] "GET /gallery/?instructional-materials-unit&ncdc-50-conference&ncdc-50-launch&ncdc-50-launch&ncdc-50-launch&sample%3F21%3F56 HTTP/1.1" 200 2016 "-" "Mozilla/5.0 (compatible; SemrushBot/7~bl; +http://www.semrush.com/bot.html)"
85.208.96.210 - - [11/Jan/2025:18:17:10 +0300] "GET /gallery?job-fair&ncdc-50-conference&ncdc-50-conference&ncdc-50-launch&sample%3F21&welcome-remarks&welcome-remarks%3Finstructional-materials HTTP/1.1" 200 2018 "-" "Mozilla/5.0 (compatible; SemrushBot/7~bl; +http://www.semrush.com/bot.html)"
102.0.17.25 - - [11/Jan/2025:18:17:11 +0300] "GET /books/cre-syllabus/ HTTP/2.0" 500 3095 "https://www.google.com/" "Mozilla/5.0 (Linux; Android 10; K) AppleWebKit/537.36 (KHTML, like Gecko) Chrome/131.0.0.0 Mobile Safari/537.36"
102.0.17.25 - - [11/Jan/2025:18:17:12 +0300] "GET /favicon.ico HTTP/2.0" 500 3095 "https://ncdc.go.ug/books/cre-syllabus/" "Mozilla/5.0 (Linux; Android 10; K) AppleWebKit/537.36 (KHTML, like Gecko) Chrome/131.0.0.0 Mobile Safari/537.36"
85.208.96.202 - - [11/Jan/2025:18:17:38 +0300] "GET /gallery/?aca&ncdc-50-conference&ncdc-50-conference&parliament&sample&stepu&thanks&welcome-remarks%3F57 HTTP/1.1" 200 2017 "-" "Mozilla/5.0 (compatible; SemrushBot/7~bl; +http://www.semrush.com/bot.html)"
154.72.192.35 - - [11/Jan/2025:18:17:44 +0300] "HEAD / HTTP/1.1" 200 - "-" "Uptime-Kuma/1.23.11"
47.128.63.178 - - [11/Jan/2025:18:17:48 +0300] "GET /?filesrc=%2Fhome%2Fncdcgo%2Fpublic_html%2F.DS_Store&path=%2Fhome%2Fncdcgo%2Fpublic_html HTTP/2.0" 200 684 "-" "Mozilla/5.0 (Linux; Android 5.0) AppleWebKit/537.36 (KHTML, like Gecko) Mobile Safari/537.36 (compatible; Bytespider; spider-feedback@bytedance.com)"
41.210.143.56 - - [11/Jan/2025:18:17:48 +0300] "GET /templates/shaper_wayne_corp/favicon.ico HTTP/2.0" 500 3097 "-" "Mozilla/5.0 (Android 11; Mobile; rv:131.0) Gecko/131.0 Firefox/131.0"
41.210.143.56 - - [11/Jan/2025:18:17:48 +0300] "GET /sites/all/themes/omega/omega/apple-touch-icon-precomposed.png HTTP/2.0" 500 3097 "-" "Mozilla/5.0 (Android 11; Mobile; rv:131.0) Gecko/131.0 Firefox/131.0"
41.210.143.56 - - [11/Jan/2025:18:17:48 +0300] "GET /templates/shaper_wayne_corp/images/favicon.ico HTTP/2.0" 500 3097 "-" "Mozilla/5.0 (Android 11; Mobile; rv:131.0) Gecko/131.0 Firefox/131.0"
41.210.143.56 - - [11/Jan/2025:18:17:48 +0300] "GET /sites/all/themes/omega/omega/apple-touch-icon-precomposed-72x72.png HTTP/2.0" 500 3097 "-" "Mozilla/5.0 (Android 11; Mobile; rv:131.0) Gecko/131.0 Firefox/131.0"
41.210.143.56 - - [11/Jan/2025:18:17:48 +0300] "GET /sites/all/themes/omega/omega/apple-touch-icon-precomposed-144x144.png HTTP/2.0" 500 3097 "-" "Mozilla/5.0 (Android 11; Mobile; rv:131.0) Gecko/131.0 Firefox/131.0"
41.210.143.56 - - [11/Jan/2025:18:17:49 +0300] "GET /sites/all/themes/omega/omega/apple-touch-icon-precomposed-114x114.png HTTP/2.0" 500 3097 "-" "Mozilla/5.0 (Android 11; Mobile; rv:131.0) Gecko/131.0 Firefox/131.0"
191.96.207.232 - - [11/Jan/2025:18:17:50 +0300] "GET /wp-includes/Text/Diff/Engine/ HTTP/1.1" 200 415 "binance.com" "Mozilla/5.0 (Windows NT 10.0; Win64; x64) AppleWebKit/537.36 (KHTML, like Gecko) Chrome/90.0.4430.85 Safari/537.36"
41.210.143.56 - - [11/Jan/2025:18:17:54 +0300] "GET /sites/all/themes/omega/omega/apple-touch-icon-precomposed-72x72.png HTTP/2.0" 500 3097 "-" "Mozilla/5.0 (Android 11; Mobile; rv:131.0) Gecko/131.0 Firefox/131.0"
41.210.143.56 - - [11/Jan/2025:18:17:54 +0300] "GET /sites/all/themes/omega/omega/apple-touch-icon-precomposed-144x144.png HTTP/2.0" 500 3097 "-" "Mozilla/5.0 (Android 11; Mobile; rv:131.0) Gecko/131.0 Firefox/131.0"
41.210.143.56 - - [11/Jan/2025:18:17:54 +0300] "GET /sites/all/themes/omega/omega/apple-touch-icon-precomposed-114x114.png HTTP/2.0" 500 3097 "-" "Mozilla/5.0 (Android 11; Mobile; rv:131.0) Gecko/131.0 Firefox/131.0"
41.210.143.56 - - [11/Jan/2025:18:17:54 +0300] "GET /sites/all/themes/omega/omega/apple-touch-icon-precomposed.png HTTP/2.0" 500 3097 "-" "Mozilla/5.0 (Android 11; Mobile; rv:131.0) Gecko/131.0 Firefox/131.0"
185.191.171.13 - - [11/Jan/2025:18:17:54 +0300] "GET /gallery/?50-conference-venue&50-conference-venue&ncdc-50-conference&ncdc-collaboration&ncdc-collaboration&sample%3F22%3Finstructional-materials HTTP/1.1" 200 2017 "-" "Mozilla/5.0 (compatible; SemrushBot/7~bl; +http://www.semrush.com/bot.html)"
41.210.143.56 - - [11/Jan/2025:18:17:54 +0300] "GET /templates/shaper_wayne_corp/favicon.ico HTTP/2.0" 500 3097 "-" "Mozilla/5.0 (Android 11; Mobile; rv:131.0) Gecko/131.0 Firefox/131.0"
41.210.143.56 - - [11/Jan/2025:18:17:54 +0300] "GET /templates/shaper_wayne_corp/images/favicon.ico HTTP/2.0" 500 3097 "-" "Mozilla/5.0 (Android 11; Mobile; rv:131.0) Gecko/131.0 Firefox/131.0"
41.210.143.56 - - [11/Jan/2025:18:17:56 +0300] "GET /sites/all/themes/omega/omega/apple-touch-icon-precomposed-144x144.png HTTP/2.0" 500 3097 "-" "Mozilla/5.0 (Android 11; Mobile; rv:131.0) Gecko/131.0 Firefox/131.0"
41.210.143.56 - - [11/Jan/2025:18:17:56 +0300] "GET /sites/all/themes/omega/omega/apple-touch-icon-precomposed-114x114.png HTTP/2.0" 500 3097 "-" "Mozilla/5.0 (Android 11; Mobile; rv:131.0) Gecko/131.0 Firefox/131.0"
41.210.143.56 - - [11/Jan/2025:18:17:56 +0300] "GET /sites/all/themes/omega/omega/apple-touch-icon-precomposed-72x72.png HTTP/2.0" 500 3097 "-" "Mozilla/5.0 (Android 11; Mobile; rv:131.0) Gecko/131.0 Firefox/131.0"
41.210.143.56 - - [11/Jan/2025:18:17:56 +0300] "GET /sites/all/themes/omega/omega/apple-touch-icon-precomposed.png HTTP/2.0" 500 3097 "-" "Mozilla/5.0 (Android 11; Mobile; rv:131.0) Gecko/131.0 Firefox/131.0"
41.210.143.56 - - [11/Jan/2025:18:17:57 +0300] "GET /templates/shaper_wayne_corp/favicon.ico HTTP/2.0" 500 3097 "-" "Mozilla/5.0 (Android 11; Mobile; rv:131.0) Gecko/131.0 Firefox/131.0"
41.210.143.56 - - [11/Jan/2025:18:17:57 +0300] "GET /templates/shaper_wayne_corp/images/favicon.ico HTTP/2.0" 500 3097 "-" "Mozilla/5.0 (Android 11; Mobile; rv:131.0) Gecko/131.0 Firefox/131.0"
41.210.143.56 - - [11/Jan/2025:18:18:00 +0300] "GET /sites/all/themes/omega/omega/apple-touch-icon-precomposed.png HTTP/2.0" 500 3097 "-" "Mozilla/5.0 (Android 11; Mobile; rv:131.0) Gecko/131.0 Firefox/131.0"
41.210.143.56 - - [11/Jan/2025:18:18:00 +0300] "GET /sites/all/themes/omega/omega/apple-touch-icon-precomposed-144x144.png HTTP/2.0" 500 3097 "-" "Mozilla/5.0 (Android 11; Mobile; rv:131.0) Gecko/131.0 Firefox/131.0"
41.210.143.56 - - [11/Jan/2025:18:18:00 +0300] "GET /sites/all/themes/omega/omega/apple-touch-icon-precomposed-72x72.png HTTP/2.0" 500 3097 "-" "Mozilla/5.0 (Android 11; Mobile; rv:131.0) Gecko/131.0 Firefox/131.0"
41.210.143.56 - - [11/Jan/2025:18:18:00 +0300] "GET /sites/all/themes/omega/omega/apple-touch-icon-precomposed-114x114.png HTTP/2.0" 500 3097 "-" "Mozilla/5.0 (Android 11; Mobile; rv:131.0) Gecko/131.0 Firefox/131.0"
41.210.143.56 - - [11/Jan/2025:18:18:01 +0300] "GET /templates/shaper_wayne_corp/images/favicon.ico HTTP/2.0" 500 3097 "-" "Mozilla/5.0 (Android 11; Mobile; rv:131.0) Gecko/131.0 Firefox/131.0"
41.210.143.56 - - [11/Jan/2025:18:18:01 +0300] "GET /templates/shaper_wayne_corp/favicon.ico HTTP/2.0" 500 3097 "-" "Mozilla/5.0 (Android 11; Mobile; rv:131.0) Gecko/131.0 Firefox/131.0"
191.96.207.232 - - [11/Jan/2025:18:18:02 +0300] "GET /wp-includes/Text/Diff/Engine/ HTTP/1.1" 200 415 "binance.com" "Mozilla/5.0 (Windows NT 10.0; Win64; x64) AppleWebKit/537.36 (KHTML, like Gecko) Chrome/90.0.4430.85 Safari/537.36"
185.191.171.7 - - [11/Jan/2025:18:18:04 +0300] "GET /gallery/?50-conference-venue&aca&aca&aca&chief-guest&ncdc-50-conference&ncdc-collaboration&sample%3F35 HTTP/1.1" 200 2017 "-" "Mozilla/5.0 (compatible; SemrushBot/7~bl; +http://www.semrush.com/bot.html)"
41.210.143.56 - - [11/Jan/2025:18:18:05 +0300] "GET /sites/all/themes/omega/omega/apple-touch-icon-precomposed-144x144.png HTTP/2.0" 500 3097 "-" "Mozilla/5.0 (Android 11; Mobile; rv:131.0) Gecko/131.0 Firefox/131.0"
41.210.143.56 - - [11/Jan/2025:18:18:05 +0300] "GET /sites/all/themes/omega/omega/apple-touch-icon-precomposed-114x114.png HTTP/2.0" 500 3097 "-" "Mozilla/5.0 (Android 11; Mobile; rv:131.0) Gecko/131.0 Firefox/131.0"
41.210.143.56 - - [11/Jan/2025:18:18:05 +0300] "GET /sites/all/themes/omega/omega/apple-touch-icon-precomposed-72x72.png HTTP/2.0" 500 3097 "-" "Mozilla/5.0 (Android 11; Mobile; rv:131.0) Gecko/131.0 Firefox/131.0"
41.210.143.56 - - [11/Jan/2025:18:18:05 +0300] "GET /sites/all/themes/omega/omega/apple-touch-icon-precomposed.png HTTP/2.0" 500 3097 "-" "Mozilla/5.0 (Android 11; Mobile; rv:131.0) Gecko/131.0 Firefox/131.0"
41.210.143.56 - - [11/Jan/2025:18:18:06 +0300] "GET /templates/shaper_wayne_corp/favicon.ico HTTP/2.0" 500 3097 "-" "Mozilla/5.0 (Android 11; Mobile; rv:131.0) Gecko/131.0 Firefox/131.0"
41.210.143.56 - - [11/Jan/2025:18:18:06 +0300] "GET /templates/shaper_wayne_corp/images/favicon.ico HTTP/2.0" 500 3097 "-" "Mozilla/5.0 (Android 11; Mobile; rv:131.0) Gecko/131.0 Firefox/131.0"
41.210.143.56 - - [11/Jan/2025:18:18:10 +0300] "GET /sites/all/themes/omega/omega/apple-touch-icon-precomposed-144x144.png HTTP/2.0" 500 3097 "-" "Mozilla/5.0 (Android 11; Mobile; rv:131.0) Gecko/131.0 Firefox/131.0"
41.210.143.56 - - [11/Jan/2025:18:18:10 +0300] "GET /sites/all/themes/omega/omega/apple-touch-icon-precomposed-114x114.png HTTP/2.0" 500 3097 "-" "Mozilla/5.0 (Android 11; Mobile; rv:131.0) Gecko/131.0 Firefox/131.0"
41.210.143.56 - - [11/Jan/2025:18:18:10 +0300] "GET /sites/all/themes/omega/omega/apple-touch-icon-precomposed.png HTTP/2.0" 500 3097 "-" "Mozilla/5.0 (Android 11; Mobile; rv:131.0) Gecko/131.0 Firefox/131.0"
41.210.143.56 - - [11/Jan/2025:18:18:10 +0300] "GET /sites/all/themes/omega/omega/apple-touch-icon-precomposed-72x72.png HTTP/2.0" 500 3097 "-" "Mozilla/5.0 (Android 11; Mobile; rv:131.0) Gecko/131.0 Firefox/131.0"
41.210.143.56 - - [11/Jan/2025:18:18:10 +0300] "GET /templates/shaper_wayne_corp/favicon.ico HTTP/2.0" 500 3097 "-" "Mozilla/5.0 (Android 11; Mobile; rv:131.0) Gecko/131.0 Firefox/131.0"
41.210.143.56 - - [11/Jan/2025:18:18:10 +0300] "GET /templates/shaper_wayne_corp/images/favicon.ico HTTP/2.0" 500 3097 "-" "Mozilla/5.0 (Android 11; Mobile; rv:131.0) Gecko/131.0 Firefox/131.0"
41.210.143.56 - - [11/Jan/2025:18:18:13 +0300] "GET /sites/all/themes/omega/omega/apple-touch-icon-precomposed-144x144.png HTTP/2.0" 500 3097 "-" "Mozilla/5.0 (Android 11; Mobile; rv:131.0) Gecko/131.0 Firefox/131.0"
41.210.143.56 - - [11/Jan/2025:18:18:13 +0300] "GET /sites/all/themes/omega/omega/apple-touch-icon-precomposed-114x114.png HTTP/2.0" 500 3097 "-" "Mozilla/5.0 (Android 11; Mobile; rv:131.0) Gecko/131.0 Firefox/131.0"
41.210.143.56 - - [11/Jan/2025:18:18:13 +0300] "GET /sites/all/themes/omega/omega/apple-touch-icon-precomposed-72x72.png HTTP/2.0" 500 3097 "-" "Mozilla/5.0 (Android 11; Mobile; rv:131.0) Gecko/131.0 Firefox/131.0"
41.210.143.56 - - [11/Jan/2025:18:18:13 +0300] "GET /sites/all/themes/omega/omega/apple-touch-icon-precomposed.png HTTP/2.0" 500 3097 "-" "Mozilla/5.0 (Android 11; Mobile; rv:131.0) Gecko/131.0 Firefox/131.0"
41.210.143.56 - - [11/Jan/2025:18:18:14 +0300] "GET /templates/shaper_wayne_corp/favicon.ico HTTP/2.0" 500 3097 "-" "Mozilla/5.0 (Android 11; Mobile; rv:131.0) Gecko/131.0 Firefox/131.0"
41.210.143.56 - - [11/Jan/2025:18:18:14 +0300] "GET /templates/shaper_wayne_corp/images/favicon.ico HTTP/2.0" 500 3097 "-" "Mozilla/5.0 (Android 11; Mobile; rv:131.0) Gecko/131.0 Firefox/131.0"
87.250.224.53 - - [11/Jan/2025:18:18:15 +0300] "GET /robots.txt HTTP/1.1" 200 30638 "-" "Mozilla/5.0 (compatible; YandexBot/3.0; +http://yandex.com/bots)"
213.180.203.109 - - [11/Jan/2025:18:18:16 +0300] "GET /node/57 HTTP/1.1" 500 3097 "-" "Mozilla/5.0 (compatible; YandexBot/3.0; +http://yandex.com/bots)"
41.210.143.56 - - [11/Jan/2025:18:18:18 +0300] "GET /sites/all/themes/omega/omega/apple-touch-icon-precomposed-72x72.png HTTP/2.0" 500 3097 "-" "Mozilla/5.0 (Android 11; Mobile; rv:131.0) Gecko/131.0 Firefox/131.0"
41.210.143.56 - - [11/Jan/2025:18:18:18 +0300] "GET /sites/all/themes/omega/omega/apple-touch-icon-precomposed.png HTTP/2.0" 500 3097 "-" "Mozilla/5.0 (Android 11; Mobile; rv:131.0) Gecko/131.0 Firefox/131.0"
41.210.143.56 - - [11/Jan/2025:18:18:18 +0300] "GET /sites/all/themes/omega/omega/apple-touch-icon-precomposed-144x144.png HTTP/2.0" 500 3097 "-" "Mozilla/5.0 (Android 11; Mobile; rv:131.0) Gecko/131.0 Firefox/131.0"
41.210.143.56 - - [11/Jan/2025:18:18:18 +0300] "GET /sites/all/themes/omega/omega/apple-touch-icon-precomposed-114x114.png HTTP/2.0" 500 3097 "-" "Mozilla/5.0 (Android 11; Mobile; rv:131.0) Gecko/131.0 Firefox/131.0"
41.210.143.56 - - [11/Jan/2025:18:18:19 +0300] "GET /templates/shaper_wayne_corp/favicon.ico HTTP/2.0" 500 3097 "-" "Mozilla/5.0 (Android 11; Mobile; rv:131.0) Gecko/131.0 Firefox/131.0"
41.210.143.56 - - [11/Jan/2025:18:18:19 +0300] "GET /templates/shaper_wayne_corp/images/favicon.ico HTTP/2.0" 500 3097 "-" "Mozilla/5.0 (Android 11; Mobile; rv:131.0) Gecko/131.0 Firefox/131.0"
41.210.143.56 - - [11/Jan/2025:18:18:23 +0300] "GET /sites/all/themes/omega/omega/apple-touch-icon-precomposed-114x114.png HTTP/2.0" 500 3097 "-" "Mozilla/5.0 (Android 11; Mobile; rv:131.0) Gecko/131.0 Firefox/131.0"
41.210.143.56 - - [11/Jan/2025:18:18:23 +0300] "GET /sites/all/themes/omega/omega/apple-touch-icon-precomposed.png HTTP/2.0" 500 3097 "-" "Mozilla/5.0 (Android 11; Mobile; rv:131.0) Gecko/131.0 Firefox/131.0"
41.210.143.56 - - [11/Jan/2025:18:18:23 +0300] "GET /sites/all/themes/omega/omega/apple-touch-icon-precomposed-72x72.png HTTP/2.0" 500 3097 "-" "Mozilla/5.0 (Android 11; Mobile; rv:131.0) Gecko/131.0 Firefox/131.0"
41.210.143.56 - - [11/Jan/2025:18:18:23 +0300] "GET /sites/all/themes/omega/omega/apple-touch-icon-precomposed-144x144.png HTTP/2.0" 500 3097 "-" "Mozilla/5.0 (Android 11; Mobile; rv:131.0) Gecko/131.0 Firefox/131.0"
41.210.143.56 - - [11/Jan/2025:18:18:24 +0300] "GET /templates/shaper_wayne_corp/images/favicon.ico HTTP/2.0" 500 3097 "-" "Mozilla/5.0 (Android 11; Mobile; rv:131.0) Gecko/131.0 Firefox/131.0"
41.210.143.56 - - [11/Jan/2025:18:18:24 +0300] "GET /templates/shaper_wayne_corp/favicon.ico HTTP/2.0" 500 3097 "-" "Mozilla/5.0 (Android 11; Mobile; rv:131.0) Gecko/131.0 Firefox/131.0"
41.210.155.170 - - [11/Jan/2025:18:18:25 +0300] "GET /wp-content/uploads/2024/03/Curriculum_Framework.pdf HTTP/2.0" 200 210506 "https://www.google.com/" "Mozilla/5.0 (Linux; U; Android 12; en-us; TECNO KI5k Build/SP1A.210812.016) AppleWebKit/537.36 (KHTML, like Gecko) Chrome/105.0.5195.136 Mobile Safari/537.36 PHX/17.0"
41.210.143.56 - - [11/Jan/2025:18:18:28 +0300] "GET /sites/all/themes/omega/omega/apple-touch-icon-precomposed-144x144.png HTTP/2.0" 500 3097 "-" "Mozilla/5.0 (Android 11; Mobile; rv:131.0) Gecko/131.0 Firefox/131.0"
41.210.143.56 - - [11/Jan/2025:18:18:28 +0300] "GET /sites/all/themes/omega/omega/apple-touch-icon-precomposed-72x72.png HTTP/2.0" 500 3097 "-" "Mozilla/5.0 (Android 11; Mobile; rv:131.0) Gecko/131.0 Firefox/131.0"
41.210.143.56 - - [11/Jan/2025:18:18:28 +0300] "GET /sites/all/themes/omega/omega/apple-touch-icon-precomposed.png HTTP/2.0" 500 3097 "-" "Mozilla/5.0 (Android 11; Mobile; rv:131.0) Gecko/131.0 Firefox/131.0"
41.210.143.56 - - [11/Jan/2025:18:18:28 +0300] "GET /sites/all/themes/omega/omega/apple-touch-icon-precomposed-114x114.png HTTP/2.0" 500 3097 "-" "Mozilla/5.0 (Android 11; Mobile; rv:131.0) Gecko/131.0 Firefox/131.0"
41.210.143.56 - - [11/Jan/2025:18:18:28 +0300] "GET /templates/shaper_wayne_corp/favicon.ico HTTP/2.0" 500 3097 "-" "Mozilla/5.0 (Android 11; Mobile; rv:131.0) Gecko/131.0 Firefox/131.0"
41.210.143.56 - - [11/Jan/2025:18:18:28 +0300] "GET /templates/shaper_wayne_corp/images/favicon.ico HTTP/2.0" 500 3097 "-" "Mozilla/5.0 (Android 11; Mobile; rv:131.0) Gecko/131.0 Firefox/131.0"
85.208.96.203 - - [11/Jan/2025:18:18:28 +0300] "GET /gallery?50-conference-venue&ncdc-collaboration&parliament&refresher-training-for-centre-coordinating-tutors-ccts&sample%3F22%3F30 HTTP/1.1" 200 2017 "-" "Mozilla/5.0 (compatible; SemrushBot/7~bl; +http://www.semrush.com/bot.html)"
41.210.143.56 - - [11/Jan/2025:18:18:31 +0300] "GET /sites/all/themes/omega/omega/apple-touch-icon-precomposed-72x72.png HTTP/2.0" 500 3097 "-" "Mozilla/5.0 (Android 11; Mobile; rv:131.0) Gecko/131.0 Firefox/131.0"
41.210.143.56 - - [11/Jan/2025:18:18:31 +0300] "GET /sites/all/themes/omega/omega/apple-touch-icon-precomposed-144x144.png HTTP/2.0" 500 3097 "-" "Mozilla/5.0 (Android 11; Mobile; rv:131.0) Gecko/131.0 Firefox/131.0"
41.210.143.56 - - [11/Jan/2025:18:18:31 +0300] "GET /sites/all/themes/omega/omega/apple-touch-icon-precomposed.png HTTP/2.0" 500 3097 "-" "Mozilla/5.0 (Android 11; Mobile; rv:131.0) Gecko/131.0 Firefox/131.0"
41.210.143.56 - - [11/Jan/2025:18:18:31 +0300] "GET /sites/all/themes/omega/omega/apple-touch-icon-precomposed-114x114.png HTTP/2.0" 500 3097 "-" "Mozilla/5.0 (Android 11; Mobile; rv:131.0) Gecko/131.0 Firefox/131.0"
41.210.143.56 - - [11/Jan/2025:18:18:32 +0300] "GET /templates/shaper_wayne_corp/images/favicon.ico HTTP/2.0" 500 3097 "-" "Mozilla/5.0 (Android 11; Mobile; rv:131.0) Gecko/131.0 Firefox/131.0"
41.210.143.56 - - [11/Jan/2025:18:18:32 +0300] "GET /templates/shaper_wayne_corp/favicon.ico HTTP/2.0" 500 3097 "-" "Mozilla/5.0 (Android 11; Mobile; rv:131.0) Gecko/131.0 Firefox/131.0"
85.208.96.195 - - [11/Jan/2025:18:18:33 +0300] "GET /gallery?aca&chief-guest&instructional-materials-unit&ncdc-50-conference&ncdc-50-launch&parliament&sample%3F22%3F25 HTTP/1.1" 200 2018 "-" "Mozilla/5.0 (compatible; SemrushBot/7~bl; +http://www.semrush.com/bot.html)"
41.210.155.170 - - [11/Jan/2025:18:18:34 +0300] "GET /wp-content/uploads/2024/03/Curriculum_Framework.pdf HTTP/2.0" 200 178122 "https://www.google.com/" "Mozilla/5.0 (Linux; U; Android 12; en-us; TECNO KI5k Build/SP1A.210812.016) AppleWebKit/537.36 (KHTML, like Gecko) Chrome/105.0.5195.136 Mobile Safari/537.36 PHX/17.0"
191.96.207.232 - - [11/Jan/2025:18:18:36 +0300] "GET /wp-includes/blocks/ HTTP/1.1" 200 2 "binance.com" "Mozilla/5.0 (Windows NT 10.0; Win64; x64) AppleWebKit/537.36 (KHTML, like Gecko) Chrome/90.0.4430.85 Safari/537.36"
41.210.143.56 - - [11/Jan/2025:18:18:36 +0300] "GET /sites/all/themes/omega/omega/apple-touch-icon-precomposed-144x144.png HTTP/2.0" 500 3097 "-" "Mozilla/5.0 (Android 11; Mobile; rv:131.0) Gecko/131.0 Firefox/131.0"
41.210.143.56 - - [11/Jan/2025:18:18:36 +0300] "GET /sites/all/themes/omega/omega/apple-touch-icon-precomposed.png HTTP/2.0" 500 3097 "-" "Mozilla/5.0 (Android 11; Mobile; rv:131.0) Gecko/131.0 Firefox/131.0"
41.210.143.56 - - [11/Jan/2025:18:18:36 +0300] "GET /sites/all/themes/omega/omega/apple-touch-icon-precomposed-72x72.png HTTP/2.0" 500 3097 "-" "Mozilla/5.0 (Android 11; Mobile; rv:131.0) Gecko/131.0 Firefox/131.0"
41.210.143.56 - - [11/Jan/2025:18:18:36 +0300] "GET /sites/all/themes/omega/omega/apple-touch-icon-precomposed-114x114.png HTTP/2.0" 500 3097 "-" "Mozilla/5.0 (Android 11; Mobile; rv:131.0) Gecko/131.0 Firefox/131.0"
41.210.143.56 - - [11/Jan/2025:18:18:37 +0300] "GET /templates/shaper_wayne_corp/favicon.ico HTTP/2.0" 500 3097 "-" "Mozilla/5.0 (Android 11; Mobile; rv:131.0) Gecko/131.0 Firefox/131.0"
41.210.143.56 - - [11/Jan/2025:18:18:37 +0300] "GET /templates/shaper_wayne_corp/images/favicon.ico HTTP/2.0" 500 3097 "-" "Mozilla/5.0 (Android 11; Mobile; rv:131.0) Gecko/131.0 Firefox/131.0"
41.210.143.56 - - [11/Jan/2025:18:18:40 +0300] "GET /sites/all/themes/omega/omega/apple-touch-icon-precomposed-144x144.png HTTP/2.0" 500 3097 "-" "Mozilla/5.0 (Android 11; Mobile; rv:131.0) Gecko/131.0 Firefox/131.0"
41.210.143.56 - - [11/Jan/2025:18:18:40 +0300] "GET /sites/all/themes/omega/omega/apple-touch-icon-precomposed-72x72.png HTTP/2.0" 500 3097 "-" "Mozilla/5.0 (Android 11; Mobile; rv:131.0) Gecko/131.0 Firefox/131.0"
41.210.143.56 - - [11/Jan/2025:18:18:40 +0300] "GET /sites/all/themes/omega/omega/apple-touch-icon-precomposed-114x114.png HTTP/2.0" 500 3097 "-" "Mozilla/5.0 (Android 11; Mobile; rv:131.0) Gecko/131.0 Firefox/131.0"
41.210.143.56 - - [11/Jan/2025:18:18:40 +0300] "GET /sites/all/themes/omega/omega/apple-touch-icon-precomposed.png HTTP/2.0" 500 3097 "-" "Mozilla/5.0 (Android 11; Mobile; rv:131.0) Gecko/131.0 Firefox/131.0"
41.210.143.56 - - [11/Jan/2025:18:18:41 +0300] "GET /templates/shaper_wayne_corp/favicon.ico HTTP/2.0" 500 3097 "-" "Mozilla/5.0 (Android 11; Mobile; rv:131.0) Gecko/131.0 Firefox/131.0"
41.210.143.56 - - [11/Jan/2025:18:18:41 +0300] "GET /templates/shaper_wayne_corp/images/favicon.ico HTTP/2.0" 500 3097 "-" "Mozilla/5.0 (Android 11; Mobile; rv:131.0) Gecko/131.0 Firefox/131.0"
185.191.171.17 - - [11/Jan/2025:18:18:44 +0300] "GET /gallery/?ncdc-50-conference&refresher-training-for-centre-coordinating-tutors-ccts&refresher-training-for-centre-coordinating-tutors-ccts&sample&stepu HTTP/1.1" 200 2016 "-" "Mozilla/5.0 (compatible; SemrushBot/7~bl; +http://www.semrush.com/bot.html)"
154.72.192.35 - - [11/Jan/2025:18:18:44 +0300] "HEAD / HTTP/1.1" 200 - "-" "Uptime-Kuma/1.23.11"
41.210.143.56 - - [11/Jan/2025:18:18:44 +0300] "GET /sites/all/themes/omega/omega/apple-touch-icon-precomposed-144x144.png HTTP/2.0" 500 3097 "-" "Mozilla/5.0 (Android 11; Mobile; rv:131.0) Gecko/131.0 Firefox/131.0"
41.210.143.56 - - [11/Jan/2025:18:18:44 +0300] "GET /sites/all/themes/omega/omega/apple-touch-icon-precomposed-114x114.png HTTP/2.0" 500 3097 "-" "Mozilla/5.0 (Android 11; Mobile; rv:131.0) Gecko/131.0 Firefox/131.0"
41.210.143.56 - - [11/Jan/2025:18:18:44 +0300] "GET /sites/all/themes/omega/omega/apple-touch-icon-precomposed-72x72.png HTTP/2.0" 500 3097 "-" "Mozilla/5.0 (Android 11; Mobile; rv:131.0) Gecko/131.0 Firefox/131.0"
41.210.143.56 - - [11/Jan/2025:18:18:44 +0300] "GET /sites/all/themes/omega/omega/apple-touch-icon-precomposed.png HTTP/2.0" 500 3097 "-" "Mozilla/5.0 (Android 11; Mobile; rv:131.0) Gecko/131.0 Firefox/131.0"
41.210.143.56 - - [11/Jan/2025:18:18:45 +0300] "GET /templates/shaper_wayne_corp/favicon.ico HTTP/2.0" 500 3097 "-" "Mozilla/5.0 (Android 11; Mobile; rv:131.0) Gecko/131.0 Firefox/131.0"
41.210.143.56 - - [11/Jan/2025:18:18:45 +0300] "GET /templates/shaper_wayne_corp/images/favicon.ico HTTP/2.0" 500 3097 "-" "Mozilla/5.0 (Android 11; Mobile; rv:131.0) Gecko/131.0 Firefox/131.0"
41.210.143.56 - - [11/Jan/2025:18:18:47 +0300] "GET /sites/all/themes/omega/omega/apple-touch-icon-precomposed-144x144.png HTTP/2.0" 500 3097 "-" "Mozilla/5.0 (Android 11; Mobile; rv:131.0) Gecko/131.0 Firefox/131.0"
41.210.143.56 - - [11/Jan/2025:18:18:47 +0300] "GET /sites/all/themes/omega/omega/apple-touch-icon-precomposed-114x114.png HTTP/2.0" 500 3097 "-" "Mozilla/5.0 (Android 11; Mobile; rv:131.0) Gecko/131.0 Firefox/131.0"
41.210.143.56 - - [11/Jan/2025:18:18:47 +0300] "GET /sites/all/themes/omega/omega/apple-touch-icon-precomposed.png HTTP/2.0" 500 3097 "-" "Mozilla/5.0 (Android 11; Mobile; rv:131.0) Gecko/131.0 Firefox/131.0"
41.210.143.56 - - [11/Jan/2025:18:18:47 +0300] "GET /sites/all/themes/omega/omega/apple-touch-icon-precomposed-72x72.png HTTP/2.0" 500 3097 "-" "Mozilla/5.0 (Android 11; Mobile; rv:131.0) Gecko/131.0 Firefox/131.0"
41.210.143.56 - - [11/Jan/2025:18:18:48 +0300] "GET /templates/shaper_wayne_corp/favicon.ico HTTP/2.0" 500 3097 "-" "Mozilla/5.0 (Android 11; Mobile; rv:131.0) Gecko/131.0 Firefox/131.0"
41.210.143.56 - - [11/Jan/2025:18:18:48 +0300] "GET /templates/shaper_wayne_corp/images/favicon.ico HTTP/2.0" 500 3097 "-" "Mozilla/5.0 (Android 11; Mobile; rv:131.0) Gecko/131.0 Firefox/131.0"
185.191.171.14 - - [11/Jan/2025:18:18:48 +0300] "GET /gallery?50-conference-venue&chief-guest&instructional-materials-unit&ncdc-50-conference&ncdc-50-conference&sample%3F22%3Fzambian-delegation-visiting-stepu HTTP/1.1" 200 2017 "-" "Mozilla/5.0 (compatible; SemrushBot/7~bl; +http://www.semrush.com/bot.html)"
41.210.143.56 - - [11/Jan/2025:18:18:51 +0300] "GET /sites/all/themes/omega/omega/apple-touch-icon-precomposed-144x144.png HTTP/2.0" 500 3097 "-" "Mozilla/5.0 (Android 11; Mobile; rv:131.0) Gecko/131.0 Firefox/131.0"
41.210.143.56 - - [11/Jan/2025:18:18:51 +0300] "GET /sites/all/themes/omega/omega/apple-touch-icon-precomposed-72x72.png HTTP/2.0" 500 3097 "-" "Mozilla/5.0 (Android 11; Mobile; rv:131.0) Gecko/131.0 Firefox/131.0"
41.210.143.56 - - [11/Jan/2025:18:18:51 +0300] "GET /sites/all/themes/omega/omega/apple-touch-icon-precomposed.png HTTP/2.0" 500 3097 "-" "Mozilla/5.0 (Android 11; Mobile; rv:131.0) Gecko/131.0 Firefox/131.0"
41.210.143.56 - - [11/Jan/2025:18:18:51 +0300] "GET /sites/all/themes/omega/omega/apple-touch-icon-precomposed-114x114.png HTTP/2.0" 500 3097 "-" "Mozilla/5.0 (Android 11; Mobile; rv:131.0) Gecko/131.0 Firefox/131.0"
41.210.155.170 - - [11/Jan/2025:18:18:52 +0300] "GET / HTTP/2.0" 500 3098 "https://www.google.com/" "Mozilla/5.0 (Linux; U; Android 12; en-us; TECNO KI5k Build/SP1A.210812.016) AppleWebKit/537.36 (KHTML, like Gecko) Chrome/105.0.5195.136 Mobile Safari/537.36 PHX/17.0"
41.210.143.56 - - [11/Jan/2025:18:18:52 +0300] "GET /templates/shaper_wayne_corp/favicon.ico HTTP/2.0" 500 3097 "-" "Mozilla/5.0 (Android 11; Mobile; rv:131.0) Gecko/131.0 Firefox/131.0"
41.210.143.56 - - [11/Jan/2025:18:18:52 +0300] "GET /templates/shaper_wayne_corp/images/favicon.ico HTTP/2.0" 500 3097 "-" "Mozilla/5.0 (Android 11; Mobile; rv:131.0) Gecko/131.0 Firefox/131.0"
41.210.155.170 - - [11/Jan/2025:18:18:53 +0300] "GET /favicon.ico HTTP/2.0" 500 3098 "https://ncdc.go.ug/" "Mozilla/5.0 (Linux; U; Android 12; en-us; TECNO KI5k Build/SP1A.210812.016) AppleWebKit/537.36 (KHTML, like Gecko) Chrome/105.0.5195.136 Mobile Safari/537.36 PHX/17.0"
41.210.155.170 - - [11/Jan/2025:18:18:53 +0300] "GET /favicon.ico HTTP/2.0" 500 3098 "-" "okhttp/4.10.0"
191.96.207.232 - - [11/Jan/2025:18:18:54 +0300] "GET /wp-includes/pomo/ HTTP/1.1" 200 444 "binance.com" "Mozilla/5.0 (Windows NT 10.0; Win64; x64) AppleWebKit/537.36 (KHTML, like Gecko) Chrome/90.0.4430.85 Safari/537.36"
41.210.155.170 - - [11/Jan/2025:18:18:54 +0300] "GET /favicon.ico HTTP/2.0" 500 3098 "-" "okhttp/4.10.0"
41.210.143.56 - - [11/Jan/2025:18:18:56 +0300] "GET /sites/all/themes/omega/omega/apple-touch-icon-precomposed-144x144.png HTTP/2.0" 500 3097 "-" "Mozilla/5.0 (Android 11; Mobile; rv:131.0) Gecko/131.0 Firefox/131.0"
41.210.143.56 - - [11/Jan/2025:18:18:59 +0300] "GET /sites/all/themes/omega/omega/apple-touch-icon-precomposed-144x144.png HTTP/2.0" 500 3097 "-" "Mozilla/5.0 (Android 11; Mobile; rv:131.0) Gecko/131.0 Firefox/131.0"
41.210.143.56 - - [11/Jan/2025:18:18:59 +0300] "GET /sites/all/themes/omega/omega/apple-touch-icon-precomposed-114x114.png HTTP/2.0" 500 3097 "-" "Mozilla/5.0 (Android 11; Mobile; rv:131.0) Gecko/131.0 Firefox/131.0"
41.210.143.56 - - [11/Jan/2025:18:18:59 +0300] "GET /sites/all/themes/omega/omega/apple-touch-icon-precomposed-72x72.png HTTP/2.0" 500 3097 "-" "Mozilla/5.0 (Android 11; Mobile; rv:131.0) Gecko/131.0 Firefox/131.0"
41.210.143.56 - - [11/Jan/2025:18:18:59 +0300] "GET /sites/all/themes/omega/omega/apple-touch-icon-precomposed.png HTTP/2.0" 500 3097 "-" "Mozilla/5.0 (Android 11; Mobile; rv:131.0) Gecko/131.0 Firefox/131.0"
41.210.143.56 - - [11/Jan/2025:18:19:00 +0300] "GET /templates/shaper_wayne_corp/favicon.ico HTTP/2.0" 500 3097 "-" "Mozilla/5.0 (Android 11; Mobile; rv:131.0) Gecko/131.0 Firefox/131.0"
41.210.143.56 - - [11/Jan/2025:18:19:00 +0300] "GET /templates/shaper_wayne_corp/images/favicon.ico HTTP/2.0" 500 3097 "-" "Mozilla/5.0 (Android 11; Mobile; rv:131.0) Gecko/131.0 Firefox/131.0"
41.210.143.56 - - [11/Jan/2025:18:19:04 +0300] "GET /sites/all/themes/omega/omega/apple-touch-icon-precomposed-114x114.png HTTP/2.0" 500 3097 "-" "Mozilla/5.0 (Android 11; Mobile; rv:131.0) Gecko/131.0 Firefox/131.0"
41.210.143.56 - - [11/Jan/2025:18:19:05 +0300] "GET /sites/all/themes/omega/omega/apple-touch-icon-precomposed-72x72.png HTTP/2.0" 500 3097 "-" "Mozilla/5.0 (Android 11; Mobile; rv:131.0) Gecko/131.0 Firefox/131.0"
41.210.143.56 - - [11/Jan/2025:18:19:05 +0300] "GET /sites/all/themes/omega/omega/apple-touch-icon-precomposed.png HTTP/2.0" 500 3097 "-" "Mozilla/5.0 (Android 11; Mobile; rv:131.0) Gecko/131.0 Firefox/131.0"
41.210.143.56 - - [11/Jan/2025:18:19:05 +0300] "GET /templates/shaper_wayne_corp/favicon.ico HTTP/2.0" 500 3097 "-" "Mozilla/5.0 (Android 11; Mobile; rv:131.0) Gecko/131.0 Firefox/131.0"
41.210.143.56 - - [11/Jan/2025:18:19:05 +0300] "GET /templates/shaper_wayne_corp/images/favicon.ico HTTP/2.0" 500 3097 "-" "Mozilla/5.0 (Android 11; Mobile; rv:131.0) Gecko/131.0 Firefox/131.0"
159.89.47.149 - - [11/Jan/2025:18:19:09 +0300] "POST /wp-login.php HTTP/1.1" 200 30638 "-" "Mozilla/5.0"
52.167.144.175 - - [11/Jan/2025:18:19:11 +0300] "GET /2025/01/09/deck-the-brand-new-halls-position-review-95-rtp-4000x-the-new-wager-maximum-win/ HTTP/2.0" 500 3098 "-" "Mozilla/5.0 AppleWebKit/537.36 (KHTML, like Gecko; compatible; bingbot/2.0; +http://www.bing.com/bingbot.htm) Chrome/116.0.1938.76 Safari/537.36"
191.96.207.232 - - [11/Jan/2025:18:19:12 +0300] "GET /wp-includes/pomo/ HTTP/1.1" 200 444 "binance.com" "Mozilla/5.0 (Windows NT 10.0; Win64; x64) AppleWebKit/537.36 (KHTML, like Gecko) Chrome/90.0.4430.85 Safari/537.36"
85.208.96.206 - - [11/Jan/2025:18:19:13 +0300] "GET /gallery/?government-trains-teachers-lab-technicians&ncdc-collaboration&ncdc-collaboration&ncdc-collaboration&sample%3Fzambian-delegation-visiting-stepu HTTP/1.1" 200 2017 "-" "Mozilla/5.0 (compatible; SemrushBot/7~bl; +http://www.semrush.com/bot.html)"
41.210.143.56 - - [11/Jan/2025:18:19:13 +0300] "GET /sites/all/themes/omega/omega/apple-touch-icon-precomposed-144x144.png HTTP/2.0" 500 3097 "-" "Mozilla/5.0 (Android 11; Mobile; rv:131.0) Gecko/131.0 Firefox/131.0"
41.210.143.56 - - [11/Jan/2025:18:19:13 +0300] "GET /sites/all/themes/omega/omega/apple-touch-icon-precomposed-114x114.png HTTP/2.0" 500 3097 "-" "Mozilla/5.0 (Android 11; Mobile; rv:131.0) Gecko/131.0 Firefox/131.0"
41.210.143.56 - - [11/Jan/2025:18:19:14 +0300] "GET /sites/all/themes/omega/omega/apple-touch-icon-precomposed-72x72.png HTTP/2.0" 500 3097 "-" "Mozilla/5.0 (Android 11; Mobile; rv:131.0) Gecko/131.0 Firefox/131.0"
41.210.143.56 - - [11/Jan/2025:18:19:14 +0300] "GET /sites/all/themes/omega/omega/apple-touch-icon-precomposed.png HTTP/2.0" 500 3097 "-" "Mozilla/5.0 (Android 11; Mobile; rv:131.0) Gecko/131.0 Firefox/131.0"
41.210.143.56 - - [11/Jan/2025:18:19:15 +0300] "GET /templates/shaper_wayne_corp/favicon.ico HTTP/2.0" 500 3097 "-" "Mozilla/5.0 (Android 11; Mobile; rv:131.0) Gecko/131.0 Firefox/131.0"
41.210.143.56 - - [11/Jan/2025:18:19:15 +0300] "GET /templates/shaper_wayne_corp/images/favicon.ico HTTP/2.0" 500 3097 "-" "Mozilla/5.0 (Android 11; Mobile; rv:131.0) Gecko/131.0 Firefox/131.0"
85.208.96.212 - - [11/Jan/2025:18:19:17 +0300] "GET /gallery?ncdc-50-conference&ncdc-50-launch&parliament&sample&thanks&thanks&visit-by-ps&welcome-remarks%3F130 HTTP/1.1" 200 2018 "-" "Mozilla/5.0 (compatible; SemrushBot/7~bl; +http://www.semrush.com/bot.html)"
41.210.143.56 - - [11/Jan/2025:18:19:18 +0300] "GET /sites/all/themes/omega/omega/apple-touch-icon-precomposed-144x144.png HTTP/2.0" 500 3097 "-" "Mozilla/5.0 (Android 11; Mobile; rv:131.0) Gecko/131.0 Firefox/131.0"
41.210.143.56 - - [11/Jan/2025:18:19:18 +0300] "GET /sites/all/themes/omega/omega/apple-touch-icon-precomposed-114x114.png HTTP/2.0" 500 3097 "-" "Mozilla/5.0 (Android 11; Mobile; rv:131.0) Gecko/131.0 Firefox/131.0"
41.210.143.56 - - [11/Jan/2025:18:19:18 +0300] "GET /sites/all/themes/omega/omega/apple-touch-icon-precomposed-72x72.png HTTP/2.0" 500 3097 "-" "Mozilla/5.0 (Android 11; Mobile; rv:131.0) Gecko/131.0 Firefox/131.0"
185.191.171.2 - - [11/Jan/2025:18:19:19 +0300] "GET /gallery?about-the-conference&aca&consultation-on-a-level-curriculum-review-2&ncdc-50-conference&sample%3F20%3F56 HTTP/1.1" 200 2017 "-" "Mozilla/5.0 (compatible; SemrushBot/7~bl; +http://www.semrush.com/bot.html)"
41.210.143.56 - - [11/Jan/2025:18:19:19 +0300] "GET /templates/shaper_wayne_corp/favicon.ico HTTP/2.0" 500 3097 "-" "Mozilla/5.0 (Android 11; Mobile; rv:131.0) Gecko/131.0 Firefox/131.0"
41.210.143.56 - - [11/Jan/2025:18:19:19 +0300] "GET /templates/shaper_wayne_corp/images/favicon.ico HTTP/2.0" 500 3097 "-" "Mozilla/5.0 (Android 11; Mobile; rv:131.0) Gecko/131.0 Firefox/131.0"
85.208.96.197 - - [11/Jan/2025:18:19:26 +0300] "GET /gallery?50-conference-venue&50-conference-venue&ncdc-50-conference&sample&thanks&visit-by-ps&welcome-remarks%3F35 HTTP/1.1" 200 2018 "-" "Mozilla/5.0 (compatible; SemrushBot/7~bl; +http://www.semrush.com/bot.html)"
191.96.207.232 - - [11/Jan/2025:18:19:27 +0300] "GET /wp-includes/sitemaps/ HTTP/1.1" 200 482 "binance.com" "Mozilla/5.0 (Windows NT 10.0; Win64; x64) AppleWebKit/537.36 (KHTML, like Gecko) Chrome/90.0.4430.85 Safari/537.36"
185.191.171.1 - - [11/Jan/2025:18:19:29 +0300] "GET /gallery/?aca&instructional-materials-unit&instructional-materials-unit&ncdc-collaboration&parliament&sample%3F22%3F145 HTTP/1.1" 200 2016 "-" "Mozilla/5.0 (compatible; SemrushBot/7~bl; +http://www.semrush.com/bot.html)"
35.166.228.98 - - [11/Jan/2025:18:19:38 +0300] "HEAD / HTTP/1.1" 200 - "https://ncdc.go.ug/" "Mozilla/5.0+(compatible; UptimeRobot/2.0; http://www.uptimerobot.com/)"
154.72.192.35 - - [11/Jan/2025:18:19:45 +0300] "HEAD / HTTP/1.1" 200 - "-" "Uptime-Kuma/1.23.11"
191.96.207.232 - - [11/Jan/2025:18:19:45 +0300] "GET /wp-includes/sitemaps/ HTTP/1.1" 200 482 "binance.com" "Mozilla/5.0 (Windows NT 10.0; Win64; x64) AppleWebKit/537.36 (KHTML, like Gecko) Chrome/90.0.4430.85 Safari/537.36"
85.208.96.208 - - [11/Jan/2025:18:19:47 +0300] "GET /robots.txt HTTP/1.1" 200 2016 "-" "Mozilla/5.0 (compatible; SemrushBot/7~bl; +http://www.semrush.com/bot.html)"
185.191.171.7 - - [11/Jan/2025:18:19:48 +0300] "GET /gallery/?aca&job-fair&ncdc-50-conference&refresher-training-for-centre-coordinating-tutors-ccts&sample%3F22%3Fconsultation-on-a-level-curriculum-review HTTP/1.1" 200 2017 "-" "Mozilla/5.0 (compatible; SemrushBot/7~bl; +http://www.semrush.com/bot.html)"
116.203.132.27 - - [11/Jan/2025:18:19:50 +0300] "GET / HTTP/1.1" 200 176203 "-" "Mozilla/5.0 (Macintosh; Intel Mac OS X 10_15_7) AppleWebKit/537.36 (KHTML, like Gecko) Chrome/93.0.4577.0 Safari/537.36"
191.96.207.232 - - [11/Jan/2025:18:19:54 +0300] "GET /wp-includes/sitemaps/providers/ HTTP/1.1" 200 417 "binance.com" "Mozilla/5.0 (Windows NT 10.0; Win64; x64) AppleWebKit/537.36 (KHTML, like Gecko) Chrome/90.0.4430.85 Safari/537.36"
52.167.144.145 - - [11/Jan/2025:18:19:54 +0300] "GET /2025/01/08/luck-gold-coins-gambling-enterprise-no-deposit-extra-100k-gc-2-hundred-100-percent-free-fc/ HTTP/2.0" 500 3096 "-" "Mozilla/5.0 AppleWebKit/537.36 (KHTML, like Gecko; compatible; bingbot/2.0; +http://www.bing.com/bingbot.htm) Chrome/116.0.1938.76 Safari/537.36"
185.191.171.17 - - [11/Jan/2025:18:19:59 +0300] "GET /gallery/?aca&aca&aca&aca&ncdc-50-conference&sample&visit-by-ps&visit-by-ps&welcome-remarks%3F25 HTTP/1.1" 200 2016 "-" "Mozilla/5.0 (compatible; SemrushBot/7~bl; +http://www.semrush.com/bot.html)"
191.96.207.232 - - [11/Jan/2025:18:20:03 +0300] "GET /wp-includes/sitemaps/providers/ HTTP/1.1" 200 417 "binance.com" "Mozilla/5.0 (Windows NT 10.0; Win64; x64) AppleWebKit/537.36 (KHTML, like Gecko) Chrome/90.0.4430.85 Safari/537.36"
183.134.59.130 - - [11/Jan/2025:18:20:06 +0300] "GET / HTTP/1.1" 500 3096 "-" "Dalvik/2.1.0 (Linux; U; Android 9.0; ZTE BA520 Build/MRA58K)"
85.208.96.195 - - [11/Jan/2025:18:20:16 +0300] "GET /gallery?government-trains-teachers-lab-technicians&instructional-materials-unit&ncdc-50-launch&ncdc-collaboration&sample%3F21%3F3 HTTP/1.1" 200 2018 "-" "Mozilla/5.0 (compatible; SemrushBot/7~bl; +http://www.semrush.com/bot.html)"
66.220.149.25 - - [11/Jan/2025:18:20:24 +0300] "GET /wp-json/oembed/1.0/embed?url=https%3A%2F%2Fncdc.go.ug%2Fbooks%2Fentreprenuership-guide-senior-six%2F HTTP/2.0" 200 30638 "-" "meta-externalagent/1.1 (+https://developers.facebook.com/docs/sharing/webmasters/crawler)"
